Jul 16 13:26:38.758647 np0000005243 nova-scheduler[96540]: DEBUG cotyledon.oslo_config_glue [-] workarounds.disable_fallback_pcpu_query = False {{(pid=96540) log_opt_values /opt/stack/data/venv/lib/python3.12/site-packages/oslo_config/cfg.py:3253}}
Jul 16 13:26:38.758647 np0000005243 nova-scheduler[96540]: DEBUG cotyledon.oslo_config_glue [-] workarounds.disable_group_policy_check_upcall = False {{(pid=96540) log_opt_values /opt/stack/data/venv/lib/python3.12/site-packages/oslo_config/cfg.py:3253}}
Jul 16 13:26:38.758647 np0000005243 nova-scheduler[96540]: DEBUG cotyledon.oslo_config_glue [-] workarounds.disable_libvirt_livesnapshot = False {{(pid=96540) log_opt_values /opt/stack/data/venv/lib/python3.12/site-packages/oslo_config/cfg.py:3253}}
Jul 16 13:26:38.758985 np0000005243 nova-scheduler[96540]: DEBUG cotyledon.oslo_config_glue [-] workarounds.disable_rootwrap = False {{(pid=96540) log_opt_values /opt/stack/data/venv/lib/python3.12/site-packages/oslo_config/cfg.py:3253}}
Jul 16 13:26:38.758985 np0000005243 nova-scheduler[96540]: DEBUG cotyledon.oslo_config_glue [-] workarounds.enable_numa_live_migration = False {{(pid=96540) log_opt_values /opt/stack/data/venv/lib/python3.12/site-packages/oslo_config/cfg.py:3253}}
Jul 16 13:26:38.758985 np0000005243 nova-scheduler[96540]: DEBUG cotyledon.oslo_config_glue [-] workarounds.enable_qemu_monitor_announce_self = False {{(pid=96540) log_opt_values /opt/stack/data/venv/lib/python3.12/site-packages/oslo_config/cfg.py:3253}}
Jul 16 13:26:38.758985 np0000005243 nova-scheduler[96540]: DEBUG cotyledon.oslo_config_glue [-] workarounds.ensure_libvirt_rbd_instance_dir_cleanup = False {{(pid=96540) log_opt_values /opt/stack/data/venv/lib/python3.12/site-packages/oslo_config/cfg.py:3253}}
Jul 16 13:26:38.758985 np0000005243 nova-scheduler[96540]: DEBUG cotyledon.oslo_config_glue [-] workarounds.handle_virt_lifecycle_events = True {{(pid=96540) log_opt_values /opt/stack/data/venv/lib/python3.12/site-packages/oslo_config/cfg.py:3253}}
Jul 16 13:26:38.758985 np0000005243 nova-scheduler[96540]: DEBUG cotyledon.oslo_config_glue [-] workarounds.libvirt_disable_apic = False {{(pid=96540) log_opt_values /opt/stack/data/venv/lib/python3.12/site-packages/oslo_config/cfg.py:3253}}
Jul 16 13:26:38.758985 np0000005243 nova-scheduler[96540]: DEBUG cotyledon.oslo_config_glue [-] workarounds.never_download_image_if_on_rbd = False {{(pid=96540) log_opt_values /opt/stack/data/venv/lib/python3.12/site-packages/oslo_config/cfg.py:3253}}
Jul 16 13:26:38.758985 np0000005243 nova-scheduler[96540]: DEBUG cotyledon.oslo_config_glue [-] workarounds.qemu_monitor_announce_self_count = 3 {{(pid=96540) log_opt_values /opt/stack/data/venv/lib/python3.12/site-packages/oslo_config/cfg.py:3253}}
Jul 16 13:26:38.758985 np0000005243 nova-scheduler[96540]: DEBUG cotyledon.oslo_config_glue [-] workarounds.qemu_monitor_announce_self_interval = 1 {{(pid=96540) log_opt_values /opt/stack/data/venv/lib/python3.12/site-packages/oslo_config/cfg.py:3253}}
Jul 16 13:26:38.759293 np0000005243 nova-scheduler[96540]: DEBUG cotyledon.oslo_config_glue [-] workarounds.reserve_disk_resource_for_image_cache = False {{(pid=96540) log_opt_values /opt/stack/data/venv/lib/python3.12/site-packages/oslo_config/cfg.py:3253}}
Jul 16 13:26:38.759293 np0000005243 nova-scheduler[96540]: DEBUG cotyledon.oslo_config_glue [-] workarounds.skip_cpu_compare_at_startup = False {{(pid=96540) log_opt_values /opt/stack/data/venv/lib/python3.12/site-packages/oslo_config/cfg.py:3253}}
Jul 16 13:26:38.759293 np0000005243 nova-scheduler[96540]: DEBUG cotyledon.oslo_config_glue [-] workarounds.skip_cpu_compare_on_dest = False {{(pid=96540) log_opt_values /opt/stack/data/venv/lib/python3.12/site-packages/oslo_config/cfg.py:3253}}
Jul 16 13:26:38.759293 np0000005243 nova-scheduler[96540]: DEBUG cotyledon.oslo_config_glue [-] workarounds.skip_hypervisor_version_check_on_lm = False {{(pid=96540) log_opt_values /opt/stack/data/venv/lib/python3.12/site-packages/oslo_config/cfg.py:3253}}
Jul 16 13:26:38.759293 np0000005243 nova-scheduler[96540]: DEBUG cotyledon.oslo_config_glue [-] workarounds.skip_reserve_in_use_ironic_nodes = False {{(pid=96540) log_opt_values /opt/stack/data/venv/lib/python3.12/site-packages/oslo_config/cfg.py:3253}}
Jul 16 13:26:38.759293 np0000005243 nova-scheduler[96540]: DEBUG cotyledon.oslo_config_glue [-] workarounds.unified_limits_count_pcpu_as_vcpu = False {{(pid=96540) log_opt_values /opt/stack/data/venv/lib/python3.12/site-packages/oslo_config/cfg.py:3253}}
Jul 16 13:26:38.759293 np0000005243 nova-scheduler[96540]: DEBUG cotyledon.oslo_config_glue [-] workarounds.wait_for_vif_plugged_event_during_hard_reboot = [] {{(pid=96540) log_opt_values /opt/stack/data/venv/lib/python3.12/site-packages/oslo_config/cfg.py:3253}}
Jul 16 13:26:38.759293 np0000005243 nova-scheduler[96540]: DEBUG cotyledon.oslo_config_glue [-] wsgi.api_paste_config = /etc/nova/api-paste.ini {{(pid=96540) log_opt_values /opt/stack/data/venv/lib/python3.12/site-packages/oslo_config/cfg.py:3253}}
Jul 16 13:26:38.760457 np0000005243 nova-scheduler[96540]: DEBUG cotyledon.oslo_config_glue [-] wsgi.secure_proxy_ssl_header = None {{(pid=96540) log_opt_values /opt/stack/data/venv/lib/python3.12/site-packages/oslo_config/cfg.py:3253}}
Jul 16 13:26:38.760457 np0000005243 nova-scheduler[96540]: DEBUG cotyledon.oslo_config_glue [-] zvm.ca_file = None {{(pid=96540) log_opt_values /opt/stack/data/venv/lib/python3.12/site-packages/oslo_config/cfg.py:3253}}
Jul 16 13:26:38.760457 np0000005243 nova-scheduler[96540]: DEBUG cotyledon.oslo_config_glue [-] zvm.cloud_connector_url = None {{(pid=96540) log_opt_values /opt/stack/data/venv/lib/python3.12/site-packages/oslo_config/cfg.py:3253}}
Jul 16 13:26:38.760457 np0000005243 nova-scheduler[96540]: DEBUG cotyledon.oslo_config_glue [-] zvm.image_tmp_path = /opt/stack/data/nova/images {{(pid=96540) log_opt_values /opt/stack/data/venv/lib/python3.12/site-packages/oslo_config/cfg.py:3253}}
Jul 16 13:26:38.760457 np0000005243 nova-scheduler[96540]: DEBUG cotyledon.oslo_config_glue [-] zvm.reachable_timeout = 300 {{(pid=96540) log_opt_values /opt/stack/data/venv/lib/python3.12/site-packages/oslo_config/cfg.py:3253}}
Jul 16 13:26:38.760457 np0000005243 nova-scheduler[96540]: DEBUG cotyledon.oslo_config_glue [-] oslo_versionedobjects.fatal_exception_format_errors = False {{(pid=96540) log_opt_values /opt/stack/data/venv/lib/python3.12/site-packages/oslo_config/cfg.py:3253}}
Jul 16 13:26:38.760457 np0000005243 nova-scheduler[96540]: DEBUG cotyledon.oslo_config_glue [-] oslo_middleware.http_basic_auth_user_file = /etc/htpasswd {{(pid=96540) log_opt_values /opt/stack/data/venv/lib/python3.12/site-packages/oslo_config/cfg.py:3253}}
Jul 16 13:26:38.760457 np0000005243 nova-scheduler[96540]: DEBUG cotyledon.oslo_config_glue [-] oslo_messaging_metrics.metrics_buffer_size = 1000 {{(pid=96540) log_opt_values /opt/stack/data/venv/lib/python3.12/site-packages/oslo_config/cfg.py:3253}}
Jul 16 13:26:38.760457 np0000005243 nova-scheduler[96540]: DEBUG cotyledon.oslo_config_glue [-] oslo_messaging_metrics.metrics_enabled = False {{(pid=96540) log_opt_values /opt/stack/data/venv/lib/python3.12/site-packages/oslo_config/cfg.py:3253}}
Jul 16 13:26:38.760793 np0000005243 nova-scheduler[96540]: DEBUG cotyledon.oslo_config_glue [-] oslo_messaging_metrics.metrics_process_name = {{(pid=96540) log_opt_values /opt/stack/data/venv/lib/python3.12/site-packages/oslo_config/cfg.py:3253}}
Jul 16 13:26:38.760793 np0000005243 nova-scheduler[96540]: DEBUG cotyledon.oslo_config_glue [-] oslo_messaging_metrics.metrics_socket_file = /var/tmp/metrics_collector.sock {{(pid=96540) log_opt_values /opt/stack/data/venv/lib/python3.12/site-packages/oslo_config/cfg.py:3253}}
Jul 16 13:26:38.760793 np0000005243 nova-scheduler[96540]: DEBUG cotyledon.oslo_config_glue [-] oslo_messaging_metrics.metrics_thread_stop_timeout = 10 {{(pid=96540) log_opt_values /opt/stack/data/venv/lib/python3.12/site-packages/oslo_config/cfg.py:3253}}
Jul 16 13:26:38.760793 np0000005243 nova-scheduler[96540]: DEBUG cotyledon.oslo_config_glue [-] profiler.connection_string = messaging:// {{(pid=96540) log_opt_values /opt/stack/data/venv/lib/python3.12/site-packages/oslo_config/cfg.py:3253}}
Jul 16 13:26:38.760793 np0000005243 nova-scheduler[96540]: DEBUG cotyledon.oslo_config_glue [-] profiler.enabled = False {{(pid=96540) log_opt_values /opt/stack/data/venv/lib/python3.12/site-packages/oslo_config/cfg.py:3253}}
Jul 16 13:26:38.760793 np0000005243 nova-scheduler[96540]: DEBUG cotyledon.oslo_config_glue [-] profiler.es_doc_type = notification {{(pid=96540) log_opt_values /opt/stack/data/venv/lib/python3.12/site-packages/oslo_config/cfg.py:3253}}
Jul 16 13:26:38.760793 np0000005243 nova-scheduler[96540]: DEBUG cotyledon.oslo_config_glue [-] profiler.es_scroll_size = 10000 {{(pid=96540) log_opt_values /opt/stack/data/venv/lib/python3.12/site-packages/oslo_config/cfg.py:3253}}
Jul 16 13:26:38.760793 np0000005243 nova-scheduler[96540]: DEBUG cotyledon.oslo_config_glue [-] profiler.es_scroll_time = 2m {{(pid=96540) log_opt_values /opt/stack/data/venv/lib/python3.12/site-packages/oslo_config/cfg.py:3253}}
Jul 16 13:26:38.760793 np0000005243 nova-scheduler[96540]: DEBUG cotyledon.oslo_config_glue [-] profiler.filter_error_trace = False {{(pid=96540) log_opt_values /opt/stack/data/venv/lib/python3.12/site-packages/oslo_config/cfg.py:3253}}
Jul 16 13:26:38.761066 np0000005243 nova-scheduler[96540]: DEBUG cotyledon.oslo_config_glue [-] profiler.hmac_keys = **** {{(pid=96540) log_opt_values /opt/stack/data/venv/lib/python3.12/site-packages/oslo_config/cfg.py:3253}}
Jul 16 13:26:38.761066 np0000005243 nova-scheduler[96540]: DEBUG cotyledon.oslo_config_glue [-] profiler.sentinel_service_name = mymaster {{(pid=96540) log_opt_values /opt/stack/data/venv/lib/python3.12/site-packages/oslo_config/cfg.py:3253}}
Jul 16 13:26:38.761066 np0000005243 nova-scheduler[96540]: DEBUG cotyledon.oslo_config_glue [-] profiler.socket_timeout = 0.1 {{(pid=96540) log_opt_values /opt/stack/data/venv/lib/python3.12/site-packages/oslo_config/cfg.py:3253}}
Jul 16 13:26:38.761066 np0000005243 nova-scheduler[96540]: DEBUG cotyledon.oslo_config_glue [-] profiler.trace_requests = False {{(pid=96540) log_opt_values /opt/stack/data/venv/lib/python3.12/site-packages/oslo_config/cfg.py:3253}}
Jul 16 13:26:38.761066 np0000005243 nova-scheduler[96540]: DEBUG cotyledon.oslo_config_glue [-] profiler.trace_sqlalchemy = False {{(pid=96540) log_opt_values /opt/stack/data/venv/lib/python3.12/site-packages/oslo_config/cfg.py:3253}}
Jul 16 13:26:38.761066 np0000005243 nova-scheduler[96540]: DEBUG cotyledon.oslo_config_glue [-] profiler_jaeger.process_tags = {} {{(pid=96540) log_opt_values /opt/stack/data/venv/lib/python3.12/site-packages/oslo_config/cfg.py:3253}}
Jul 16 13:26:38.761066 np0000005243 nova-scheduler[96540]: DEBUG cotyledon.oslo_config_glue [-] profiler_jaeger.service_name_prefix = None {{(pid=96540) log_opt_values /opt/stack/data/venv/lib/python3.12/site-packages/oslo_config/cfg.py:3253}}
Jul 16 13:26:38.761066 np0000005243 nova-scheduler[96540]: DEBUG cotyledon.oslo_config_glue [-] profiler_otlp.service_name_prefix = None {{(pid=96540) log_opt_values /opt/stack/data/venv/lib/python3.12/site-packages/oslo_config/cfg.py:3253}}
Jul 16 13:26:38.761066 np0000005243 nova-scheduler[96540]: DEBUG cotyledon.oslo_config_glue [-] oslo_messaging_rabbit.amqp_auto_delete = False {{(pid=96540) log_opt_values /opt/stack/data/venv/lib/python3.12/site-packages/oslo_config/cfg.py:3253}}
Jul 16 13:26:38.761351 np0000005243 nova-scheduler[96540]: DEBUG cotyledon.oslo_config_glue [-] oslo_messaging_rabbit.amqp_durable_queues = False {{(pid=96540) log_opt_values /opt/stack/data/venv/lib/python3.12/site-packages/oslo_config/cfg.py:3253}}
Jul 16 13:26:38.761351 np0000005243 nova-scheduler[96540]: DEBUG cotyledon.oslo_config_glue [-] oslo_messaging_rabbit.conn_pool_min_size = 2 {{(pid=96540) log_opt_values /opt/stack/data/venv/lib/python3.12/site-packages/oslo_config/cfg.py:3253}}
Jul 16 13:26:38.761351 np0000005243 nova-scheduler[96540]: DEBUG cotyledon.oslo_config_glue [-] oslo_messaging_rabbit.conn_pool_ttl = 1200 {{(pid=96540) log_opt_values /opt/stack/data/venv/lib/python3.12/site-packages/oslo_config/cfg.py:3253}}
Jul 16 13:26:38.761351 np0000005243 nova-scheduler[96540]: DEBUG cotyledon.oslo_config_glue [-] oslo_messaging_rabbit.direct_mandatory_flag = True {{(pid=96540) log_opt_values /opt/stack/data/venv/lib/python3.12/site-packages/oslo_config/cfg.py:3253}}
Jul 16 13:26:38.761351 np0000005243 nova-scheduler[96540]: DEBUG cotyledon.oslo_config_glue [-] oslo_messaging_rabbit.enable_cancel_on_failover = False {{(pid=96540) log_opt_values /opt/stack/data/venv/lib/python3.12/site-packages/oslo_config/cfg.py:3253}}
Jul 16 13:26:38.761351 np0000005243 nova-scheduler[96540]: DEBUG cotyledon.oslo_config_glue [-] oslo_messaging_rabbit.heartbeat_rate = 3 {{(pid=96540) log_opt_values /opt/stack/data/venv/lib/python3.12/site-packages/oslo_config/cfg.py:3253}}
Jul 16 13:26:38.761351 np0000005243 nova-scheduler[96540]: DEBUG cotyledon.oslo_config_glue [-] oslo_messaging_rabbit.heartbeat_timeout_threshold = 60 {{(pid=96540) log_opt_values /opt/stack/data/venv/lib/python3.12/site-packages/oslo_config/cfg.py:3253}}
Jul 16 13:26:38.761351 np0000005243 nova-scheduler[96540]: DEBUG cotyledon.oslo_config_glue [-] oslo_messaging_rabbit.hostname = np0000005243 {{(pid=96540) log_opt_values /opt/stack/data/venv/lib/python3.12/site-packages/oslo_config/cfg.py:3253}}
Jul 16 13:26:38.761351 np0000005243 nova-scheduler[96540]: DEBUG cotyledon.oslo_config_glue [-] oslo_messaging_rabbit.kombu_compression = None {{(pid=96540) log_opt_values /opt/stack/data/venv/lib/python3.12/site-packages/oslo_config/cfg.py:3253}}
Jul 16 13:26:38.761635 np0000005243 nova-scheduler[96540]: DEBUG cotyledon.oslo_config_glue [-] oslo_messaging_rabbit.kombu_failover_strategy = round-robin {{(pid=96540) log_opt_values /opt/stack/data/venv/lib/python3.12/site-packages/oslo_config/cfg.py:3253}}
Jul 16 13:26:38.761635 np0000005243 nova-scheduler[96540]: DEBUG cotyledon.oslo_config_glue [-] oslo_messaging_rabbit.kombu_missing_consumer_retry_timeout = 60 {{(pid=96540) log_opt_values /opt/stack/data/venv/lib/python3.12/site-packages/oslo_config/cfg.py:3253}}
Jul 16 13:26:38.761635 np0000005243 nova-scheduler[96540]: DEBUG cotyledon.oslo_config_glue [-] oslo_messaging_rabbit.kombu_reconnect_delay = 1.0 {{(pid=96540) log_opt_values /opt/stack/data/venv/lib/python3.12/site-packages/oslo_config/cfg.py:3253}}
Jul 16 13:26:38.761635 np0000005243 nova-scheduler[96540]: DEBUG cotyledon.oslo_config_glue [-] oslo_messaging_rabbit.kombu_reconnect_splay = 0.0 {{(pid=96540) log_opt_values /opt/stack/data/venv/lib/python3.12/site-packages/oslo_config/cfg.py:3253}}
Jul 16 13:26:38.761635 np0000005243 nova-scheduler[96540]: DEBUG cotyledon.oslo_config_glue [-] oslo_messaging_rabbit.processname = nova-scheduler {{(pid=96540) log_opt_values /opt/stack/data/venv/lib/python3.12/site-packages/oslo_config/cfg.py:3253}}
Jul 16 13:26:38.761635 np0000005243 nova-scheduler[96540]: DEBUG cotyledon.oslo_config_glue [-] oslo_messaging_rabbit.rabbit_ha_queues = False {{(pid=96540) log_opt_values /opt/stack/data/venv/lib/python3.12/site-packages/oslo_config/cfg.py:3253}}
Jul 16 13:26:38.761635 np0000005243 nova-scheduler[96540]: DEBUG cotyledon.oslo_config_glue [-] oslo_messaging_rabbit.rabbit_interval_max = 30 {{(pid=96540) log_opt_values /opt/stack/data/venv/lib/python3.12/site-packages/oslo_config/cfg.py:3253}}
Jul 16 13:26:38.761635 np0000005243 nova-scheduler[96540]: DEBUG cotyledon.oslo_config_glue [-] oslo_messaging_rabbit.rabbit_login_method = AMQPLAIN {{(pid=96540) log_opt_values /opt/stack/data/venv/lib/python3.12/site-packages/oslo_config/cfg.py:3253}}
Jul 16 13:26:38.761942 np0000005243 nova-scheduler[96540]: DEBUG cotyledon.oslo_config_glue [-] oslo_messaging_rabbit.rabbit_qos_prefetch_count = 0 {{(pid=96540) log_opt_values /opt/stack/data/venv/lib/python3.12/site-packages/oslo_config/cfg.py:3253}}
Jul 16 13:26:38.761942 np0000005243 nova-scheduler[96540]: DEBUG cotyledon.oslo_config_glue [-] oslo_messaging_rabbit.rabbit_quorum_delivery_limit = 0 {{(pid=96540) log_opt_values /opt/stack/data/venv/lib/python3.12/site-packages/oslo_config/cfg.py:3253}}
Jul 16 13:26:38.761942 np0000005243 nova-scheduler[96540]: DEBUG cotyledon.oslo_config_glue [-] oslo_messaging_rabbit.rabbit_quorum_max_memory_bytes = 0 {{(pid=96540) log_opt_values /opt/stack/data/venv/lib/python3.12/site-packages/oslo_config/cfg.py:3253}}
Jul 16 13:26:38.761942 np0000005243 nova-scheduler[96540]: DEBUG cotyledon.oslo_config_glue [-] oslo_messaging_rabbit.rabbit_quorum_max_memory_length = 0 {{(pid=96540) log_opt_values /opt/stack/data/venv/lib/python3.12/site-packages/oslo_config/cfg.py:3253}}
Jul 16 13:26:38.761942 np0000005243 nova-scheduler[96540]: DEBUG cotyledon.oslo_config_glue [-] oslo_messaging_rabbit.rabbit_quorum_queue = False {{(pid=96540) log_opt_values /opt/stack/data/venv/lib/python3.12/site-packages/oslo_config/cfg.py:3253}}
Jul 16 13:26:38.761942 np0000005243 nova-scheduler[96540]: DEBUG cotyledon.oslo_config_glue [-] oslo_messaging_rabbit.rabbit_retry_backoff = 2 {{(pid=96540) log_opt_values /opt/stack/data/venv/lib/python3.12/site-packages/oslo_config/cfg.py:3253}}
Jul 16 13:26:38.761942 np0000005243 nova-scheduler[96540]: DEBUG cotyledon.oslo_config_glue [-] oslo_messaging_rabbit.rabbit_retry_interval = 1 {{(pid=96540) log_opt_values /opt/stack/data/venv/lib/python3.12/site-packages/oslo_config/cfg.py:3253}}
Jul 16 13:26:38.761942 np0000005243 nova-scheduler[96540]: DEBUG cotyledon.oslo_config_glue [-] oslo_messaging_rabbit.rabbit_stream_fanout = False {{(pid=96540) log_opt_values /opt/stack/data/venv/lib/python3.12/site-packages/oslo_config/cfg.py:3253}}
Jul 16 13:26:38.762178 np0000005243 nova-scheduler[96540]: DEBUG cotyledon.oslo_config_glue [-] oslo_messaging_rabbit.rabbit_transient_queues_ttl = 1800 {{(pid=96540) log_opt_values /opt/stack/data/venv/lib/python3.12/site-packages/oslo_config/cfg.py:3253}}
Jul 16 13:26:38.762178 np0000005243 nova-scheduler[96540]: DEBUG cotyledon.oslo_config_glue [-] oslo_messaging_rabbit.rabbit_transient_quorum_queue = False {{(pid=96540) log_opt_values /opt/stack/data/venv/lib/python3.12/site-packages/oslo_config/cfg.py:3253}}
Jul 16 13:26:38.762178 np0000005243 nova-scheduler[96540]: DEBUG cotyledon.oslo_config_glue [-] oslo_messaging_rabbit.rpc_conn_pool_size = 30 {{(pid=96540) log_opt_values /opt/stack/data/venv/lib/python3.12/site-packages/oslo_config/cfg.py:3253}}
Jul 16 13:26:38.762178 np0000005243 nova-scheduler[96540]: DEBUG cotyledon.oslo_config_glue [-] oslo_messaging_rabbit.ssl = False {{(pid=96540) log_opt_values /opt/stack/data/venv/lib/python3.12/site-packages/oslo_config/cfg.py:3253}}
Jul 16 13:26:38.762178 np0000005243 nova-scheduler[96540]: DEBUG cotyledon.oslo_config_glue [-] oslo_messaging_rabbit.ssl_ca_file = {{(pid=96540) log_opt_values /opt/stack/data/venv/lib/python3.12/site-packages/oslo_config/cfg.py:3253}}
Jul 16 13:26:38.762178 np0000005243 nova-scheduler[96540]: DEBUG cotyledon.oslo_config_glue [-] oslo_messaging_rabbit.ssl_cert_file = {{(pid=96540) log_opt_values /opt/stack/data/venv/lib/python3.12/site-packages/oslo_config/cfg.py:3253}}
Jul 16 13:26:38.762178 np0000005243 nova-scheduler[96540]: DEBUG cotyledon.oslo_config_glue [-] oslo_messaging_rabbit.ssl_enforce_fips_mode = False {{(pid=96540) log_opt_values /opt/stack/data/venv/lib/python3.12/site-packages/oslo_config/cfg.py:3253}}
Jul 16 13:26:38.762178 np0000005243 nova-scheduler[96540]: DEBUG cotyledon.oslo_config_glue [-] oslo_messaging_rabbit.ssl_enforce_hostname_verification = True {{(pid=96540) log_opt_values /opt/stack/data/venv/lib/python3.12/site-packages/oslo_config/cfg.py:3253}}
Jul 16 13:26:38.762178 np0000005243 nova-scheduler[96540]: DEBUG cotyledon.oslo_config_glue [-] oslo_messaging_rabbit.ssl_key_file = {{(pid=96540) log_opt_values /opt/stack/data/venv/lib/python3.12/site-packages/oslo_config/cfg.py:3253}}
Jul 16 13:26:38.762499 np0000005243 nova-scheduler[96540]: DEBUG cotyledon.oslo_config_glue [-] oslo_messaging_rabbit.ssl_version = {{(pid=96540) log_opt_values /opt/stack/data/venv/lib/python3.12/site-packages/oslo_config/cfg.py:3253}}
Jul 16 13:26:38.762499 np0000005243 nova-scheduler[96540]: DEBUG cotyledon.oslo_config_glue [-] oslo_messaging_rabbit.use_queue_manager = False {{(pid=96540) log_opt_values /opt/stack/data/venv/lib/python3.12/site-packages/oslo_config/cfg.py:3253}}
Jul 16 13:26:38.762499 np0000005243 nova-scheduler[96540]: DEBUG cotyledon.oslo_config_glue [-] oslo_messaging_notifications.driver = ['messagingv2'] {{(pid=96540) log_opt_values /opt/stack/data/venv/lib/python3.12/site-packages/oslo_config/cfg.py:3253}}
Jul 16 13:26:38.762499 np0000005243 nova-scheduler[96540]: DEBUG cotyledon.oslo_config_glue [-] oslo_messaging_notifications.retry = -1 {{(pid=96540) log_opt_values /opt/stack/data/venv/lib/python3.12/site-packages/oslo_config/cfg.py:3253}}
Jul 16 13:26:38.762499 np0000005243 nova-scheduler[96540]: DEBUG cotyledon.oslo_config_glue [-] oslo_messaging_notifications.topics = ['notifications'] {{(pid=96540) log_opt_values /opt/stack/data/venv/lib/python3.12/site-packages/oslo_config/cfg.py:3253}}
Jul 16 13:26:38.762499 np0000005243 nova-scheduler[96540]: DEBUG cotyledon.oslo_config_glue [-] oslo_messaging_notifications.transport_url = **** {{(pid=96540) log_opt_values /opt/stack/data/venv/lib/python3.12/site-packages/oslo_config/cfg.py:3253}}
Jul 16 13:26:38.762499 np0000005243 nova-scheduler[96540]: DEBUG cotyledon.oslo_config_glue [-] oslo_limit.auth_section = None {{(pid=96540) log_opt_values /opt/stack/data/venv/lib/python3.12/site-packages/oslo_config/cfg.py:3253}}
Jul 16 13:26:38.762499 np0000005243 nova-scheduler[96540]: DEBUG cotyledon.oslo_config_glue [-] oslo_limit.auth_type = None {{(pid=96540) log_opt_values /opt/stack/data/venv/lib/python3.12/site-packages/oslo_config/cfg.py:3253}}
Jul 16 13:26:38.762499 np0000005243 nova-scheduler[96540]: DEBUG cotyledon.oslo_config_glue [-] oslo_limit.cafile = None {{(pid=96540) log_opt_values /opt/stack/data/venv/lib/python3.12/site-packages/oslo_config/cfg.py:3253}}
Jul 16 13:26:38.762828 np0000005243 nova-scheduler[96540]: DEBUG cotyledon.oslo_config_glue [-] oslo_limit.certfile = None {{(pid=96540) log_opt_values /opt/stack/data/venv/lib/python3.12/site-packages/oslo_config/cfg.py:3253}}
Jul 16 13:26:38.762828 np0000005243 nova-scheduler[96540]: DEBUG cotyledon.oslo_config_glue [-] oslo_limit.collect_timing = False {{(pid=96540) log_opt_values /opt/stack/data/venv/lib/python3.12/site-packages/oslo_config/cfg.py:3253}}
Jul 16 13:26:38.762828 np0000005243 nova-scheduler[96540]: DEBUG cotyledon.oslo_config_glue [-] oslo_limit.connect_retries = None {{(pid=96540) log_opt_values /opt/stack/data/venv/lib/python3.12/site-packages/oslo_config/cfg.py:3253}}
Jul 16 13:26:38.762828 np0000005243 nova-scheduler[96540]: DEBUG cotyledon.oslo_config_glue [-] oslo_limit.connect_retry_delay = None {{(pid=96540) log_opt_values /opt/stack/data/venv/lib/python3.12/site-packages/oslo_config/cfg.py:3253}}
Jul 16 13:26:38.762828 np0000005243 nova-scheduler[96540]: DEBUG cotyledon.oslo_config_glue [-] oslo_limit.endpoint_id = None {{(pid=96540) log_opt_values /opt/stack/data/venv/lib/python3.12/site-packages/oslo_config/cfg.py:3253}}
Jul 16 13:26:38.762828 np0000005243 nova-scheduler[96540]: DEBUG cotyledon.oslo_config_glue [-] oslo_limit.endpoint_interface = public {{(pid=96540) log_opt_values /opt/stack/data/venv/lib/python3.12/site-packages/oslo_config/cfg.py:3253}}
Jul 16 13:26:38.762828 np0000005243 nova-scheduler[96540]: DEBUG cotyledon.oslo_config_glue [-] oslo_limit.endpoint_override = None {{(pid=96540) log_opt_values /opt/stack/data/venv/lib/python3.12/site-packages/oslo_config/cfg.py:3253}}
Jul 16 13:26:38.762828 np0000005243 nova-scheduler[96540]: DEBUG cotyledon.oslo_config_glue [-] oslo_limit.endpoint_region_name = None {{(pid=96540) log_opt_values /opt/stack/data/venv/lib/python3.12/site-packages/oslo_config/cfg.py:3253}}
Jul 16 13:26:38.762828 np0000005243 nova-scheduler[96540]: DEBUG cotyledon.oslo_config_glue [-] oslo_limit.endpoint_service_name = None {{(pid=96540) log_opt_values /opt/stack/data/venv/lib/python3.12/site-packages/oslo_config/cfg.py:3253}}
Jul 16 13:26:38.763129 np0000005243 nova-scheduler[96540]: DEBUG cotyledon.oslo_config_glue [-] oslo_limit.endpoint_service_type = None {{(pid=96540) log_opt_values /opt/stack/data/venv/lib/python3.12/site-packages/oslo_config/cfg.py:3253}}
Jul 16 13:26:38.763129 np0000005243 nova-scheduler[96540]: DEBUG cotyledon.oslo_config_glue [-] oslo_limit.insecure = False {{(pid=96540) log_opt_values /opt/stack/data/venv/lib/python3.12/site-packages/oslo_config/cfg.py:3253}}
Jul 16 13:26:38.763129 np0000005243 nova-scheduler[96540]: DEBUG cotyledon.oslo_config_glue [-] oslo_limit.keyfile = None {{(pid=96540) log_opt_values /opt/stack/data/venv/lib/python3.12/site-packages/oslo_config/cfg.py:3253}}
Jul 16 13:26:38.763129 np0000005243 nova-scheduler[96540]: DEBUG cotyledon.oslo_config_glue [-] oslo_limit.max_version = None {{(pid=96540) log_opt_values /opt/stack/data/venv/lib/python3.12/site-packages/oslo_config/cfg.py:3253}}
Jul 16 13:26:38.763129 np0000005243 nova-scheduler[96540]: DEBUG cotyledon.oslo_config_glue [-] oslo_limit.min_version = None {{(pid=96540) log_opt_values /opt/stack/data/venv/lib/python3.12/site-packages/oslo_config/cfg.py:3253}}
Jul 16 13:26:38.763129 np0000005243 nova-scheduler[96540]: DEBUG cotyledon.oslo_config_glue [-] oslo_limit.region_name = None {{(pid=96540) log_opt_values /opt/stack/data/venv/lib/python3.12/site-packages/oslo_config/cfg.py:3253}}
Jul 16 13:26:38.763129 np0000005243 nova-scheduler[96540]: DEBUG cotyledon.oslo_config_glue [-] oslo_limit.retriable_status_codes = None {{(pid=96540) log_opt_values /opt/stack/data/venv/lib/python3.12/site-packages/oslo_config/cfg.py:3253}}
Jul 16 13:26:38.763129 np0000005243 nova-scheduler[96540]: DEBUG cotyledon.oslo_config_glue [-] oslo_limit.service_name = None {{(pid=96540) log_opt_values /opt/stack/data/venv/lib/python3.12/site-packages/oslo_config/cfg.py:3253}}
Jul 16 13:26:38.763129 np0000005243 nova-scheduler[96540]: DEBUG cotyledon.oslo_config_glue [-] oslo_limit.service_type = None {{(pid=96540) log_opt_values /opt/stack/data/venv/lib/python3.12/site-packages/oslo_config/cfg.py:3253}}
Jul 16 13:26:38.763439 np0000005243 nova-scheduler[96540]: DEBUG cotyledon.oslo_config_glue [-] oslo_limit.split_loggers = False {{(pid=96540) log_opt_values /opt/stack/data/venv/lib/python3.12/site-packages/oslo_config/cfg.py:3253}}
Jul 16 13:26:38.763439 np0000005243 nova-scheduler[96540]: DEBUG cotyledon.oslo_config_glue [-] oslo_limit.status_code_retries = None {{(pid=96540) log_opt_values /opt/stack/data/venv/lib/python3.12/site-packages/oslo_config/cfg.py:3253}}
Jul 16 13:26:38.763439 np0000005243 nova-scheduler[96540]: DEBUG cotyledon.oslo_config_glue [-] oslo_limit.status_code_retry_delay = None {{(pid=96540) log_opt_values /opt/stack/data/venv/lib/python3.12/site-packages/oslo_config/cfg.py:3253}}
Jul 16 13:26:38.763439 np0000005243 nova-scheduler[96540]: DEBUG cotyledon.oslo_config_glue [-] oslo_limit.timeout = None {{(pid=96540) log_opt_values /opt/stack/data/venv/lib/python3.12/site-packages/oslo_config/cfg.py:3253}}
Jul 16 13:26:38.763439 np0000005243 nova-scheduler[96540]: DEBUG cotyledon.oslo_config_glue [-] oslo_limit.valid_interfaces = None {{(pid=96540) log_opt_values /opt/stack/data/venv/lib/python3.12/site-packages/oslo_config/cfg.py:3253}}
Jul 16 13:26:38.763439 np0000005243 nova-scheduler[96540]: DEBUG cotyledon.oslo_config_glue [-] oslo_limit.version = None {{(pid=96540) log_opt_values /opt/stack/data/venv/lib/python3.12/site-packages/oslo_config/cfg.py:3253}}
Jul 16 13:26:38.763439 np0000005243 nova-scheduler[96540]: DEBUG cotyledon.oslo_config_glue [-] oslo_reports.file_event_handler = None {{(pid=96540) log_opt_values /opt/stack/data/venv/lib/python3.12/site-packages/oslo_config/cfg.py:3253}}
Jul 16 13:26:38.763439 np0000005243 nova-scheduler[96540]: DEBUG cotyledon.oslo_config_glue [-] oslo_reports.file_event_handler_interval = 1 {{(pid=96540) log_opt_values /opt/stack/data/venv/lib/python3.12/site-packages/oslo_config/cfg.py:3253}}
Jul 16 13:26:38.763439 np0000005243 nova-scheduler[96540]: DEBUG cotyledon.oslo_config_glue [-] oslo_reports.log_dir = None {{(pid=96540) log_opt_values /opt/stack/data/venv/lib/python3.12/site-packages/oslo_config/cfg.py:3253}}
Jul 16 13:26:38.763734 np0000005243 nova-scheduler[96540]: DEBUG cotyledon.oslo_config_glue [-] ******************************************************************************** {{(pid=96540) log_opt_values /opt/stack/data/venv/lib/python3.12/site-packages/oslo_config/cfg.py:3260}}
Jul 16 13:26:38.763734 np0000005243 nova-scheduler[96540]: DEBUG cotyledon._service_worker [-] Run service ServiceWrapper(3) [96540] {{(pid=96540) wait_forever /opt/stack/data/venv/lib/python3.12/site-packages/cotyledon/_service_worker.py:218}}
Jul 16 13:26:38.763734 np0000005243 nova-scheduler[96540]: INFO nova.service [-] Starting scheduler node (version 33.1.0)
Jul 16 13:26:38.763734 np0000005243 nova-scheduler[96540]: INFO dbcounter [None req-bbd7e639-1add-49dc-b3a8-eb3e18fec327 None None] Registered counter for database nova_cell0
Jul 16 13:26:38.763881 np0000005243 nova-scheduler[96534]: DEBUG oslo_db.sqlalchemy.engines [None req-cd2c0561-9af6-4358-a83f-956d10d81d7e None None] MySQL server mode set to STRICT_TRANS_TABLES,STRICT_ALL_TABLES,NO_ZERO_IN_DATE,NO_ZERO_DATE,ERROR_FOR_DIVISION_BY_ZERO,TRADITIONAL,NO_ENGINE_SUBSTITUTION {{(pid=96534) _check_effective_sql_mode /opt/stack/data/venv/lib/python3.12/site-packages/oslo_db/sqlalchemy/engines.py:325}}
Jul 16 13:26:38.763926 np0000005243 nova-scheduler[96536]: DEBUG oslo_db.sqlalchemy.engines [None req-c8cfcb93-c533-4fd5-bea3-b0ed4b2f9b52 None None] MySQL server mode set to STRICT_TRANS_TABLES,STRICT_ALL_TABLES,NO_ZERO_IN_DATE,NO_ZERO_DATE,ERROR_FOR_DIVISION_BY_ZERO,TRADITIONAL,NO_ENGINE_SUBSTITUTION {{(pid=96536) _check_effective_sql_mode /opt/stack/data/venv/lib/python3.12/site-packages/oslo_db/sqlalchemy/engines.py:325}}
Jul 16 13:26:38.763967 np0000005243 nova-scheduler[96538]: DEBUG oslo_db.sqlalchemy.engines [None req-a7e46916-16be-41f1-8dc8-834772f758ef None None] MySQL server mode set to STRICT_TRANS_TABLES,STRICT_ALL_TABLES,NO_ZERO_IN_DATE,NO_ZERO_DATE,ERROR_FOR_DIVISION_BY_ZERO,TRADITIONAL,NO_ENGINE_SUBSTITUTION {{(pid=96538) _check_effective_sql_mode /opt/stack/data/venv/lib/python3.12/site-packages/oslo_db/sqlalchemy/engines.py:325}}
Jul 16 13:26:38.764006 np0000005243 nova-scheduler[96534]: DEBUG dbcounter [-] [96534] Writer thread running {{(pid=96534) stat_writer /opt/stack/data/venv/lib/python3.12/site-packages/dbcounter.py:102}}
Jul 16 13:26:38.764057 np0000005243 nova-scheduler[96536]: DEBUG dbcounter [-] [96536] Writer thread running {{(pid=96536) stat_writer /opt/stack/data/venv/lib/python3.12/site-packages/dbcounter.py:102}}
Jul 16 13:26:38.769996 np0000005243 nova-scheduler[96538]: DEBUG dbcounter [-] [96538] Writer thread running {{(pid=96538) stat_writer /opt/stack/data/venv/lib/python3.12/site-packages/dbcounter.py:102}}
Jul 16 13:26:38.770287 np0000005243 nova-scheduler[96540]: DEBUG oslo_db.sqlalchemy.engines [None req-bbd7e639-1add-49dc-b3a8-eb3e18fec327 None None] MySQL server mode set to STRICT_TRANS_TABLES,STRICT_ALL_TABLES,NO_ZERO_IN_DATE,NO_ZERO_DATE,ERROR_FOR_DIVISION_BY_ZERO,TRADITIONAL,NO_ENGINE_SUBSTITUTION {{(pid=96540) _check_effective_sql_mode /opt/stack/data/venv/lib/python3.12/site-packages/oslo_db/sqlalchemy/engines.py:325}}
Jul 16 13:26:38.781441 np0000005243 nova-scheduler[96534]: DEBUG nova.service [None req-cd2c0561-9af6-4358-a83f-956d10d81d7e None None] Creating RPC server for service: nova-scheduler on topic: scheduler {{(pid=96534) start /opt/stack/nova/nova/service.py:196}}
Jul 16 13:26:38.787639 np0000005243 nova-scheduler[96540]: DEBUG dbcounter [-] [96540] Writer thread running {{(pid=96540) stat_writer /opt/stack/data/venv/lib/python3.12/site-packages/dbcounter.py:102}}
Jul 16 13:26:38.794704 np0000005243 nova-scheduler[96536]: DEBUG nova.service [None req-c8cfcb93-c533-4fd5-bea3-b0ed4b2f9b52 None None] Creating RPC server for service: nova-scheduler on topic: scheduler {{(pid=96536) start /opt/stack/nova/nova/service.py:196}}
Jul 16 13:26:38.794858 np0000005243 nova-scheduler[96540]: DEBUG nova.service [None req-bbd7e639-1add-49dc-b3a8-eb3e18fec327 None None] Creating RPC server for service: nova-scheduler on topic: scheduler {{(pid=96540) start /opt/stack/nova/nova/service.py:196}}
Jul 16 13:26:38.795757 np0000005243 nova-scheduler[96538]: DEBUG nova.service [None req-a7e46916-16be-41f1-8dc8-834772f758ef None None] Creating RPC server for service: nova-scheduler on topic: scheduler {{(pid=96538) start /opt/stack/nova/nova/service.py:196}}
Jul 16 13:26:38.830973 np0000005243 nova-scheduler[96540]: DEBUG nova.service [None req-bbd7e639-1add-49dc-b3a8-eb3e18fec327 None None] Join ServiceGroup membership for this service scheduler {{(pid=96540) start /opt/stack/nova/nova/service.py:222}}
Jul 16 13:26:38.830973 np0000005243 nova-scheduler[96540]: DEBUG nova.servicegroup.drivers.db [None req-bbd7e639-1add-49dc-b3a8-eb3e18fec327 None None] DB_Driver: join new ServiceGroup member np0000005243 to the scheduler group, service = {{(pid=96540) join /opt/stack/nova/nova/servicegroup/drivers/db.py:44}}
Jul 16 13:26:38.833696 np0000005243 nova-scheduler[96536]: DEBUG nova.service [None req-c8cfcb93-c533-4fd5-bea3-b0ed4b2f9b52 None None] Join ServiceGroup membership for this service scheduler {{(pid=96536) start /opt/stack/nova/nova/service.py:222}}
Jul 16 13:26:38.833976 np0000005243 nova-scheduler[96536]: DEBUG nova.servicegroup.drivers.db [None req-c8cfcb93-c533-4fd5-bea3-b0ed4b2f9b52 None None] DB_Driver: join new ServiceGroup member np0000005243 to the scheduler group, service = {{(pid=96536) join /opt/stack/nova/nova/servicegroup/drivers/db.py:44}}
Jul 16 13:26:38.838884 np0000005243 nova-scheduler[96534]: DEBUG nova.service [None req-cd2c0561-9af6-4358-a83f-956d10d81d7e None None] Join ServiceGroup membership for this service scheduler {{(pid=96534) start /opt/stack/nova/nova/service.py:222}}
Jul 16 13:26:38.839303 np0000005243 nova-scheduler[96534]: DEBUG nova.servicegroup.drivers.db [None req-cd2c0561-9af6-4358-a83f-956d10d81d7e None None] DB_Driver: join new ServiceGroup member np0000005243 to the scheduler group, service = {{(pid=96534) join /opt/stack/nova/nova/servicegroup/drivers/db.py:44}}
Jul 16 13:26:38.840731 np0000005243 nova-scheduler[96538]: DEBUG nova.service [None req-a7e46916-16be-41f1-8dc8-834772f758ef None None] Join ServiceGroup membership for this service scheduler {{(pid=96538) start /opt/stack/nova/nova/service.py:222}}
Jul 16 13:26:38.840818 np0000005243 nova-scheduler[96538]: DEBUG nova.servicegroup.drivers.db [None req-a7e46916-16be-41f1-8dc8-834772f758ef None None] DB_Driver: join new ServiceGroup member np0000005243 to the scheduler group, service = {{(pid=96538) join /opt/stack/nova/nova/servicegroup/drivers/db.py:44}}
Jul 16 13:26:43.851521 np0000005243 nova-scheduler[96536]: DEBUG oslo.service.backend._threading.loopingcall [-] Fixed interval looping call 'nova.servicegroup.drivers.db.DbDriver._report_state' sleeping for 119.98 seconds {{(pid=96536) _run_loop /opt/stack/data/venv/lib/python3.12/site-packages/oslo_service/backend/_threading/loopingcall.py:125}}
Jul 16 13:26:43.853099 np0000005243 nova-scheduler[96538]: DEBUG oslo.service.backend._threading.loopingcall [-] Fixed interval looping call 'nova.servicegroup.drivers.db.DbDriver._report_state' sleeping for 119.99 seconds {{(pid=96538) _run_loop /opt/stack/data/venv/lib/python3.12/site-packages/oslo_service/backend/_threading/loopingcall.py:125}}
Jul 16 13:26:43.853386 np0000005243 nova-scheduler[96540]: DEBUG oslo.service.backend._threading.loopingcall [-] Fixed interval looping call 'nova.servicegroup.drivers.db.DbDriver._report_state' sleeping for 119.98 seconds {{(pid=96540) _run_loop /opt/stack/data/venv/lib/python3.12/site-packages/oslo_service/backend/_threading/loopingcall.py:125}}
Jul 16 13:26:43.854251 np0000005243 nova-scheduler[96534]: DEBUG oslo.service.backend._threading.loopingcall [-] Fixed interval looping call 'nova.servicegroup.drivers.db.DbDriver._report_state' sleeping for 119.99 seconds {{(pid=96534) _run_loop /opt/stack/data/venv/lib/python3.12/site-packages/oslo_service/backend/_threading/loopingcall.py:125}}
Jul 16 13:26:47.256655 np0000005243 nova-scheduler[95341]: DEBUG dbcounter [-] [95341] Writing DB stats nova_api:SELECT=3 {{(pid=95341) stat_writer /opt/stack/data/venv/lib/python3.12/site-packages/dbcounter.py:115}}
Jul 16 13:26:47.419973 np0000005243 nova-scheduler[95341]: DEBUG dbcounter [-] [95341] Writing DB stats nova_cell0:SELECT=1 {{(pid=95341) stat_writer /opt/stack/data/venv/lib/python3.12/site-packages/dbcounter.py:115}}
Jul 16 13:26:47.424691 np0000005243 nova-scheduler[95341]: DEBUG dbcounter [-] [95341] Writing DB stats nova_cell1:SELECT=1 {{(pid=95341) stat_writer /opt/stack/data/venv/lib/python3.12/site-packages/dbcounter.py:115}}
Jul 16 13:26:53.841761 np0000005243 nova-scheduler[96534]: DEBUG oslo.service.backend._threading.loopingcall [None req-c0684ffc-884b-4e42-b0ab-b35ebfdd2be0 None None] Dynamic interval looping call 'nova.service.Service.periodic_tasks' sleeping for 60.00 seconds {{(pid=96534) _run_loop /opt/stack/data/venv/lib/python3.12/site-packages/oslo_service/backend/_threading/loopingcall.py:125}}
Jul 16 13:26:53.843492 np0000005243 nova-scheduler[96538]: DEBUG oslo.service.backend._threading.loopingcall [None req-6ba1f823-8466-4467-8af0-c0b0aa0d7d84 None None] Dynamic interval looping call 'nova.service.Service.periodic_tasks' sleeping for 60.00 seconds {{(pid=96538) _run_loop /opt/stack/data/venv/lib/python3.12/site-packages/oslo_service/backend/_threading/loopingcall.py:125}}
Jul 16 13:26:53.844936 np0000005243 nova-scheduler[96536]: DEBUG dbcounter [-] [96536] Writing DB stats nova_cell0:SELECT=5,nova_cell0:INSERT=1,nova_cell0:UPDATE=1 {{(pid=96536) stat_writer /opt/stack/data/venv/lib/python3.12/site-packages/dbcounter.py:115}}
Jul 16 13:26:53.848616 np0000005243 nova-scheduler[96540]: DEBUG dbcounter [-] [96540] Writing DB stats nova_cell0:SELECT=3,nova_cell0:UPDATE=1 {{(pid=96540) stat_writer /opt/stack/data/venv/lib/python3.12/site-packages/dbcounter.py:115}}
Jul 16 13:26:53.850687 np0000005243 nova-scheduler[96534]: DEBUG dbcounter [-] [96534] Writing DB stats nova_cell0:SELECT=4,nova_cell0:INSERT=1 {{(pid=96534) stat_writer /opt/stack/data/venv/lib/python3.12/site-packages/dbcounter.py:115}}
Jul 16 13:26:53.850928 np0000005243 nova-scheduler[96538]: DEBUG dbcounter [-] [96538] Writing DB stats nova_cell0:SELECT=5,nova_cell0:INSERT=1,nova_cell0:UPDATE=1 {{(pid=96538) stat_writer /opt/stack/data/venv/lib/python3.12/site-packages/dbcounter.py:115}}
Jul 16 13:27:13.833188 np0000005243 nova-scheduler[96540]: DEBUG oslo.service.backend._threading.loopingcall [None req-f227acd9-42c5-4477-97ee-a07afd67ddf8 None None] Dynamic interval looping call 'nova.service.Service.periodic_tasks' sleeping for 60.00 seconds {{(pid=96540) _run_loop /opt/stack/data/venv/lib/python3.12/site-packages/oslo_service/backend/_threading/loopingcall.py:125}}
Jul 16 13:27:38.836700 np0000005243 nova-scheduler[96536]: DEBUG oslo.service.backend._threading.loopingcall [None req-888524f9-f819-4455-9c2e-04c9b457f234 None None] Dynamic interval looping call 'nova.service.Service.periodic_tasks' sleeping for 60.00 seconds {{(pid=96536) _run_loop /opt/stack/data/venv/lib/python3.12/site-packages/oslo_service/backend/_threading/loopingcall.py:125}}
Jul 16 13:27:53.842350 np0000005243 nova-scheduler[96534]: DEBUG oslo.service.backend._threading.loopingcall [None req-c0684ffc-884b-4e42-b0ab-b35ebfdd2be0 None None] Dynamic interval looping call 'nova.service.Service.periodic_tasks' sleeping for 60.00 seconds {{(pid=96534) _run_loop /opt/stack/data/venv/lib/python3.12/site-packages/oslo_service/backend/_threading/loopingcall.py:125}}
Jul 16 13:27:53.844173 np0000005243 nova-scheduler[96538]: DEBUG oslo.service.backend._threading.loopingcall [None req-6ba1f823-8466-4467-8af0-c0b0aa0d7d84 None None] Dynamic interval looping call 'nova.service.Service.periodic_tasks' sleeping for 60.00 seconds {{(pid=96538) _run_loop /opt/stack/data/venv/lib/python3.12/site-packages/oslo_service/backend/_threading/loopingcall.py:125}}
Jul 16 13:28:13.834114 np0000005243 nova-scheduler[96540]: DEBUG oslo.service.backend._threading.loopingcall [None req-f227acd9-42c5-4477-97ee-a07afd67ddf8 None None] Dynamic interval looping call 'nova.service.Service.periodic_tasks' sleeping for 60.00 seconds {{(pid=96540) _run_loop /opt/stack/data/venv/lib/python3.12/site-packages/oslo_service/backend/_threading/loopingcall.py:125}}
Jul 16 13:28:38.837198 np0000005243 nova-scheduler[96536]: DEBUG oslo.service.backend._threading.loopingcall [None req-888524f9-f819-4455-9c2e-04c9b457f234 None None] Dynamic interval looping call 'nova.service.Service.periodic_tasks' sleeping for 60.00 seconds {{(pid=96536) _run_loop /opt/stack/data/venv/lib/python3.12/site-packages/oslo_service/backend/_threading/loopingcall.py:125}}
Jul 16 13:28:43.840141 np0000005243 nova-scheduler[96536]: DEBUG oslo.service.backend._threading.loopingcall [-] Fixed interval looping call 'nova.servicegroup.drivers.db.DbDriver._report_state' sleeping for 119.99 seconds {{(pid=96536) _run_loop /opt/stack/data/venv/lib/python3.12/site-packages/oslo_service/backend/_threading/loopingcall.py:125}}
Jul 16 13:28:43.840655 np0000005243 nova-scheduler[96540]: DEBUG oslo.service.backend._threading.loopingcall [-] Fixed interval looping call 'nova.servicegroup.drivers.db.DbDriver._report_state' sleeping for 119.99 seconds {{(pid=96540) _run_loop /opt/stack/data/venv/lib/python3.12/site-packages/oslo_service/backend/_threading/loopingcall.py:125}}
Jul 16 13:28:43.846997 np0000005243 nova-scheduler[96538]: DEBUG oslo.service.backend._threading.loopingcall [-] Fixed interval looping call 'nova.servicegroup.drivers.db.DbDriver._report_state' sleeping for 120.00 seconds {{(pid=96538) _run_loop /opt/stack/data/venv/lib/python3.12/site-packages/oslo_service/backend/_threading/loopingcall.py:125}}
Jul 16 13:28:43.848858 np0000005243 nova-scheduler[96534]: DEBUG oslo.service.backend._threading.loopingcall [-] Fixed interval looping call 'nova.servicegroup.drivers.db.DbDriver._report_state' sleeping for 120.00 seconds {{(pid=96534) _run_loop /opt/stack/data/venv/lib/python3.12/site-packages/oslo_service/backend/_threading/loopingcall.py:125}}
Jul 16 13:28:53.836011 np0000005243 nova-scheduler[96536]: DEBUG dbcounter [-] [96536] Writing DB stats nova_cell0:SELECT=1,nova_cell0:UPDATE=1 {{(pid=96536) stat_writer /opt/stack/data/venv/lib/python3.12/site-packages/dbcounter.py:115}}
Jul 16 13:28:53.837758 np0000005243 nova-scheduler[96540]: DEBUG dbcounter [-] [96540] Writing DB stats nova_cell0:SELECT=1,nova_cell0:UPDATE=1 {{(pid=96540) stat_writer /opt/stack/data/venv/lib/python3.12/site-packages/dbcounter.py:115}}
Jul 16 13:28:53.842877 np0000005243 nova-scheduler[96534]: DEBUG oslo.service.backend._threading.loopingcall [None req-c0684ffc-884b-4e42-b0ab-b35ebfdd2be0 None None] Dynamic interval looping call 'nova.service.Service.periodic_tasks' sleeping for 60.00 seconds {{(pid=96534) _run_loop /opt/stack/data/venv/lib/python3.12/site-packages/oslo_service/backend/_threading/loopingcall.py:125}}
Jul 16 13:28:53.844661 np0000005243 nova-scheduler[96538]: DEBUG oslo.service.backend._threading.loopingcall [None req-6ba1f823-8466-4467-8af0-c0b0aa0d7d84 None None] Dynamic interval looping call 'nova.service.Service.periodic_tasks' sleeping for 60.00 seconds {{(pid=96538) _run_loop /opt/stack/data/venv/lib/python3.12/site-packages/oslo_service/backend/_threading/loopingcall.py:125}}
Jul 16 13:28:53.846619 np0000005243 nova-scheduler[96534]: DEBUG dbcounter [-] [96534] Writing DB stats nova_cell0:SELECT=1 {{(pid=96534) stat_writer /opt/stack/data/venv/lib/python3.12/site-packages/dbcounter.py:115}}
Jul 16 13:28:53.846938 np0000005243 nova-scheduler[96538]: DEBUG dbcounter [-] [96538] Writing DB stats nova_cell0:SELECT=1 {{(pid=96538) stat_writer /opt/stack/data/venv/lib/python3.12/site-packages/dbcounter.py:115}}
Jul 16 13:29:13.834804 np0000005243 nova-scheduler[96540]: DEBUG oslo.service.backend._threading.loopingcall [None req-f227acd9-42c5-4477-97ee-a07afd67ddf8 None None] Dynamic interval looping call 'nova.service.Service.periodic_tasks' sleeping for 60.00 seconds {{(pid=96540) _run_loop /opt/stack/data/venv/lib/python3.12/site-packages/oslo_service/backend/_threading/loopingcall.py:125}}
Jul 16 13:29:15.321335 np0000005243 nova-scheduler[96540]: DEBUG nova.scheduler.manager [None req-01cbdb92-5905-44ed-a5ee-f94186dd0879 tempest-ServerRescueNegativeTestJSON-1426312707 tempest-ServerRescueNegativeTestJSON-1426312707-project-member] Starting to schedule for instances: ['668bdf97-2fe9-47c6-8e4c-55cc3cbac3d7'] {{(pid=96540) select_destinations /opt/stack/nova/nova/scheduler/manager.py:209}}
Jul 16 13:29:15.322446 np0000005243 nova-scheduler[96540]: DEBUG nova.scheduler.request_filter [None req-01cbdb92-5905-44ed-a5ee-f94186dd0879 tempest-ServerRescueNegativeTestJSON-1426312707 tempest-ServerRescueNegativeTestJSON-1426312707-project-member] compute_status_filter request filter added forbidden trait COMPUTE_STATUS_DISABLED {{(pid=96540) compute_status_filter /opt/stack/nova/nova/scheduler/request_filter.py:253}}
Jul 16 13:29:15.322620 np0000005243 nova-scheduler[96540]: DEBUG nova.scheduler.request_filter [None req-01cbdb92-5905-44ed-a5ee-f94186dd0879 tempest-ServerRescueNegativeTestJSON-1426312707 tempest-ServerRescueNegativeTestJSON-1426312707-project-member] Request filter 'compute_status_filter' took 0.0 seconds {{(pid=96540) wrapper /opt/stack/nova/nova/scheduler/request_filter.py:46}}
Jul 16 13:29:15.323160 np0000005243 nova-scheduler[96540]: DEBUG nova.scheduler.request_filter [None req-01cbdb92-5905-44ed-a5ee-f94186dd0879 tempest-ServerRescueNegativeTestJSON-1426312707 tempest-ServerRescueNegativeTestJSON-1426312707-project-member] Request filter 'accelerators_filter' took 0.0 seconds {{(pid=96540) wrapper /opt/stack/nova/nova/scheduler/request_filter.py:46}}
Jul 16 13:29:15.323160 np0000005243 nova-scheduler[96540]: DEBUG nova.scheduler.request_filter [None req-01cbdb92-5905-44ed-a5ee-f94186dd0879 tempest-ServerRescueNegativeTestJSON-1426312707 tempest-ServerRescueNegativeTestJSON-1426312707-project-member] Request filter 'packed_virtqueue_filter' took 0.0 seconds {{(pid=96540) wrapper /opt/stack/nova/nova/scheduler/request_filter.py:46}}
Jul 16 13:29:15.323545 np0000005243 nova-scheduler[96540]: DEBUG nova.scheduler.request_filter [None req-01cbdb92-5905-44ed-a5ee-f94186dd0879 tempest-ServerRescueNegativeTestJSON-1426312707 tempest-ServerRescueNegativeTestJSON-1426312707-project-member] Request filter 'remote_managed_ports_filter' took 0.0 seconds {{(pid=96540) wrapper /opt/stack/nova/nova/scheduler/request_filter.py:46}}
Jul 16 13:29:15.323712 np0000005243 nova-scheduler[96540]: DEBUG nova.scheduler.request_filter [None req-01cbdb92-5905-44ed-a5ee-f94186dd0879 tempest-ServerRescueNegativeTestJSON-1426312707 tempest-ServerRescueNegativeTestJSON-1426312707-project-member] ephemeral_encryption_filter skipped {{(pid=96540) ephemeral_encryption_filter /opt/stack/nova/nova/scheduler/request_filter.py:426}}
Jul 16 13:29:15.324429 np0000005243 nova-scheduler[96540]: DEBUG nova.scheduler.request_filter [None req-01cbdb92-5905-44ed-a5ee-f94186dd0879 tempest-ServerRescueNegativeTestJSON-1426312707 tempest-ServerRescueNegativeTestJSON-1426312707-project-member] virtio_sound_filter skipped {{(pid=96540) virtio_sound_filter /opt/stack/nova/nova/scheduler/request_filter.py:460}}
Jul 16 13:29:15.324429 np0000005243 nova-scheduler[96540]: DEBUG nova.scheduler.request_filter [None req-01cbdb92-5905-44ed-a5ee-f94186dd0879 tempest-ServerRescueNegativeTestJSON-1426312707 tempest-ServerRescueNegativeTestJSON-1426312707-project-member] tpm_secret_security_filter skipped {{(pid=96540) tpm_secret_security_filter /opt/stack/nova/nova/scheduler/request_filter.py:477}}
Jul 16 13:29:15.902845 np0000005243 nova-scheduler[96540]: INFO nova.utils [None req-01cbdb92-5905-44ed-a5ee-f94186dd0879 tempest-ServerRescueNegativeTestJSON-1426312707 tempest-ServerRescueNegativeTestJSON-1426312707-project-member] The cell worker thread pool ForkProcess-4.cell_worker is initialized
Jul 16 13:29:15.903296 np0000005243 nova-scheduler[96540]: DEBUG oslo_concurrency.lockutils [None req-01cbdb92-5905-44ed-a5ee-f94186dd0879 tempest-ServerRescueNegativeTestJSON-1426312707 tempest-ServerRescueNegativeTestJSON-1426312707-project-member] Acquiring lock "21bb9952-4e74-46c1-9a89-0737baf054f0" by "nova.context.set_target_cell..get_or_set_cached_cell_and_set_connections" {{(pid=96540) inner /opt/stack/data/venv/lib/python3.12/site-packages/oslo_concurrency/lockutils.py:512}}
Jul 16 13:29:15.903567 np0000005243 nova-scheduler[96540]: DEBUG oslo_concurrency.lockutils [None req-01cbdb92-5905-44ed-a5ee-f94186dd0879 tempest-ServerRescueNegativeTestJSON-1426312707 tempest-ServerRescueNegativeTestJSON-1426312707-project-member] Lock "21bb9952-4e74-46c1-9a89-0737baf054f0" acquired by "nova.context.set_target_cell..get_or_set_cached_cell_and_set_connections" :: waited 0.000s {{(pid=96540) inner /opt/stack/data/venv/lib/python3.12/site-packages/oslo_concurrency/lockutils.py:525}}
