Jul 16 13:26:44.668910 np0000005243 nova-conductor[98917]: DEBUG cotyledon.oslo_config_glue [-] vnc.vencrypt_client_cert = None {{(pid=98917) log_opt_values /opt/stack/data/venv/lib/python3.12/site-packages/oslo_config/cfg.py:3253}}
Jul 16 13:26:44.668910 np0000005243 nova-conductor[98917]: DEBUG cotyledon.oslo_config_glue [-] vnc.vencrypt_client_key = None {{(pid=98917) log_opt_values /opt/stack/data/venv/lib/python3.12/site-packages/oslo_config/cfg.py:3253}}
Jul 16 13:26:44.668910 np0000005243 nova-conductor[98917]: DEBUG cotyledon.oslo_config_glue [-] workarounds.disable_compute_service_check_for_ffu = False {{(pid=98917) log_opt_values /opt/stack/data/venv/lib/python3.12/site-packages/oslo_config/cfg.py:3253}}
Jul 16 13:26:44.668910 np0000005243 nova-conductor[98917]: DEBUG cotyledon.oslo_config_glue [-] workarounds.disable_deep_image_inspection = False {{(pid=98917) log_opt_values /opt/stack/data/venv/lib/python3.12/site-packages/oslo_config/cfg.py:3253}}
Jul 16 13:26:44.668910 np0000005243 nova-conductor[98917]: DEBUG cotyledon.oslo_config_glue [-] workarounds.disable_fallback_pcpu_query = False {{(pid=98917) log_opt_values /opt/stack/data/venv/lib/python3.12/site-packages/oslo_config/cfg.py:3253}}
Jul 16 13:26:44.668910 np0000005243 nova-conductor[98917]: DEBUG cotyledon.oslo_config_glue [-] workarounds.disable_group_policy_check_upcall = False {{(pid=98917) log_opt_values /opt/stack/data/venv/lib/python3.12/site-packages/oslo_config/cfg.py:3253}}
Jul 16 13:26:44.668910 np0000005243 nova-conductor[98917]: DEBUG cotyledon.oslo_config_glue [-] workarounds.disable_libvirt_livesnapshot = False {{(pid=98917) log_opt_values /opt/stack/data/venv/lib/python3.12/site-packages/oslo_config/cfg.py:3253}}
Jul 16 13:26:44.668910 np0000005243 nova-conductor[98917]: DEBUG cotyledon.oslo_config_glue [-] workarounds.disable_rootwrap = False {{(pid=98917) log_opt_values /opt/stack/data/venv/lib/python3.12/site-packages/oslo_config/cfg.py:3253}}
Jul 16 13:26:44.669070 np0000005243 nova-conductor[98917]: DEBUG cotyledon.oslo_config_glue [-] workarounds.enable_numa_live_migration = False {{(pid=98917) log_opt_values /opt/stack/data/venv/lib/python3.12/site-packages/oslo_config/cfg.py:3253}}
Jul 16 13:26:44.669070 np0000005243 nova-conductor[98917]: DEBUG cotyledon.oslo_config_glue [-] workarounds.enable_qemu_monitor_announce_self = False {{(pid=98917) log_opt_values /opt/stack/data/venv/lib/python3.12/site-packages/oslo_config/cfg.py:3253}}
Jul 16 13:26:44.669070 np0000005243 nova-conductor[98917]: DEBUG cotyledon.oslo_config_glue [-] workarounds.ensure_libvirt_rbd_instance_dir_cleanup = False {{(pid=98917) log_opt_values /opt/stack/data/venv/lib/python3.12/site-packages/oslo_config/cfg.py:3253}}
Jul 16 13:26:44.669070 np0000005243 nova-conductor[98917]: DEBUG cotyledon.oslo_config_glue [-] workarounds.handle_virt_lifecycle_events = True {{(pid=98917) log_opt_values /opt/stack/data/venv/lib/python3.12/site-packages/oslo_config/cfg.py:3253}}
Jul 16 13:26:44.669070 np0000005243 nova-conductor[98917]: DEBUG cotyledon.oslo_config_glue [-] workarounds.libvirt_disable_apic = False {{(pid=98917) log_opt_values /opt/stack/data/venv/lib/python3.12/site-packages/oslo_config/cfg.py:3253}}
Jul 16 13:26:44.669070 np0000005243 nova-conductor[98917]: DEBUG cotyledon.oslo_config_glue [-] workarounds.never_download_image_if_on_rbd = False {{(pid=98917) log_opt_values /opt/stack/data/venv/lib/python3.12/site-packages/oslo_config/cfg.py:3253}}
Jul 16 13:26:44.669070 np0000005243 nova-conductor[98917]: DEBUG cotyledon.oslo_config_glue [-] workarounds.qemu_monitor_announce_self_count = 3 {{(pid=98917) log_opt_values /opt/stack/data/venv/lib/python3.12/site-packages/oslo_config/cfg.py:3253}}
Jul 16 13:26:44.669070 np0000005243 nova-conductor[98917]: DEBUG cotyledon.oslo_config_glue [-] workarounds.qemu_monitor_announce_self_interval = 1 {{(pid=98917) log_opt_values /opt/stack/data/venv/lib/python3.12/site-packages/oslo_config/cfg.py:3253}}
Jul 16 13:26:44.669070 np0000005243 nova-conductor[98917]: DEBUG cotyledon.oslo_config_glue [-] workarounds.reserve_disk_resource_for_image_cache = False {{(pid=98917) log_opt_values /opt/stack/data/venv/lib/python3.12/site-packages/oslo_config/cfg.py:3253}}
Jul 16 13:26:44.669245 np0000005243 nova-conductor[98917]: DEBUG cotyledon.oslo_config_glue [-] workarounds.skip_cpu_compare_at_startup = False {{(pid=98917) log_opt_values /opt/stack/data/venv/lib/python3.12/site-packages/oslo_config/cfg.py:3253}}
Jul 16 13:26:44.669245 np0000005243 nova-conductor[98917]: DEBUG cotyledon.oslo_config_glue [-] workarounds.skip_cpu_compare_on_dest = False {{(pid=98917) log_opt_values /opt/stack/data/venv/lib/python3.12/site-packages/oslo_config/cfg.py:3253}}
Jul 16 13:26:44.669245 np0000005243 nova-conductor[98917]: DEBUG cotyledon.oslo_config_glue [-] workarounds.skip_hypervisor_version_check_on_lm = False {{(pid=98917) log_opt_values /opt/stack/data/venv/lib/python3.12/site-packages/oslo_config/cfg.py:3253}}
Jul 16 13:26:44.669245 np0000005243 nova-conductor[98917]: DEBUG cotyledon.oslo_config_glue [-] workarounds.skip_reserve_in_use_ironic_nodes = False {{(pid=98917) log_opt_values /opt/stack/data/venv/lib/python3.12/site-packages/oslo_config/cfg.py:3253}}
Jul 16 13:26:44.669245 np0000005243 nova-conductor[98917]: DEBUG cotyledon.oslo_config_glue [-] workarounds.unified_limits_count_pcpu_as_vcpu = False {{(pid=98917) log_opt_values /opt/stack/data/venv/lib/python3.12/site-packages/oslo_config/cfg.py:3253}}
Jul 16 13:26:44.669245 np0000005243 nova-conductor[98917]: DEBUG cotyledon.oslo_config_glue [-] workarounds.wait_for_vif_plugged_event_during_hard_reboot = [] {{(pid=98917) log_opt_values /opt/stack/data/venv/lib/python3.12/site-packages/oslo_config/cfg.py:3253}}
Jul 16 13:26:44.669245 np0000005243 nova-conductor[98917]: DEBUG cotyledon.oslo_config_glue [-] wsgi.api_paste_config = /etc/nova/api-paste.ini {{(pid=98917) log_opt_values /opt/stack/data/venv/lib/python3.12/site-packages/oslo_config/cfg.py:3253}}
Jul 16 13:26:44.669245 np0000005243 nova-conductor[98917]: DEBUG cotyledon.oslo_config_glue [-] wsgi.secure_proxy_ssl_header = None {{(pid=98917) log_opt_values /opt/stack/data/venv/lib/python3.12/site-packages/oslo_config/cfg.py:3253}}
Jul 16 13:26:44.669245 np0000005243 nova-conductor[98917]: DEBUG cotyledon.oslo_config_glue [-] zvm.ca_file = None {{(pid=98917) log_opt_values /opt/stack/data/venv/lib/python3.12/site-packages/oslo_config/cfg.py:3253}}
Jul 16 13:26:44.669450 np0000005243 nova-conductor[98917]: DEBUG cotyledon.oslo_config_glue [-] zvm.cloud_connector_url = None {{(pid=98917) log_opt_values /opt/stack/data/venv/lib/python3.12/site-packages/oslo_config/cfg.py:3253}}
Jul 16 13:26:44.669450 np0000005243 nova-conductor[98917]: DEBUG cotyledon.oslo_config_glue [-] zvm.image_tmp_path = /opt/stack/data/nova/images {{(pid=98917) log_opt_values /opt/stack/data/venv/lib/python3.12/site-packages/oslo_config/cfg.py:3253}}
Jul 16 13:26:44.669450 np0000005243 nova-conductor[98917]: DEBUG cotyledon.oslo_config_glue [-] zvm.reachable_timeout = 300 {{(pid=98917) log_opt_values /opt/stack/data/venv/lib/python3.12/site-packages/oslo_config/cfg.py:3253}}
Jul 16 13:26:44.669450 np0000005243 nova-conductor[98917]: DEBUG cotyledon.oslo_config_glue [-] oslo_versionedobjects.fatal_exception_format_errors = False {{(pid=98917) log_opt_values /opt/stack/data/venv/lib/python3.12/site-packages/oslo_config/cfg.py:3253}}
Jul 16 13:26:44.669450 np0000005243 nova-conductor[98917]: DEBUG cotyledon.oslo_config_glue [-] oslo_middleware.http_basic_auth_user_file = /etc/htpasswd {{(pid=98917) log_opt_values /opt/stack/data/venv/lib/python3.12/site-packages/oslo_config/cfg.py:3253}}
Jul 16 13:26:44.669450 np0000005243 nova-conductor[98917]: DEBUG cotyledon.oslo_config_glue [-] profiler.connection_string = messaging:// {{(pid=98917) log_opt_values /opt/stack/data/venv/lib/python3.12/site-packages/oslo_config/cfg.py:3253}}
Jul 16 13:26:44.669450 np0000005243 nova-conductor[98917]: DEBUG cotyledon.oslo_config_glue [-] profiler.enabled = False {{(pid=98917) log_opt_values /opt/stack/data/venv/lib/python3.12/site-packages/oslo_config/cfg.py:3253}}
Jul 16 13:26:44.669450 np0000005243 nova-conductor[98917]: DEBUG cotyledon.oslo_config_glue [-] profiler.es_doc_type = notification {{(pid=98917) log_opt_values /opt/stack/data/venv/lib/python3.12/site-packages/oslo_config/cfg.py:3253}}
Jul 16 13:26:44.669450 np0000005243 nova-conductor[98917]: DEBUG cotyledon.oslo_config_glue [-] profiler.es_scroll_size = 10000 {{(pid=98917) log_opt_values /opt/stack/data/venv/lib/python3.12/site-packages/oslo_config/cfg.py:3253}}
Jul 16 13:26:44.669647 np0000005243 nova-conductor[98917]: DEBUG cotyledon.oslo_config_glue [-] profiler.es_scroll_time = 2m {{(pid=98917) log_opt_values /opt/stack/data/venv/lib/python3.12/site-packages/oslo_config/cfg.py:3253}}
Jul 16 13:26:44.669647 np0000005243 nova-conductor[98917]: DEBUG cotyledon.oslo_config_glue [-] profiler.filter_error_trace = False {{(pid=98917) log_opt_values /opt/stack/data/venv/lib/python3.12/site-packages/oslo_config/cfg.py:3253}}
Jul 16 13:26:44.669647 np0000005243 nova-conductor[98917]: DEBUG cotyledon.oslo_config_glue [-] profiler.hmac_keys = **** {{(pid=98917) log_opt_values /opt/stack/data/venv/lib/python3.12/site-packages/oslo_config/cfg.py:3253}}
Jul 16 13:26:44.669647 np0000005243 nova-conductor[98917]: DEBUG cotyledon.oslo_config_glue [-] profiler.sentinel_service_name = mymaster {{(pid=98917) log_opt_values /opt/stack/data/venv/lib/python3.12/site-packages/oslo_config/cfg.py:3253}}
Jul 16 13:26:44.669647 np0000005243 nova-conductor[98917]: DEBUG cotyledon.oslo_config_glue [-] profiler.socket_timeout = 0.1 {{(pid=98917) log_opt_values /opt/stack/data/venv/lib/python3.12/site-packages/oslo_config/cfg.py:3253}}
Jul 16 13:26:44.669647 np0000005243 nova-conductor[98917]: DEBUG cotyledon.oslo_config_glue [-] profiler.trace_requests = False {{(pid=98917) log_opt_values /opt/stack/data/venv/lib/python3.12/site-packages/oslo_config/cfg.py:3253}}
Jul 16 13:26:44.669647 np0000005243 nova-conductor[98917]: DEBUG cotyledon.oslo_config_glue [-] profiler.trace_sqlalchemy = False {{(pid=98917) log_opt_values /opt/stack/data/venv/lib/python3.12/site-packages/oslo_config/cfg.py:3253}}
Jul 16 13:26:44.669647 np0000005243 nova-conductor[98917]: DEBUG cotyledon.oslo_config_glue [-] profiler_jaeger.process_tags = {} {{(pid=98917) log_opt_values /opt/stack/data/venv/lib/python3.12/site-packages/oslo_config/cfg.py:3253}}
Jul 16 13:26:44.669647 np0000005243 nova-conductor[98917]: DEBUG cotyledon.oslo_config_glue [-] profiler_jaeger.service_name_prefix = None {{(pid=98917) log_opt_values /opt/stack/data/venv/lib/python3.12/site-packages/oslo_config/cfg.py:3253}}
Jul 16 13:26:44.669874 np0000005243 nova-conductor[98917]: DEBUG cotyledon.oslo_config_glue [-] profiler_otlp.service_name_prefix = None {{(pid=98917) log_opt_values /opt/stack/data/venv/lib/python3.12/site-packages/oslo_config/cfg.py:3253}}
Jul 16 13:26:44.669874 np0000005243 nova-conductor[98917]: DEBUG cotyledon.oslo_config_glue [-] oslo_messaging_rabbit.amqp_auto_delete = False {{(pid=98917) log_opt_values /opt/stack/data/venv/lib/python3.12/site-packages/oslo_config/cfg.py:3253}}
Jul 16 13:26:44.669874 np0000005243 nova-conductor[98917]: DEBUG cotyledon.oslo_config_glue [-] oslo_messaging_rabbit.amqp_durable_queues = False {{(pid=98917) log_opt_values /opt/stack/data/venv/lib/python3.12/site-packages/oslo_config/cfg.py:3253}}
Jul 16 13:26:44.669874 np0000005243 nova-conductor[98917]: DEBUG cotyledon.oslo_config_glue [-] oslo_messaging_rabbit.conn_pool_min_size = 2 {{(pid=98917) log_opt_values /opt/stack/data/venv/lib/python3.12/site-packages/oslo_config/cfg.py:3253}}
Jul 16 13:26:44.669874 np0000005243 nova-conductor[98917]: DEBUG cotyledon.oslo_config_glue [-] oslo_messaging_rabbit.conn_pool_ttl = 1200 {{(pid=98917) log_opt_values /opt/stack/data/venv/lib/python3.12/site-packages/oslo_config/cfg.py:3253}}
Jul 16 13:26:44.669874 np0000005243 nova-conductor[98917]: DEBUG cotyledon.oslo_config_glue [-] oslo_messaging_rabbit.direct_mandatory_flag = True {{(pid=98917) log_opt_values /opt/stack/data/venv/lib/python3.12/site-packages/oslo_config/cfg.py:3253}}
Jul 16 13:26:44.669874 np0000005243 nova-conductor[98917]: DEBUG cotyledon.oslo_config_glue [-] oslo_messaging_rabbit.enable_cancel_on_failover = False {{(pid=98917) log_opt_values /opt/stack/data/venv/lib/python3.12/site-packages/oslo_config/cfg.py:3253}}
Jul 16 13:26:44.669874 np0000005243 nova-conductor[98917]: DEBUG cotyledon.oslo_config_glue [-] oslo_messaging_rabbit.heartbeat_rate = 3 {{(pid=98917) log_opt_values /opt/stack/data/venv/lib/python3.12/site-packages/oslo_config/cfg.py:3253}}
Jul 16 13:26:44.669874 np0000005243 nova-conductor[98917]: DEBUG cotyledon.oslo_config_glue [-] oslo_messaging_rabbit.heartbeat_timeout_threshold = 60 {{(pid=98917) log_opt_values /opt/stack/data/venv/lib/python3.12/site-packages/oslo_config/cfg.py:3253}}
Jul 16 13:26:44.670041 np0000005243 nova-conductor[98917]: DEBUG cotyledon.oslo_config_glue [-] oslo_messaging_rabbit.hostname = np0000005243 {{(pid=98917) log_opt_values /opt/stack/data/venv/lib/python3.12/site-packages/oslo_config/cfg.py:3253}}
Jul 16 13:26:44.670041 np0000005243 nova-conductor[98917]: DEBUG cotyledon.oslo_config_glue [-] oslo_messaging_rabbit.kombu_compression = None {{(pid=98917) log_opt_values /opt/stack/data/venv/lib/python3.12/site-packages/oslo_config/cfg.py:3253}}
Jul 16 13:26:44.670041 np0000005243 nova-conductor[98917]: DEBUG cotyledon.oslo_config_glue [-] oslo_messaging_rabbit.kombu_failover_strategy = round-robin {{(pid=98917) log_opt_values /opt/stack/data/venv/lib/python3.12/site-packages/oslo_config/cfg.py:3253}}
Jul 16 13:26:44.670041 np0000005243 nova-conductor[98917]: DEBUG cotyledon.oslo_config_glue [-] oslo_messaging_rabbit.kombu_missing_consumer_retry_timeout = 60 {{(pid=98917) log_opt_values /opt/stack/data/venv/lib/python3.12/site-packages/oslo_config/cfg.py:3253}}
Jul 16 13:26:44.670041 np0000005243 nova-conductor[98917]: DEBUG cotyledon.oslo_config_glue [-] oslo_messaging_rabbit.kombu_reconnect_delay = 1.0 {{(pid=98917) log_opt_values /opt/stack/data/venv/lib/python3.12/site-packages/oslo_config/cfg.py:3253}}
Jul 16 13:26:44.670133 np0000005243 nova-conductor[98891]: DEBUG oslo_db.sqlalchemy.engines [None req-9c97fcf5-ecb0-4b1d-bf04-028f57232ff4 None None] MySQL server mode set to STRICT_TRANS_TABLES,STRICT_ALL_TABLES,NO_ZERO_IN_DATE,NO_ZERO_DATE,ERROR_FOR_DIVISION_BY_ZERO,TRADITIONAL,NO_ENGINE_SUBSTITUTION {{(pid=98891) _check_effective_sql_mode /opt/stack/data/venv/lib/python3.12/site-packages/oslo_db/sqlalchemy/engines.py:325}}
Jul 16 13:26:44.670171 np0000005243 nova-conductor[98917]: DEBUG cotyledon.oslo_config_glue [-] oslo_messaging_rabbit.kombu_reconnect_splay = 0.0 {{(pid=98917) log_opt_values /opt/stack/data/venv/lib/python3.12/site-packages/oslo_config/cfg.py:3253}}
Jul 16 13:26:44.670171 np0000005243 nova-conductor[98917]: DEBUG cotyledon.oslo_config_glue [-] oslo_messaging_rabbit.processname = nova-conductor {{(pid=98917) log_opt_values /opt/stack/data/venv/lib/python3.12/site-packages/oslo_config/cfg.py:3253}}
Jul 16 13:26:44.670171 np0000005243 nova-conductor[98917]: DEBUG cotyledon.oslo_config_glue [-] oslo_messaging_rabbit.rabbit_ha_queues = False {{(pid=98917) log_opt_values /opt/stack/data/venv/lib/python3.12/site-packages/oslo_config/cfg.py:3253}}
Jul 16 13:26:44.670171 np0000005243 nova-conductor[98917]: DEBUG cotyledon.oslo_config_glue [-] oslo_messaging_rabbit.rabbit_interval_max = 30 {{(pid=98917) log_opt_values /opt/stack/data/venv/lib/python3.12/site-packages/oslo_config/cfg.py:3253}}
Jul 16 13:26:44.670171 np0000005243 nova-conductor[98917]: DEBUG cotyledon.oslo_config_glue [-] oslo_messaging_rabbit.rabbit_login_method = AMQPLAIN {{(pid=98917) log_opt_values /opt/stack/data/venv/lib/python3.12/site-packages/oslo_config/cfg.py:3253}}
Jul 16 13:26:44.670171 np0000005243 nova-conductor[98917]: DEBUG cotyledon.oslo_config_glue [-] oslo_messaging_rabbit.rabbit_qos_prefetch_count = 0 {{(pid=98917) log_opt_values /opt/stack/data/venv/lib/python3.12/site-packages/oslo_config/cfg.py:3253}}
Jul 16 13:26:44.670171 np0000005243 nova-conductor[98917]: DEBUG cotyledon.oslo_config_glue [-] oslo_messaging_rabbit.rabbit_quorum_delivery_limit = 0 {{(pid=98917) log_opt_values /opt/stack/data/venv/lib/python3.12/site-packages/oslo_config/cfg.py:3253}}
Jul 16 13:26:44.670171 np0000005243 nova-conductor[98917]: DEBUG cotyledon.oslo_config_glue [-] oslo_messaging_rabbit.rabbit_quorum_max_memory_bytes = 0 {{(pid=98917) log_opt_values /opt/stack/data/venv/lib/python3.12/site-packages/oslo_config/cfg.py:3253}}
Jul 16 13:26:44.670171 np0000005243 nova-conductor[98917]: DEBUG cotyledon.oslo_config_glue [-] oslo_messaging_rabbit.rabbit_quorum_max_memory_length = 0 {{(pid=98917) log_opt_values /opt/stack/data/venv/lib/python3.12/site-packages/oslo_config/cfg.py:3253}}
Jul 16 13:26:44.670349 np0000005243 nova-conductor[98917]: DEBUG cotyledon.oslo_config_glue [-] oslo_messaging_rabbit.rabbit_quorum_queue = False {{(pid=98917) log_opt_values /opt/stack/data/venv/lib/python3.12/site-packages/oslo_config/cfg.py:3253}}
Jul 16 13:26:44.670349 np0000005243 nova-conductor[98917]: DEBUG cotyledon.oslo_config_glue [-] oslo_messaging_rabbit.rabbit_retry_backoff = 2 {{(pid=98917) log_opt_values /opt/stack/data/venv/lib/python3.12/site-packages/oslo_config/cfg.py:3253}}
Jul 16 13:26:44.670349 np0000005243 nova-conductor[98917]: DEBUG cotyledon.oslo_config_glue [-] oslo_messaging_rabbit.rabbit_retry_interval = 1 {{(pid=98917) log_opt_values /opt/stack/data/venv/lib/python3.12/site-packages/oslo_config/cfg.py:3253}}
Jul 16 13:26:44.670349 np0000005243 nova-conductor[98917]: DEBUG cotyledon.oslo_config_glue [-] oslo_messaging_rabbit.rabbit_stream_fanout = False {{(pid=98917) log_opt_values /opt/stack/data/venv/lib/python3.12/site-packages/oslo_config/cfg.py:3253}}
Jul 16 13:26:44.670349 np0000005243 nova-conductor[98917]: DEBUG cotyledon.oslo_config_glue [-] oslo_messaging_rabbit.rabbit_transient_queues_ttl = 1800 {{(pid=98917) log_opt_values /opt/stack/data/venv/lib/python3.12/site-packages/oslo_config/cfg.py:3253}}
Jul 16 13:26:44.670349 np0000005243 nova-conductor[98917]: DEBUG cotyledon.oslo_config_glue [-] oslo_messaging_rabbit.rabbit_transient_quorum_queue = False {{(pid=98917) log_opt_values /opt/stack/data/venv/lib/python3.12/site-packages/oslo_config/cfg.py:3253}}
Jul 16 13:26:44.670349 np0000005243 nova-conductor[98917]: DEBUG cotyledon.oslo_config_glue [-] oslo_messaging_rabbit.rpc_conn_pool_size = 30 {{(pid=98917) log_opt_values /opt/stack/data/venv/lib/python3.12/site-packages/oslo_config/cfg.py:3253}}
Jul 16 13:26:44.670349 np0000005243 nova-conductor[98917]: DEBUG cotyledon.oslo_config_glue [-] oslo_messaging_rabbit.ssl = False {{(pid=98917) log_opt_values /opt/stack/data/venv/lib/python3.12/site-packages/oslo_config/cfg.py:3253}}
Jul 16 13:26:44.670349 np0000005243 nova-conductor[98917]: DEBUG cotyledon.oslo_config_glue [-] oslo_messaging_rabbit.ssl_ca_file = {{(pid=98917) log_opt_values /opt/stack/data/venv/lib/python3.12/site-packages/oslo_config/cfg.py:3253}}
Jul 16 13:26:44.670573 np0000005243 nova-conductor[98917]: DEBUG cotyledon.oslo_config_glue [-] oslo_messaging_rabbit.ssl_cert_file = {{(pid=98917) log_opt_values /opt/stack/data/venv/lib/python3.12/site-packages/oslo_config/cfg.py:3253}}
Jul 16 13:26:44.670573 np0000005243 nova-conductor[98917]: DEBUG cotyledon.oslo_config_glue [-] oslo_messaging_rabbit.ssl_enforce_fips_mode = False {{(pid=98917) log_opt_values /opt/stack/data/venv/lib/python3.12/site-packages/oslo_config/cfg.py:3253}}
Jul 16 13:26:44.670573 np0000005243 nova-conductor[98917]: DEBUG cotyledon.oslo_config_glue [-] oslo_messaging_rabbit.ssl_enforce_hostname_verification = True {{(pid=98917) log_opt_values /opt/stack/data/venv/lib/python3.12/site-packages/oslo_config/cfg.py:3253}}
Jul 16 13:26:44.670573 np0000005243 nova-conductor[98917]: DEBUG cotyledon.oslo_config_glue [-] oslo_messaging_rabbit.ssl_key_file = {{(pid=98917) log_opt_values /opt/stack/data/venv/lib/python3.12/site-packages/oslo_config/cfg.py:3253}}
Jul 16 13:26:44.670573 np0000005243 nova-conductor[98917]: DEBUG cotyledon.oslo_config_glue [-] oslo_messaging_rabbit.ssl_version = {{(pid=98917) log_opt_values /opt/stack/data/venv/lib/python3.12/site-packages/oslo_config/cfg.py:3253}}
Jul 16 13:26:44.670573 np0000005243 nova-conductor[98917]: DEBUG cotyledon.oslo_config_glue [-] oslo_messaging_rabbit.use_queue_manager = False {{(pid=98917) log_opt_values /opt/stack/data/venv/lib/python3.12/site-packages/oslo_config/cfg.py:3253}}
Jul 16 13:26:44.670573 np0000005243 nova-conductor[98917]: DEBUG cotyledon.oslo_config_glue [-] oslo_messaging_notifications.driver = ['messagingv2'] {{(pid=98917) log_opt_values /opt/stack/data/venv/lib/python3.12/site-packages/oslo_config/cfg.py:3253}}
Jul 16 13:26:44.670573 np0000005243 nova-conductor[98917]: DEBUG cotyledon.oslo_config_glue [-] oslo_messaging_notifications.retry = -1 {{(pid=98917) log_opt_values /opt/stack/data/venv/lib/python3.12/site-packages/oslo_config/cfg.py:3253}}
Jul 16 13:26:44.670573 np0000005243 nova-conductor[98917]: DEBUG cotyledon.oslo_config_glue [-] oslo_messaging_notifications.topics = ['notifications'] {{(pid=98917) log_opt_values /opt/stack/data/venv/lib/python3.12/site-packages/oslo_config/cfg.py:3253}}
Jul 16 13:26:44.670873 np0000005243 nova-conductor[98917]: DEBUG cotyledon.oslo_config_glue [-] oslo_messaging_notifications.transport_url = **** {{(pid=98917) log_opt_values /opt/stack/data/venv/lib/python3.12/site-packages/oslo_config/cfg.py:3253}}
Jul 16 13:26:44.670873 np0000005243 nova-conductor[98917]: DEBUG cotyledon.oslo_config_glue [-] oslo_limit.auth_section = None {{(pid=98917) log_opt_values /opt/stack/data/venv/lib/python3.12/site-packages/oslo_config/cfg.py:3253}}
Jul 16 13:26:44.670873 np0000005243 nova-conductor[98917]: DEBUG cotyledon.oslo_config_glue [-] oslo_limit.auth_type = None {{(pid=98917) log_opt_values /opt/stack/data/venv/lib/python3.12/site-packages/oslo_config/cfg.py:3253}}
Jul 16 13:26:44.670873 np0000005243 nova-conductor[98917]: DEBUG cotyledon.oslo_config_glue [-] oslo_limit.cafile = None {{(pid=98917) log_opt_values /opt/stack/data/venv/lib/python3.12/site-packages/oslo_config/cfg.py:3253}}
Jul 16 13:26:44.670873 np0000005243 nova-conductor[98917]: DEBUG cotyledon.oslo_config_glue [-] oslo_limit.certfile = None {{(pid=98917) log_opt_values /opt/stack/data/venv/lib/python3.12/site-packages/oslo_config/cfg.py:3253}}
Jul 16 13:26:44.670873 np0000005243 nova-conductor[98917]: DEBUG cotyledon.oslo_config_glue [-] oslo_limit.collect_timing = False {{(pid=98917) log_opt_values /opt/stack/data/venv/lib/python3.12/site-packages/oslo_config/cfg.py:3253}}
Jul 16 13:26:44.670873 np0000005243 nova-conductor[98917]: DEBUG cotyledon.oslo_config_glue [-] oslo_limit.connect_retries = None {{(pid=98917) log_opt_values /opt/stack/data/venv/lib/python3.12/site-packages/oslo_config/cfg.py:3253}}
Jul 16 13:26:44.670873 np0000005243 nova-conductor[98917]: DEBUG cotyledon.oslo_config_glue [-] oslo_limit.connect_retry_delay = None {{(pid=98917) log_opt_values /opt/stack/data/venv/lib/python3.12/site-packages/oslo_config/cfg.py:3253}}
Jul 16 13:26:44.670873 np0000005243 nova-conductor[98917]: DEBUG cotyledon.oslo_config_glue [-] oslo_limit.endpoint_id = None {{(pid=98917) log_opt_values /opt/stack/data/venv/lib/python3.12/site-packages/oslo_config/cfg.py:3253}}
Jul 16 13:26:44.671140 np0000005243 nova-conductor[98917]: DEBUG cotyledon.oslo_config_glue [-] oslo_limit.endpoint_interface = public {{(pid=98917) log_opt_values /opt/stack/data/venv/lib/python3.12/site-packages/oslo_config/cfg.py:3253}}
Jul 16 13:26:44.671140 np0000005243 nova-conductor[98917]: DEBUG cotyledon.oslo_config_glue [-] oslo_limit.endpoint_override = None {{(pid=98917) log_opt_values /opt/stack/data/venv/lib/python3.12/site-packages/oslo_config/cfg.py:3253}}
Jul 16 13:26:44.671140 np0000005243 nova-conductor[98917]: DEBUG cotyledon.oslo_config_glue [-] oslo_limit.endpoint_region_name = None {{(pid=98917) log_opt_values /opt/stack/data/venv/lib/python3.12/site-packages/oslo_config/cfg.py:3253}}
Jul 16 13:26:44.671140 np0000005243 nova-conductor[98917]: DEBUG cotyledon.oslo_config_glue [-] oslo_limit.endpoint_service_name = None {{(pid=98917) log_opt_values /opt/stack/data/venv/lib/python3.12/site-packages/oslo_config/cfg.py:3253}}
Jul 16 13:26:44.671140 np0000005243 nova-conductor[98917]: DEBUG cotyledon.oslo_config_glue [-] oslo_limit.endpoint_service_type = None {{(pid=98917) log_opt_values /opt/stack/data/venv/lib/python3.12/site-packages/oslo_config/cfg.py:3253}}
Jul 16 13:26:44.671140 np0000005243 nova-conductor[98917]: DEBUG cotyledon.oslo_config_glue [-] oslo_limit.insecure = False {{(pid=98917) log_opt_values /opt/stack/data/venv/lib/python3.12/site-packages/oslo_config/cfg.py:3253}}
Jul 16 13:26:44.671140 np0000005243 nova-conductor[98917]: DEBUG cotyledon.oslo_config_glue [-] oslo_limit.keyfile = None {{(pid=98917) log_opt_values /opt/stack/data/venv/lib/python3.12/site-packages/oslo_config/cfg.py:3253}}
Jul 16 13:26:44.671140 np0000005243 nova-conductor[98917]: DEBUG cotyledon.oslo_config_glue [-] oslo_limit.max_version = None {{(pid=98917) log_opt_values /opt/stack/data/venv/lib/python3.12/site-packages/oslo_config/cfg.py:3253}}
Jul 16 13:26:44.671140 np0000005243 nova-conductor[98917]: DEBUG cotyledon.oslo_config_glue [-] oslo_limit.min_version = None {{(pid=98917) log_opt_values /opt/stack/data/venv/lib/python3.12/site-packages/oslo_config/cfg.py:3253}}
Jul 16 13:26:44.671395 np0000005243 nova-conductor[98917]: DEBUG cotyledon.oslo_config_glue [-] oslo_limit.region_name = None {{(pid=98917) log_opt_values /opt/stack/data/venv/lib/python3.12/site-packages/oslo_config/cfg.py:3253}}
Jul 16 13:26:44.671395 np0000005243 nova-conductor[98917]: DEBUG cotyledon.oslo_config_glue [-] oslo_limit.retriable_status_codes = None {{(pid=98917) log_opt_values /opt/stack/data/venv/lib/python3.12/site-packages/oslo_config/cfg.py:3253}}
Jul 16 13:26:44.671395 np0000005243 nova-conductor[98917]: DEBUG cotyledon.oslo_config_glue [-] oslo_limit.service_name = None {{(pid=98917) log_opt_values /opt/stack/data/venv/lib/python3.12/site-packages/oslo_config/cfg.py:3253}}
Jul 16 13:26:44.671395 np0000005243 nova-conductor[98917]: DEBUG cotyledon.oslo_config_glue [-] oslo_limit.service_type = None {{(pid=98917) log_opt_values /opt/stack/data/venv/lib/python3.12/site-packages/oslo_config/cfg.py:3253}}
Jul 16 13:26:44.671395 np0000005243 nova-conductor[98917]: DEBUG cotyledon.oslo_config_glue [-] oslo_limit.split_loggers = False {{(pid=98917) log_opt_values /opt/stack/data/venv/lib/python3.12/site-packages/oslo_config/cfg.py:3253}}
Jul 16 13:26:44.671395 np0000005243 nova-conductor[98917]: DEBUG cotyledon.oslo_config_glue [-] oslo_limit.status_code_retries = None {{(pid=98917) log_opt_values /opt/stack/data/venv/lib/python3.12/site-packages/oslo_config/cfg.py:3253}}
Jul 16 13:26:44.671395 np0000005243 nova-conductor[98917]: DEBUG cotyledon.oslo_config_glue [-] oslo_limit.status_code_retry_delay = None {{(pid=98917) log_opt_values /opt/stack/data/venv/lib/python3.12/site-packages/oslo_config/cfg.py:3253}}
Jul 16 13:26:44.671395 np0000005243 nova-conductor[98917]: DEBUG cotyledon.oslo_config_glue [-] oslo_limit.timeout = None {{(pid=98917) log_opt_values /opt/stack/data/venv/lib/python3.12/site-packages/oslo_config/cfg.py:3253}}
Jul 16 13:26:44.671395 np0000005243 nova-conductor[98917]: DEBUG cotyledon.oslo_config_glue [-] oslo_limit.valid_interfaces = None {{(pid=98917) log_opt_values /opt/stack/data/venv/lib/python3.12/site-packages/oslo_config/cfg.py:3253}}
Jul 16 13:26:44.671729 np0000005243 nova-conductor[98917]: DEBUG cotyledon.oslo_config_glue [-] oslo_limit.version = None {{(pid=98917) log_opt_values /opt/stack/data/venv/lib/python3.12/site-packages/oslo_config/cfg.py:3253}}
Jul 16 13:26:44.671729 np0000005243 nova-conductor[98917]: DEBUG cotyledon.oslo_config_glue [-] oslo_reports.file_event_handler = None {{(pid=98917) log_opt_values /opt/stack/data/venv/lib/python3.12/site-packages/oslo_config/cfg.py:3253}}
Jul 16 13:26:44.671729 np0000005243 nova-conductor[98917]: DEBUG cotyledon.oslo_config_glue [-] oslo_reports.file_event_handler_interval = 1 {{(pid=98917) log_opt_values /opt/stack/data/venv/lib/python3.12/site-packages/oslo_config/cfg.py:3253}}
Jul 16 13:26:44.671729 np0000005243 nova-conductor[98917]: DEBUG cotyledon.oslo_config_glue [-] oslo_reports.log_dir = None {{(pid=98917) log_opt_values /opt/stack/data/venv/lib/python3.12/site-packages/oslo_config/cfg.py:3253}}
Jul 16 13:26:44.671729 np0000005243 nova-conductor[98917]: DEBUG cotyledon.oslo_config_glue [-] ******************************************************************************** {{(pid=98917) log_opt_values /opt/stack/data/venv/lib/python3.12/site-packages/oslo_config/cfg.py:3260}}
Jul 16 13:26:44.671729 np0000005243 nova-conductor[98917]: DEBUG cotyledon._service_worker [-] Run service ServiceWrapper(3) [98917] {{(pid=98917) wait_forever /opt/stack/data/venv/lib/python3.12/site-packages/cotyledon/_service_worker.py:218}}
Jul 16 13:26:44.671729 np0000005243 nova-conductor[98917]: INFO nova.service [-] Starting conductor node (version 33.1.0)
Jul 16 13:26:44.671926 np0000005243 nova-conductor[98904]: DEBUG oslo_db.sqlalchemy.engines [None req-6ab3b67d-e687-490c-b12a-c5d86dc31d52 None None] MySQL server mode set to STRICT_TRANS_TABLES,STRICT_ALL_TABLES,NO_ZERO_IN_DATE,NO_ZERO_DATE,ERROR_FOR_DIVISION_BY_ZERO,TRADITIONAL,NO_ENGINE_SUBSTITUTION {{(pid=98904) _check_effective_sql_mode /opt/stack/data/venv/lib/python3.12/site-packages/oslo_db/sqlalchemy/engines.py:325}}
Jul 16 13:26:44.671967 np0000005243 nova-conductor[98917]: INFO dbcounter [None req-34dcce77-cf0b-41b9-bca1-723939685359 None None] Registered counter for database nova_cell0
Jul 16 13:26:44.672000 np0000005243 nova-conductor[98891]: DEBUG dbcounter [-] [98891] Writer thread running {{(pid=98891) stat_writer /opt/stack/data/venv/lib/python3.12/site-packages/dbcounter.py:102}}
Jul 16 13:26:44.672033 np0000005243 nova-conductor[98904]: DEBUG dbcounter [-] [98904] Writer thread running {{(pid=98904) stat_writer /opt/stack/data/venv/lib/python3.12/site-packages/dbcounter.py:102}}
Jul 16 13:26:44.672066 np0000005243 nova-conductor[98911]: DEBUG oslo_db.sqlalchemy.engines [None req-f5b50330-28ea-4dff-adb7-232670d7c450 None None] MySQL server mode set to STRICT_TRANS_TABLES,STRICT_ALL_TABLES,NO_ZERO_IN_DATE,NO_ZERO_DATE,ERROR_FOR_DIVISION_BY_ZERO,TRADITIONAL,NO_ENGINE_SUBSTITUTION {{(pid=98911) _check_effective_sql_mode /opt/stack/data/venv/lib/python3.12/site-packages/oslo_db/sqlalchemy/engines.py:325}}
Jul 16 13:26:44.673607 np0000005243 nova-conductor[98891]: DEBUG nova.service [None req-9c97fcf5-ecb0-4b1d-bf04-028f57232ff4 None None] Creating RPC server for service: nova-conductor on topic: conductor {{(pid=98891) start /opt/stack/nova/nova/service.py:196}}
Jul 16 13:26:44.679250 np0000005243 nova-conductor[98911]: DEBUG dbcounter [-] [98911] Writer thread running {{(pid=98911) stat_writer /opt/stack/data/venv/lib/python3.12/site-packages/dbcounter.py:102}}
Jul 16 13:26:44.682817 np0000005243 nova-conductor[98911]: DEBUG nova.service [None req-f5b50330-28ea-4dff-adb7-232670d7c450 None None] Creating RPC server for service: nova-conductor on topic: conductor {{(pid=98911) start /opt/stack/nova/nova/service.py:196}}
Jul 16 13:26:44.684036 np0000005243 nova-conductor[98904]: DEBUG nova.service [None req-6ab3b67d-e687-490c-b12a-c5d86dc31d52 None None] Creating RPC server for service: nova-conductor on topic: conductor {{(pid=98904) start /opt/stack/nova/nova/service.py:196}}
Jul 16 13:26:44.702696 np0000005243 nova-conductor[98917]: DEBUG oslo_db.sqlalchemy.engines [None req-34dcce77-cf0b-41b9-bca1-723939685359 None None] MySQL server mode set to STRICT_TRANS_TABLES,STRICT_ALL_TABLES,NO_ZERO_IN_DATE,NO_ZERO_DATE,ERROR_FOR_DIVISION_BY_ZERO,TRADITIONAL,NO_ENGINE_SUBSTITUTION {{(pid=98917) _check_effective_sql_mode /opt/stack/data/venv/lib/python3.12/site-packages/oslo_db/sqlalchemy/engines.py:325}}
Jul 16 13:26:44.705892 np0000005243 nova-conductor[98911]: DEBUG nova.service [None req-f5b50330-28ea-4dff-adb7-232670d7c450 None None] Join ServiceGroup membership for this service conductor {{(pid=98911) start /opt/stack/nova/nova/service.py:222}}
Jul 16 13:26:44.706039 np0000005243 nova-conductor[98891]: DEBUG nova.service [None req-9c97fcf5-ecb0-4b1d-bf04-028f57232ff4 None None] Join ServiceGroup membership for this service conductor {{(pid=98891) start /opt/stack/nova/nova/service.py:222}}
Jul 16 13:26:44.706142 np0000005243 nova-conductor[98911]: DEBUG nova.servicegroup.drivers.db [None req-f5b50330-28ea-4dff-adb7-232670d7c450 None None] DB_Driver: join new ServiceGroup member np0000005243 to the conductor group, service = {{(pid=98911) join /opt/stack/nova/nova/servicegroup/drivers/db.py:44}}
Jul 16 13:26:44.706314 np0000005243 nova-conductor[98891]: DEBUG nova.servicegroup.drivers.db [None req-9c97fcf5-ecb0-4b1d-bf04-028f57232ff4 None None] DB_Driver: join new ServiceGroup member np0000005243 to the conductor group, service = {{(pid=98891) join /opt/stack/nova/nova/servicegroup/drivers/db.py:44}}
Jul 16 13:26:44.707874 np0000005243 nova-conductor[98904]: DEBUG nova.service [None req-6ab3b67d-e687-490c-b12a-c5d86dc31d52 None None] Join ServiceGroup membership for this service conductor {{(pid=98904) start /opt/stack/nova/nova/service.py:222}}
Jul 16 13:26:44.708147 np0000005243 nova-conductor[98904]: DEBUG nova.servicegroup.drivers.db [None req-6ab3b67d-e687-490c-b12a-c5d86dc31d52 None None] DB_Driver: join new ServiceGroup member np0000005243 to the conductor group, service = {{(pid=98904) join /opt/stack/nova/nova/servicegroup/drivers/db.py:44}}
Jul 16 13:26:44.713366 np0000005243 nova-conductor[98917]: DEBUG dbcounter [-] [98917] Writer thread running {{(pid=98917) stat_writer /opt/stack/data/venv/lib/python3.12/site-packages/dbcounter.py:102}}
Jul 16 13:26:44.716076 np0000005243 nova-conductor[98917]: DEBUG nova.service [None req-34dcce77-cf0b-41b9-bca1-723939685359 None None] Creating RPC server for service: nova-conductor on topic: conductor {{(pid=98917) start /opt/stack/nova/nova/service.py:196}}
Jul 16 13:26:44.734163 np0000005243 nova-conductor[98917]: DEBUG nova.service [None req-34dcce77-cf0b-41b9-bca1-723939685359 None None] Join ServiceGroup membership for this service conductor {{(pid=98917) start /opt/stack/nova/nova/service.py:222}}
Jul 16 13:26:44.734469 np0000005243 nova-conductor[98917]: DEBUG nova.servicegroup.drivers.db [None req-34dcce77-cf0b-41b9-bca1-723939685359 None None] DB_Driver: join new ServiceGroup member np0000005243 to the conductor group, service = {{(pid=98917) join /opt/stack/nova/nova/servicegroup/drivers/db.py:44}}
Jul 16 13:26:49.720668 np0000005243 nova-conductor[98891]: DEBUG oslo.service.backend._threading.loopingcall [-] Fixed interval looping call 'nova.servicegroup.drivers.db.DbDriver._report_state' sleeping for 119.99 seconds {{(pid=98891) _run_loop /opt/stack/data/venv/lib/python3.12/site-packages/oslo_service/backend/_threading/loopingcall.py:125}}
Jul 16 13:26:49.721394 np0000005243 nova-conductor[98904]: DEBUG oslo.service.backend._threading.loopingcall [-] Fixed interval looping call 'nova.servicegroup.drivers.db.DbDriver._report_state' sleeping for 119.99 seconds {{(pid=98904) _run_loop /opt/stack/data/venv/lib/python3.12/site-packages/oslo_service/backend/_threading/loopingcall.py:125}}
Jul 16 13:26:49.722487 np0000005243 nova-conductor[98911]: DEBUG oslo.service.backend._threading.loopingcall [-] Fixed interval looping call 'nova.servicegroup.drivers.db.DbDriver._report_state' sleeping for 119.99 seconds {{(pid=98911) _run_loop /opt/stack/data/venv/lib/python3.12/site-packages/oslo_service/backend/_threading/loopingcall.py:125}}
Jul 16 13:26:49.745941 np0000005243 nova-conductor[98917]: DEBUG oslo.service.backend._threading.loopingcall [-] Fixed interval looping call 'nova.servicegroup.drivers.db.DbDriver._report_state' sleeping for 119.99 seconds {{(pid=98917) _run_loop /opt/stack/data/venv/lib/python3.12/site-packages/oslo_service/backend/_threading/loopingcall.py:125}}
Jul 16 13:26:53.231590 np0000005243 nova-conductor[97494]: DEBUG dbcounter [-] [97494] Writing DB stats nova_api:SELECT=1 {{(pid=97494) stat_writer /opt/stack/data/venv/lib/python3.12/site-packages/dbcounter.py:115}}
Jul 16 13:26:53.391982 np0000005243 nova-conductor[97494]: DEBUG dbcounter [-] [97494] Writing DB stats nova_cell0:SELECT=1 {{(pid=97494) stat_writer /opt/stack/data/venv/lib/python3.12/site-packages/dbcounter.py:115}}
Jul 16 13:26:53.396969 np0000005243 nova-conductor[97494]: DEBUG dbcounter [-] [97494] Writing DB stats nova_cell1:SELECT=1 {{(pid=97494) stat_writer /opt/stack/data/venv/lib/python3.12/site-packages/dbcounter.py:115}}
Jul 16 13:26:59.717111 np0000005243 nova-conductor[98891]: DEBUG dbcounter [-] [98891] Writing DB stats nova_cell0:SELECT=4,nova_cell0:INSERT=1,nova_cell0:UPDATE=1 {{(pid=98891) stat_writer /opt/stack/data/venv/lib/python3.12/site-packages/dbcounter.py:115}}
Jul 16 13:26:59.719697 np0000005243 nova-conductor[98904]: DEBUG dbcounter [-] [98904] Writing DB stats nova_cell0:SELECT=5,nova_cell0:INSERT=1,nova_cell0:UPDATE=1 {{(pid=98904) stat_writer /opt/stack/data/venv/lib/python3.12/site-packages/dbcounter.py:115}}
Jul 16 13:26:59.722965 np0000005243 nova-conductor[98911]: DEBUG dbcounter [-] [98911] Writing DB stats nova_cell0:SELECT=3,nova_cell0:UPDATE=1 {{(pid=98911) stat_writer /opt/stack/data/venv/lib/python3.12/site-packages/dbcounter.py:115}}
Jul 16 13:26:59.742745 np0000005243 nova-conductor[98917]: DEBUG dbcounter [-] [98917] Writing DB stats nova_cell0:SELECT=3 {{(pid=98917) stat_writer /opt/stack/data/venv/lib/python3.12/site-packages/dbcounter.py:115}}
Jul 16 13:27:27.708380 np0000005243 nova-conductor[98891]: DEBUG oslo.service.backend._threading.loopingcall [None req-65806842-8c49-4fa8-bec8-991c5796d90a None None] Dynamic interval looping call 'nova.service.Service.periodic_tasks' sleeping for 60.00 seconds {{(pid=98891) _run_loop /opt/stack/data/venv/lib/python3.12/site-packages/oslo_service/backend/_threading/loopingcall.py:125}}
Jul 16 13:27:27.710801 np0000005243 nova-conductor[98904]: DEBUG oslo.service.backend._threading.loopingcall [None req-7614f13d-88c3-4e9e-9adc-d29e2170e660 None None] Dynamic interval looping call 'nova.service.Service.periodic_tasks' sleeping for 60.00 seconds {{(pid=98904) _run_loop /opt/stack/data/venv/lib/python3.12/site-packages/oslo_service/backend/_threading/loopingcall.py:125}}
Jul 16 13:27:29.708263 np0000005243 nova-conductor[98911]: DEBUG oslo.service.backend._threading.loopingcall [None req-c47b21a6-daba-4c6d-8a54-24662de443f1 None None] Dynamic interval looping call 'nova.service.Service.periodic_tasks' sleeping for 60.00 seconds {{(pid=98911) _run_loop /opt/stack/data/venv/lib/python3.12/site-packages/oslo_service/backend/_threading/loopingcall.py:125}}
Jul 16 13:27:40.737281 np0000005243 nova-conductor[98917]: DEBUG oslo.service.backend._threading.loopingcall [None req-76c2c10f-2bae-44ee-8ebc-2b68661a3a0c None None] Dynamic interval looping call 'nova.service.Service.periodic_tasks' sleeping for 60.00 seconds {{(pid=98917) _run_loop /opt/stack/data/venv/lib/python3.12/site-packages/oslo_service/backend/_threading/loopingcall.py:125}}
Jul 16 13:28:27.708932 np0000005243 nova-conductor[98891]: DEBUG oslo.service.backend._threading.loopingcall [None req-65806842-8c49-4fa8-bec8-991c5796d90a None None] Dynamic interval looping call 'nova.service.Service.periodic_tasks' sleeping for 60.00 seconds {{(pid=98891) _run_loop /opt/stack/data/venv/lib/python3.12/site-packages/oslo_service/backend/_threading/loopingcall.py:125}}
Jul 16 13:28:27.711210 np0000005243 nova-conductor[98904]: DEBUG oslo.service.backend._threading.loopingcall [None req-7614f13d-88c3-4e9e-9adc-d29e2170e660 None None] Dynamic interval looping call 'nova.service.Service.periodic_tasks' sleeping for 60.00 seconds {{(pid=98904) _run_loop /opt/stack/data/venv/lib/python3.12/site-packages/oslo_service/backend/_threading/loopingcall.py:125}}
Jul 16 13:28:29.708895 np0000005243 nova-conductor[98911]: DEBUG oslo.service.backend._threading.loopingcall [None req-c47b21a6-daba-4c6d-8a54-24662de443f1 None None] Dynamic interval looping call 'nova.service.Service.periodic_tasks' sleeping for 60.00 seconds {{(pid=98911) _run_loop /opt/stack/data/venv/lib/python3.12/site-packages/oslo_service/backend/_threading/loopingcall.py:125}}
Jul 16 13:28:40.738039 np0000005243 nova-conductor[98917]: DEBUG oslo.service.backend._threading.loopingcall [None req-76c2c10f-2bae-44ee-8ebc-2b68661a3a0c None None] Dynamic interval looping call 'nova.service.Service.periodic_tasks' sleeping for 60.00 seconds {{(pid=98917) _run_loop /opt/stack/data/venv/lib/python3.12/site-packages/oslo_service/backend/_threading/loopingcall.py:125}}
Jul 16 13:28:49.717017 np0000005243 nova-conductor[98891]: DEBUG oslo.service.backend._threading.loopingcall [-] Fixed interval looping call 'nova.servicegroup.drivers.db.DbDriver._report_state' sleeping for 119.99 seconds {{(pid=98891) _run_loop /opt/stack/data/venv/lib/python3.12/site-packages/oslo_service/backend/_threading/loopingcall.py:125}}
Jul 16 13:28:49.718124 np0000005243 nova-conductor[98904]: DEBUG oslo.service.backend._threading.loopingcall [-] Fixed interval looping call 'nova.servicegroup.drivers.db.DbDriver._report_state' sleeping for 119.99 seconds {{(pid=98904) _run_loop /opt/stack/data/venv/lib/python3.12/site-packages/oslo_service/backend/_threading/loopingcall.py:125}}
Jul 16 13:28:49.718490 np0000005243 nova-conductor[98911]: DEBUG oslo.service.backend._threading.loopingcall [-] Fixed interval looping call 'nova.servicegroup.drivers.db.DbDriver._report_state' sleeping for 119.99 seconds {{(pid=98911) _run_loop /opt/stack/data/venv/lib/python3.12/site-packages/oslo_service/backend/_threading/loopingcall.py:125}}
Jul 16 13:28:49.740306 np0000005243 nova-conductor[98917]: DEBUG oslo.service.backend._threading.loopingcall [-] Fixed interval looping call 'nova.servicegroup.drivers.db.DbDriver._report_state' sleeping for 120.00 seconds {{(pid=98917) _run_loop /opt/stack/data/venv/lib/python3.12/site-packages/oslo_service/backend/_threading/loopingcall.py:125}}
Jul 16 13:28:59.714199 np0000005243 nova-conductor[98891]: DEBUG dbcounter [-] [98891] Writing DB stats nova_cell0:SELECT=1,nova_cell0:UPDATE=1 {{(pid=98891) stat_writer /opt/stack/data/venv/lib/python3.12/site-packages/dbcounter.py:115}}
Jul 16 13:28:59.717244 np0000005243 nova-conductor[98911]: DEBUG dbcounter [-] [98911] Writing DB stats nova_cell0:SELECT=1,nova_cell0:UPDATE=1 {{(pid=98911) stat_writer /opt/stack/data/venv/lib/python3.12/site-packages/dbcounter.py:115}}
Jul 16 13:28:59.717694 np0000005243 nova-conductor[98904]: DEBUG dbcounter [-] [98904] Writing DB stats nova_cell0:SELECT=1,nova_cell0:UPDATE=1 {{(pid=98904) stat_writer /opt/stack/data/venv/lib/python3.12/site-packages/dbcounter.py:115}}
Jul 16 13:28:59.738649 np0000005243 nova-conductor[98917]: DEBUG dbcounter [-] [98917] Writing DB stats nova_cell0:SELECT=1 {{(pid=98917) stat_writer /opt/stack/data/venv/lib/python3.12/site-packages/dbcounter.py:115}}
Jul 16 13:29:15.226875 np0000005243 nova-conductor[98911]: DEBUG oslo_db.sqlalchemy.engines [None req-01cbdb92-5905-44ed-a5ee-f94186dd0879 tempest-ServerRescueNegativeTestJSON-1426312707 tempest-ServerRescueNegativeTestJSON-1426312707-project-member] Parent process 97494 forked (98911) with an open database connection, which is being discarded and recreated. {{(pid=98911) checkout /opt/stack/data/venv/lib/python3.12/site-packages/oslo_db/sqlalchemy/engines.py:402}}
Jul 16 13:29:15.284729 np0000005243 nova-conductor[98911]: DEBUG dbcounter [-] [98911] Writer thread running {{(pid=98911) stat_writer /opt/stack/data/venv/lib/python3.12/site-packages/dbcounter.py:102}}
Jul 16 13:29:16.250428 np0000005243 nova-conductor[98911]: DEBUG nova.conductor.manager [None req-01cbdb92-5905-44ed-a5ee-f94186dd0879 tempest-ServerRescueNegativeTestJSON-1426312707 tempest-ServerRescueNegativeTestJSON-1426312707-project-member] Took 0.96 seconds to select destinations for 1 instance(s). {{(pid=98911) _schedule_instances /opt/stack/nova/nova/conductor/manager.py:968}}
Jul 16 13:29:16.291961 np0000005243 nova-conductor[98911]: DEBUG oslo_concurrency.lockutils [None req-01cbdb92-5905-44ed-a5ee-f94186dd0879 tempest-ServerRescueNegativeTestJSON-1426312707 tempest-ServerRescueNegativeTestJSON-1426312707-project-member] Acquiring lock "21bb9952-4e74-46c1-9a89-0737baf054f0" by "nova.context.set_target_cell..get_or_set_cached_cell_and_set_connections" {{(pid=98911) inner /opt/stack/data/venv/lib/python3.12/site-packages/oslo_concurrency/lockutils.py:512}}
Jul 16 13:29:16.292296 np0000005243 nova-conductor[98911]: DEBUG oslo_concurrency.lockutils [None req-01cbdb92-5905-44ed-a5ee-f94186dd0879 tempest-ServerRescueNegativeTestJSON-1426312707 tempest-ServerRescueNegativeTestJSON-1426312707-project-member] Lock "21bb9952-4e74-46c1-9a89-0737baf054f0" acquired by "nova.context.set_target_cell..get_or_set_cached_cell_and_set_connections" :: waited 0.000s {{(pid=98911) inner /opt/stack/data/venv/lib/python3.12/site-packages/oslo_concurrency/lockutils.py:525}}
Jul 16 13:29:16.294322 np0000005243 nova-conductor[98911]: DEBUG oslo_concurrency.lockutils [None req-01cbdb92-5905-44ed-a5ee-f94186dd0879 tempest-ServerRescueNegativeTestJSON-1426312707 tempest-ServerRescueNegativeTestJSON-1426312707-project-member] Lock "21bb9952-4e74-46c1-9a89-0737baf054f0" "released" by "nova.context.set_target_cell..get_or_set_cached_cell_and_set_connections" :: held 0.002s {{(pid=98911) inner /opt/stack/data/venv/lib/python3.12/site-packages/oslo_concurrency/lockutils.py:544}}
Jul 16 13:29:16.296918 np0000005243 nova-conductor[98911]: INFO dbcounter [None req-01cbdb92-5905-44ed-a5ee-f94186dd0879 tempest-ServerRescueNegativeTestJSON-1426312707 tempest-ServerRescueNegativeTestJSON-1426312707-project-member] Registered counter for database nova_cell1
Jul 16 13:29:16.348290 np0000005243 nova-conductor[98911]: DEBUG oslo_db.sqlalchemy.engines [None req-01cbdb92-5905-44ed-a5ee-f94186dd0879 tempest-ServerRescueNegativeTestJSON-1426312707 tempest-ServerRescueNegativeTestJSON-1426312707-project-member] MySQL server mode set to STRICT_TRANS_TABLES,STRICT_ALL_TABLES,NO_ZERO_IN_DATE,NO_ZERO_DATE,ERROR_FOR_DIVISION_BY_ZERO,TRADITIONAL,NO_ENGINE_SUBSTITUTION {{(pid=98911) _check_effective_sql_mode /opt/stack/data/venv/lib/python3.12/site-packages/oslo_db/sqlalchemy/engines.py:325}}
Jul 16 13:29:16.355230 np0000005243 nova-conductor[98911]: DEBUG dbcounter [-] [98911] Writer thread running {{(pid=98911) stat_writer /opt/stack/data/venv/lib/python3.12/site-packages/dbcounter.py:102}}
Jul 16 13:29:16.430600 np0000005243 nova-conductor[98911]: INFO nova.utils [None req-01cbdb92-5905-44ed-a5ee-f94186dd0879 tempest-ServerRescueNegativeTestJSON-1426312707 tempest-ServerRescueNegativeTestJSON-1426312707-project-member] The cell worker thread pool ForkProcess-3.cell_worker is initialized
Jul 16 13:29:16.430748 np0000005243 nova-conductor[98911]: DEBUG oslo_concurrency.lockutils [None req-01cbdb92-5905-44ed-a5ee-f94186dd0879 tempest-ServerRescueNegativeTestJSON-1426312707 tempest-ServerRescueNegativeTestJSON-1426312707-project-member] Acquiring lock "00000000-0000-0000-0000-000000000000" by "nova.context.set_target_cell..get_or_set_cached_cell_and_set_connections" {{(pid=98911) inner /opt/stack/data/venv/lib/python3.12/site-packages/oslo_concurrency/lockutils.py:512}}
Jul 16 13:29:16.430967 np0000005243 nova-conductor[98911]: DEBUG oslo_concurrency.lockutils [None req-01cbdb92-5905-44ed-a5ee-f94186dd0879 tempest-ServerRescueNegativeTestJSON-1426312707 tempest-ServerRescueNegativeTestJSON-1426312707-project-member] Lock "00000000-0000-0000-0000-000000000000" acquired by "nova.context.set_target_cell..get_or_set_cached_cell_and_set_connections" :: waited 0.000s {{(pid=98911) inner /opt/stack/data/venv/lib/python3.12/site-packages/oslo_concurrency/lockutils.py:525}}
Jul 16 13:29:16.431406 np0000005243 nova-conductor[98911]: DEBUG oslo_concurrency.lockutils [None req-01cbdb92-5905-44ed-a5ee-f94186dd0879 tempest-ServerRescueNegativeTestJSON-1426312707 tempest-ServerRescueNegativeTestJSON-1426312707-project-member] Lock "00000000-0000-0000-0000-000000000000" "released" by "nova.context.set_target_cell..get_or_set_cached_cell_and_set_connections" :: held 0.000s {{(pid=98911) inner /opt/stack/data/venv/lib/python3.12/site-packages/oslo_concurrency/lockutils.py:544}}
Jul 16 13:29:16.432266 np0000005243 nova-conductor[98911]: DEBUG oslo_concurrency.lockutils [None req-01cbdb92-5905-44ed-a5ee-f94186dd0879 tempest-ServerRescueNegativeTestJSON-1426312707 tempest-ServerRescueNegativeTestJSON-1426312707-project-member] Acquiring lock "21bb9952-4e74-46c1-9a89-0737baf054f0" by "nova.context.set_target_cell..get_or_set_cached_cell_and_set_connections" {{(pid=98911) inner /opt/stack/data/venv/lib/python3.12/site-packages/oslo_concurrency/lockutils.py:512}}
Jul 16 13:29:16.432483 np0000005243 nova-conductor[98911]: DEBUG oslo_concurrency.lockutils [None req-01cbdb92-5905-44ed-a5ee-f94186dd0879 tempest-ServerRescueNegativeTestJSON-1426312707 tempest-ServerRescueNegativeTestJSON-1426312707-project-member] Lock "21bb9952-4e74-46c1-9a89-0737baf054f0" acquired by "nova.context.set_target_cell..get_or_set_cached_cell_and_set_connections" :: waited 0.000s {{(pid=98911) inner /opt/stack/data/venv/lib/python3.12/site-packages/oslo_concurrency/lockutils.py:525}}
