Jul 06 19:40:12.677301 np0000004661 devstack@g-api.service[99474]: DEBUG glance_store.backend [-] Registering store swift with schemes ('swift+https', 'swift', 'swift+http', 'swift+config') {{(pid=99474) create_stores /opt/stack/data/venv/lib/python3.12/site-packages/glance_store/backend.py:261}}
Jul 06 19:40:12.677362 np0000004661 devstack@g-api.service[99474]: DEBUG glance_store.driver [-] Late loading location class glance_store._drivers.swift.store.StoreLocation {{(pid=99474) get_store_location_class /opt/stack/data/venv/lib/python3.12/site-packages/glance_store/driver.py:134}}
Jul 06 19:40:12.677453 np0000004661 devstack@g-api.service[99474]: DEBUG glance_store.location [-] Registering scheme swift+https with {'store': , 'location_class': , 'store_entry': 'swift'} {{(pid=99474) register_scheme_map /opt/stack/data/venv/lib/python3.12/site-packages/glance_store/location.py:146}}
Jul 06 19:40:12.677498 np0000004661 devstack@g-api.service[99474]: DEBUG glance_store.location [-] Registering scheme swift with {'store': , 'location_class': , 'store_entry': 'swift'} {{(pid=99474) register_scheme_map /opt/stack/data/venv/lib/python3.12/site-packages/glance_store/location.py:146}}
Jul 06 19:40:12.677543 np0000004661 devstack@g-api.service[99474]: DEBUG glance_store.location [-] Registering scheme swift+http with {'store': , 'location_class': , 'store_entry': 'swift'} {{(pid=99474) register_scheme_map /opt/stack/data/venv/lib/python3.12/site-packages/glance_store/location.py:146}}
Jul 06 19:40:12.677589 np0000004661 devstack@g-api.service[99474]: DEBUG glance_store.location [-] Registering scheme swift+config with {'store': , 'location_class': , 'store_entry': 'swift'} {{(pid=99474) register_scheme_map /opt/stack/data/venv/lib/python3.12/site-packages/glance_store/location.py:146}}
Jul 06 19:40:12.677631 np0000004661 devstack@g-api.service[99474]: DEBUG glance_store.backend [-] Attempting to import store file {{(pid=99474) _load_store /opt/stack/data/venv/lib/python3.12/site-packages/glance_store/backend.py:215}}
Jul 06 19:40:12.678034 np0000004661 devstack@g-api.service[99474]: DEBUG glance_store.capabilities [-] Store glance_store._drivers.filesystem.Store doesn't support updating dynamic storage capabilities. Please overwrite 'update_capabilities' method of the store to implement updating logics if needed. {{(pid=99474) update_capabilities /opt/stack/data/venv/lib/python3.12/site-packages/glance_store/capabilities.py:91}}
Jul 06 19:40:12.678085 np0000004661 devstack@g-api.service[99474]: DEBUG glance_store.backend [-] Registering store file with schemes ('file', 'filesystem') {{(pid=99474) create_stores /opt/stack/data/venv/lib/python3.12/site-packages/glance_store/backend.py:261}}
Jul 06 19:40:12.678138 np0000004661 devstack@g-api.service[99474]: DEBUG glance_store.driver [-] Late loading location class glance_store._drivers.filesystem.StoreLocation {{(pid=99474) get_store_location_class /opt/stack/data/venv/lib/python3.12/site-packages/glance_store/driver.py:134}}
Jul 06 19:40:12.678200 np0000004661 devstack@g-api.service[99474]: DEBUG glance_store.location [-] Registering scheme file with {'store': , 'location_class': , 'store_entry': 'file'} {{(pid=99474) register_scheme_map /opt/stack/data/venv/lib/python3.12/site-packages/glance_store/location.py:146}}
Jul 06 19:40:12.678273 np0000004661 devstack@g-api.service[99474]: DEBUG glance_store.location [-] Registering scheme filesystem with {'store': , 'location_class': , 'store_entry': 'file'} {{(pid=99474) register_scheme_map /opt/stack/data/venv/lib/python3.12/site-packages/glance_store/location.py:146}}
Jul 06 19:40:12.678386 np0000004661 devstack@g-api.service[99474]: DEBUG glance_store.backend [-] Attempting to import store swift {{(pid=99474) _load_store /opt/stack/data/venv/lib/python3.12/site-packages/glance_store/backend.py:215}}
Jul 06 19:40:12.679418 np0000004661 devstack@g-api.service[99474]: DEBUG glance_store.capabilities [-] Store glance_store._drivers.swift.store.SingleTenantStore doesn't support updating dynamic storage capabilities. Please overwrite 'update_capabilities' method of the store to implement updating logics if needed. {{(pid=99474) update_capabilities /opt/stack/data/venv/lib/python3.12/site-packages/glance_store/capabilities.py:91}}
Jul 06 19:40:12.679480 np0000004661 devstack@g-api.service[99474]: DEBUG glance_store.driver [-] Late loading location class glance_store._drivers.swift.store.StoreLocation {{(pid=99474) get_store_location_class /opt/stack/data/venv/lib/python3.12/site-packages/glance_store/driver.py:134}}
Jul 06 19:40:12.679560 np0000004661 devstack@g-api.service[99474]: DEBUG glance_store.location [-] Registering scheme swift+https with {'store': , 'location_class': , 'store_entry': 'swift'} {{(pid=99474) register_scheme_map /opt/stack/data/venv/lib/python3.12/site-packages/glance_store/location.py:146}}
Jul 06 19:40:12.679619 np0000004661 devstack@g-api.service[99474]: DEBUG glance_store.location [-] Registering scheme swift+https with {'store': , 'location_class': , 'store_entry': 'swift'} {{(pid=99474) register_scheme_map /opt/stack/data/venv/lib/python3.12/site-packages/glance_store/location.py:146}}
Jul 06 19:40:12.679669 np0000004661 devstack@g-api.service[99474]: DEBUG glance_store.location [-] Registering scheme swift with {'store': , 'location_class': , 'store_entry': 'swift'} {{(pid=99474) register_scheme_map /opt/stack/data/venv/lib/python3.12/site-packages/glance_store/location.py:146}}
Jul 06 19:40:12.679718 np0000004661 devstack@g-api.service[99474]: DEBUG glance_store.location [-] Registering scheme swift+https with {'store': , 'location_class': , 'store_entry': 'swift'} {{(pid=99474) register_scheme_map /opt/stack/data/venv/lib/python3.12/site-packages/glance_store/location.py:146}}
Jul 06 19:40:12.679765 np0000004661 devstack@g-api.service[99474]: DEBUG glance_store.location [-] Registering scheme swift with {'store': , 'location_class': , 'store_entry': 'swift'} {{(pid=99474) register_scheme_map /opt/stack/data/venv/lib/python3.12/site-packages/glance_store/location.py:146}}
Jul 06 19:40:12.679811 np0000004661 devstack@g-api.service[99474]: DEBUG glance_store.location [-] Registering scheme swift+http with {'store': , 'location_class': , 'store_entry': 'swift'} {{(pid=99474) register_scheme_map /opt/stack/data/venv/lib/python3.12/site-packages/glance_store/location.py:146}}
Jul 06 19:40:12.679864 np0000004661 devstack@g-api.service[99474]: DEBUG glance_store.location [-] Registering scheme swift+https with {'store': , 'location_class': , 'store_entry': 'swift'} {{(pid=99474) register_scheme_map /opt/stack/data/venv/lib/python3.12/site-packages/glance_store/location.py:146}}
Jul 06 19:40:12.679906 np0000004661 devstack@g-api.service[99474]: DEBUG glance_store.location [-] Registering scheme swift with {'store': , 'location_class': , 'store_entry': 'swift'} {{(pid=99474) register_scheme_map /opt/stack/data/venv/lib/python3.12/site-packages/glance_store/location.py:146}}
Jul 06 19:40:12.679952 np0000004661 devstack@g-api.service[99474]: DEBUG glance_store.location [-] Registering scheme swift+http with {'store': , 'location_class': , 'store_entry': 'swift'} {{(pid=99474) register_scheme_map /opt/stack/data/venv/lib/python3.12/site-packages/glance_store/location.py:146}}
Jul 06 19:40:12.680038 np0000004661 devstack@g-api.service[99474]: DEBUG glance_store.location [-] Registering scheme swift+config with {'store': , 'location_class': , 'store_entry': 'swift'} {{(pid=99474) register_scheme_map /opt/stack/data/venv/lib/python3.12/site-packages/glance_store/location.py:146}}
Jul 06 19:40:12.680289 np0000004661 devstack@g-api.service[99474]: DEBUG glance.sqlite_migration [-] SQLite caching database not located, skipping migration {{(pid=99474) get_db_path /opt/stack/glance/glance/sqlite_migration.py:68}}
Jul 06 19:40:12.680494 np0000004661 devstack@g-api.service[99474]: WARNING glance.common.wsgi_app [-] Import methods are enabled but staging directory /tmp/staging/ does not exist; Imports will fail!
Jul 06 19:40:12.802571 np0000004661 devstack@g-api.service[99472]: DEBUG glance.common.config [None req-14ca9253-9f75-4d0e-b7c9-5ac0976f2865 None None] Loading glance-api-keystone+cachemanagement from /etc/glance/glance-api-paste.ini {{(pid=99472) load_paste_app /opt/stack/glance/glance/common/config.py:765}}
Jul 06 19:40:12.807438 np0000004661 devstack@g-api.service[99473]: DEBUG glance.common.config [None req-7a167c77-5611-4dcf-94b1-172099ad1e4d None None] Loading glance-api-keystone+cachemanagement from /etc/glance/glance-api-paste.ini {{(pid=99473) load_paste_app /opt/stack/glance/glance/common/config.py:765}}
Jul 06 19:40:12.822597 np0000004661 devstack@g-api.service[99474]: DEBUG glance.common.config [None req-f4ad3d8d-440d-4455-b8f6-543129c8df3a None None] Loading glance-api-keystone+cachemanagement from /etc/glance/glance-api-paste.ini {{(pid=99474) load_paste_app /opt/stack/glance/glance/common/config.py:765}}
Jul 06 19:40:13.412178 np0000004661 devstack@g-api.service[99474]: INFO glance.image_cache [None req-f4ad3d8d-440d-4455-b8f6-543129c8df3a None None] Image cache loaded driver 'centralized_db'.
Jul 06 19:40:13.412918 np0000004661 devstack@g-api.service[99473]: INFO glance.image_cache [None req-7a167c77-5611-4dcf-94b1-172099ad1e4d None None] Image cache loaded driver 'centralized_db'.
Jul 06 19:40:13.431626 np0000004661 devstack@g-api.service[99472]: INFO glance.image_cache [None req-14ca9253-9f75-4d0e-b7c9-5ac0976f2865 None None] Image cache loaded driver 'centralized_db'.
Jul 06 19:40:13.454616 np0000004661 devstack@g-api.service[99473]: INFO dbcounter [None req-7a167c77-5611-4dcf-94b1-172099ad1e4d None None] Registered counter for database glance
Jul 06 19:40:13.455515 np0000004661 devstack@g-api.service[99474]: INFO dbcounter [None req-f4ad3d8d-440d-4455-b8f6-543129c8df3a None None] Registered counter for database glance
Jul 06 19:40:13.478836 np0000004661 devstack@g-api.service[99472]: INFO dbcounter [None req-14ca9253-9f75-4d0e-b7c9-5ac0976f2865 None None] Registered counter for database glance
Jul 06 19:40:13.497355 np0000004661 devstack@g-api.service[99474]: DEBUG oslo_db.sqlalchemy.engines [None req-f4ad3d8d-440d-4455-b8f6-543129c8df3a None None] MySQL server mode set to STRICT_TRANS_TABLES,STRICT_ALL_TABLES,NO_ZERO_IN_DATE,NO_ZERO_DATE,ERROR_FOR_DIVISION_BY_ZERO,TRADITIONAL,NO_ENGINE_SUBSTITUTION {{(pid=99474) _check_effective_sql_mode /opt/stack/data/venv/lib/python3.12/site-packages/oslo_db/sqlalchemy/engines.py:325}}
Jul 06 19:40:13.500678 np0000004661 devstack@g-api.service[99473]: DEBUG oslo_db.sqlalchemy.engines [None req-7a167c77-5611-4dcf-94b1-172099ad1e4d None None] MySQL server mode set to STRICT_TRANS_TABLES,STRICT_ALL_TABLES,NO_ZERO_IN_DATE,NO_ZERO_DATE,ERROR_FOR_DIVISION_BY_ZERO,TRADITIONAL,NO_ENGINE_SUBSTITUTION {{(pid=99473) _check_effective_sql_mode /opt/stack/data/venv/lib/python3.12/site-packages/oslo_db/sqlalchemy/engines.py:325}}
Jul 06 19:40:13.519924 np0000004661 devstack@g-api.service[99474]: DEBUG dbcounter [-] [99474] Writer thread running {{(pid=99474) stat_writer /opt/stack/data/venv/lib/python3.12/site-packages/dbcounter.py:102}}
Jul 06 19:40:13.519997 np0000004661 devstack@g-api.service[99472]: DEBUG oslo_db.sqlalchemy.engines [None req-14ca9253-9f75-4d0e-b7c9-5ac0976f2865 None None] MySQL server mode set to STRICT_TRANS_TABLES,STRICT_ALL_TABLES,NO_ZERO_IN_DATE,NO_ZERO_DATE,ERROR_FOR_DIVISION_BY_ZERO,TRADITIONAL,NO_ENGINE_SUBSTITUTION {{(pid=99472) _check_effective_sql_mode /opt/stack/data/venv/lib/python3.12/site-packages/oslo_db/sqlalchemy/engines.py:325}}
Jul 06 19:40:13.525130 np0000004661 devstack@g-api.service[99473]: DEBUG dbcounter [-] [99473] Writer thread running {{(pid=99473) stat_writer /opt/stack/data/venv/lib/python3.12/site-packages/dbcounter.py:102}}
Jul 06 19:40:13.529597 np0000004661 devstack@g-api.service[99473]: DEBUG glance.image_cache.drivers.centralized_db [None req-7a167c77-5611-4dcf-94b1-172099ad1e4d None None] Node reference is already recorded, ignoring it {{(pid=99473) configure /opt/stack/glance/glance/image_cache/drivers/centralized_db.py:71}}
Jul 06 19:40:13.530468 np0000004661 devstack@g-api.service[99474]: INFO glance.image_cache [None req-f4ad3d8d-440d-4455-b8f6-543129c8df3a None None] Image cache loaded driver 'centralized_db'.
Jul 06 19:40:13.539248 np0000004661 devstack@g-api.service[99473]: INFO glance.image_cache [None req-7a167c77-5611-4dcf-94b1-172099ad1e4d None None] Image cache loaded driver 'centralized_db'.
Jul 06 19:40:13.542254 np0000004661 devstack@g-api.service[99474]: DEBUG glance.image_cache.drivers.centralized_db [None req-f4ad3d8d-440d-4455-b8f6-543129c8df3a None None] Node reference is already recorded, ignoring it {{(pid=99474) configure /opt/stack/glance/glance/image_cache/drivers/centralized_db.py:71}}
Jul 06 19:40:13.545208 np0000004661 devstack@g-api.service[99472]: DEBUG dbcounter [-] [99472] Writer thread running {{(pid=99472) stat_writer /opt/stack/data/venv/lib/python3.12/site-packages/dbcounter.py:102}}
Jul 06 19:40:13.549637 np0000004661 devstack@g-api.service[99472]: DEBUG glance.image_cache.drivers.centralized_db [None req-14ca9253-9f75-4d0e-b7c9-5ac0976f2865 None None] Node reference is already recorded, ignoring it {{(pid=99472) configure /opt/stack/glance/glance/image_cache/drivers/centralized_db.py:71}}
Jul 06 19:40:13.555350 np0000004661 devstack@g-api.service[99472]: INFO glance.image_cache [None req-14ca9253-9f75-4d0e-b7c9-5ac0976f2865 None None] Image cache loaded driver 'centralized_db'.
Jul 06 19:40:13.645479 np0000004661 devstack@g-api.service[99474]: DEBUG glance.api.v2.cached_images [None req-f4ad3d8d-440d-4455-b8f6-543129c8df3a None None] Started cache worker thread {{(pid=99474) __init__ /opt/stack/glance/glance/api/v2/cached_images.py:71}}
Jul 06 19:40:13.645479 np0000004661 devstack@g-api.service[99474]: INFO glance.image_cache [None req-f4ad3d8d-440d-4455-b8f6-543129c8df3a None None] Image cache loaded driver 'centralized_db'.
Jul 06 19:40:13.649987 np0000004661 devstack@g-api.service[99473]: DEBUG glance.image_cache.drivers.centralized_db [None req-7a167c77-5611-4dcf-94b1-172099ad1e4d None None] Node reference is already recorded, ignoring it {{(pid=99473) configure /opt/stack/glance/glance/image_cache/drivers/centralized_db.py:71}}
Jul 06 19:40:13.653242 np0000004661 devstack@g-api.service[99474]: DEBUG glance.image_cache.drivers.centralized_db [None req-f4ad3d8d-440d-4455-b8f6-543129c8df3a None None] Node reference is already recorded, ignoring it {{(pid=99474) configure /opt/stack/glance/glance/image_cache/drivers/centralized_db.py:71}}
Jul 06 19:40:13.657474 np0000004661 devstack@g-api.service[99473]: DEBUG glance.api.v2.cached_images [None req-7a167c77-5611-4dcf-94b1-172099ad1e4d None None] Started cache worker thread {{(pid=99473) __init__ /opt/stack/glance/glance/api/v2/cached_images.py:71}}
Jul 06 19:40:13.657474 np0000004661 devstack@g-api.service[99473]: INFO glance.image_cache [None req-7a167c77-5611-4dcf-94b1-172099ad1e4d None None] Image cache loaded driver 'centralized_db'.
Jul 06 19:40:13.658698 np0000004661 devstack@g-api.service[99474]: INFO glance.api.middleware.cache_manage [None req-f4ad3d8d-440d-4455-b8f6-543129c8df3a None None] Initialized image cache management middleware
Jul 06 19:40:13.658698 np0000004661 devstack@g-api.service[99474]: INFO glance.image_cache [None req-f4ad3d8d-440d-4455-b8f6-543129c8df3a None None] Image cache loaded driver 'centralized_db'.
Jul 06 19:40:13.667890 np0000004661 devstack@g-api.service[99474]: DEBUG glance.image_cache.drivers.centralized_db [None req-f4ad3d8d-440d-4455-b8f6-543129c8df3a None None] Node reference is already recorded, ignoring it {{(pid=99474) configure /opt/stack/glance/glance/image_cache/drivers/centralized_db.py:71}}
Jul 06 19:40:13.669170 np0000004661 devstack@g-api.service[99472]: DEBUG glance.image_cache.drivers.centralized_db [None req-14ca9253-9f75-4d0e-b7c9-5ac0976f2865 None None] Node reference is already recorded, ignoring it {{(pid=99472) configure /opt/stack/glance/glance/image_cache/drivers/centralized_db.py:71}}
Jul 06 19:40:13.670853 np0000004661 devstack@g-api.service[99473]: DEBUG glance.image_cache.drivers.centralized_db [None req-7a167c77-5611-4dcf-94b1-172099ad1e4d None None] Node reference is already recorded, ignoring it {{(pid=99473) configure /opt/stack/glance/glance/image_cache/drivers/centralized_db.py:71}}
Jul 06 19:40:13.671293 np0000004661 devstack@g-api.service[99474]: INFO glance.api.middleware.cache [None req-f4ad3d8d-440d-4455-b8f6-543129c8df3a None None] Initialized image cache middleware
Jul 06 19:40:13.671326 np0000004661 devstack@g-api.service[99472]: DEBUG glance.api.v2.cached_images [None req-14ca9253-9f75-4d0e-b7c9-5ac0976f2865 None None] Started cache worker thread {{(pid=99472) __init__ /opt/stack/glance/glance/api/v2/cached_images.py:71}}
Jul 06 19:40:13.671625 np0000004661 devstack@g-api.service[99472]: INFO glance.image_cache [None req-14ca9253-9f75-4d0e-b7c9-5ac0976f2865 None None] Image cache loaded driver 'centralized_db'.
Jul 06 19:40:13.674462 np0000004661 devstack@g-api.service[99473]: INFO glance.api.middleware.cache_manage [None req-7a167c77-5611-4dcf-94b1-172099ad1e4d None None] Initialized image cache management middleware
Jul 06 19:40:13.674638 np0000004661 devstack@g-api.service[99473]: INFO glance.image_cache [None req-7a167c77-5611-4dcf-94b1-172099ad1e4d None None] Image cache loaded driver 'centralized_db'.
Jul 06 19:40:13.679523 np0000004661 devstack@g-api.service[99472]: DEBUG glance.image_cache.drivers.centralized_db [None req-14ca9253-9f75-4d0e-b7c9-5ac0976f2865 None None] Node reference is already recorded, ignoring it {{(pid=99472) configure /opt/stack/glance/glance/image_cache/drivers/centralized_db.py:71}}
Jul 06 19:40:13.681519 np0000004661 devstack@g-api.service[99474]: DEBUG glance.common.config [None req-f4ad3d8d-440d-4455-b8f6-543129c8df3a None None] ******************************************************************************** {{(pid=99474) log_opt_values /opt/stack/data/venv/lib/python3.12/site-packages/oslo_config/cfg.py:3226}}
Jul 06 19:40:13.681650 np0000004661 devstack@g-api.service[99474]: DEBUG glance.common.config [None req-f4ad3d8d-440d-4455-b8f6-543129c8df3a None None] Configuration options gathered from: {{(pid=99474) log_opt_values /opt/stack/data/venv/lib/python3.12/site-packages/oslo_config/cfg.py:3227}}
Jul 06 19:40:13.681974 np0000004661 devstack@g-api.service[99474]: DEBUG glance.common.config [None req-f4ad3d8d-440d-4455-b8f6-543129c8df3a None None] command line args: [] {{(pid=99474) log_opt_values /opt/stack/data/venv/lib/python3.12/site-packages/oslo_config/cfg.py:3228}}
Jul 06 19:40:13.682121 np0000004661 devstack@g-api.service[99474]: DEBUG glance.common.config [None req-f4ad3d8d-440d-4455-b8f6-543129c8df3a None None] config files: ['/etc/glance/glance-image-import.conf', '/etc/glance/glance-api.conf'] {{(pid=99474) log_opt_values /opt/stack/data/venv/lib/python3.12/site-packages/oslo_config/cfg.py:3229}}
Jul 06 19:40:13.682201 np0000004661 devstack@g-api.service[99474]: DEBUG glance.common.config [None req-f4ad3d8d-440d-4455-b8f6-543129c8df3a None None] ================================================================================ {{(pid=99474) log_opt_values /opt/stack/data/venv/lib/python3.12/site-packages/oslo_config/cfg.py:3234}}
Jul 06 19:40:13.682321 np0000004661 devstack@g-api.service[99474]: DEBUG glance.common.config [None req-f4ad3d8d-440d-4455-b8f6-543129c8df3a None None] allow_anonymous_access = False {{(pid=99474) log_opt_values /opt/stack/data/venv/lib/python3.12/site-packages/oslo_config/cfg.py:3242}}
Jul 06 19:40:13.682385 np0000004661 devstack@g-api.service[99473]: DEBUG glance.image_cache.drivers.centralized_db [None req-7a167c77-5611-4dcf-94b1-172099ad1e4d None None] Node reference is already recorded, ignoring it {{(pid=99473) configure /opt/stack/glance/glance/image_cache/drivers/centralized_db.py:71}}
Jul 06 19:40:13.682465 np0000004661 devstack@g-api.service[99474]: DEBUG glance.common.config [None req-f4ad3d8d-440d-4455-b8f6-543129c8df3a None None] api_limit_max = 1000 {{(pid=99474) log_opt_values /opt/stack/data/venv/lib/python3.12/site-packages/oslo_config/cfg.py:3242}}
Jul 06 19:40:13.682587 np0000004661 devstack@g-api.service[99474]: DEBUG glance.common.config [None req-f4ad3d8d-440d-4455-b8f6-543129c8df3a None None] config_dir = [] {{(pid=99474) log_opt_values /opt/stack/data/venv/lib/python3.12/site-packages/oslo_config/cfg.py:3242}}
Jul 06 19:40:13.682708 np0000004661 devstack@g-api.service[99474]: DEBUG glance.common.config [None req-f4ad3d8d-440d-4455-b8f6-543129c8df3a None None] config_file = ['/etc/glance/glance-image-import.conf', '/etc/glance/glance-api.conf'] {{(pid=99474) log_opt_values /opt/stack/data/venv/lib/python3.12/site-packages/oslo_config/cfg.py:3242}}
Jul 06 19:40:13.682829 np0000004661 devstack@g-api.service[99474]: DEBUG glance.common.config [None req-f4ad3d8d-440d-4455-b8f6-543129c8df3a None None] config_source = [] {{(pid=99474) log_opt_values /opt/stack/data/venv/lib/python3.12/site-packages/oslo_config/cfg.py:3242}}
Jul 06 19:40:13.682934 np0000004661 devstack@g-api.service[99474]: DEBUG glance.common.config [None req-f4ad3d8d-440d-4455-b8f6-543129c8df3a None None] control_exchange = glance {{(pid=99474) log_opt_values /opt/stack/data/venv/lib/python3.12/site-packages/oslo_config/cfg.py:3242}}
Jul 06 19:40:13.683018 np0000004661 devstack@g-api.service[99474]: DEBUG glance.common.config [None req-f4ad3d8d-440d-4455-b8f6-543129c8df3a None None] debug = True {{(pid=99474) log_opt_values /opt/stack/data/venv/lib/python3.12/site-packages/oslo_config/cfg.py:3242}}
Jul 06 19:40:13.683194 np0000004661 devstack@g-api.service[99474]: DEBUG glance.common.config [None req-f4ad3d8d-440d-4455-b8f6-543129c8df3a None None] default_log_levels = ['amqp=WARN', 'boto=WARN', 'sqlalchemy=WARN', 'suds=INFO', 'oslo.messaging=INFO', 'oslo_messaging=INFO', 'iso8601=WARN', 'requests.packages.urllib3.connectionpool=WARN', 'urllib3.connectionpool=WARN', 'websocket=WARN', 'requests.packages.urllib3.util.retry=WARN', 'urllib3.util.retry=WARN', 'keystonemiddleware=WARN', 'routes.middleware=WARN', 'stevedore=WARN', 'taskflow=WARN', 'keystoneauth=WARN', 'oslo.cache=INFO', 'oslo_policy=INFO', 'dogpile.core.dogpile=INFO'] {{(pid=99474) log_opt_values /opt/stack/data/venv/lib/python3.12/site-packages/oslo_config/cfg.py:3242}}
Jul 06 19:40:13.683290 np0000004661 devstack@g-api.service[99474]: DEBUG glance.common.config [None req-f4ad3d8d-440d-4455-b8f6-543129c8df3a None None] default_publisher_id = image.localhost {{(pid=99474) log_opt_values /opt/stack/data/venv/lib/python3.12/site-packages/oslo_config/cfg.py:3242}}
Jul 06 19:40:13.683405 np0000004661 devstack@g-api.service[99474]: DEBUG glance.common.config [None req-f4ad3d8d-440d-4455-b8f6-543129c8df3a None None] delayed_delete = False {{(pid=99474) log_opt_values /opt/stack/data/venv/lib/python3.12/site-packages/oslo_config/cfg.py:3242}}
Jul 06 19:40:13.683508 np0000004661 devstack@g-api.service[99474]: DEBUG glance.common.config [None req-f4ad3d8d-440d-4455-b8f6-543129c8df3a None None] digest_algorithm = sha256 {{(pid=99474) log_opt_values /opt/stack/data/venv/lib/python3.12/site-packages/oslo_config/cfg.py:3242}}
Jul 06 19:40:13.683605 np0000004661 devstack@g-api.service[99474]: DEBUG glance.common.config [None req-f4ad3d8d-440d-4455-b8f6-543129c8df3a None None] disabled_notifications = [] {{(pid=99474) log_opt_values /opt/stack/data/venv/lib/python3.12/site-packages/oslo_config/cfg.py:3242}}
Jul 06 19:40:13.683701 np0000004661 devstack@g-api.service[99474]: DEBUG glance.common.config [None req-f4ad3d8d-440d-4455-b8f6-543129c8df3a None None] do_secure_hash = True {{(pid=99474) log_opt_values /opt/stack/data/venv/lib/python3.12/site-packages/oslo_config/cfg.py:3242}}
Jul 06 19:40:13.683807 np0000004661 devstack@g-api.service[99474]: DEBUG glance.common.config [None req-f4ad3d8d-440d-4455-b8f6-543129c8df3a None None] enabled_backends = None {{(pid=99474) log_opt_values /opt/stack/data/venv/lib/python3.12/site-packages/oslo_config/cfg.py:3242}}
Jul 06 19:40:13.683944 np0000004661 devstack@g-api.service[99474]: DEBUG glance.common.config [None req-f4ad3d8d-440d-4455-b8f6-543129c8df3a None None] enabled_import_methods = ['glance-direct', 'web-download', 'copy-image'] {{(pid=99474) log_opt_values /opt/stack/data/venv/lib/python3.12/site-packages/oslo_config/cfg.py:3242}}
Jul 06 19:40:13.684042 np0000004661 devstack@g-api.service[99474]: DEBUG glance.common.config [None req-f4ad3d8d-440d-4455-b8f6-543129c8df3a None None] fatal_deprecations = False {{(pid=99474) log_opt_values /opt/stack/data/venv/lib/python3.12/site-packages/oslo_config/cfg.py:3242}}
Jul 06 19:40:13.684151 np0000004661 devstack@g-api.service[99474]: DEBUG glance.common.config [None req-f4ad3d8d-440d-4455-b8f6-543129c8df3a None None] hashing_algorithm = sha512 {{(pid=99474) log_opt_values /opt/stack/data/venv/lib/python3.12/site-packages/oslo_config/cfg.py:3242}}
Jul 06 19:40:13.684243 np0000004661 devstack@g-api.service[99474]: DEBUG glance.common.config [None req-f4ad3d8d-440d-4455-b8f6-543129c8df3a None None] http_retries = 3 {{(pid=99474) log_opt_values /opt/stack/data/venv/lib/python3.12/site-packages/oslo_config/cfg.py:3242}}
Jul 06 19:40:13.684339 np0000004661 devstack@g-api.service[99474]: DEBUG glance.common.config [None req-f4ad3d8d-440d-4455-b8f6-543129c8df3a None None] image_cache_dir = /opt/stack/data/glance/cache/ {{(pid=99474) log_opt_values /opt/stack/data/venv/lib/python3.12/site-packages/oslo_config/cfg.py:3242}}
Jul 06 19:40:13.684475 np0000004661 devstack@g-api.service[99474]: DEBUG glance.common.config [None req-f4ad3d8d-440d-4455-b8f6-543129c8df3a None None] image_cache_driver = centralized_db {{(pid=99474) log_opt_values /opt/stack/data/venv/lib/python3.12/site-packages/oslo_config/cfg.py:3242}}
Jul 06 19:40:13.684608 np0000004661 devstack@g-api.service[99474]: DEBUG glance.common.config [None req-f4ad3d8d-440d-4455-b8f6-543129c8df3a None None] image_cache_max_size = 10737418240 {{(pid=99474) log_opt_values /opt/stack/data/venv/lib/python3.12/site-packages/oslo_config/cfg.py:3242}}
Jul 06 19:40:13.684711 np0000004661 devstack@g-api.service[99474]: DEBUG glance.common.config [None req-f4ad3d8d-440d-4455-b8f6-543129c8df3a None None] image_cache_sqlite_db = cache.db {{(pid=99474) log_opt_values /opt/stack/data/venv/lib/python3.12/site-packages/oslo_config/cfg.py:3242}}
Jul 06 19:40:13.684805 np0000004661 devstack@g-api.service[99474]: DEBUG glance.common.config [None req-f4ad3d8d-440d-4455-b8f6-543129c8df3a None None] image_cache_stall_time = 86400 {{(pid=99474) log_opt_values /opt/stack/data/venv/lib/python3.12/site-packages/oslo_config/cfg.py:3242}}
Jul 06 19:40:13.684893 np0000004661 devstack@g-api.service[99474]: DEBUG glance.common.config [None req-f4ad3d8d-440d-4455-b8f6-543129c8df3a None None] image_location_quota = 10 {{(pid=99474) log_opt_values /opt/stack/data/venv/lib/python3.12/site-packages/oslo_config/cfg.py:3242}}
Jul 06 19:40:13.684979 np0000004661 devstack@g-api.service[99474]: DEBUG glance.common.config [None req-f4ad3d8d-440d-4455-b8f6-543129c8df3a None None] image_member_quota = 128 {{(pid=99474) log_opt_values /opt/stack/data/venv/lib/python3.12/site-packages/oslo_config/cfg.py:3242}}
Jul 06 19:40:13.685078 np0000004661 devstack@g-api.service[99474]: DEBUG glance.common.config [None req-f4ad3d8d-440d-4455-b8f6-543129c8df3a None None] image_property_quota = 128 {{(pid=99474) log_opt_values /opt/stack/data/venv/lib/python3.12/site-packages/oslo_config/cfg.py:3242}}
Jul 06 19:40:13.685114 np0000004661 devstack@g-api.service[99472]: INFO glance.api.middleware.cache_manage [None req-14ca9253-9f75-4d0e-b7c9-5ac0976f2865 None None] Initialized image cache management middleware
Jul 06 19:40:13.685174 np0000004661 devstack@g-api.service[99474]: DEBUG glance.common.config [None req-f4ad3d8d-440d-4455-b8f6-543129c8df3a None None] image_size_cap = 1099511627776 {{(pid=99474) log_opt_values /opt/stack/data/venv/lib/python3.12/site-packages/oslo_config/cfg.py:3242}}
Jul 06 19:40:13.685258 np0000004661 devstack@g-api.service[99474]: DEBUG glance.common.config [None req-f4ad3d8d-440d-4455-b8f6-543129c8df3a None None] image_tag_quota = 128 {{(pid=99474) log_opt_values /opt/stack/data/venv/lib/python3.12/site-packages/oslo_config/cfg.py:3242}}
Jul 06 19:40:13.685312 np0000004661 devstack@g-api.service[99472]: INFO glance.image_cache [None req-14ca9253-9f75-4d0e-b7c9-5ac0976f2865 None None] Image cache loaded driver 'centralized_db'.
Jul 06 19:40:13.685346 np0000004661 devstack@g-api.service[99474]: DEBUG glance.common.config [None req-f4ad3d8d-440d-4455-b8f6-543129c8df3a None None] instance_format = [instance: %(uuid)s] {{(pid=99474) log_opt_values /opt/stack/data/venv/lib/python3.12/site-packages/oslo_config/cfg.py:3242}}
Jul 06 19:40:13.685471 np0000004661 devstack@g-api.service[99474]: DEBUG glance.common.config [None req-f4ad3d8d-440d-4455-b8f6-543129c8df3a None None] instance_uuid_format = [instance: %(uuid)s] {{(pid=99474) log_opt_values /opt/stack/data/venv/lib/python3.12/site-packages/oslo_config/cfg.py:3242}}
Jul 06 19:40:13.685560 np0000004661 devstack@g-api.service[99474]: DEBUG glance.common.config [None req-f4ad3d8d-440d-4455-b8f6-543129c8df3a None None] limit_param_default = 25 {{(pid=99474) log_opt_values /opt/stack/data/venv/lib/python3.12/site-packages/oslo_config/cfg.py:3242}}
Jul 06 19:40:13.685656 np0000004661 devstack@g-api.service[99474]: DEBUG glance.common.config [None req-f4ad3d8d-440d-4455-b8f6-543129c8df3a None None] log_color = False {{(pid=99474) log_opt_values /opt/stack/data/venv/lib/python3.12/site-packages/oslo_config/cfg.py:3242}}
Jul 06 19:40:13.685747 np0000004661 devstack@g-api.service[99474]: DEBUG glance.common.config [None req-f4ad3d8d-440d-4455-b8f6-543129c8df3a None None] log_config_append = None {{(pid=99474) log_opt_values /opt/stack/data/venv/lib/python3.12/site-packages/oslo_config/cfg.py:3242}}
Jul 06 19:40:13.685840 np0000004661 devstack@g-api.service[99474]: DEBUG glance.common.config [None req-f4ad3d8d-440d-4455-b8f6-543129c8df3a None None] log_date_format = %Y-%m-%d %H:%M:%S {{(pid=99474) log_opt_values /opt/stack/data/venv/lib/python3.12/site-packages/oslo_config/cfg.py:3242}}
Jul 06 19:40:13.685960 np0000004661 devstack@g-api.service[99474]: DEBUG glance.common.config [None req-f4ad3d8d-440d-4455-b8f6-543129c8df3a None None] log_dir = None {{(pid=99474) log_opt_values /opt/stack/data/venv/lib/python3.12/site-packages/oslo_config/cfg.py:3242}}
Jul 06 19:40:13.686048 np0000004661 devstack@g-api.service[99474]: DEBUG glance.common.config [None req-f4ad3d8d-440d-4455-b8f6-543129c8df3a None None] log_file = None {{(pid=99474) log_opt_values /opt/stack/data/venv/lib/python3.12/site-packages/oslo_config/cfg.py:3242}}
Jul 06 19:40:13.686153 np0000004661 devstack@g-api.service[99474]: DEBUG glance.common.config [None req-f4ad3d8d-440d-4455-b8f6-543129c8df3a None None] log_rotate_interval = 1 {{(pid=99474) log_opt_values /opt/stack/data/venv/lib/python3.12/site-packages/oslo_config/cfg.py:3242}}
Jul 06 19:40:13.686248 np0000004661 devstack@g-api.service[99474]: DEBUG glance.common.config [None req-f4ad3d8d-440d-4455-b8f6-543129c8df3a None None] log_rotate_interval_type = days {{(pid=99474) log_opt_values /opt/stack/data/venv/lib/python3.12/site-packages/oslo_config/cfg.py:3242}}
Jul 06 19:40:13.686346 np0000004661 devstack@g-api.service[99474]: DEBUG glance.common.config [None req-f4ad3d8d-440d-4455-b8f6-543129c8df3a None None] log_rotation_type = none {{(pid=99474) log_opt_values /opt/stack/data/venv/lib/python3.12/site-packages/oslo_config/cfg.py:3242}}
Jul 06 19:40:13.686463 np0000004661 devstack@g-api.service[99474]: DEBUG glance.common.config [None req-f4ad3d8d-440d-4455-b8f6-543129c8df3a None None] logging_context_format_string = %(color)s%(levelname)s %(name)s [%(global_request_id)s %(request_id)s %(project_name)s %(user_name)s%(color)s] %(instance)s%(color)s%(message)s {{(pid=99474) log_opt_values /opt/stack/data/venv/lib/python3.12/site-packages/oslo_config/cfg.py:3242}}
Jul 06 19:40:13.686579 np0000004661 devstack@g-api.service[99474]: DEBUG glance.common.config [None req-f4ad3d8d-440d-4455-b8f6-543129c8df3a None None] logging_debug_format_suffix = {{(pid=%(process)d) %(funcName)s %(pathname)s:%(lineno)d}} {{(pid=99474) log_opt_values /opt/stack/data/venv/lib/python3.12/site-packages/oslo_config/cfg.py:3242}}
Jul 06 19:40:13.686727 np0000004661 devstack@g-api.service[99474]: DEBUG glance.common.config [None req-f4ad3d8d-440d-4455-b8f6-543129c8df3a None None] logging_default_format_string = %(color)s%(levelname)s %(name)s [-%(color)s] %(instance)s%(color)s%(message)s {{(pid=99474) log_opt_values /opt/stack/data/venv/lib/python3.12/site-packages/oslo_config/cfg.py:3242}}
Jul 06 19:40:13.686836 np0000004661 devstack@g-api.service[99474]: DEBUG glance.common.config [None req-f4ad3d8d-440d-4455-b8f6-543129c8df3a None None] logging_exception_prefix = ERROR %(name)s %(instance)s {{(pid=99474) log_opt_values /opt/stack/data/venv/lib/python3.12/site-packages/oslo_config/cfg.py:3242}}
Jul 06 19:40:13.686906 np0000004661 devstack@g-api.service[99474]: DEBUG glance.common.config [None req-f4ad3d8d-440d-4455-b8f6-543129c8df3a None None] logging_user_identity_format = %(user)s %(project)s %(domain)s %(system_scope)s %(user_domain)s %(project_domain)s {{(pid=99474) log_opt_values /opt/stack/data/venv/lib/python3.12/site-packages/oslo_config/cfg.py:3242}}
Jul 06 19:40:13.687002 np0000004661 devstack@g-api.service[99474]: DEBUG glance.common.config [None req-f4ad3d8d-440d-4455-b8f6-543129c8df3a None None] max_logfile_count = 30 {{(pid=99474) log_opt_values /opt/stack/data/venv/lib/python3.12/site-packages/oslo_config/cfg.py:3242}}
Jul 06 19:40:13.687099 np0000004661 devstack@g-api.service[99474]: DEBUG glance.common.config [None req-f4ad3d8d-440d-4455-b8f6-543129c8df3a None None] max_logfile_size_mb = 200 {{(pid=99474) log_opt_values /opt/stack/data/venv/lib/python3.12/site-packages/oslo_config/cfg.py:3242}}
Jul 06 19:40:13.687200 np0000004661 devstack@g-api.service[99474]: DEBUG glance.common.config [None req-f4ad3d8d-440d-4455-b8f6-543129c8df3a None None] max_request_id_length = 64 {{(pid=99474) log_opt_values /opt/stack/data/venv/lib/python3.12/site-packages/oslo_config/cfg.py:3242}}
Jul 06 19:40:13.687293 np0000004661 devstack@g-api.service[99474]: DEBUG glance.common.config [None req-f4ad3d8d-440d-4455-b8f6-543129c8df3a None None] metadata_encryption_key = **** {{(pid=99474) log_opt_values /opt/stack/data/venv/lib/python3.12/site-packages/oslo_config/cfg.py:3242}}
Jul 06 19:40:13.687416 np0000004661 devstack@g-api.service[99474]: DEBUG glance.common.config [None req-f4ad3d8d-440d-4455-b8f6-543129c8df3a None None] node_staging_uri = file:///tmp/staging/ {{(pid=99474) log_opt_values /opt/stack/data/venv/lib/python3.12/site-packages/oslo_config/cfg.py:3242}}
Jul 06 19:40:13.687505 np0000004661 devstack@g-api.service[99474]: DEBUG glance.common.config [None req-f4ad3d8d-440d-4455-b8f6-543129c8df3a None None] property_protection_file = None {{(pid=99474) log_opt_values /opt/stack/data/venv/lib/python3.12/site-packages/oslo_config/cfg.py:3242}}
Jul 06 19:40:13.687598 np0000004661 devstack@g-api.service[99474]: DEBUG glance.common.config [None req-f4ad3d8d-440d-4455-b8f6-543129c8df3a None None] property_protection_rule_format = roles {{(pid=99474) log_opt_values /opt/stack/data/venv/lib/python3.12/site-packages/oslo_config/cfg.py:3242}}
Jul 06 19:40:13.687699 np0000004661 devstack@g-api.service[99474]: DEBUG glance.common.config [None req-f4ad3d8d-440d-4455-b8f6-543129c8df3a None None] public_endpoint = https://10.4.3.124/image {{(pid=99474) log_opt_values /opt/stack/data/venv/lib/python3.12/site-packages/oslo_config/cfg.py:3242}}
Jul 06 19:40:13.687791 np0000004661 devstack@g-api.service[99474]: DEBUG glance.common.config [None req-f4ad3d8d-440d-4455-b8f6-543129c8df3a None None] publish_errors = False {{(pid=99474) log_opt_values /opt/stack/data/venv/lib/python3.12/site-packages/oslo_config/cfg.py:3242}}
Jul 06 19:40:13.687902 np0000004661 devstack@g-api.service[99474]: DEBUG glance.common.config [None req-f4ad3d8d-440d-4455-b8f6-543129c8df3a None None] pydev_worker_debug_host = None {{(pid=99474) log_opt_values /opt/stack/data/venv/lib/python3.12/site-packages/oslo_config/cfg.py:3242}}
Jul 06 19:40:13.687999 np0000004661 devstack@g-api.service[99474]: DEBUG glance.common.config [None req-f4ad3d8d-440d-4455-b8f6-543129c8df3a None None] pydev_worker_debug_port = 5678 {{(pid=99474) log_opt_values /opt/stack/data/venv/lib/python3.12/site-packages/oslo_config/cfg.py:3242}}
Jul 06 19:40:13.688084 np0000004661 devstack@g-api.service[99474]: DEBUG glance.common.config [None req-f4ad3d8d-440d-4455-b8f6-543129c8df3a None None] rate_limit_burst = 0 {{(pid=99474) log_opt_values /opt/stack/data/venv/lib/python3.12/site-packages/oslo_config/cfg.py:3242}}
Jul 06 19:40:13.688193 np0000004661 devstack@g-api.service[99474]: DEBUG glance.common.config [None req-f4ad3d8d-440d-4455-b8f6-543129c8df3a None None] rate_limit_except_level = CRITICAL {{(pid=99474) log_opt_values /opt/stack/data/venv/lib/python3.12/site-packages/oslo_config/cfg.py:3242}}
Jul 06 19:40:13.688281 np0000004661 devstack@g-api.service[99474]: DEBUG glance.common.config [None req-f4ad3d8d-440d-4455-b8f6-543129c8df3a None None] rate_limit_interval = 0 {{(pid=99474) log_opt_values /opt/stack/data/venv/lib/python3.12/site-packages/oslo_config/cfg.py:3242}}
Jul 06 19:40:13.688384 np0000004661 devstack@g-api.service[99474]: DEBUG glance.common.config [None req-f4ad3d8d-440d-4455-b8f6-543129c8df3a None None] scrub_pool_size = 1 {{(pid=99474) log_opt_values /opt/stack/data/venv/lib/python3.12/site-packages/oslo_config/cfg.py:3242}}
Jul 06 19:40:13.688488 np0000004661 devstack@g-api.service[99474]: DEBUG glance.common.config [None req-f4ad3d8d-440d-4455-b8f6-543129c8df3a None None] scrub_time = 0 {{(pid=99474) log_opt_values /opt/stack/data/venv/lib/python3.12/site-packages/oslo_config/cfg.py:3242}}
Jul 06 19:40:13.688573 np0000004661 devstack@g-api.service[99474]: DEBUG glance.common.config [None req-f4ad3d8d-440d-4455-b8f6-543129c8df3a None None] shell_completion = None {{(pid=99474) log_opt_values /opt/stack/data/venv/lib/python3.12/site-packages/oslo_config/cfg.py:3242}}
Jul 06 19:40:13.688665 np0000004661 devstack@g-api.service[99474]: DEBUG glance.common.config [None req-f4ad3d8d-440d-4455-b8f6-543129c8df3a None None] show_image_direct_url = False {{(pid=99474) log_opt_values /opt/stack/data/venv/lib/python3.12/site-packages/oslo_config/cfg.py:3242}}
Jul 06 19:40:13.688889 np0000004661 devstack@g-api.service[99474]: WARNING oslo_config.cfg [None req-f4ad3d8d-440d-4455-b8f6-543129c8df3a None None] Deprecated: Option "show_multiple_locations" from group "DEFAULT" is deprecated for removal (Use of this option, deprecated since Newton, is a security risk and will be removed once we figure out a way to satisfy those use cases that currently require it. An earlier announcement that the same functionality can be achieved with greater granularity by using policies is incorrect. You cannot work around this option via policy configuration at the present time, though that is the direction we believe the fix will take. Please keep an eye on the Glance release notes to stay up to date on progress in addressing this issue.). Its value may be silently ignored in the future.
Jul 06 19:40:13.688989 np0000004661 devstack@g-api.service[99474]: DEBUG glance.common.config [None req-f4ad3d8d-440d-4455-b8f6-543129c8df3a None None] show_multiple_locations = False {{(pid=99474) log_opt_values /opt/stack/data/venv/lib/python3.12/site-packages/oslo_config/cfg.py:3242}}
Jul 06 19:40:13.689085 np0000004661 devstack@g-api.service[99474]: DEBUG glance.common.config [None req-f4ad3d8d-440d-4455-b8f6-543129c8df3a None None] syslog_log_facility = LOG_USER {{(pid=99474) log_opt_values /opt/stack/data/venv/lib/python3.12/site-packages/oslo_config/cfg.py:3242}}
Jul 06 19:40:13.689194 np0000004661 devstack@g-api.service[99474]: DEBUG glance.common.config [None req-f4ad3d8d-440d-4455-b8f6-543129c8df3a None None] transport_url = **** {{(pid=99474) log_opt_values /opt/stack/data/venv/lib/python3.12/site-packages/oslo_config/cfg.py:3242}}
Jul 06 19:40:13.689286 np0000004661 devstack@g-api.service[99474]: DEBUG glance.common.config [None req-f4ad3d8d-440d-4455-b8f6-543129c8df3a None None] use_journal = False {{(pid=99474) log_opt_values /opt/stack/data/venv/lib/python3.12/site-packages/oslo_config/cfg.py:3242}}
Jul 06 19:40:13.689389 np0000004661 devstack@g-api.service[99474]: DEBUG glance.common.config [None req-f4ad3d8d-440d-4455-b8f6-543129c8df3a None None] use_json = False {{(pid=99474) log_opt_values /opt/stack/data/venv/lib/python3.12/site-packages/oslo_config/cfg.py:3242}}
Jul 06 19:40:13.689508 np0000004661 devstack@g-api.service[99474]: DEBUG glance.common.config [None req-f4ad3d8d-440d-4455-b8f6-543129c8df3a None None] use_keystone_limits = True {{(pid=99474) log_opt_values /opt/stack/data/venv/lib/python3.12/site-packages/oslo_config/cfg.py:3242}}
Jul 06 19:40:13.689543 np0000004661 devstack@g-api.service[99473]: INFO glance.api.middleware.cache [None req-7a167c77-5611-4dcf-94b1-172099ad1e4d None None] Initialized image cache middleware
Jul 06 19:40:13.689598 np0000004661 devstack@g-api.service[99474]: DEBUG glance.common.config [None req-f4ad3d8d-440d-4455-b8f6-543129c8df3a None None] use_stderr = False {{(pid=99474) log_opt_values /opt/stack/data/venv/lib/python3.12/site-packages/oslo_config/cfg.py:3242}}
Jul 06 19:40:13.689699 np0000004661 devstack@g-api.service[99474]: DEBUG glance.common.config [None req-f4ad3d8d-440d-4455-b8f6-543129c8df3a None None] use_syslog = False {{(pid=99474) log_opt_values /opt/stack/data/venv/lib/python3.12/site-packages/oslo_config/cfg.py:3242}}
Jul 06 19:40:13.689795 np0000004661 devstack@g-api.service[99474]: DEBUG glance.common.config [None req-f4ad3d8d-440d-4455-b8f6-543129c8df3a None None] user_storage_quota = 0 {{(pid=99474) log_opt_values /opt/stack/data/venv/lib/python3.12/site-packages/oslo_config/cfg.py:3242}}
Jul 06 19:40:13.689910 np0000004661 devstack@g-api.service[99474]: DEBUG glance.common.config [None req-f4ad3d8d-440d-4455-b8f6-543129c8df3a None None] worker_self_reference_url = http://127.0.0.1:60999 {{(pid=99474) log_opt_values /opt/stack/data/venv/lib/python3.12/site-packages/oslo_config/cfg.py:3242}}
Jul 06 19:40:13.690020 np0000004661 devstack@g-api.service[99474]: DEBUG glance.common.config [None req-f4ad3d8d-440d-4455-b8f6-543129c8df3a None None] oslo_concurrency.disable_process_locking = False {{(pid=99474) log_opt_values /opt/stack/data/venv/lib/python3.12/site-packages/oslo_config/cfg.py:3253}}
Jul 06 19:40:13.690119 np0000004661 devstack@g-api.service[99474]: DEBUG glance.common.config [None req-f4ad3d8d-440d-4455-b8f6-543129c8df3a None None] oslo_concurrency.lock_path = /opt/stack/data/glance/locks {{(pid=99474) log_opt_values /opt/stack/data/venv/lib/python3.12/site-packages/oslo_config/cfg.py:3253}}
Jul 06 19:40:13.690234 np0000004661 devstack@g-api.service[99474]: DEBUG glance.common.config [None req-f4ad3d8d-440d-4455-b8f6-543129c8df3a None None] oslo_middleware.enable_proxy_headers_parsing = False {{(pid=99474) log_opt_values /opt/stack/data/venv/lib/python3.12/site-packages/oslo_config/cfg.py:3253}}
Jul 06 19:40:13.690330 np0000004661 devstack@g-api.service[99474]: DEBUG glance.common.config [None req-f4ad3d8d-440d-4455-b8f6-543129c8df3a None None] oslo_middleware.http_basic_auth_user_file = /etc/htpasswd {{(pid=99474) log_opt_values /opt/stack/data/venv/lib/python3.12/site-packages/oslo_config/cfg.py:3253}}
Jul 06 19:40:13.690453 np0000004661 devstack@g-api.service[99474]: DEBUG glance.common.config [None req-f4ad3d8d-440d-4455-b8f6-543129c8df3a None None] paste_deploy.config_file = None {{(pid=99474) log_opt_values /opt/stack/data/venv/lib/python3.12/site-packages/oslo_config/cfg.py:3253}}
Jul 06 19:40:13.690551 np0000004661 devstack@g-api.service[99474]: DEBUG glance.common.config [None req-f4ad3d8d-440d-4455-b8f6-543129c8df3a None None] paste_deploy.flavor = keystone+cachemanagement {{(pid=99474) log_opt_values /opt/stack/data/venv/lib/python3.12/site-packages/oslo_config/cfg.py:3253}}
Jul 06 19:40:13.690677 np0000004661 devstack@g-api.service[99474]: DEBUG glance.common.config [None req-f4ad3d8d-440d-4455-b8f6-543129c8df3a None None] image_format.container_formats = ['ami', 'ari', 'aki', 'bare', 'ovf', 'ova', 'docker', 'compressed'] {{(pid=99474) log_opt_values /opt/stack/data/venv/lib/python3.12/site-packages/oslo_config/cfg.py:3253}}
Jul 06 19:40:13.690834 np0000004661 devstack@g-api.service[99474]: DEBUG glance.common.config [None req-f4ad3d8d-440d-4455-b8f6-543129c8df3a None None] image_format.disk_formats = ['ami', 'ari', 'aki', 'vhd', 'vhdx', 'vmdk', 'raw', 'qcow2', 'vdi', 'iso', 'ploop'] {{(pid=99474) log_opt_values /opt/stack/data/venv/lib/python3.12/site-packages/oslo_config/cfg.py:3253}}
Jul 06 19:40:13.690929 np0000004661 devstack@g-api.service[99474]: DEBUG glance.common.config [None req-f4ad3d8d-440d-4455-b8f6-543129c8df3a None None] image_format.gpt_safety_checks_nonfatal = [] {{(pid=99474) log_opt_values /opt/stack/data/venv/lib/python3.12/site-packages/oslo_config/cfg.py:3253}}
Jul 06 19:40:13.691024 np0000004661 devstack@g-api.service[99474]: DEBUG glance.common.config [None req-f4ad3d8d-440d-4455-b8f6-543129c8df3a None None] image_format.require_image_format_match = True {{(pid=99474) log_opt_values /opt/stack/data/venv/lib/python3.12/site-packages/oslo_config/cfg.py:3253}}
Jul 06 19:40:13.691124 np0000004661 devstack@g-api.service[99474]: DEBUG glance.common.config [None req-f4ad3d8d-440d-4455-b8f6-543129c8df3a None None] image_format.vmdk_allowed_types = ['streamOptimized', 'monolithicSparse'] {{(pid=99474) log_opt_values /opt/stack/data/venv/lib/python3.12/site-packages/oslo_config/cfg.py:3253}}
Jul 06 19:40:13.691242 np0000004661 devstack@g-api.service[99474]: DEBUG glance.common.config [None req-f4ad3d8d-440d-4455-b8f6-543129c8df3a None None] task.task_executor = taskflow {{(pid=99474) log_opt_values /opt/stack/data/venv/lib/python3.12/site-packages/oslo_config/cfg.py:3253}}
Jul 06 19:40:13.691337 np0000004661 devstack@g-api.service[99474]: DEBUG glance.common.config [None req-f4ad3d8d-440d-4455-b8f6-543129c8df3a None None] task.task_time_to_live = 48 {{(pid=99474) log_opt_values /opt/stack/data/venv/lib/python3.12/site-packages/oslo_config/cfg.py:3253}}
Jul 06 19:40:13.691468 np0000004661 devstack@g-api.service[99474]: DEBUG glance.common.config [None req-f4ad3d8d-440d-4455-b8f6-543129c8df3a None None] task.work_dir = None {{(pid=99474) log_opt_values /opt/stack/data/venv/lib/python3.12/site-packages/oslo_config/cfg.py:3253}}
Jul 06 19:40:13.691569 np0000004661 devstack@g-api.service[99474]: DEBUG glance.common.config [None req-f4ad3d8d-440d-4455-b8f6-543129c8df3a None None] wsgi.python_interpreter = /opt/stack/data/venv/bin/python3 {{(pid=99474) log_opt_values /opt/stack/data/venv/lib/python3.12/site-packages/oslo_config/cfg.py:3253}}
Jul 06 19:40:13.691657 np0000004661 devstack@g-api.service[99474]: DEBUG glance.common.config [None req-f4ad3d8d-440d-4455-b8f6-543129c8df3a None None] wsgi.task_pool_threads = 16 {{(pid=99474) log_opt_values /opt/stack/data/venv/lib/python3.12/site-packages/oslo_config/cfg.py:3253}}
Jul 06 19:40:13.691767 np0000004661 devstack@g-api.service[99474]: DEBUG glance.common.config [None req-f4ad3d8d-440d-4455-b8f6-543129c8df3a None None] import_filtering_opts.allowed_hosts = [] {{(pid=99474) log_opt_values /opt/stack/data/venv/lib/python3.12/site-packages/oslo_config/cfg.py:3253}}
Jul 06 19:40:13.691871 np0000004661 devstack@g-api.service[99474]: DEBUG glance.common.config [None req-f4ad3d8d-440d-4455-b8f6-543129c8df3a None None] import_filtering_opts.allowed_ports = [80, 443] {{(pid=99474) log_opt_values /opt/stack/data/venv/lib/python3.12/site-packages/oslo_config/cfg.py:3253}}
Jul 06 19:40:13.691996 np0000004661 devstack@g-api.service[99474]: DEBUG glance.common.config [None req-f4ad3d8d-440d-4455-b8f6-543129c8df3a None None] import_filtering_opts.allowed_schemes = ['http', 'https'] {{(pid=99474) log_opt_values /opt/stack/data/venv/lib/python3.12/site-packages/oslo_config/cfg.py:3253}}
Jul 06 19:40:13.692090 np0000004661 devstack@g-api.service[99474]: DEBUG glance.common.config [None req-f4ad3d8d-440d-4455-b8f6-543129c8df3a None None] import_filtering_opts.disallowed_hosts = [] {{(pid=99474) log_opt_values /opt/stack/data/venv/lib/python3.12/site-packages/oslo_config/cfg.py:3253}}
Jul 06 19:40:13.692183 np0000004661 devstack@g-api.service[99474]: DEBUG glance.common.config [None req-f4ad3d8d-440d-4455-b8f6-543129c8df3a None None] import_filtering_opts.disallowed_ports = [] {{(pid=99474) log_opt_values /opt/stack/data/venv/lib/python3.12/site-packages/oslo_config/cfg.py:3253}}
Jul 06 19:40:13.692284 np0000004661 devstack@g-api.service[99474]: DEBUG glance.common.config [None req-f4ad3d8d-440d-4455-b8f6-543129c8df3a None None] import_filtering_opts.disallowed_schemes = [] {{(pid=99474) log_opt_values /opt/stack/data/venv/lib/python3.12/site-packages/oslo_config/cfg.py:3253}}
Jul 06 19:40:13.692407 np0000004661 devstack@g-api.service[99474]: DEBUG glance.common.config [None req-f4ad3d8d-440d-4455-b8f6-543129c8df3a None None] oslo_messaging_metrics.metrics_buffer_size = 1000 {{(pid=99474) log_opt_values /opt/stack/data/venv/lib/python3.12/site-packages/oslo_config/cfg.py:3253}}
Jul 06 19:40:13.692520 np0000004661 devstack@g-api.service[99474]: DEBUG glance.common.config [None req-f4ad3d8d-440d-4455-b8f6-543129c8df3a None None] oslo_messaging_metrics.metrics_enabled = False {{(pid=99474) log_opt_values /opt/stack/data/venv/lib/python3.12/site-packages/oslo_config/cfg.py:3253}}
