Jul 06 19:41:58.612994 np0000004661 devstack@neutron-api.service[87358]: DEBUG ovsdbapp.backend.ovs_idl.transaction [None req-4e5562fd-af46-4107-ac71-d26c875ccd11 None None] Running txn n=1 command(idx=4): PgAclAddCommand(_result=None, entity=pg_193e7844_f8a3_474d_b5ef_27579772b381, direction=from-lport, priority=1002, match=inport == @pg_193e7844_f8a3_474d_b5ef_27579772b381 && ip6, action=allow-related, log=False, may_exist=True, severity=[], name=[], meter=[], external_ids={'neutron:security_group_rule_id': '73c92fbf-1ee6-4d8b-9861-1a70c3369200'}) {{(pid=87358) do_commit /opt/stack/data/venv/lib/python3.12/site-packages/ovsdbapp/backend/ovs_idl/transaction.py:89}}
Jul 06 19:41:58.617931 np0000004661 devstack@neutron-api.service[87358]: DEBUG neutron.plugins.ml2.drivers.ovn.mech_driver.ovsdb.ovsdb_monitor [None req-4e5562fd-af46-4107-ac71-d26c875ccd11 None None] Hash Ring: Node a83f2866cff659b7ae03f9678075fdfd (host: np0000004661) handling event "create" for row 5077f773-95b5-4f6c-9134-65e4281e3503 (table: ACL) {{(pid=87358) notify /opt/stack/neutron/neutron/plugins/ml2/drivers/ovn/mech_driver/ovsdb/ovsdb_monitor.py:1015}}
Jul 06 19:41:58.617931 np0000004661 devstack@neutron-api.service[87358]: DEBUG neutron.plugins.ml2.drivers.ovn.mech_driver.ovsdb.ovsdb_monitor [None req-4e5562fd-af46-4107-ac71-d26c875ccd11 None None] Hash Ring: Node a83f2866cff659b7ae03f9678075fdfd (host: np0000004661) handling event "create" for row 81ddb6e0-451a-4353-a0e8-79957992f4ac (table: ACL) {{(pid=87358) notify /opt/stack/neutron/neutron/plugins/ml2/drivers/ovn/mech_driver/ovsdb/ovsdb_monitor.py:1015}}
Jul 06 19:41:58.627053 np0000004661 devstack@neutron-api.service[87357]: DEBUG neutron.plugins.ml2.drivers.ovn.mech_driver.ovsdb.ovsdb_monitor [None req-5d66a0f5-e9c1-448f-8cd5-db46050c3eb1 None None] Hash Ring: Node e2bacca2e7c1519f9b88a1db7b197458 (host: np0000004661) handling event "create" for row 9ba38064-2844-4cfa-9505-ae4e69062cf0 (table: Port_Binding) {{(pid=87357) notify /opt/stack/neutron/neutron/plugins/ml2/drivers/ovn/mech_driver/ovsdb/ovsdb_monitor.py:1015}}
Jul 06 19:41:58.633269 np0000004661 devstack@neutron-api.service[87356]: DEBUG neutron.plugins.ml2.drivers.ovn.mech_driver.ovsdb.ovsdb_monitor [None req-68d7866b-ad64-428c-abc2-bdc46fd2b35b None None] Hash Ring: Node 70bd45db833b5193b4ae0c8fdc07a059 (host: np0000004661) handling event "create" for row ccbc2f58-5767-4868-91e3-20df8208566f (table: ACL) {{(pid=87356) notify /opt/stack/neutron/neutron/plugins/ml2/drivers/ovn/mech_driver/ovsdb/ovsdb_monitor.py:1015}}
Jul 06 19:41:58.634298 np0000004661 devstack@neutron-api.service[87357]: DEBUG neutron.plugins.ml2.drivers.ovn.mech_driver.ovsdb.ovsdb_monitor [None req-d5d4384f-7676-4a93-87c4-e9ad072ef098 None None] Hash Ring: Node e2bacca2e7c1519f9b88a1db7b197458 (host: np0000004661) handling event "create" for row e997d636-bc84-46aa-a630-90ddaca95866 (table: ACL) {{(pid=87357) notify /opt/stack/neutron/neutron/plugins/ml2/drivers/ovn/mech_driver/ovsdb/ovsdb_monitor.py:1015}}
Jul 06 19:41:58.638316 np0000004661 devstack@neutron-api.service[87358]: INFO neutron.db.ovn_revision_numbers_db [None req-ec5882fd-85a7-409a-8f53-99851008b360 admin admin] Successfully bumped revision number for resource 193e7844-f8a3-474d-b5ef-27579772b381 (type: security_groups) to 1
Jul 06 19:41:58.641813 np0000004661 devstack@neutron-api.service[87357]: DEBUG neutron.plugins.ml2.drivers.ovn.mech_driver.ovsdb.ovsdb_monitor [None req-d5d4384f-7676-4a93-87c4-e9ad072ef098 None None] Hash Ring: Node e2bacca2e7c1519f9b88a1db7b197458 (host: np0000004661) handling event "create" for row 1e737d34-8f84-485e-8706-7b522db4b125 (table: Port_Group) {{(pid=87357) notify /opt/stack/neutron/neutron/plugins/ml2/drivers/ovn/mech_driver/ovsdb/ovsdb_monitor.py:1015}}
Jul 06 19:41:58.652697 np0000004661 devstack@neutron-api.service[87358]: INFO neutron.db.ovn_revision_numbers_db [None req-ec5882fd-85a7-409a-8f53-99851008b360 admin admin] Successfully bumped revision number for resource 0ec1c0c4-ee69-4c2c-bbb7-a43cbc5d3c37 (type: security_group_rules) to 0
Jul 06 19:41:58.664713 np0000004661 devstack@neutron-api.service[87358]: INFO neutron.db.ovn_revision_numbers_db [None req-ec5882fd-85a7-409a-8f53-99851008b360 admin admin] Successfully bumped revision number for resource 212f6bf6-2ada-4fee-a614-1251f24b8c1c (type: security_group_rules) to 0
Jul 06 19:41:58.676529 np0000004661 devstack@neutron-api.service[87358]: INFO neutron.db.ovn_revision_numbers_db [None req-ec5882fd-85a7-409a-8f53-99851008b360 admin admin] Successfully bumped revision number for resource 319db972-bd9c-4a4e-b7ff-684f907fd1a4 (type: security_group_rules) to 0
Jul 06 19:41:58.682287 np0000004661 devstack@neutron-api.service[87356]: INFO neutron.db.ovn_revision_numbers_db [None req-b84da11b-d6df-4dc1-a2b5-df5df38df715 admin admin] Successfully bumped revision number for resource ae194964-bdd0-4527-9f91-6af3a6bddd03 (type: ports) to 1
Jul 06 19:41:58.683537 np0000004661 devstack@neutron-api.service[87356]: DEBUG neutron.db.provisioning_blocks [None req-f991474b-d740-4359-ad16-52dc702aad85 None None] Transition to ACTIVE for port object ae194964-bdd0-4527-9f91-6af3a6bddd03 will not be triggered until provisioned by entity L2. {{(pid=87356) add_provisioning_component /opt/stack/neutron/neutron/db/provisioning_blocks.py:74}}
Jul 06 19:41:58.688049 np0000004661 devstack@neutron-api.service[87358]: INFO neutron.db.ovn_revision_numbers_db [None req-ec5882fd-85a7-409a-8f53-99851008b360 admin admin] Successfully bumped revision number for resource 73c92fbf-1ee6-4d8b-9861-1a70c3369200 (type: security_group_rules) to 0
Jul 06 19:41:58.690154 np0000004661 devstack@neutron-api.service[87357]: DEBUG neutron_lib.callbacks.manager [None req-9b55f706-6c6e-4792-be4e-1c58b7101e18 admin admin] Publish callbacks ['neutron.plugins.ml2.drivers.ovn.mech_driver.mech_driver.OVNMechanismDriver._validate_allowed_address_pairs-365196'] for allowed_address_pair (a71f9adb-a786-4392-8f16-788e893fcc0d), before_create {{(pid=87357) _notify_loop /opt/stack/data/venv/lib/python3.12/site-packages/neutron_lib/callbacks/manager.py:184}}
Jul 06 19:41:58.690945 np0000004661 devstack@neutron-api.service[87357]: DEBUG neutron_lib.callbacks.manager [None req-9b55f706-6c6e-4792-be4e-1c58b7101e18 admin admin] Publish callbacks [] for port (a71f9adb-a786-4392-8f16-788e893fcc0d), precommit_create {{(pid=87357) _notify_loop /opt/stack/data/venv/lib/python3.12/site-packages/neutron_lib/callbacks/manager.py:184}}
Jul 06 19:41:58.691200 np0000004661 devstack@neutron-api.service[87357]: DEBUG neutron.plugins.ml2.drivers.ovn.mech_driver.mech_driver [None req-9b55f706-6c6e-4792-be4e-1c58b7101e18 admin admin] No provisioning block for port a71f9adb-a786-4392-8f16-788e893fcc0d since it does not have a host {{(pid=87357) _is_port_provisioning_required /opt/stack/neutron/neutron/plugins/ml2/drivers/ovn/mech_driver/mech_driver.py:899}}
Jul 06 19:41:58.691395 np0000004661 devstack@neutron-api.service[87357]: DEBUG neutron.db.ovn_revision_numbers_db [None req-9b55f706-6c6e-4792-be4e-1c58b7101e18 admin admin] create_initial_revision uuid=a71f9adb-a786-4392-8f16-788e893fcc0d, type=ports, rev=-1 {{(pid=87357) create_initial_revision /opt/stack/neutron/neutron/db/ovn_revision_numbers_db.py:98}}
Jul 06 19:41:58.691919 np0000004661 devstack@neutron-api.service[87356]: DEBUG neutron.pecan_wsgi.hooks.policy_enforcement [None req-b84da11b-d6df-4dc1-a2b5-df5df38df715 admin admin] Attributes excluded by policy engine: ['standard_attr_id'] {{(pid=87356) _exclude_attributes_by_policy /opt/stack/neutron/neutron/pecan_wsgi/hooks/policy_enforcement.py:259}}
Jul 06 19:41:58.692268 np0000004661 devstack@neutron-api.service[87356]: DEBUG neutron_lib.callbacks.manager [None req-b84da11b-d6df-4dc1-a2b5-df5df38df715 admin admin] Publish callbacks [] for network (None), before_response {{(pid=87356) _notify_loop /opt/stack/data/venv/lib/python3.12/site-packages/neutron_lib/callbacks/manager.py:184}}
Jul 06 19:41:58.711916 np0000004661 devstack@neutron-api.service[87358]: DEBUG neutron.api.rpc.handlers.resources_rpc [None req-ec5882fd-85a7-409a-8f53-99851008b360 admin admin] Pushing event updated for resources: {'SecurityGroup': ['ID=193e7844-f8a3-474d-b5ef-27579772b381,revision_number=1']} {{(pid=87358) push /opt/stack/neutron/neutron/api/rpc/handlers/resources_rpc.py:237}}
Jul 06 19:41:58.713655 np0000004661 devstack@neutron-api.service[87356]: [pid: 87356|app: 0|req: 16/44] 10.4.3.124 () {68 vars in 1277 bytes} [Mon Jul 6 19:41:57 2026] POST /networking/v2.0/networks => generated 724 bytes in 933 msecs (HTTP/1.1 201) 4 headers in 162 bytes (1 switches on core 0)
Jul 06 19:41:58.718179 np0000004661 devstack@neutron-api.service[87358]: DEBUG neutron.api.rpc.callbacks.version_manager [None req-ec5882fd-85a7-409a-8f53-99851008b360 admin admin] Tracked resource versions report:
Jul 06 19:41:58.718179 np0000004661 devstack@neutron-api.service[87358]: pushed versions:
Jul 06 19:41:58.718179 np0000004661 devstack@neutron-api.service[87358]: { 'AddressGroup': {'1.2'},
Jul 06 19:41:58.718179 np0000004661 devstack@neutron-api.service[87358]: 'Agent': {'1.1'},
Jul 06 19:41:58.718179 np0000004661 devstack@neutron-api.service[87358]: 'ConntrackHelper': {'1.0'},
Jul 06 19:41:58.718179 np0000004661 devstack@neutron-api.service[87358]: 'LocalIPAssociation': {'1.0'},
Jul 06 19:41:58.718179 np0000004661 devstack@neutron-api.service[87358]: 'Log': {'1.0'},
Jul 06 19:41:58.718179 np0000004661 devstack@neutron-api.service[87358]: 'NDPProxy': {'1.0'},
Jul 06 19:41:58.718179 np0000004661 devstack@neutron-api.service[87358]: 'Network': {'1.3'},
Jul 06 19:41:58.718179 np0000004661 devstack@neutron-api.service[87358]: 'Port': {'1.11'},
Jul 06 19:41:58.718179 np0000004661 devstack@neutron-api.service[87358]: 'PortForwarding': {'1.3'},
Jul 06 19:41:58.718179 np0000004661 devstack@neutron-api.service[87358]: 'QosPolicy': {'1.10'},
Jul 06 19:41:58.718179 np0000004661 devstack@neutron-api.service[87358]: 'SecurityGroup': {'1.6'},
Jul 06 19:41:58.718179 np0000004661 devstack@neutron-api.service[87358]: 'SecurityGroupRule': {'1.3'},
Jul 06 19:41:58.718179 np0000004661 devstack@neutron-api.service[87358]: 'SubPort': {'1.0'},
Jul 06 19:41:58.718179 np0000004661 devstack@neutron-api.service[87358]: 'Subnet': {'1.2'},
Jul 06 19:41:58.718179 np0000004661 devstack@neutron-api.service[87358]: 'Trunk': {'1.1'}}
Jul 06 19:41:58.718179 np0000004661 devstack@neutron-api.service[87358]: consumer versions:
Jul 06 19:41:58.718179 np0000004661 devstack@neutron-api.service[87358]: { OVN Neutron agent@np0000004661: {},
Jul 06 19:41:58.718179 np0000004661 devstack@neutron-api.service[87358]: OVN Controller Gateway agent@np0000004661: {}}
Jul 06 19:41:58.718179 np0000004661 devstack@neutron-api.service[87358]: {{(pid=87358) report /opt/stack/neutron/neutron/api/rpc/callbacks/version_manager.py:183}}
Jul 06 19:41:58.727874 np0000004661 devstack@neutron-api.service[87356]: DEBUG neutron.plugins.ml2.plugin [None req-f991474b-d740-4359-ad16-52dc702aad85 None None] Current status of the port ae194964-bdd0-4527-9f91-6af3a6bddd03 is: DOWN; New status is: DOWN {{(pid=87356) _update_individual_port_db_status /opt/stack/neutron/neutron/plugins/ml2/plugin.py:2473}}
Jul 06 19:41:58.729198 np0000004661 devstack@neutron-api.service[87356]: DEBUG ovsdbapp.backend.ovs_idl.transaction [None req-68d7866b-ad64-428c-abc2-bdc46fd2b35b None None] Running txn n=1 command(idx=0): DbRemoveCommand(_result=None, table=Logical_Switch_Port, record=ae194964-bdd0-4527-9f91-6af3a6bddd03, column=external_ids, values=('neutron:host_id',), keyvalues={}, if_exists=True) {{(pid=87356) do_commit /opt/stack/data/venv/lib/python3.12/site-packages/ovsdbapp/backend/ovs_idl/transaction.py:89}}
Jul 06 19:41:58.746075 np0000004661 devstack@neutron-api.service[87357]: DEBUG neutron_lib.callbacks.manager [None req-9b55f706-6c6e-4792-be4e-1c58b7101e18 admin admin] Publish callbacks ['neutron.plugins.ml2.ovo_rpc._ObjectChangeHandler.handle_event-2859466'] for port (a71f9adb-a786-4392-8f16-788e893fcc0d), after_create {{(pid=87357) _notify_loop /opt/stack/data/venv/lib/python3.12/site-packages/neutron_lib/callbacks/manager.py:184}}
Jul 06 19:41:58.758908 np0000004661 devstack@neutron-api.service[87358]: DEBUG neutron.plugins.ml2.drivers.helpers [None req-ec5882fd-85a7-409a-8f53-99851008b360 admin admin] geneve segment allocate from pool success with {'geneve_vni': 37728} {{(pid=87358) allocate_partially_specified_segment /opt/stack/neutron/neutron/plugins/ml2/drivers/helpers.py:142}}
Jul 06 19:41:58.764078 np0000004661 devstack@neutron-api.service[87358]: DEBUG neutron_lib.callbacks.manager [None req-ec5882fd-85a7-409a-8f53-99851008b360 admin admin] Publish callbacks ['neutron.plugins.ml2.plugin.Ml2Plugin._handle_segment_change-8102066'] for segment (4c8a5f7c-debf-4fe6-adf0-1659ba5b66d8), precommit_create {{(pid=87358) _notify_loop /opt/stack/data/venv/lib/python3.12/site-packages/neutron_lib/callbacks/manager.py:184}}
Jul 06 19:41:58.764241 np0000004661 devstack@neutron-api.service[87358]: INFO neutron.db.segments_db [None req-ec5882fd-85a7-409a-8f53-99851008b360 admin admin] Added segment 4c8a5f7c-debf-4fe6-adf0-1659ba5b66d8 of type geneve for network fe487fdd-f38a-476a-9f91-d13180deb78e
Jul 06 19:41:58.776767 np0000004661 devstack@neutron-api.service[87358]: DEBUG neutron_lib.callbacks.manager [None req-ec5882fd-85a7-409a-8f53-99851008b360 admin admin] Publish callbacks ['neutron.services.auto_allocate.db._ensure_external_network_default_value_callback-7805501437202'] for network (fe487fdd-f38a-476a-9f91-d13180deb78e), precommit_create {{(pid=87358) _notify_loop /opt/stack/data/venv/lib/python3.12/site-packages/neutron_lib/callbacks/manager.py:184}}
Jul 06 19:41:58.786214 np0000004661 devstack@neutron-api.service[87358]: DEBUG neutron.plugins.ml2.drivers.ovn.mech_driver.mech_driver [None req-ec5882fd-85a7-409a-8f53-99851008b360 admin admin] Validating network segment with type geneve, segmentation ID 37728, physical network None {{(pid=87358) _validate_network_segments /opt/stack/neutron/neutron/plugins/ml2/drivers/ovn/mech_driver/mech_driver.py:646}}
Jul 06 19:41:58.786405 np0000004661 devstack@neutron-api.service[87358]: DEBUG neutron.db.ovn_revision_numbers_db [None req-ec5882fd-85a7-409a-8f53-99851008b360 admin admin] create_initial_revision uuid=fe487fdd-f38a-476a-9f91-d13180deb78e, type=networks, rev=-1 {{(pid=87358) create_initial_revision /opt/stack/neutron/neutron/db/ovn_revision_numbers_db.py:98}}
Jul 06 19:41:58.793344 np0000004661 devstack@neutron-api.service[87358]: DEBUG neutron_lib.callbacks.manager [None req-ec5882fd-85a7-409a-8f53-99851008b360 admin admin] Publish callbacks ['neutron.plugins.ml2.ovo_rpc._ObjectChangeHandler.handle_event-2875731'] for network (fe487fdd-f38a-476a-9f91-d13180deb78e), after_create {{(pid=87358) _notify_loop /opt/stack/data/venv/lib/python3.12/site-packages/neutron_lib/callbacks/manager.py:184}}
Jul 06 19:41:58.808768 np0000004661 devstack@neutron-api.service[87358]: DEBUG neutron.api.rpc.handlers.resources_rpc [None req-ec5882fd-85a7-409a-8f53-99851008b360 admin admin] Pushing event updated for resources: {'Network': ['ID=fe487fdd-f38a-476a-9f91-d13180deb78e,revision_number=1']} {{(pid=87358) push /opt/stack/neutron/neutron/api/rpc/handlers/resources_rpc.py:237}}
Jul 06 19:41:58.817079 np0000004661 devstack@neutron-api.service[87358]: DEBUG ovsdbapp.backend.ovs_idl.transaction [None req-4e5562fd-af46-4107-ac71-d26c875ccd11 None None] Running txn n=1 command(idx=0): AddNetworkCommand(_result=None, network_uuid=fe487fdd-f38a-476a-9f91-d13180deb78e, may_exist=True, columns={'external_ids': {'neutron:network_name': 'tempest-VolumesAdminNegativeTest-1155556008-network', 'neutron:mtu': '1372', 'neutron:revision_number': '1', 'neutron:availability_zone_hints': '', 'neutron:provnet-network-type': 'geneve'}, 'other_config': {'mcast_snoop': 'false', 'mcast_flood_unregistered': 'false', 'vlan-passthru': 'false'}}) {{(pid=87358) do_commit /opt/stack/data/venv/lib/python3.12/site-packages/ovsdbapp/backend/ovs_idl/transaction.py:89}}
Jul 06 19:41:58.822078 np0000004661 devstack@neutron-api.service[87356]: DEBUG neutron.plugins.ml2.drivers.ovn.mech_driver.ovsdb.ovsdb_monitor [None req-68d7866b-ad64-428c-abc2-bdc46fd2b35b None None] Hash Ring: Node 70bd45db833b5193b4ae0c8fdc07a059 (host: np0000004661) handling event "create" for row fe487fdd-f38a-476a-9f91-d13180deb78e (table: Logical_Switch) {{(pid=87356) notify /opt/stack/neutron/neutron/plugins/ml2/drivers/ovn/mech_driver/ovsdb/ovsdb_monitor.py:1015}}
Jul 06 19:41:58.840810 np0000004661 devstack@neutron-api.service[87358]: INFO neutron.db.ovn_revision_numbers_db [None req-ec5882fd-85a7-409a-8f53-99851008b360 admin admin] Successfully bumped revision number for resource fe487fdd-f38a-476a-9f91-d13180deb78e (type: networks) to 1
Jul 06 19:41:58.854564 np0000004661 devstack@neutron-api.service[87358]: DEBUG neutron_lib.callbacks.manager [None req-ec5882fd-85a7-409a-8f53-99851008b360 admin admin] Publish callbacks ['neutron.plugins.ml2.plugin.SecurityGroupDbMixin._ensure_default_security_group_handler-7363632'] for port (None), before_create {{(pid=87358) _notify_loop /opt/stack/data/venv/lib/python3.12/site-packages/neutron_lib/callbacks/manager.py:184}}
Jul 06 19:41:58.943917 np0000004661 devstack@neutron-api.service[87358]: DEBUG neutron_lib.callbacks.manager [None req-ec5882fd-85a7-409a-8f53-99851008b360 admin admin] Publish callbacks ['neutron.plugins.ml2.drivers.ovn.mech_driver.mech_driver.OVNMechanismDriver._validate_allowed_address_pairs-345005'] for allowed_address_pair (1fc4ad2e-954a-4157-8a47-1b06d362c620), before_create {{(pid=87358) _notify_loop /opt/stack/data/venv/lib/python3.12/site-packages/neutron_lib/callbacks/manager.py:184}}
Jul 06 19:41:58.944820 np0000004661 devstack@neutron-api.service[87358]: DEBUG neutron_lib.callbacks.manager [None req-ec5882fd-85a7-409a-8f53-99851008b360 admin admin] Publish callbacks [] for port (1fc4ad2e-954a-4157-8a47-1b06d362c620), precommit_create {{(pid=87358) _notify_loop /opt/stack/data/venv/lib/python3.12/site-packages/neutron_lib/callbacks/manager.py:184}}
Jul 06 19:41:58.945027 np0000004661 devstack@neutron-api.service[87358]: DEBUG neutron.plugins.ml2.drivers.ovn.mech_driver.mech_driver [None req-ec5882fd-85a7-409a-8f53-99851008b360 admin admin] No provisioning block for port 1fc4ad2e-954a-4157-8a47-1b06d362c620 since it does not have a host {{(pid=87358) _is_port_provisioning_required /opt/stack/neutron/neutron/plugins/ml2/drivers/ovn/mech_driver/mech_driver.py:899}}
Jul 06 19:41:58.945175 np0000004661 devstack@neutron-api.service[87358]: DEBUG neutron.db.ovn_revision_numbers_db [None req-ec5882fd-85a7-409a-8f53-99851008b360 admin admin] create_initial_revision uuid=1fc4ad2e-954a-4157-8a47-1b06d362c620, type=ports, rev=-1 {{(pid=87358) create_initial_revision /opt/stack/neutron/neutron/db/ovn_revision_numbers_db.py:98}}
Jul 06 19:41:58.961782 np0000004661 devstack@neutron-api.service[87356]: DEBUG neutron.api.v2.base [None req-63da7095-534b-4182-9114-209ca3474781 admin admin] Request body: {'network': {'name': 'tempest-TaggedAttachmentsTest-519901754-network', 'project_id': 'bf74bd39b6b244868e31b730fbf89236'}} {{(pid=87356) prepare_request_body /opt/stack/neutron/neutron/api/v2/base.py:727}}
Jul 06 19:41:58.978653 np0000004661 devstack@neutron-api.service[87356]: DEBUG neutron.pecan_wsgi.hooks.quota_enforcement [None req-63da7095-534b-4182-9114-209ca3474781 admin admin] Made reservation on behalf of bf74bd39b6b244868e31b730fbf89236 for: {'network': 1} {{(pid=87356) before /opt/stack/neutron/neutron/pecan_wsgi/hooks/quota_enforcement.py:66}}
Jul 06 19:41:58.981706 np0000004661 devstack@neutron-api.service[87356]: DEBUG neutron_lib.callbacks.manager [None req-63da7095-534b-4182-9114-209ca3474781 admin admin] Publish callbacks ['neutron.plugins.ml2.plugin.SecurityGroupDbMixin._ensure_default_security_group_handler-23276'] for network (None), before_create {{(pid=87356) _notify_loop /opt/stack/data/venv/lib/python3.12/site-packages/neutron_lib/callbacks/manager.py:184}}
Jul 06 19:41:58.981867 np0000004661 devstack@neutron-api.service[87358]: DEBUG neutron_lib.callbacks.manager [None req-ec5882fd-85a7-409a-8f53-99851008b360 admin admin] Publish callbacks ['neutron.plugins.ml2.ovo_rpc._ObjectChangeHandler.handle_event-2876021'] for port (1fc4ad2e-954a-4157-8a47-1b06d362c620), after_create {{(pid=87358) _notify_loop /opt/stack/data/venv/lib/python3.12/site-packages/neutron_lib/callbacks/manager.py:184}}
Jul 06 19:41:58.986726 np0000004661 devstack@neutron-api.service[87356]: DEBUG neutron_lib.callbacks.manager [None req-63da7095-534b-4182-9114-209ca3474781 admin admin] Publish callbacks [] for security_group (None), before_create {{(pid=87356) _notify_loop /opt/stack/data/venv/lib/python3.12/site-packages/neutron_lib/callbacks/manager.py:184}}
Jul 06 19:41:59.008289 np0000004661 devstack@neutron-api.service[87357]: DEBUG neutron.plugins.ml2.drivers.ovn.mech_driver.ovsdb.ovsdb_monitor [None req-5d66a0f5-e9c1-448f-8cd5-db46050c3eb1 None None] Hash Ring: Node e2bacca2e7c1519f9b88a1db7b197458 (host: np0000004661) handling event "create" for row db583fcd-361c-4b2e-93ba-7d14521737c6 (table: Datapath_Binding) {{(pid=87357) notify /opt/stack/neutron/neutron/plugins/ml2/drivers/ovn/mech_driver/ovsdb/ovsdb_monitor.py:1015}}
Jul 06 19:41:59.012495 np0000004661 devstack@neutron-api.service[87358]: DEBUG neutron.api.rpc.handlers.resources_rpc [None req-ec5882fd-85a7-409a-8f53-99851008b360 admin admin] Pushing event updated for resources: {'Port': ['ID=1fc4ad2e-954a-4157-8a47-1b06d362c620,revision_number=1']} {{(pid=87358) push /opt/stack/neutron/neutron/api/rpc/handlers/resources_rpc.py:237}}
Jul 06 19:41:59.013344 np0000004661 devstack@neutron-api.service[87357]: DEBUG neutron.api.rpc.handlers.resources_rpc [None req-9b55f706-6c6e-4792-be4e-1c58b7101e18 admin admin] Pushing event updated for resources: {'Port': ['ID=a71f9adb-a786-4392-8f16-788e893fcc0d,revision_number=1']} {{(pid=87357) push /opt/stack/neutron/neutron/api/rpc/handlers/resources_rpc.py:237}}
Jul 06 19:41:59.017998 np0000004661 devstack@neutron-api.service[87358]: DEBUG neutron.plugins.ml2.drivers.ovn.mech_driver.ovsdb.commands [None req-ec5882fd-85a7-409a-8f53-99851008b360 admin admin] Converting tag [] to a tag_request {{(pid=87358) _tag_column_to_tag_request /opt/stack/neutron/neutron/plugins/ml2/drivers/ovn/mech_driver/ovsdb/commands.py:205}}
Jul 06 19:41:59.018923 np0000004661 devstack@neutron-api.service[87358]: DEBUG ovsdbapp.backend.ovs_idl.transaction [None req-4e5562fd-af46-4107-ac71-d26c875ccd11 None None] Running txn n=1 command(idx=0): AddLSwitchPortCommand(_result=None, lport=1fc4ad2e-954a-4157-8a47-1b06d362c620, lswitch=neutron-fe487fdd-f38a-476a-9f91-d13180deb78e, may_exist=True, network_uuid=fe487fdd-f38a-476a-9f91-d13180deb78e, columns={'addresses': ['fa:16:3e:ac:46:2e'], 'external_ids': {'neutron:port_name': '', 'neutron:device_id': 'ovnmeta-fe487fdd-f38a-476a-9f91-d13180deb78e', 'neutron:project_id': '997e2728da0f44349bf2294d5f0162ad', 'neutron:cidrs': '', 'neutron:device_owner': 'network:distributed', 'neutron:subnet_pool_addr_scope4': '', 'neutron:subnet_pool_addr_scope6': '', 'neutron:network_name': 'neutron-fe487fdd-f38a-476a-9f91-d13180deb78e', 'neutron:security_group_ids': '', 'neutron:revision_number': '1', 'neutron:vnic_type': 'normal', 'neutron:port_capabilities': '', 'neutron:mtu': '1372'}, 'parent_name': [], 'enabled': True, 'options': {}, 'type': 'localport', 'port_security': [], 'dhcpv4_options': [], 'dhcpv6_options': [], 'tag_request': []}) {{(pid=87358) do_commit /opt/stack/data/venv/lib/python3.12/site-packages/ovsdbapp/backend/ovs_idl/transaction.py:89}}
Jul 06 19:41:59.019709 np0000004661 devstack@neutron-api.service[87358]: DEBUG ovsdbapp.backend.ovs_idl.transaction [None req-4e5562fd-af46-4107-ac71-d26c875ccd11 None None] Running txn n=1 command(idx=1): QoSDelCommand(_result=None, switch=neutron-fe487fdd-f38a-476a-9f91-d13180deb78e, conditions=[('direction', '=', 'to-lport'), ('priority', '=', 2002), ('match', '=', 'outport == "1fc4ad2e-954a-4157-8a47-1b06d362c620"')], if_exists=True) {{(pid=87358) do_commit /opt/stack/data/venv/lib/python3.12/site-packages/ovsdbapp/backend/ovs_idl/transaction.py:89}}
Jul 06 19:41:59.019971 np0000004661 devstack@neutron-api.service[87358]: DEBUG ovsdbapp.backend.ovs_idl.transaction [None req-4e5562fd-af46-4107-ac71-d26c875ccd11 None None] Running txn n=1 command(idx=2): QoSDelCommand(_result=None, switch=neutron-fe487fdd-f38a-476a-9f91-d13180deb78e, conditions=[('direction', '=', 'from-lport'), ('priority', '=', 2002), ('match', '=', 'inport == "1fc4ad2e-954a-4157-8a47-1b06d362c620"')], if_exists=True) {{(pid=87358) do_commit /opt/stack/data/venv/lib/python3.12/site-packages/ovsdbapp/backend/ovs_idl/transaction.py:89}}
Jul 06 19:41:59.023056 np0000004661 devstack@neutron-api.service[87358]: DEBUG neutron.plugins.ml2.drivers.ovn.mech_driver.ovsdb.ovsdb_monitor [None req-4e5562fd-af46-4107-ac71-d26c875ccd11 None None] Hash Ring: Node a83f2866cff659b7ae03f9678075fdfd (host: np0000004661) handling event "create" for row c2525bb4-fb88-4131-9c5f-e86495f44d18 (table: Logical_Switch_Port) {{(pid=87358) notify /opt/stack/neutron/neutron/plugins/ml2/drivers/ovn/mech_driver/ovsdb/ovsdb_monitor.py:1015}}
Jul 06 19:41:59.024404 np0000004661 devstack@neutron-api.service[87358]: DEBUG ovsdbapp.backend.ovs_idl.event [None req-4e5562fd-af46-4107-ac71-d26c875ccd11 None None] Matched CREATE: LogicalSwitchPortCreateEvent(events=('create',), table='Logical_Switch_Port', conditions=[], old_conditions=None), priority=20 to row=Logical_Switch_Port(uuid=c2525bb4-fb88-4131-9c5f-e86495f44d18, addresses=['fa:16:3e:ac:46:2e'], dhcpv4_options=[], dhcpv6_options=[], dynamic_addresses=[], enabled=True, external_ids={'neutron:cidrs': '', 'neutron:device_id': 'ovnmeta-fe487fdd-f38a-476a-9f91-d13180deb78e', 'neutron:device_owner': 'network:distributed', 'neutron:mtu': '1372', 'neutron:network_name': 'neutron-fe487fdd-f38a-476a-9f91-d13180deb78e', 'neutron:port_capabilities': '', 'neutron:port_name': '', 'neutron:project_id': '997e2728da0f44349bf2294d5f0162ad', 'neutron:revision_number': '1', 'neutron:security_group_ids': '', 'neutron:subnet_pool_addr_scope4': '', 'neutron:subnet_pool_addr_scope6': '', 'neutron:vnic_type': 'normal'}, ha_chassis_group=[], mirror_rules=[], name='1fc4ad2e-954a-4157-8a47-1b06d362c620', options={}, parent_name=[], port_security=[], tag=[], tag_request=[], type='localport', up=[]) old= {{(pid=87358) matches /opt/stack/data/venv/lib/python3.12/site-packages/ovsdbapp/backend/ovs_idl/event.py:55}}
Jul 06 19:41:59.025859 np0000004661 devstack@neutron-api.service[87358]: DEBUG neutron.plugins.ml2.drivers.ovn.mech_driver.ovsdb.ovsdb_monitor [None req-4e5562fd-af46-4107-ac71-d26c875ccd11 None None] Hash Ring: Node a83f2866cff659b7ae03f9678075fdfd (host: np0000004661) handling event "update" for row c2525bb4-fb88-4131-9c5f-e86495f44d18 (table: Logical_Switch_Port) {{(pid=87358) notify /opt/stack/neutron/neutron/plugins/ml2/drivers/ovn/mech_driver/ovsdb/ovsdb_monitor.py:1015}}
Jul 06 19:41:59.030304 np0000004661 devstack@neutron-api.service[87358]: INFO neutron.plugins.ml2.drivers.ovn.mech_driver.mech_driver [None req-bbc7f81c-659b-48ed-94ee-4c47f985da36 None None] OVN reports status down for port: 1fc4ad2e-954a-4157-8a47-1b06d362c620
Jul 06 19:41:59.030803 np0000004661 devstack@neutron-api.service[87356]: DEBUG neutron.plugins.ml2.drivers.ovn.mech_driver.ovsdb.ovsdb_monitor [None req-68d7866b-ad64-428c-abc2-bdc46fd2b35b None None] Hash Ring: Node 70bd45db833b5193b4ae0c8fdc07a059 (host: np0000004661) handling event "update" for row fe487fdd-f38a-476a-9f91-d13180deb78e (table: Logical_Switch) {{(pid=87356) notify /opt/stack/neutron/neutron/plugins/ml2/drivers/ovn/mech_driver/ovsdb/ovsdb_monitor.py:1015}}
Jul 06 19:41:59.031701 np0000004661 devstack@neutron-api.service[87357]: DEBUG neutron.plugins.ml2.drivers.ovn.mech_driver.ovsdb.commands [None req-9b55f706-6c6e-4792-be4e-1c58b7101e18 admin admin] Converting tag [] to a tag_request {{(pid=87357) _tag_column_to_tag_request /opt/stack/neutron/neutron/plugins/ml2/drivers/ovn/mech_driver/ovsdb/commands.py:205}}
Jul 06 19:41:59.032330 np0000004661 devstack@neutron-api.service[87357]: DEBUG ovsdbapp.backend.ovs_idl.transaction [None req-d5d4384f-7676-4a93-87c4-e9ad072ef098 None None] Running txn n=1 command(idx=0): AddLSwitchPortCommand(_result=None, lport=a71f9adb-a786-4392-8f16-788e893fcc0d, lswitch=neutron-27e7399c-c31c-4681-bb74-8fac8b6966f7, may_exist=True, network_uuid=27e7399c-c31c-4681-bb74-8fac8b6966f7, columns={'addresses': ['fa:16:3e:9a:d6:7f'], 'external_ids': {'neutron:port_name': '', 'neutron:device_id': 'ovnmeta-27e7399c-c31c-4681-bb74-8fac8b6966f7', 'neutron:project_id': '11aed00742f04ce1aa0cc7adbd7946c5', 'neutron:cidrs': '', 'neutron:device_owner': 'network:distributed', 'neutron:subnet_pool_addr_scope4': '', 'neutron:subnet_pool_addr_scope6': '', 'neutron:network_name': 'neutron-27e7399c-c31c-4681-bb74-8fac8b6966f7', 'neutron:security_group_ids': '', 'neutron:revision_number': '1', 'neutron:vnic_type': 'normal', 'neutron:port_capabilities': '', 'neutron:mtu': '1372'}, 'parent_name': [], 'enabled': True, 'options': {}, 'type': 'localport', 'port_security': [], 'dhcpv4_options': [], 'dhcpv6_options': [], 'tag_request': []}) {{(pid=87357) do_commit /opt/stack/data/venv/lib/python3.12/site-packages/ovsdbapp/backend/ovs_idl/transaction.py:89}}
Jul 06 19:41:59.032960 np0000004661 devstack@neutron-api.service[87357]: DEBUG ovsdbapp.backend.ovs_idl.transaction [None req-d5d4384f-7676-4a93-87c4-e9ad072ef098 None None] Running txn n=1 command(idx=1): QoSDelCommand(_result=None, switch=neutron-27e7399c-c31c-4681-bb74-8fac8b6966f7, conditions=[('direction', '=', 'to-lport'), ('priority', '=', 2002), ('match', '=', 'outport == "a71f9adb-a786-4392-8f16-788e893fcc0d"')], if_exists=True) {{(pid=87357) do_commit /opt/stack/data/venv/lib/python3.12/site-packages/ovsdbapp/backend/ovs_idl/transaction.py:89}}
Jul 06 19:41:59.033205 np0000004661 devstack@neutron-api.service[87357]: DEBUG ovsdbapp.backend.ovs_idl.transaction [None req-d5d4384f-7676-4a93-87c4-e9ad072ef098 None None] Running txn n=1 command(idx=2): QoSDelCommand(_result=None, switch=neutron-27e7399c-c31c-4681-bb74-8fac8b6966f7, conditions=[('direction', '=', 'from-lport'), ('priority', '=', 2002), ('match', '=', 'inport == "a71f9adb-a786-4392-8f16-788e893fcc0d"')], if_exists=True) {{(pid=87357) do_commit /opt/stack/data/venv/lib/python3.12/site-packages/ovsdbapp/backend/ovs_idl/transaction.py:89}}
Jul 06 19:41:59.033271 np0000004661 devstack@neutron-api.service[87358]: DEBUG neutron.plugins.ml2.drivers.ovn.mech_driver.ovsdb.ovsdb_monitor [None req-26ad1c12-d127-4b3b-9074-0456246bcb67 None None] Hash Ring: Node a83f2866cff659b7ae03f9678075fdfd (host: np0000004661) handling event "create" for row 228f131a-5d3e-4229-b7b9-2b649ea530ae (table: Port_Binding) {{(pid=87358) notify /opt/stack/neutron/neutron/plugins/ml2/drivers/ovn/mech_driver/ovsdb/ovsdb_monitor.py:1015}}
Jul 06 19:41:59.039224 np0000004661 devstack@neutron-api.service[87358]: DEBUG neutron.plugins.ml2.drivers.ovn.mech_driver.ovsdb.ovsdb_monitor [None req-4e5562fd-af46-4107-ac71-d26c875ccd11 None None] Hash Ring: Node a83f2866cff659b7ae03f9678075fdfd (host: np0000004661) handling event "update" for row 27e7399c-c31c-4681-bb74-8fac8b6966f7 (table: Logical_Switch) {{(pid=87358) notify /opt/stack/neutron/neutron/plugins/ml2/drivers/ovn/mech_driver/ovsdb/ovsdb_monitor.py:1015}}
Jul 06 19:41:59.039635 np0000004661 devstack@neutron-api.service[87358]: DEBUG neutron.plugins.ml2.drivers.ovn.mech_driver.ovsdb.ovsdb_monitor [None req-4e5562fd-af46-4107-ac71-d26c875ccd11 None None] Hash Ring: Node a83f2866cff659b7ae03f9678075fdfd (host: np0000004661) handling event "create" for row fb6c9705-dd9c-41c9-b91e-0f0f4556f63d (table: Logical_Switch_Port) {{(pid=87358) notify /opt/stack/neutron/neutron/plugins/ml2/drivers/ovn/mech_driver/ovsdb/ovsdb_monitor.py:1015}}
Jul 06 19:41:59.041510 np0000004661 devstack@neutron-api.service[87358]: DEBUG ovsdbapp.backend.ovs_idl.event [None req-4e5562fd-af46-4107-ac71-d26c875ccd11 None None] Matched CREATE: LogicalSwitchPortCreateEvent(events=('create',), table='Logical_Switch_Port', conditions=[], old_conditions=None), priority=20 to row=Logical_Switch_Port(uuid=fb6c9705-dd9c-41c9-b91e-0f0f4556f63d, addresses=['fa:16:3e:9a:d6:7f'], dhcpv4_options=[], dhcpv6_options=[], dynamic_addresses=[], enabled=True, external_ids={'neutron:cidrs': '', 'neutron:device_id': 'ovnmeta-27e7399c-c31c-4681-bb74-8fac8b6966f7', 'neutron:device_owner': 'network:distributed', 'neutron:mtu': '1372', 'neutron:network_name': 'neutron-27e7399c-c31c-4681-bb74-8fac8b6966f7', 'neutron:port_capabilities': '', 'neutron:port_name': '', 'neutron:project_id': '11aed00742f04ce1aa0cc7adbd7946c5', 'neutron:revision_number': '1', 'neutron:security_group_ids': '', 'neutron:subnet_pool_addr_scope4': '', 'neutron:subnet_pool_addr_scope6': '', 'neutron:vnic_type': 'normal'}, ha_chassis_group=[], mirror_rules=[], name='a71f9adb-a786-4392-8f16-788e893fcc0d', options={}, parent_name=[], port_security=[], tag=[], tag_request=[], type='localport', up=[]) old= {{(pid=87358) matches /opt/stack/data/venv/lib/python3.12/site-packages/ovsdbapp/backend/ovs_idl/event.py:55}}
Jul 06 19:41:59.047309 np0000004661 devstack@neutron-api.service[87358]: DEBUG neutron.plugins.ml2.drivers.ovn.mech_driver.ovsdb.ovsdb_monitor [None req-4e5562fd-af46-4107-ac71-d26c875ccd11 None None] Hash Ring: Node a83f2866cff659b7ae03f9678075fdfd (host: np0000004661) handling event "update" for row fb6c9705-dd9c-41c9-b91e-0f0f4556f63d (table: Logical_Switch_Port) {{(pid=87358) notify /opt/stack/neutron/neutron/plugins/ml2/drivers/ovn/mech_driver/ovsdb/ovsdb_monitor.py:1015}}
Jul 06 19:41:59.049629 np0000004661 devstack@neutron-api.service[87358]: DEBUG neutron.plugins.ml2.drivers.ovn.mech_driver.ovsdb.ovsdb_monitor [None req-26ad1c12-d127-4b3b-9074-0456246bcb67 None None] Hash Ring: Node a83f2866cff659b7ae03f9678075fdfd (host: np0000004661) handling event "create" for row c083e685-6055-4ea0-a977-cbedf589a88d (table: Port_Binding) {{(pid=87358) notify /opt/stack/neutron/neutron/plugins/ml2/drivers/ovn/mech_driver/ovsdb/ovsdb_monitor.py:1015}}
Jul 06 19:41:59.075511 np0000004661 devstack@neutron-api.service[87356]: DEBUG neutron_lib.callbacks.manager [None req-63da7095-534b-4182-9114-209ca3474781 admin admin] Publish callbacks ['neutron.plugins.ml2.drivers.ovn.mech_driver.mech_driver.OVNMechanismDriver._create_security_group_precommit-350826'] for security_group (a6a402de-0db9-4487-bd59-c6f2e3a56691), precommit_create {{(pid=87356) _notify_loop /opt/stack/data/venv/lib/python3.12/site-packages/neutron_lib/callbacks/manager.py:184}}
Jul 06 19:41:59.075782 np0000004661 devstack@neutron-api.service[87356]: DEBUG neutron.db.ovn_revision_numbers_db [None req-63da7095-534b-4182-9114-209ca3474781 admin admin] create_initial_revision uuid=a6a402de-0db9-4487-bd59-c6f2e3a56691, type=security_groups, rev=-1 {{(pid=87356) create_initial_revision /opt/stack/neutron/neutron/db/ovn_revision_numbers_db.py:98}}
Jul 06 19:41:59.076280 np0000004661 devstack@neutron-api.service[87357]: INFO neutron.db.ovn_revision_numbers_db [None req-9b55f706-6c6e-4792-be4e-1c58b7101e18 admin admin] Successfully bumped revision number for resource a71f9adb-a786-4392-8f16-788e893fcc0d (type: ports) to 1
Jul 06 19:41:59.077495 np0000004661 devstack@neutron-api.service[87356]: DEBUG neutron.db.ovn_revision_numbers_db [None req-63da7095-534b-4182-9114-209ca3474781 admin admin] create_initial_revision uuid=53a177fd-ec7a-47fc-beaa-fe2687f0d158, type=security_group_rules, rev=-1 {{(pid=87356) create_initial_revision /opt/stack/neutron/neutron/db/ovn_revision_numbers_db.py:98}}
Jul 06 19:41:59.078932 np0000004661 devstack@neutron-api.service[87356]: DEBUG neutron.db.ovn_revision_numbers_db [None req-63da7095-534b-4182-9114-209ca3474781 admin admin] create_initial_revision uuid=5568b6be-b99a-4537-81a7-ccafc1f69e20, type=security_group_rules, rev=-1 {{(pid=87356) create_initial_revision /opt/stack/neutron/neutron/db/ovn_revision_numbers_db.py:98}}
Jul 06 19:41:59.080474 np0000004661 devstack@neutron-api.service[87356]: DEBUG neutron.db.ovn_revision_numbers_db [None req-63da7095-534b-4182-9114-209ca3474781 admin admin] create_initial_revision uuid=edee70bb-712d-4a1c-b380-cab91fee8aa3, type=security_group_rules, rev=-1 {{(pid=87356) create_initial_revision /opt/stack/neutron/neutron/db/ovn_revision_numbers_db.py:98}}
Jul 06 19:41:59.081666 np0000004661 devstack@neutron-api.service[87356]: DEBUG neutron.db.ovn_revision_numbers_db [None req-63da7095-534b-4182-9114-209ca3474781 admin admin] create_initial_revision uuid=fa7c1a5c-1133-4f5e-9853-b94726c90701, type=security_group_rules, rev=-1 {{(pid=87356) create_initial_revision /opt/stack/neutron/neutron/db/ovn_revision_numbers_db.py:98}}
Jul 06 19:41:59.084210 np0000004661 devstack@neutron-api.service[87357]: DEBUG neutron.pecan_wsgi.hooks.policy_enforcement [None req-9b55f706-6c6e-4792-be4e-1c58b7101e18 admin admin] Attributes excluded by policy engine: ['standard_attr_id'] {{(pid=87357) _exclude_attributes_by_policy /opt/stack/neutron/neutron/pecan_wsgi/hooks/policy_enforcement.py:259}}
Jul 06 19:41:59.084650 np0000004661 devstack@neutron-api.service[87356]: DEBUG neutron_lib.callbacks.manager [None req-63da7095-534b-4182-9114-209ca3474781 admin admin] Publish callbacks ['neutron.plugins.ml2.drivers.ovn.mech_driver.mech_driver.OVNMechanismDriver._create_security_group-350736', 'neutron.plugins.ml2.ovo_rpc._ObjectChangeHandler.handle_event-1128680'] for security_group (a6a402de-0db9-4487-bd59-c6f2e3a56691), after_create {{(pid=87356) _notify_loop /opt/stack/data/venv/lib/python3.12/site-packages/neutron_lib/callbacks/manager.py:184}}
Jul 06 19:41:59.084753 np0000004661 devstack@neutron-api.service[87357]: DEBUG neutron_lib.callbacks.manager [None req-9b55f706-6c6e-4792-be4e-1c58b7101e18 admin admin] Publish callbacks [] for network (None), before_response {{(pid=87357) _notify_loop /opt/stack/data/venv/lib/python3.12/site-packages/neutron_lib/callbacks/manager.py:184}}
Jul 06 19:41:59.085087 np0000004661 devstack@neutron-api.service[87356]: DEBUG ovsdbapp.backend.ovs_idl.transaction [None req-68d7866b-ad64-428c-abc2-bdc46fd2b35b None None] Running txn n=1 command(idx=0): PgAddCommand(_result=None, name=pg_a6a402de_0db9_4487_bd59_c6f2e3a56691, may_exist=False, columns={'acls': [], 'external_ids': {'neutron:security_group_id': 'a6a402de-0db9-4487-bd59-c6f2e3a56691'}}) {{(pid=87356) do_commit /opt/stack/data/venv/lib/python3.12/site-packages/ovsdbapp/backend/ovs_idl/transaction.py:89}}
Jul 06 19:41:59.085405 np0000004661 devstack@neutron-api.service[87356]: DEBUG ovsdbapp.backend.ovs_idl.transaction [None req-68d7866b-ad64-428c-abc2-bdc46fd2b35b None None] Running txn n=1 command(idx=1): PgAclAddCommand(_result=None, entity=pg_a6a402de_0db9_4487_bd59_c6f2e3a56691, direction=to-lport, priority=1002, match=outport == @pg_a6a402de_0db9_4487_bd59_c6f2e3a56691 && ip6 && ip6.src == $pg_a6a402de_0db9_4487_bd59_c6f2e3a56691_ip6, action=allow-related, log=False, may_exist=True, severity=[], name=[], meter=[], external_ids={'neutron:security_group_rule_id': '53a177fd-ec7a-47fc-beaa-fe2687f0d158'}) {{(pid=87356) do_commit /opt/stack/data/venv/lib/python3.12/site-packages/ovsdbapp/backend/ovs_idl/transaction.py:89}}
Jul 06 19:41:59.085798 np0000004661 devstack@neutron-api.service[87356]: DEBUG ovsdbapp.backend.ovs_idl.transaction [None req-68d7866b-ad64-428c-abc2-bdc46fd2b35b None None] Running txn n=1 command(idx=2): PgAclAddCommand(_result=None, entity=pg_a6a402de_0db9_4487_bd59_c6f2e3a56691, direction=to-lport, priority=1002, match=outport == @pg_a6a402de_0db9_4487_bd59_c6f2e3a56691 && ip4 && ip4.src == $pg_a6a402de_0db9_4487_bd59_c6f2e3a56691_ip4, action=allow-related, log=False, may_exist=True, severity=[], name=[], meter=[], external_ids={'neutron:security_group_rule_id': '5568b6be-b99a-4537-81a7-ccafc1f69e20'}) {{(pid=87356) do_commit /opt/stack/data/venv/lib/python3.12/site-packages/ovsdbapp/backend/ovs_idl/transaction.py:89}}
Jul 06 19:41:59.086118 np0000004661 devstack@neutron-api.service[87356]: DEBUG ovsdbapp.backend.ovs_idl.transaction [None req-68d7866b-ad64-428c-abc2-bdc46fd2b35b None None] Running txn n=1 command(idx=3): PgAclAddCommand(_result=None, entity=pg_a6a402de_0db9_4487_bd59_c6f2e3a56691, direction=from-lport, priority=1002, match=inport == @pg_a6a402de_0db9_4487_bd59_c6f2e3a56691 && ip4, action=allow-related, log=False, may_exist=True, severity=[], name=[], meter=[], external_ids={'neutron:security_group_rule_id': 'edee70bb-712d-4a1c-b380-cab91fee8aa3'}) {{(pid=87356) do_commit /opt/stack/data/venv/lib/python3.12/site-packages/ovsdbapp/backend/ovs_idl/transaction.py:89}}
Jul 06 19:41:59.086481 np0000004661 devstack@neutron-api.service[87356]: DEBUG ovsdbapp.backend.ovs_idl.transaction [None req-68d7866b-ad64-428c-abc2-bdc46fd2b35b None None] Running txn n=1 command(idx=4): PgAclAddCommand(_result=None, entity=pg_a6a402de_0db9_4487_bd59_c6f2e3a56691, direction=from-lport, priority=1002, match=inport == @pg_a6a402de_0db9_4487_bd59_c6f2e3a56691 && ip6, action=allow-related, log=False, may_exist=True, severity=[], name=[], meter=[], external_ids={'neutron:security_group_rule_id': 'fa7c1a5c-1133-4f5e-9853-b94726c90701'}) {{(pid=87356) do_commit /opt/stack/data/venv/lib/python3.12/site-packages/ovsdbapp/backend/ovs_idl/transaction.py:89}}
Jul 06 19:41:59.094387 np0000004661 devstack@neutron-api.service[87357]: DEBUG neutron.plugins.ml2.drivers.ovn.mech_driver.ovsdb.ovsdb_monitor [None req-d5d4384f-7676-4a93-87c4-e9ad072ef098 None None] Hash Ring: Node e2bacca2e7c1519f9b88a1db7b197458 (host: np0000004661) handling event "create" for row 7bfce7b4-d327-43c5-9a08-0644edddf94d (table: ACL) {{(pid=87357) notify /opt/stack/neutron/neutron/plugins/ml2/drivers/ovn/mech_driver/ovsdb/ovsdb_monitor.py:1015}}
Jul 06 19:41:59.094765 np0000004661 devstack@neutron-api.service[87357]: DEBUG neutron.plugins.ml2.drivers.ovn.mech_driver.ovsdb.ovsdb_monitor [None req-d5d4384f-7676-4a93-87c4-e9ad072ef098 None None] Hash Ring: Node e2bacca2e7c1519f9b88a1db7b197458 (host: np0000004661) handling event "create" for row 63a820c2-13b1-4b05-9f56-09f2cf719174 (table: Port_Group) {{(pid=87357) notify /opt/stack/neutron/neutron/plugins/ml2/drivers/ovn/mech_driver/ovsdb/ovsdb_monitor.py:1015}}
Jul 06 19:41:59.100033 np0000004661 devstack@neutron-api.service[87357]: [pid: 87357|app: 0|req: 15/45] 10.4.3.124 () {68 vars in 1277 bytes} [Mon Jul 6 19:41:57 2026] POST /networking/v2.0/networks => generated 729 bytes in 1276 msecs (HTTP/1.1 201) 4 headers in 162 bytes (1 switches on core 0)
Jul 06 19:41:59.102411 np0000004661 devstack@neutron-api.service[87358]: DEBUG neutron.db.provisioning_blocks [None req-bbc7f81c-659b-48ed-94ee-4c47f985da36 None None] Transition to ACTIVE for port object 1fc4ad2e-954a-4157-8a47-1b06d362c620 will not be triggered until provisioned by entity L2. {{(pid=87358) add_provisioning_component /opt/stack/neutron/neutron/db/provisioning_blocks.py:74}}
Jul 06 19:41:59.105607 np0000004661 devstack@neutron-api.service[87358]: DEBUG neutron.plugins.ml2.drivers.ovn.mech_driver.ovsdb.ovsdb_monitor [None req-4e5562fd-af46-4107-ac71-d26c875ccd11 None None] Hash Ring: Node a83f2866cff659b7ae03f9678075fdfd (host: np0000004661) handling event "create" for row 2e2e690b-af30-441f-92b7-9d602394383d (table: ACL) {{(pid=87358) notify /opt/stack/neutron/neutron/plugins/ml2/drivers/ovn/mech_driver/ovsdb/ovsdb_monitor.py:1015}}
Jul 06 19:41:59.106516 np0000004661 devstack@neutron-api.service[87358]: INFO neutron.db.ovn_revision_numbers_db [None req-ec5882fd-85a7-409a-8f53-99851008b360 admin admin] Successfully bumped revision number for resource 1fc4ad2e-954a-4157-8a47-1b06d362c620 (type: ports) to 1
Jul 06 19:41:59.108207 np0000004661 devstack@neutron-api.service[87356]: INFO neutron.db.ovn_revision_numbers_db [None req-63da7095-534b-4182-9114-209ca3474781 admin admin] Successfully bumped revision number for resource a6a402de-0db9-4487-bd59-c6f2e3a56691 (type: security_groups) to 1
Jul 06 19:41:59.109301 np0000004661 devstack@neutron-api.service[87358]: DEBUG neutron.plugins.ml2.drivers.ovn.mech_driver.ovsdb.ovsdb_monitor [None req-4e5562fd-af46-4107-ac71-d26c875ccd11 None None] Hash Ring: Node a83f2866cff659b7ae03f9678075fdfd (host: np0000004661) handling event "create" for row 84ab261b-e736-4960-a208-f4a8036d756d (table: ACL) {{(pid=87358) notify /opt/stack/neutron/neutron/plugins/ml2/drivers/ovn/mech_driver/ovsdb/ovsdb_monitor.py:1015}}
Jul 06 19:41:59.109301 np0000004661 devstack@neutron-api.service[87358]: DEBUG neutron.plugins.ml2.drivers.ovn.mech_driver.ovsdb.ovsdb_monitor [None req-4e5562fd-af46-4107-ac71-d26c875ccd11 None None] Hash Ring: Node a83f2866cff659b7ae03f9678075fdfd (host: np0000004661) handling event "create" for row fce2fe4b-1e64-4879-a456-425e6279e52b (table: ACL) {{(pid=87358) notify /opt/stack/neutron/neutron/plugins/ml2/drivers/ovn/mech_driver/ovsdb/ovsdb_monitor.py:1015}}
Jul 06 19:41:59.117202 np0000004661 devstack@neutron-api.service[87356]: INFO neutron.db.ovn_revision_numbers_db [None req-63da7095-534b-4182-9114-209ca3474781 admin admin] Successfully bumped revision number for resource 53a177fd-ec7a-47fc-beaa-fe2687f0d158 (type: security_group_rules) to 0
Jul 06 19:41:59.126901 np0000004661 devstack@neutron-api.service[87356]: INFO neutron.db.ovn_revision_numbers_db [None req-63da7095-534b-4182-9114-209ca3474781 admin admin] Successfully bumped revision number for resource 5568b6be-b99a-4537-81a7-ccafc1f69e20 (type: security_group_rules) to 0
Jul 06 19:41:59.135913 np0000004661 devstack@neutron-api.service[87358]: DEBUG neutron.pecan_wsgi.hooks.policy_enforcement [None req-ec5882fd-85a7-409a-8f53-99851008b360 admin admin] Attributes excluded by policy engine: ['standard_attr_id'] {{(pid=87358) _exclude_attributes_by_policy /opt/stack/neutron/neutron/pecan_wsgi/hooks/policy_enforcement.py:259}}
Jul 06 19:41:59.136334 np0000004661 devstack@neutron-api.service[87358]: DEBUG neutron_lib.callbacks.manager [None req-ec5882fd-85a7-409a-8f53-99851008b360 admin admin] Publish callbacks [] for network (None), before_response {{(pid=87358) _notify_loop /opt/stack/data/venv/lib/python3.12/site-packages/neutron_lib/callbacks/manager.py:184}}
Jul 06 19:41:59.137633 np0000004661 devstack@neutron-api.service[87356]: INFO neutron.db.ovn_revision_numbers_db [None req-63da7095-534b-4182-9114-209ca3474781 admin admin] Successfully bumped revision number for resource edee70bb-712d-4a1c-b380-cab91fee8aa3 (type: security_group_rules) to 0
Jul 06 19:41:59.148027 np0000004661 devstack@neutron-api.service[87358]: DEBUG neutron.plugins.ml2.plugin [None req-bbc7f81c-659b-48ed-94ee-4c47f985da36 None None] Current status of the port 1fc4ad2e-954a-4157-8a47-1b06d362c620 is: DOWN; New status is: DOWN {{(pid=87358) _update_individual_port_db_status /opt/stack/neutron/neutron/plugins/ml2/plugin.py:2473}}
Jul 06 19:41:59.149386 np0000004661 devstack@neutron-api.service[87356]: INFO neutron.db.ovn_revision_numbers_db [None req-63da7095-534b-4182-9114-209ca3474781 admin admin] Successfully bumped revision number for resource fa7c1a5c-1133-4f5e-9853-b94726c90701 (type: security_group_rules) to 0
Jul 06 19:41:59.149613 np0000004661 devstack@neutron-api.service[87358]: DEBUG ovsdbapp.backend.ovs_idl.transaction [None req-4e5562fd-af46-4107-ac71-d26c875ccd11 None None] Running txn n=1 command(idx=0): DbRemoveCommand(_result=None, table=Logical_Switch_Port, record=1fc4ad2e-954a-4157-8a47-1b06d362c620, column=external_ids, values=('neutron:host_id',), keyvalues={}, if_exists=True) {{(pid=87358) do_commit /opt/stack/data/venv/lib/python3.12/site-packages/ovsdbapp/backend/ovs_idl/transaction.py:89}}
Jul 06 19:41:59.152800 np0000004661 devstack@neutron-api.service[87358]: [pid: 87358|app: 0|req: 15/46] 10.4.3.124 () {68 vars in 1277 bytes} [Mon Jul 6 19:41:57 2026] POST /networking/v2.0/networks => generated 725 bytes in 1230 msecs (HTTP/1.1 201) 4 headers in 162 bytes (1 switches on core 0)
Jul 06 19:41:59.153834 np0000004661 devstack@neutron-api.service[87358]: INFO neutron.plugins.ml2.drivers.ovn.mech_driver.mech_driver [None req-bbc7f81c-659b-48ed-94ee-4c47f985da36 None None] OVN reports status down for port: a71f9adb-a786-4392-8f16-788e893fcc0d
Jul 06 19:41:59.178714 np0000004661 devstack@neutron-api.service[87356]: DEBUG neutron.api.rpc.handlers.resources_rpc [None req-63da7095-534b-4182-9114-209ca3474781 admin admin] Pushing event updated for resources: {'SecurityGroup': ['ID=a6a402de-0db9-4487-bd59-c6f2e3a56691,revision_number=1']} {{(pid=87356) push /opt/stack/neutron/neutron/api/rpc/handlers/resources_rpc.py:237}}
Jul 06 19:41:59.180990 np0000004661 devstack@neutron-api.service[87358]: DEBUG neutron.db.provisioning_blocks [None req-bbc7f81c-659b-48ed-94ee-4c47f985da36 None None] Transition to ACTIVE for port object a71f9adb-a786-4392-8f16-788e893fcc0d will not be triggered until provisioned by entity L2. {{(pid=87358) add_provisioning_component /opt/stack/neutron/neutron/db/provisioning_blocks.py:74}}
Jul 06 19:41:59.203082 np0000004661 devstack@neutron-api.service[87358]: DEBUG neutron.plugins.ml2.plugin [None req-bbc7f81c-659b-48ed-94ee-4c47f985da36 None None] Current status of the port a71f9adb-a786-4392-8f16-788e893fcc0d is: DOWN; New status is: DOWN {{(pid=87358) _update_individual_port_db_status /opt/stack/neutron/neutron/plugins/ml2/plugin.py:2473}}
