Aug 08 19:13:59.453502 np0000006800 devstack@g-api.service[99794]: DEBUG glance_store.location [-] Registering scheme https with {'store': , 'location_class': , 'store_entry': 'http'} {{(pid=99794) register_scheme_map /opt/stack/data/venv/lib/python3.12/site-packages/glance_store/location.py:146}}
Aug 08 19:13:59.453502 np0000006800 devstack@g-api.service[99794]: DEBUG glance_store.backend [-] Attempting to import store swift {{(pid=99794) _load_store /opt/stack/data/venv/lib/python3.12/site-packages/glance_store/backend.py:215}}
Aug 08 19:13:59.453677 np0000006800 devstack@g-api.service[99794]: WARNING oslo_config.cfg [-] Deprecated: Option "default_store" from group "glance_store" is deprecated for removal (
Aug 08 19:13:59.453677 np0000006800 devstack@g-api.service[99794]: This option is deprecated against new config option
Aug 08 19:13:59.453677 np0000006800 devstack@g-api.service[99794]: ``default_backend`` which acts similar to ``default_store`` config
Aug 08 19:13:59.453677 np0000006800 devstack@g-api.service[99794]: option.
Aug 08 19:13:59.453677 np0000006800 devstack@g-api.service[99794]: This option is scheduled for removal in the U development
Aug 08 19:13:59.453677 np0000006800 devstack@g-api.service[99794]: cycle.
Aug 08 19:13:59.453677 np0000006800 devstack@g-api.service[99794]: ). Its value may be silently ignored in the future.
Aug 08 19:13:59.454820 np0000006800 devstack@g-api.service[99794]: DEBUG glance_store.capabilities [-] Store glance_store._drivers.swift.store.SingleTenantStore doesn't support updating dynamic storage capabilities. Please overwrite 'update_capabilities' method of the store to implement updating logics if needed. {{(pid=99794) update_capabilities /opt/stack/data/venv/lib/python3.12/site-packages/glance_store/capabilities.py:91}}
Aug 08 19:13:59.454882 np0000006800 devstack@g-api.service[99794]: DEBUG glance_store.backend [-] Registering store swift with schemes ('swift+https', 'swift', 'swift+http', 'swift+config') {{(pid=99794) create_stores /opt/stack/data/venv/lib/python3.12/site-packages/glance_store/backend.py:261}}
Aug 08 19:13:59.454928 np0000006800 devstack@g-api.service[99794]: DEBUG glance_store.driver [-] Late loading location class glance_store._drivers.swift.store.StoreLocation {{(pid=99794) get_store_location_class /opt/stack/data/venv/lib/python3.12/site-packages/glance_store/driver.py:134}}
Aug 08 19:13:59.455001 np0000006800 devstack@g-api.service[99794]: DEBUG glance_store.location [-] Registering scheme swift+https with {'store': , 'location_class': , 'store_entry': 'swift'} {{(pid=99794) register_scheme_map /opt/stack/data/venv/lib/python3.12/site-packages/glance_store/location.py:146}}
Aug 08 19:13:59.455062 np0000006800 devstack@g-api.service[99794]: DEBUG glance_store.location [-] Registering scheme swift with {'store': , 'location_class': , 'store_entry': 'swift'} {{(pid=99794) register_scheme_map /opt/stack/data/venv/lib/python3.12/site-packages/glance_store/location.py:146}}
Aug 08 19:13:59.455203 np0000006800 devstack@g-api.service[99794]: DEBUG glance_store.location [-] Registering scheme swift+http with {'store': , 'location_class': , 'store_entry': 'swift'} {{(pid=99794) register_scheme_map /opt/stack/data/venv/lib/python3.12/site-packages/glance_store/location.py:146}}
Aug 08 19:13:59.455203 np0000006800 devstack@g-api.service[99794]: DEBUG glance_store.location [-] Registering scheme swift+config with {'store': , 'location_class': , 'store_entry': 'swift'} {{(pid=99794) register_scheme_map /opt/stack/data/venv/lib/python3.12/site-packages/glance_store/location.py:146}}
Aug 08 19:13:59.455287 np0000006800 devstack@g-api.service[99794]: DEBUG glance_store.backend [-] Attempting to import store swift {{(pid=99794) _load_store /opt/stack/data/venv/lib/python3.12/site-packages/glance_store/backend.py:215}}
Aug 08 19:13:59.456309 np0000006800 devstack@g-api.service[99794]: DEBUG glance_store.capabilities [-] Store glance_store._drivers.swift.store.SingleTenantStore doesn't support updating dynamic storage capabilities. Please overwrite 'update_capabilities' method of the store to implement updating logics if needed. {{(pid=99794) update_capabilities /opt/stack/data/venv/lib/python3.12/site-packages/glance_store/capabilities.py:91}}
Aug 08 19:13:59.456368 np0000006800 devstack@g-api.service[99794]: DEBUG glance_store.driver [-] Late loading location class glance_store._drivers.swift.store.StoreLocation {{(pid=99794) get_store_location_class /opt/stack/data/venv/lib/python3.12/site-packages/glance_store/driver.py:134}}
Aug 08 19:13:59.456433 np0000006800 devstack@g-api.service[99794]: DEBUG glance_store.location [-] Registering scheme swift+https with {'store': , 'location_class': , 'store_entry': 'swift'} {{(pid=99794) register_scheme_map /opt/stack/data/venv/lib/python3.12/site-packages/glance_store/location.py:146}}
Aug 08 19:13:59.456486 np0000006800 devstack@g-api.service[99794]: DEBUG glance_store.location [-] Registering scheme swift+https with {'store': , 'location_class': , 'store_entry': 'swift'} {{(pid=99794) register_scheme_map /opt/stack/data/venv/lib/python3.12/site-packages/glance_store/location.py:146}}
Aug 08 19:13:59.456538 np0000006800 devstack@g-api.service[99794]: DEBUG glance_store.location [-] Registering scheme swift with {'store': , 'location_class': , 'store_entry': 'swift'} {{(pid=99794) register_scheme_map /opt/stack/data/venv/lib/python3.12/site-packages/glance_store/location.py:146}}
Aug 08 19:13:59.456590 np0000006800 devstack@g-api.service[99794]: DEBUG glance_store.location [-] Registering scheme swift+https with {'store': , 'location_class': , 'store_entry': 'swift'} {{(pid=99794) register_scheme_map /opt/stack/data/venv/lib/python3.12/site-packages/glance_store/location.py:146}}
Aug 08 19:13:59.456642 np0000006800 devstack@g-api.service[99794]: DEBUG glance_store.location [-] Registering scheme swift with {'store': , 'location_class': , 'store_entry': 'swift'} {{(pid=99794) register_scheme_map /opt/stack/data/venv/lib/python3.12/site-packages/glance_store/location.py:146}}
Aug 08 19:13:59.456688 np0000006800 devstack@g-api.service[99794]: DEBUG glance_store.location [-] Registering scheme swift+http with {'store': , 'location_class': , 'store_entry': 'swift'} {{(pid=99794) register_scheme_map /opt/stack/data/venv/lib/python3.12/site-packages/glance_store/location.py:146}}
Aug 08 19:13:59.456740 np0000006800 devstack@g-api.service[99794]: DEBUG glance_store.location [-] Registering scheme swift+https with {'store': , 'location_class': , 'store_entry': 'swift'} {{(pid=99794) register_scheme_map /opt/stack/data/venv/lib/python3.12/site-packages/glance_store/location.py:146}}
Aug 08 19:13:59.456789 np0000006800 devstack@g-api.service[99794]: DEBUG glance_store.location [-] Registering scheme swift with {'store': , 'location_class': , 'store_entry': 'swift'} {{(pid=99794) register_scheme_map /opt/stack/data/venv/lib/python3.12/site-packages/glance_store/location.py:146}}
Aug 08 19:13:59.456839 np0000006800 devstack@g-api.service[99794]: DEBUG glance_store.location [-] Registering scheme swift+http with {'store': , 'location_class': , 'store_entry': 'swift'} {{(pid=99794) register_scheme_map /opt/stack/data/venv/lib/python3.12/site-packages/glance_store/location.py:146}}
Aug 08 19:13:59.456890 np0000006800 devstack@g-api.service[99794]: DEBUG glance_store.location [-] Registering scheme swift+config with {'store': , 'location_class': , 'store_entry': 'swift'} {{(pid=99794) register_scheme_map /opt/stack/data/venv/lib/python3.12/site-packages/glance_store/location.py:146}}
Aug 08 19:13:59.457202 np0000006800 devstack@g-api.service[99794]: DEBUG glance.sqlite_migration [-] SQLite caching database not located, skipping migration {{(pid=99794) get_db_path /opt/stack/glance/glance/sqlite_migration.py:68}}
Aug 08 19:13:59.457389 np0000006800 devstack@g-api.service[99794]: WARNING glance.common.wsgi_app [-] Import methods are enabled but staging directory /tmp/staging/ does not exist; Imports will fail!
Aug 08 19:13:59.516045 np0000006800 devstack@g-api.service[99796]: DEBUG glance.common.config [None req-cfa0896b-7702-4c0e-94ff-2e1d72a4958b None None] Loading glance-api-keystone+cachemanagement from /etc/glance/glance-api-paste.ini {{(pid=99796) load_paste_app /opt/stack/glance/glance/common/config.py:765}}
Aug 08 19:13:59.525773 np0000006800 devstack@g-api.service[99795]: DEBUG glance.common.config [None req-a97bb710-48ff-4584-9802-cc31d5dc6111 None None] Loading glance-api-keystone+cachemanagement from /etc/glance/glance-api-paste.ini {{(pid=99795) load_paste_app /opt/stack/glance/glance/common/config.py:765}}
Aug 08 19:13:59.586243 np0000006800 devstack@g-api.service[99794]: DEBUG glance.common.config [None req-e01d3c7f-3489-407b-91ee-fb9c62d137ad None None] Loading glance-api-keystone+cachemanagement from /etc/glance/glance-api-paste.ini {{(pid=99794) load_paste_app /opt/stack/glance/glance/common/config.py:765}}
Aug 08 19:14:00.132291 np0000006800 devstack@g-api.service[99796]: INFO glance.image_cache [None req-cfa0896b-7702-4c0e-94ff-2e1d72a4958b None None] Image cache loaded driver 'centralized_db'.
Aug 08 19:14:00.134482 np0000006800 devstack@g-api.service[99795]: INFO glance.image_cache [None req-a97bb710-48ff-4584-9802-cc31d5dc6111 None None] Image cache loaded driver 'centralized_db'.
Aug 08 19:14:00.141438 np0000006800 devstack@g-api.service[99794]: INFO glance.image_cache [None req-e01d3c7f-3489-407b-91ee-fb9c62d137ad None None] Image cache loaded driver 'centralized_db'.
Aug 08 19:14:00.180931 np0000006800 devstack@g-api.service[99796]: INFO dbcounter [None req-cfa0896b-7702-4c0e-94ff-2e1d72a4958b None None] Registered counter for database glance
Aug 08 19:14:00.185095 np0000006800 devstack@g-api.service[99795]: INFO dbcounter [None req-a97bb710-48ff-4584-9802-cc31d5dc6111 None None] Registered counter for database glance
Aug 08 19:14:00.189710 np0000006800 devstack@g-api.service[99794]: INFO dbcounter [None req-e01d3c7f-3489-407b-91ee-fb9c62d137ad None None] Registered counter for database glance
Aug 08 19:14:00.220795 np0000006800 devstack@g-api.service[99796]: DEBUG oslo_db.sqlalchemy.engines [None req-cfa0896b-7702-4c0e-94ff-2e1d72a4958b None None] MySQL server mode set to STRICT_TRANS_TABLES,STRICT_ALL_TABLES,NO_ZERO_IN_DATE,NO_ZERO_DATE,ERROR_FOR_DIVISION_BY_ZERO,TRADITIONAL,NO_ENGINE_SUBSTITUTION {{(pid=99796) _check_effective_sql_mode /opt/stack/data/venv/lib/python3.12/site-packages/oslo_db/sqlalchemy/engines.py:325}}
Aug 08 19:14:00.226435 np0000006800 devstack@g-api.service[99795]: DEBUG oslo_db.sqlalchemy.engines [None req-a97bb710-48ff-4584-9802-cc31d5dc6111 None None] MySQL server mode set to STRICT_TRANS_TABLES,STRICT_ALL_TABLES,NO_ZERO_IN_DATE,NO_ZERO_DATE,ERROR_FOR_DIVISION_BY_ZERO,TRADITIONAL,NO_ENGINE_SUBSTITUTION {{(pid=99795) _check_effective_sql_mode /opt/stack/data/venv/lib/python3.12/site-packages/oslo_db/sqlalchemy/engines.py:325}}
Aug 08 19:14:00.230796 np0000006800 devstack@g-api.service[99794]: DEBUG oslo_db.sqlalchemy.engines [None req-e01d3c7f-3489-407b-91ee-fb9c62d137ad None None] MySQL server mode set to STRICT_TRANS_TABLES,STRICT_ALL_TABLES,NO_ZERO_IN_DATE,NO_ZERO_DATE,ERROR_FOR_DIVISION_BY_ZERO,TRADITIONAL,NO_ENGINE_SUBSTITUTION {{(pid=99794) _check_effective_sql_mode /opt/stack/data/venv/lib/python3.12/site-packages/oslo_db/sqlalchemy/engines.py:325}}
Aug 08 19:14:00.334419 np0000006800 devstack@g-api.service[99795]: DEBUG dbcounter [-] [99795] Writer thread running {{(pid=99795) stat_writer /opt/stack/data/venv/lib/python3.12/site-packages/dbcounter.py:102}}
Aug 08 19:14:00.337613 np0000006800 devstack@g-api.service[99796]: DEBUG dbcounter [-] [99796] Writer thread running {{(pid=99796) stat_writer /opt/stack/data/venv/lib/python3.12/site-packages/dbcounter.py:102}}
Aug 08 19:14:00.340534 np0000006800 devstack@g-api.service[99796]: DEBUG glance.image_cache.drivers.centralized_db [None req-cfa0896b-7702-4c0e-94ff-2e1d72a4958b None None] Node reference is already recorded, ignoring it {{(pid=99796) configure /opt/stack/glance/glance/image_cache/drivers/centralized_db.py:71}}
Aug 08 19:14:00.345708 np0000006800 devstack@g-api.service[99795]: INFO glance.image_cache [None req-a97bb710-48ff-4584-9802-cc31d5dc6111 None None] Image cache loaded driver 'centralized_db'.
Aug 08 19:14:00.347327 np0000006800 devstack@g-api.service[99796]: INFO glance.image_cache [None req-cfa0896b-7702-4c0e-94ff-2e1d72a4958b None None] Image cache loaded driver 'centralized_db'.
Aug 08 19:14:00.348917 np0000006800 devstack@g-api.service[99794]: DEBUG dbcounter [-] [99794] Writer thread running {{(pid=99794) stat_writer /opt/stack/data/venv/lib/python3.12/site-packages/dbcounter.py:102}}
Aug 08 19:14:00.351630 np0000006800 devstack@g-api.service[99794]: DEBUG glance.image_cache.drivers.centralized_db [None req-e01d3c7f-3489-407b-91ee-fb9c62d137ad None None] Node reference is already recorded, ignoring it {{(pid=99794) configure /opt/stack/glance/glance/image_cache/drivers/centralized_db.py:71}}
Aug 08 19:14:00.352089 np0000006800 devstack@g-api.service[99795]: DEBUG glance.image_cache.drivers.centralized_db [None req-a97bb710-48ff-4584-9802-cc31d5dc6111 None None] Node reference is already recorded, ignoring it {{(pid=99795) configure /opt/stack/glance/glance/image_cache/drivers/centralized_db.py:71}}
Aug 08 19:14:00.355224 np0000006800 devstack@g-api.service[99796]: DEBUG glance.image_cache.drivers.centralized_db [None req-cfa0896b-7702-4c0e-94ff-2e1d72a4958b None None] Node reference is already recorded, ignoring it {{(pid=99796) configure /opt/stack/glance/glance/image_cache/drivers/centralized_db.py:71}}
Aug 08 19:14:00.356560 np0000006800 devstack@g-api.service[99795]: DEBUG glance.api.v2.cached_images [None req-a97bb710-48ff-4584-9802-cc31d5dc6111 None None] Started cache worker thread {{(pid=99795) __init__ /opt/stack/glance/glance/api/v2/cached_images.py:71}}
Aug 08 19:14:00.357181 np0000006800 devstack@g-api.service[99794]: INFO glance.image_cache [None req-e01d3c7f-3489-407b-91ee-fb9c62d137ad None None] Image cache loaded driver 'centralized_db'.
Aug 08 19:14:00.357313 np0000006800 devstack@g-api.service[99795]: INFO glance.image_cache [None req-a97bb710-48ff-4584-9802-cc31d5dc6111 None None] Image cache loaded driver 'centralized_db'.
Aug 08 19:14:00.361058 np0000006800 devstack@g-api.service[99796]: DEBUG glance.api.v2.cached_images [None req-cfa0896b-7702-4c0e-94ff-2e1d72a4958b None None] Started cache worker thread {{(pid=99796) __init__ /opt/stack/glance/glance/api/v2/cached_images.py:71}}
Aug 08 19:14:00.361789 np0000006800 devstack@g-api.service[99796]: INFO glance.image_cache [None req-cfa0896b-7702-4c0e-94ff-2e1d72a4958b None None] Image cache loaded driver 'centralized_db'.
Aug 08 19:14:00.363448 np0000006800 devstack@g-api.service[99795]: DEBUG glance.image_cache.drivers.centralized_db [None req-a97bb710-48ff-4584-9802-cc31d5dc6111 None None] Node reference is already recorded, ignoring it {{(pid=99795) configure /opt/stack/glance/glance/image_cache/drivers/centralized_db.py:71}}
Aug 08 19:14:00.363991 np0000006800 devstack@g-api.service[99794]: DEBUG glance.image_cache.drivers.centralized_db [None req-e01d3c7f-3489-407b-91ee-fb9c62d137ad None None] Node reference is already recorded, ignoring it {{(pid=99794) configure /opt/stack/glance/glance/image_cache/drivers/centralized_db.py:71}}
Aug 08 19:14:00.368630 np0000006800 devstack@g-api.service[99794]: DEBUG glance.api.v2.cached_images [None req-e01d3c7f-3489-407b-91ee-fb9c62d137ad None None] Started cache worker thread {{(pid=99794) __init__ /opt/stack/glance/glance/api/v2/cached_images.py:71}}
Aug 08 19:14:00.368910 np0000006800 devstack@g-api.service[99795]: INFO glance.api.middleware.cache_manage [None req-a97bb710-48ff-4584-9802-cc31d5dc6111 None None] Initialized image cache management middleware
Aug 08 19:14:00.369055 np0000006800 devstack@g-api.service[99795]: INFO glance.image_cache [None req-a97bb710-48ff-4584-9802-cc31d5dc6111 None None] Image cache loaded driver 'centralized_db'.
Aug 08 19:14:00.369313 np0000006800 devstack@g-api.service[99796]: DEBUG glance.image_cache.drivers.centralized_db [None req-cfa0896b-7702-4c0e-94ff-2e1d72a4958b None None] Node reference is already recorded, ignoring it {{(pid=99796) configure /opt/stack/glance/glance/image_cache/drivers/centralized_db.py:71}}
Aug 08 19:14:00.369467 np0000006800 devstack@g-api.service[99794]: INFO glance.image_cache [None req-e01d3c7f-3489-407b-91ee-fb9c62d137ad None None] Image cache loaded driver 'centralized_db'.
Aug 08 19:14:00.374981 np0000006800 devstack@g-api.service[99795]: DEBUG glance.image_cache.drivers.centralized_db [None req-a97bb710-48ff-4584-9802-cc31d5dc6111 None None] Node reference is already recorded, ignoring it {{(pid=99795) configure /opt/stack/glance/glance/image_cache/drivers/centralized_db.py:71}}
Aug 08 19:14:00.376035 np0000006800 devstack@g-api.service[99794]: DEBUG glance.image_cache.drivers.centralized_db [None req-e01d3c7f-3489-407b-91ee-fb9c62d137ad None None] Node reference is already recorded, ignoring it {{(pid=99794) configure /opt/stack/glance/glance/image_cache/drivers/centralized_db.py:71}}
Aug 08 19:14:00.376321 np0000006800 devstack@g-api.service[99796]: INFO glance.api.middleware.cache_manage [None req-cfa0896b-7702-4c0e-94ff-2e1d72a4958b None None] Initialized image cache management middleware
Aug 08 19:14:00.376476 np0000006800 devstack@g-api.service[99796]: INFO glance.image_cache [None req-cfa0896b-7702-4c0e-94ff-2e1d72a4958b None None] Image cache loaded driver 'centralized_db'.
Aug 08 19:14:00.378224 np0000006800 devstack@g-api.service[99795]: INFO glance.api.middleware.cache [None req-a97bb710-48ff-4584-9802-cc31d5dc6111 None None] Initialized image cache middleware
Aug 08 19:14:00.380528 np0000006800 devstack@g-api.service[99794]: INFO glance.api.middleware.cache_manage [None req-e01d3c7f-3489-407b-91ee-fb9c62d137ad None None] Initialized image cache management middleware
Aug 08 19:14:00.380772 np0000006800 devstack@g-api.service[99794]: INFO glance.image_cache [None req-e01d3c7f-3489-407b-91ee-fb9c62d137ad None None] Image cache loaded driver 'centralized_db'.
Aug 08 19:14:00.384179 np0000006800 devstack@g-api.service[99796]: DEBUG glance.image_cache.drivers.centralized_db [None req-cfa0896b-7702-4c0e-94ff-2e1d72a4958b None None] Node reference is already recorded, ignoring it {{(pid=99796) configure /opt/stack/glance/glance/image_cache/drivers/centralized_db.py:71}}
Aug 08 19:14:00.387658 np0000006800 devstack@g-api.service[99796]: INFO glance.api.middleware.cache [None req-cfa0896b-7702-4c0e-94ff-2e1d72a4958b None None] Initialized image cache middleware
Aug 08 19:14:00.387801 np0000006800 devstack@g-api.service[99794]: DEBUG glance.image_cache.drivers.centralized_db [None req-e01d3c7f-3489-407b-91ee-fb9c62d137ad None None] Node reference is already recorded, ignoring it {{(pid=99794) configure /opt/stack/glance/glance/image_cache/drivers/centralized_db.py:71}}
Aug 08 19:14:00.388372 np0000006800 devstack@g-api.service[99795]: DEBUG glance.common.config [None req-a97bb710-48ff-4584-9802-cc31d5dc6111 None None] ******************************************************************************** {{(pid=99795) log_opt_values /opt/stack/data/venv/lib/python3.12/site-packages/oslo_config/cfg.py:3518}}
Aug 08 19:14:00.388452 np0000006800 devstack@g-api.service[99795]: DEBUG glance.common.config [None req-a97bb710-48ff-4584-9802-cc31d5dc6111 None None] Configuration options gathered from: {{(pid=99795) log_opt_values /opt/stack/data/venv/lib/python3.12/site-packages/oslo_config/cfg.py:3519}}
Aug 08 19:14:00.388763 np0000006800 devstack@g-api.service[99795]: DEBUG glance.common.config [None req-a97bb710-48ff-4584-9802-cc31d5dc6111 None None] command line args: [] {{(pid=99795) log_opt_values /opt/stack/data/venv/lib/python3.12/site-packages/oslo_config/cfg.py:3520}}
Aug 08 19:14:00.388884 np0000006800 devstack@g-api.service[99795]: DEBUG glance.common.config [None req-a97bb710-48ff-4584-9802-cc31d5dc6111 None None] config files: ['/etc/glance/glance-image-import.conf', '/etc/glance/glance-api.conf'] {{(pid=99795) log_opt_values /opt/stack/data/venv/lib/python3.12/site-packages/oslo_config/cfg.py:3521}}
Aug 08 19:14:00.388953 np0000006800 devstack@g-api.service[99795]: DEBUG glance.common.config [None req-a97bb710-48ff-4584-9802-cc31d5dc6111 None None] ================================================================================ {{(pid=99795) log_opt_values /opt/stack/data/venv/lib/python3.12/site-packages/oslo_config/cfg.py:3526}}
Aug 08 19:14:00.389073 np0000006800 devstack@g-api.service[99795]: DEBUG glance.common.config [None req-a97bb710-48ff-4584-9802-cc31d5dc6111 None None] allow_anonymous_access = False {{(pid=99795) log_opt_values /opt/stack/data/venv/lib/python3.12/site-packages/oslo_config/cfg.py:3534}}
Aug 08 19:14:00.389198 np0000006800 devstack@g-api.service[99795]: DEBUG glance.common.config [None req-a97bb710-48ff-4584-9802-cc31d5dc6111 None None] api_limit_max = 1000 {{(pid=99795) log_opt_values /opt/stack/data/venv/lib/python3.12/site-packages/oslo_config/cfg.py:3534}}
Aug 08 19:14:00.389306 np0000006800 devstack@g-api.service[99795]: DEBUG glance.common.config [None req-a97bb710-48ff-4584-9802-cc31d5dc6111 None None] config_dir = [] {{(pid=99795) log_opt_values /opt/stack/data/venv/lib/python3.12/site-packages/oslo_config/cfg.py:3534}}
Aug 08 19:14:00.389374 np0000006800 devstack@g-api.service[99795]: DEBUG glance.common.config [None req-a97bb710-48ff-4584-9802-cc31d5dc6111 None None] config_file = ['/etc/glance/glance-image-import.conf', '/etc/glance/glance-api.conf'] {{(pid=99795) log_opt_values /opt/stack/data/venv/lib/python3.12/site-packages/oslo_config/cfg.py:3534}}
Aug 08 19:14:00.389464 np0000006800 devstack@g-api.service[99795]: DEBUG glance.common.config [None req-a97bb710-48ff-4584-9802-cc31d5dc6111 None None] config_source = [] {{(pid=99795) log_opt_values /opt/stack/data/venv/lib/python3.12/site-packages/oslo_config/cfg.py:3534}}
Aug 08 19:14:00.389561 np0000006800 devstack@g-api.service[99795]: DEBUG glance.common.config [None req-a97bb710-48ff-4584-9802-cc31d5dc6111 None None] control_exchange = glance {{(pid=99795) log_opt_values /opt/stack/data/venv/lib/python3.12/site-packages/oslo_config/cfg.py:3534}}
Aug 08 19:14:00.389633 np0000006800 devstack@g-api.service[99795]: DEBUG glance.common.config [None req-a97bb710-48ff-4584-9802-cc31d5dc6111 None None] debug = True {{(pid=99795) log_opt_values /opt/stack/data/venv/lib/python3.12/site-packages/oslo_config/cfg.py:3534}}
Aug 08 19:14:00.389790 np0000006800 devstack@g-api.service[99795]: DEBUG glance.common.config [None req-a97bb710-48ff-4584-9802-cc31d5dc6111 None None] default_log_levels = ['amqp=WARN', 'boto=WARN', 'sqlalchemy=WARN', 'suds=INFO', 'oslo.messaging=INFO', 'oslo_messaging=INFO', 'iso8601=WARN', 'requests.packages.urllib3.connectionpool=WARN', 'urllib3.connectionpool=WARN', 'websocket=WARN', 'requests.packages.urllib3.util.retry=WARN', 'urllib3.util.retry=WARN', 'keystonemiddleware=WARN', 'routes.middleware=WARN', 'stevedore=WARN', 'taskflow=WARN', 'keystoneauth=WARN', 'oslo.cache=INFO', 'oslo_policy=INFO', 'dogpile.core.dogpile=INFO'] {{(pid=99795) log_opt_values /opt/stack/data/venv/lib/python3.12/site-packages/oslo_config/cfg.py:3534}}
Aug 08 19:14:00.389875 np0000006800 devstack@g-api.service[99795]: DEBUG glance.common.config [None req-a97bb710-48ff-4584-9802-cc31d5dc6111 None None] default_publisher_id = image.localhost {{(pid=99795) log_opt_values /opt/stack/data/venv/lib/python3.12/site-packages/oslo_config/cfg.py:3534}}
Aug 08 19:14:00.389970 np0000006800 devstack@g-api.service[99795]: DEBUG glance.common.config [None req-a97bb710-48ff-4584-9802-cc31d5dc6111 None None] delayed_delete = False {{(pid=99795) log_opt_values /opt/stack/data/venv/lib/python3.12/site-packages/oslo_config/cfg.py:3534}}
Aug 08 19:14:00.390060 np0000006800 devstack@g-api.service[99795]: DEBUG glance.common.config [None req-a97bb710-48ff-4584-9802-cc31d5dc6111 None None] digest_algorithm = sha256 {{(pid=99795) log_opt_values /opt/stack/data/venv/lib/python3.12/site-packages/oslo_config/cfg.py:3534}}
Aug 08 19:14:00.390192 np0000006800 devstack@g-api.service[99795]: DEBUG glance.common.config [None req-a97bb710-48ff-4584-9802-cc31d5dc6111 None None] disabled_notifications = [] {{(pid=99795) log_opt_values /opt/stack/data/venv/lib/python3.12/site-packages/oslo_config/cfg.py:3534}}
Aug 08 19:14:00.390299 np0000006800 devstack@g-api.service[99795]: DEBUG glance.common.config [None req-a97bb710-48ff-4584-9802-cc31d5dc6111 None None] do_secure_hash = True {{(pid=99795) log_opt_values /opt/stack/data/venv/lib/python3.12/site-packages/oslo_config/cfg.py:3534}}
Aug 08 19:14:00.390373 np0000006800 devstack@g-api.service[99795]: DEBUG glance.common.config [None req-a97bb710-48ff-4584-9802-cc31d5dc6111 None None] enabled_backends = None {{(pid=99795) log_opt_values /opt/stack/data/venv/lib/python3.12/site-packages/oslo_config/cfg.py:3534}}
Aug 08 19:14:00.390486 np0000006800 devstack@g-api.service[99795]: DEBUG glance.common.config [None req-a97bb710-48ff-4584-9802-cc31d5dc6111 None None] enabled_import_methods = ['glance-direct', 'web-download', 'copy-image'] {{(pid=99795) log_opt_values /opt/stack/data/venv/lib/python3.12/site-packages/oslo_config/cfg.py:3534}}
Aug 08 19:14:00.390576 np0000006800 devstack@g-api.service[99795]: DEBUG glance.common.config [None req-a97bb710-48ff-4584-9802-cc31d5dc6111 None None] fatal_deprecations = False {{(pid=99795) log_opt_values /opt/stack/data/venv/lib/python3.12/site-packages/oslo_config/cfg.py:3534}}
Aug 08 19:14:00.390669 np0000006800 devstack@g-api.service[99795]: DEBUG glance.common.config [None req-a97bb710-48ff-4584-9802-cc31d5dc6111 None None] hashing_algorithm = sha512 {{(pid=99795) log_opt_values /opt/stack/data/venv/lib/python3.12/site-packages/oslo_config/cfg.py:3534}}
Aug 08 19:14:00.390759 np0000006800 devstack@g-api.service[99795]: DEBUG glance.common.config [None req-a97bb710-48ff-4584-9802-cc31d5dc6111 None None] http_retries = 3 {{(pid=99795) log_opt_values /opt/stack/data/venv/lib/python3.12/site-packages/oslo_config/cfg.py:3534}}
Aug 08 19:14:00.390857 np0000006800 devstack@g-api.service[99795]: DEBUG glance.common.config [None req-a97bb710-48ff-4584-9802-cc31d5dc6111 None None] image_cache_dir = /opt/stack/data/glance/cache/ {{(pid=99795) log_opt_values /opt/stack/data/venv/lib/python3.12/site-packages/oslo_config/cfg.py:3534}}
Aug 08 19:14:00.390953 np0000006800 devstack@g-api.service[99795]: DEBUG glance.common.config [None req-a97bb710-48ff-4584-9802-cc31d5dc6111 None None] image_cache_driver = centralized_db {{(pid=99795) log_opt_values /opt/stack/data/venv/lib/python3.12/site-packages/oslo_config/cfg.py:3534}}
Aug 08 19:14:00.391039 np0000006800 devstack@g-api.service[99795]: DEBUG glance.common.config [None req-a97bb710-48ff-4584-9802-cc31d5dc6111 None None] image_cache_max_size = 10737418240 {{(pid=99795) log_opt_values /opt/stack/data/venv/lib/python3.12/site-packages/oslo_config/cfg.py:3534}}
Aug 08 19:14:00.391162 np0000006800 devstack@g-api.service[99795]: DEBUG glance.common.config [None req-a97bb710-48ff-4584-9802-cc31d5dc6111 None None] image_cache_sqlite_db = cache.db {{(pid=99795) log_opt_values /opt/stack/data/venv/lib/python3.12/site-packages/oslo_config/cfg.py:3534}}
Aug 08 19:14:00.391253 np0000006800 devstack@g-api.service[99795]: DEBUG glance.common.config [None req-a97bb710-48ff-4584-9802-cc31d5dc6111 None None] image_cache_stall_time = 86400 {{(pid=99795) log_opt_values /opt/stack/data/venv/lib/python3.12/site-packages/oslo_config/cfg.py:3534}}
Aug 08 19:14:00.391300 np0000006800 devstack@g-api.service[99794]: INFO glance.api.middleware.cache [None req-e01d3c7f-3489-407b-91ee-fb9c62d137ad None None] Initialized image cache middleware
Aug 08 19:14:00.391361 np0000006800 devstack@g-api.service[99795]: DEBUG glance.common.config [None req-a97bb710-48ff-4584-9802-cc31d5dc6111 None None] image_location_quota = 10 {{(pid=99795) log_opt_values /opt/stack/data/venv/lib/python3.12/site-packages/oslo_config/cfg.py:3534}}
Aug 08 19:14:00.391430 np0000006800 devstack@g-api.service[99795]: DEBUG glance.common.config [None req-a97bb710-48ff-4584-9802-cc31d5dc6111 None None] image_member_quota = 128 {{(pid=99795) log_opt_values /opt/stack/data/venv/lib/python3.12/site-packages/oslo_config/cfg.py:3534}}
Aug 08 19:14:00.391515 np0000006800 devstack@g-api.service[99795]: DEBUG glance.common.config [None req-a97bb710-48ff-4584-9802-cc31d5dc6111 None None] image_property_quota = 128 {{(pid=99795) log_opt_values /opt/stack/data/venv/lib/python3.12/site-packages/oslo_config/cfg.py:3534}}
Aug 08 19:14:00.391604 np0000006800 devstack@g-api.service[99795]: DEBUG glance.common.config [None req-a97bb710-48ff-4584-9802-cc31d5dc6111 None None] image_size_cap = 1099511627776 {{(pid=99795) log_opt_values /opt/stack/data/venv/lib/python3.12/site-packages/oslo_config/cfg.py:3534}}
Aug 08 19:14:00.391690 np0000006800 devstack@g-api.service[99795]: DEBUG glance.common.config [None req-a97bb710-48ff-4584-9802-cc31d5dc6111 None None] image_tag_quota = 128 {{(pid=99795) log_opt_values /opt/stack/data/venv/lib/python3.12/site-packages/oslo_config/cfg.py:3534}}
Aug 08 19:14:00.391782 np0000006800 devstack@g-api.service[99795]: DEBUG glance.common.config [None req-a97bb710-48ff-4584-9802-cc31d5dc6111 None None] instance_format = [instance: %(uuid)s] {{(pid=99795) log_opt_values /opt/stack/data/venv/lib/python3.12/site-packages/oslo_config/cfg.py:3534}}
Aug 08 19:14:00.391873 np0000006800 devstack@g-api.service[99795]: DEBUG glance.common.config [None req-a97bb710-48ff-4584-9802-cc31d5dc6111 None None] instance_uuid_format = [instance: %(uuid)s] {{(pid=99795) log_opt_values /opt/stack/data/venv/lib/python3.12/site-packages/oslo_config/cfg.py:3534}}
Aug 08 19:14:00.391963 np0000006800 devstack@g-api.service[99795]: DEBUG glance.common.config [None req-a97bb710-48ff-4584-9802-cc31d5dc6111 None None] limit_param_default = 25 {{(pid=99795) log_opt_values /opt/stack/data/venv/lib/python3.12/site-packages/oslo_config/cfg.py:3534}}
Aug 08 19:14:00.392053 np0000006800 devstack@g-api.service[99795]: DEBUG glance.common.config [None req-a97bb710-48ff-4584-9802-cc31d5dc6111 None None] log_color = False {{(pid=99795) log_opt_values /opt/stack/data/venv/lib/python3.12/site-packages/oslo_config/cfg.py:3534}}
Aug 08 19:14:00.392173 np0000006800 devstack@g-api.service[99795]: DEBUG glance.common.config [None req-a97bb710-48ff-4584-9802-cc31d5dc6111 None None] log_config_append = None {{(pid=99795) log_opt_values /opt/stack/data/venv/lib/python3.12/site-packages/oslo_config/cfg.py:3534}}
Aug 08 19:14:00.392268 np0000006800 devstack@g-api.service[99795]: DEBUG glance.common.config [None req-a97bb710-48ff-4584-9802-cc31d5dc6111 None None] log_date_format = %Y-%m-%d %H:%M:%S {{(pid=99795) log_opt_values /opt/stack/data/venv/lib/python3.12/site-packages/oslo_config/cfg.py:3534}}
Aug 08 19:14:00.392358 np0000006800 devstack@g-api.service[99795]: DEBUG glance.common.config [None req-a97bb710-48ff-4584-9802-cc31d5dc6111 None None] log_dir = None {{(pid=99795) log_opt_values /opt/stack/data/venv/lib/python3.12/site-packages/oslo_config/cfg.py:3534}}
Aug 08 19:14:00.392444 np0000006800 devstack@g-api.service[99795]: DEBUG glance.common.config [None req-a97bb710-48ff-4584-9802-cc31d5dc6111 None None] log_file = None {{(pid=99795) log_opt_values /opt/stack/data/venv/lib/python3.12/site-packages/oslo_config/cfg.py:3534}}
Aug 08 19:14:00.392581 np0000006800 devstack@g-api.service[99795]: DEBUG glance.common.config [None req-a97bb710-48ff-4584-9802-cc31d5dc6111 None None] log_rotate_interval = 1 {{(pid=99795) log_opt_values /opt/stack/data/venv/lib/python3.12/site-packages/oslo_config/cfg.py:3534}}
Aug 08 19:14:00.392622 np0000006800 devstack@g-api.service[99795]: DEBUG glance.common.config [None req-a97bb710-48ff-4584-9802-cc31d5dc6111 None None] log_rotate_interval_type = days {{(pid=99795) log_opt_values /opt/stack/data/venv/lib/python3.12/site-packages/oslo_config/cfg.py:3534}}
Aug 08 19:14:00.392714 np0000006800 devstack@g-api.service[99795]: DEBUG glance.common.config [None req-a97bb710-48ff-4584-9802-cc31d5dc6111 None None] log_rotation_type = none {{(pid=99795) log_opt_values /opt/stack/data/venv/lib/python3.12/site-packages/oslo_config/cfg.py:3534}}
Aug 08 19:14:00.392779 np0000006800 devstack@g-api.service[99795]: DEBUG glance.common.config [None req-a97bb710-48ff-4584-9802-cc31d5dc6111 None None] logging_context_format_string = %(color)s%(levelname)s %(name)s [%(global_request_id)s %(request_id)s %(project_name)s %(user_name)s%(color)s] %(instance)s%(color)s%(message)s {{(pid=99795) log_opt_values /opt/stack/data/venv/lib/python3.12/site-packages/oslo_config/cfg.py:3534}}
Aug 08 19:14:00.392858 np0000006800 devstack@g-api.service[99795]: DEBUG glance.common.config [None req-a97bb710-48ff-4584-9802-cc31d5dc6111 None None] logging_debug_format_suffix = {{(pid=%(process)d) %(funcName)s %(pathname)s:%(lineno)d}} {{(pid=99795) log_opt_values /opt/stack/data/venv/lib/python3.12/site-packages/oslo_config/cfg.py:3534}}
Aug 08 19:14:00.392940 np0000006800 devstack@g-api.service[99795]: DEBUG glance.common.config [None req-a97bb710-48ff-4584-9802-cc31d5dc6111 None None] logging_default_format_string = %(color)s%(levelname)s %(name)s [-%(color)s] %(instance)s%(color)s%(message)s {{(pid=99795) log_opt_values /opt/stack/data/venv/lib/python3.12/site-packages/oslo_config/cfg.py:3534}}
Aug 08 19:14:00.393032 np0000006800 devstack@g-api.service[99795]: DEBUG glance.common.config [None req-a97bb710-48ff-4584-9802-cc31d5dc6111 None None] logging_exception_prefix = ERROR %(name)s %(instance)s {{(pid=99795) log_opt_values /opt/stack/data/venv/lib/python3.12/site-packages/oslo_config/cfg.py:3534}}
Aug 08 19:14:00.393095 np0000006800 devstack@g-api.service[99795]: DEBUG glance.common.config [None req-a97bb710-48ff-4584-9802-cc31d5dc6111 None None] logging_user_identity_format = %(user)s %(project)s %(domain)s %(system_scope)s %(user_domain)s %(project_domain)s {{(pid=99795) log_opt_values /opt/stack/data/venv/lib/python3.12/site-packages/oslo_config/cfg.py:3534}}
Aug 08 19:14:00.393216 np0000006800 devstack@g-api.service[99795]: DEBUG glance.common.config [None req-a97bb710-48ff-4584-9802-cc31d5dc6111 None None] max_logfile_count = 30 {{(pid=99795) log_opt_values /opt/stack/data/venv/lib/python3.12/site-packages/oslo_config/cfg.py:3534}}
Aug 08 19:14:00.393307 np0000006800 devstack@g-api.service[99795]: DEBUG glance.common.config [None req-a97bb710-48ff-4584-9802-cc31d5dc6111 None None] max_logfile_size_mb = 200 {{(pid=99795) log_opt_values /opt/stack/data/venv/lib/python3.12/site-packages/oslo_config/cfg.py:3534}}
Aug 08 19:14:00.393394 np0000006800 devstack@g-api.service[99795]: DEBUG glance.common.config [None req-a97bb710-48ff-4584-9802-cc31d5dc6111 None None] max_request_id_length = 64 {{(pid=99795) log_opt_values /opt/stack/data/venv/lib/python3.12/site-packages/oslo_config/cfg.py:3534}}
Aug 08 19:14:00.393486 np0000006800 devstack@g-api.service[99795]: DEBUG glance.common.config [None req-a97bb710-48ff-4584-9802-cc31d5dc6111 None None] metadata_encryption_key = **** {{(pid=99795) log_opt_values /opt/stack/data/venv/lib/python3.12/site-packages/oslo_config/cfg.py:3534}}
Aug 08 19:14:00.393585 np0000006800 devstack@g-api.service[99795]: DEBUG glance.common.config [None req-a97bb710-48ff-4584-9802-cc31d5dc6111 None None] node_staging_uri = file:///tmp/staging/ {{(pid=99795) log_opt_values /opt/stack/data/venv/lib/python3.12/site-packages/oslo_config/cfg.py:3534}}
Aug 08 19:14:00.393657 np0000006800 devstack@g-api.service[99795]: DEBUG glance.common.config [None req-a97bb710-48ff-4584-9802-cc31d5dc6111 None None] property_protection_file = None {{(pid=99795) log_opt_values /opt/stack/data/venv/lib/python3.12/site-packages/oslo_config/cfg.py:3534}}
Aug 08 19:14:00.393747 np0000006800 devstack@g-api.service[99795]: DEBUG glance.common.config [None req-a97bb710-48ff-4584-9802-cc31d5dc6111 None None] property_protection_rule_format = roles {{(pid=99795) log_opt_values /opt/stack/data/venv/lib/python3.12/site-packages/oslo_config/cfg.py:3534}}
Aug 08 19:14:00.393845 np0000006800 devstack@g-api.service[99795]: DEBUG glance.common.config [None req-a97bb710-48ff-4584-9802-cc31d5dc6111 None None] public_endpoint = https://10.4.3.144/image {{(pid=99795) log_opt_values /opt/stack/data/venv/lib/python3.12/site-packages/oslo_config/cfg.py:3534}}
Aug 08 19:14:00.393930 np0000006800 devstack@g-api.service[99795]: DEBUG glance.common.config [None req-a97bb710-48ff-4584-9802-cc31d5dc6111 None None] publish_errors = False {{(pid=99795) log_opt_values /opt/stack/data/venv/lib/python3.12/site-packages/oslo_config/cfg.py:3534}}
Aug 08 19:14:00.394018 np0000006800 devstack@g-api.service[99795]: DEBUG glance.common.config [None req-a97bb710-48ff-4584-9802-cc31d5dc6111 None None] pydev_worker_debug_host = None {{(pid=99795) log_opt_values /opt/stack/data/venv/lib/python3.12/site-packages/oslo_config/cfg.py:3534}}
Aug 08 19:14:00.394117 np0000006800 devstack@g-api.service[99795]: DEBUG glance.common.config [None req-a97bb710-48ff-4584-9802-cc31d5dc6111 None None] pydev_worker_debug_port = 5678 {{(pid=99795) log_opt_values /opt/stack/data/venv/lib/python3.12/site-packages/oslo_config/cfg.py:3534}}
Aug 08 19:14:00.394231 np0000006800 devstack@g-api.service[99795]: DEBUG glance.common.config [None req-a97bb710-48ff-4584-9802-cc31d5dc6111 None None] rate_limit_burst = 0 {{(pid=99795) log_opt_values /opt/stack/data/venv/lib/python3.12/site-packages/oslo_config/cfg.py:3534}}
Aug 08 19:14:00.394325 np0000006800 devstack@g-api.service[99795]: DEBUG glance.common.config [None req-a97bb710-48ff-4584-9802-cc31d5dc6111 None None] rate_limit_except_level = CRITICAL {{(pid=99795) log_opt_values /opt/stack/data/venv/lib/python3.12/site-packages/oslo_config/cfg.py:3534}}
Aug 08 19:14:00.394412 np0000006800 devstack@g-api.service[99795]: DEBUG glance.common.config [None req-a97bb710-48ff-4584-9802-cc31d5dc6111 None None] rate_limit_interval = 0 {{(pid=99795) log_opt_values /opt/stack/data/venv/lib/python3.12/site-packages/oslo_config/cfg.py:3534}}
Aug 08 19:14:00.394499 np0000006800 devstack@g-api.service[99795]: DEBUG glance.common.config [None req-a97bb710-48ff-4584-9802-cc31d5dc6111 None None] scrub_pool_size = 1 {{(pid=99795) log_opt_values /opt/stack/data/venv/lib/python3.12/site-packages/oslo_config/cfg.py:3534}}
Aug 08 19:14:00.394583 np0000006800 devstack@g-api.service[99795]: DEBUG glance.common.config [None req-a97bb710-48ff-4584-9802-cc31d5dc6111 None None] scrub_time = 0 {{(pid=99795) log_opt_values /opt/stack/data/venv/lib/python3.12/site-packages/oslo_config/cfg.py:3534}}
Aug 08 19:14:00.394665 np0000006800 devstack@g-api.service[99795]: DEBUG glance.common.config [None req-a97bb710-48ff-4584-9802-cc31d5dc6111 None None] shell_completion = None {{(pid=99795) log_opt_values /opt/stack/data/venv/lib/python3.12/site-packages/oslo_config/cfg.py:3534}}
Aug 08 19:14:00.394758 np0000006800 devstack@g-api.service[99795]: DEBUG glance.common.config [None req-a97bb710-48ff-4584-9802-cc31d5dc6111 None None] show_image_direct_url = False {{(pid=99795) log_opt_values /opt/stack/data/venv/lib/python3.12/site-packages/oslo_config/cfg.py:3534}}
Aug 08 19:14:00.394969 np0000006800 devstack@g-api.service[99795]: WARNING oslo_config.cfg [None req-a97bb710-48ff-4584-9802-cc31d5dc6111 None None] Deprecated: Option "show_multiple_locations" from group "DEFAULT" is deprecated for removal (Use of this option, deprecated since Newton, is a security risk and will be removed once we figure out a way to satisfy those use cases that currently require it. An earlier announcement that the same functionality can be achieved with greater granularity by using policies is incorrect. You cannot work around this option via policy configuration at the present time, though that is the direction we believe the fix will take. Please keep an eye on the Glance release notes to stay up to date on progress in addressing this issue.). Its value may be silently ignored in the future.
Aug 08 19:14:00.395072 np0000006800 devstack@g-api.service[99795]: DEBUG glance.common.config [None req-a97bb710-48ff-4584-9802-cc31d5dc6111 None None] show_multiple_locations = False {{(pid=99795) log_opt_values /opt/stack/data/venv/lib/python3.12/site-packages/oslo_config/cfg.py:3534}}
Aug 08 19:14:00.395190 np0000006800 devstack@g-api.service[99795]: DEBUG glance.common.config [None req-a97bb710-48ff-4584-9802-cc31d5dc6111 None None] syslog_log_facility = LOG_USER {{(pid=99795) log_opt_values /opt/stack/data/venv/lib/python3.12/site-packages/oslo_config/cfg.py:3534}}
Aug 08 19:14:00.395288 np0000006800 devstack@g-api.service[99795]: DEBUG glance.common.config [None req-a97bb710-48ff-4584-9802-cc31d5dc6111 None None] transport_url = **** {{(pid=99795) log_opt_values /opt/stack/data/venv/lib/python3.12/site-packages/oslo_config/cfg.py:3534}}
Aug 08 19:14:00.395375 np0000006800 devstack@g-api.service[99795]: DEBUG glance.common.config [None req-a97bb710-48ff-4584-9802-cc31d5dc6111 None None] use_journal = False {{(pid=99795) log_opt_values /opt/stack/data/venv/lib/python3.12/site-packages/oslo_config/cfg.py:3534}}
Aug 08 19:14:00.395460 np0000006800 devstack@g-api.service[99795]: DEBUG glance.common.config [None req-a97bb710-48ff-4584-9802-cc31d5dc6111 None None] use_json = False {{(pid=99795) log_opt_values /opt/stack/data/venv/lib/python3.12/site-packages/oslo_config/cfg.py:3534}}
Aug 08 19:14:00.395553 np0000006800 devstack@g-api.service[99795]: DEBUG glance.common.config [None req-a97bb710-48ff-4584-9802-cc31d5dc6111 None None] use_keystone_limits = True {{(pid=99795) log_opt_values /opt/stack/data/venv/lib/python3.12/site-packages/oslo_config/cfg.py:3534}}
Aug 08 19:14:00.395640 np0000006800 devstack@g-api.service[99795]: DEBUG glance.common.config [None req-a97bb710-48ff-4584-9802-cc31d5dc6111 None None] use_stderr = False {{(pid=99795) log_opt_values /opt/stack/data/venv/lib/python3.12/site-packages/oslo_config/cfg.py:3534}}
Aug 08 19:14:00.395730 np0000006800 devstack@g-api.service[99795]: DEBUG glance.common.config [None req-a97bb710-48ff-4584-9802-cc31d5dc6111 None None] use_syslog = False {{(pid=99795) log_opt_values /opt/stack/data/venv/lib/python3.12/site-packages/oslo_config/cfg.py:3534}}
Aug 08 19:14:00.395820 np0000006800 devstack@g-api.service[99795]: DEBUG glance.common.config [None req-a97bb710-48ff-4584-9802-cc31d5dc6111 None None] user_storage_quota = 0 {{(pid=99795) log_opt_values /opt/stack/data/venv/lib/python3.12/site-packages/oslo_config/cfg.py:3534}}
Aug 08 19:14:00.395910 np0000006800 devstack@g-api.service[99795]: DEBUG glance.common.config [None req-a97bb710-48ff-4584-9802-cc31d5dc6111 None None] worker_self_reference_url = http://127.0.0.1:60999 {{(pid=99795) log_opt_values /opt/stack/data/venv/lib/python3.12/site-packages/oslo_config/cfg.py:3534}}
Aug 08 19:14:00.396014 np0000006800 devstack@g-api.service[99795]: DEBUG glance.common.config [None req-a97bb710-48ff-4584-9802-cc31d5dc6111 None None] oslo_concurrency.disable_process_locking = False {{(pid=99795) log_opt_values /opt/stack/data/venv/lib/python3.12/site-packages/oslo_config/cfg.py:3545}}
Aug 08 19:14:00.396118 np0000006800 devstack@g-api.service[99795]: DEBUG glance.common.config [None req-a97bb710-48ff-4584-9802-cc31d5dc6111 None None] oslo_concurrency.lock_path = /opt/stack/data/glance/locks {{(pid=99795) log_opt_values /opt/stack/data/venv/lib/python3.12/site-packages/oslo_config/cfg.py:3545}}
Aug 08 19:14:00.396238 np0000006800 devstack@g-api.service[99795]: DEBUG glance.common.config [None req-a97bb710-48ff-4584-9802-cc31d5dc6111 None None] oslo_middleware.enable_proxy_headers_parsing = False {{(pid=99795) log_opt_values /opt/stack/data/venv/lib/python3.12/site-packages/oslo_config/cfg.py:3545}}
Aug 08 19:14:00.396333 np0000006800 devstack@g-api.service[99795]: DEBUG glance.common.config [None req-a97bb710-48ff-4584-9802-cc31d5dc6111 None None] oslo_middleware.http_basic_auth_user_file = /etc/htpasswd {{(pid=99795) log_opt_values /opt/stack/data/venv/lib/python3.12/site-packages/oslo_config/cfg.py:3545}}
Aug 08 19:14:00.396423 np0000006800 devstack@g-api.service[99795]: DEBUG glance.common.config [None req-a97bb710-48ff-4584-9802-cc31d5dc6111 None None] paste_deploy.config_file = None {{(pid=99795) log_opt_values /opt/stack/data/venv/lib/python3.12/site-packages/oslo_config/cfg.py:3545}}
Aug 08 19:14:00.396520 np0000006800 devstack@g-api.service[99795]: DEBUG glance.common.config [None req-a97bb710-48ff-4584-9802-cc31d5dc6111 None None] paste_deploy.flavor = keystone+cachemanagement {{(pid=99795) log_opt_values /opt/stack/data/venv/lib/python3.12/site-packages/oslo_config/cfg.py:3545}}
Aug 08 19:14:00.396641 np0000006800 devstack@g-api.service[99795]: DEBUG glance.common.config [None req-a97bb710-48ff-4584-9802-cc31d5dc6111 None None] image_format.container_formats = ['ami', 'ari', 'aki', 'bare', 'ovf', 'ova', 'docker', 'compressed'] {{(pid=99795) log_opt_values /opt/stack/data/venv/lib/python3.12/site-packages/oslo_config/cfg.py:3545}}
Aug 08 19:14:00.396768 np0000006800 devstack@g-api.service[99795]: DEBUG glance.common.config [None req-a97bb710-48ff-4584-9802-cc31d5dc6111 None None] image_format.disk_formats = ['ami', 'ari', 'aki', 'vhd', 'vhdx', 'vmdk', 'raw', 'qcow2', 'vdi', 'iso', 'ploop'] {{(pid=99795) log_opt_values /opt/stack/data/venv/lib/python3.12/site-packages/oslo_config/cfg.py:3545}}
Aug 08 19:14:00.396860 np0000006800 devstack@g-api.service[99795]: DEBUG glance.common.config [None req-a97bb710-48ff-4584-9802-cc31d5dc6111 None None] image_format.gpt_safety_checks_nonfatal = [] {{(pid=99795) log_opt_values /opt/stack/data/venv/lib/python3.12/site-packages/oslo_config/cfg.py:3545}}
Aug 08 19:14:00.396959 np0000006800 devstack@g-api.service[99795]: DEBUG glance.common.config [None req-a97bb710-48ff-4584-9802-cc31d5dc6111 None None] image_format.require_image_format_match = True {{(pid=99795) log_opt_values /opt/stack/data/venv/lib/python3.12/site-packages/oslo_config/cfg.py:3545}}
Aug 08 19:14:00.397056 np0000006800 devstack@g-api.service[99795]: DEBUG glance.common.config [None req-a97bb710-48ff-4584-9802-cc31d5dc6111 None None] image_format.vmdk_allowed_types = ['streamOptimized', 'monolithicSparse'] {{(pid=99795) log_opt_values /opt/stack/data/venv/lib/python3.12/site-packages/oslo_config/cfg.py:3545}}
Aug 08 19:14:00.397185 np0000006800 devstack@g-api.service[99795]: DEBUG glance.common.config [None req-a97bb710-48ff-4584-9802-cc31d5dc6111 None None] task.task_executor = taskflow {{(pid=99795) log_opt_values /opt/stack/data/venv/lib/python3.12/site-packages/oslo_config/cfg.py:3545}}
Aug 08 19:14:00.397277 np0000006800 devstack@g-api.service[99795]: DEBUG glance.common.config [None req-a97bb710-48ff-4584-9802-cc31d5dc6111 None None] task.task_time_to_live = 48 {{(pid=99795) log_opt_values /opt/stack/data/venv/lib/python3.12/site-packages/oslo_config/cfg.py:3545}}
Aug 08 19:14:00.397363 np0000006800 devstack@g-api.service[99795]: DEBUG glance.common.config [None req-a97bb710-48ff-4584-9802-cc31d5dc6111 None None] task.work_dir = None {{(pid=99795) log_opt_values /opt/stack/data/venv/lib/python3.12/site-packages/oslo_config/cfg.py:3545}}
Aug 08 19:14:00.397459 np0000006800 devstack@g-api.service[99795]: DEBUG glance.common.config [None req-a97bb710-48ff-4584-9802-cc31d5dc6111 None None] wsgi.python_interpreter = /opt/stack/data/venv/bin/python3 {{(pid=99795) log_opt_values /opt/stack/data/venv/lib/python3.12/site-packages/oslo_config/cfg.py:3545}}
Aug 08 19:14:00.397546 np0000006800 devstack@g-api.service[99795]: DEBUG glance.common.config [None req-a97bb710-48ff-4584-9802-cc31d5dc6111 None None] wsgi.task_pool_threads = 16 {{(pid=99795) log_opt_values /opt/stack/data/venv/lib/python3.12/site-packages/oslo_config/cfg.py:3545}}
Aug 08 19:14:00.397639 np0000006800 devstack@g-api.service[99795]: DEBUG glance.common.config [None req-a97bb710-48ff-4584-9802-cc31d5dc6111 None None] import_filtering_opts.allowed_hosts = [] {{(pid=99795) log_opt_values /opt/stack/data/venv/lib/python3.12/site-packages/oslo_config/cfg.py:3545}}
Aug 08 19:14:00.397729 np0000006800 devstack@g-api.service[99795]: DEBUG glance.common.config [None req-a97bb710-48ff-4584-9802-cc31d5dc6111 None None] import_filtering_opts.allowed_ports = [80, 443] {{(pid=99795) log_opt_values /opt/stack/data/venv/lib/python3.12/site-packages/oslo_config/cfg.py:3545}}
Aug 08 19:14:00.397831 np0000006800 devstack@g-api.service[99795]: DEBUG glance.common.config [None req-a97bb710-48ff-4584-9802-cc31d5dc6111 None None] import_filtering_opts.allowed_schemes = ['http', 'https'] {{(pid=99795) log_opt_values /opt/stack/data/venv/lib/python3.12/site-packages/oslo_config/cfg.py:3545}}
Aug 08 19:14:00.397920 np0000006800 devstack@g-api.service[99795]: DEBUG glance.common.config [None req-a97bb710-48ff-4584-9802-cc31d5dc6111 None None] import_filtering_opts.disallowed_hosts = [] {{(pid=99795) log_opt_values /opt/stack/data/venv/lib/python3.12/site-packages/oslo_config/cfg.py:3545}}
Aug 08 19:14:00.397971 np0000006800 devstack@g-api.service[99796]: DEBUG glance.common.config [None req-cfa0896b-7702-4c0e-94ff-2e1d72a4958b None None] ******************************************************************************** {{(pid=99796) log_opt_values /opt/stack/data/venv/lib/python3.12/site-packages/oslo_config/cfg.py:3518}}
Aug 08 19:14:00.398008 np0000006800 devstack@g-api.service[99795]: DEBUG glance.common.config [None req-a97bb710-48ff-4584-9802-cc31d5dc6111 None None] import_filtering_opts.disallowed_ports = [] {{(pid=99795) log_opt_values /opt/stack/data/venv/lib/python3.12/site-packages/oslo_config/cfg.py:3545}}
