Jun 15 20:07:58.475845 np0000002891 devstack@g-api.service[102004]: [pid: 102004|app: 0|req: 116/344] 127.0.0.1 () {40 vars in 837 bytes} [Mon Jun 15 20:07:58 2026] DELETE /v2/images/1de87500-129d-4b02-99b9-ab62c6dc4c23 => generated 0 bytes in 198 msecs (HTTP/1.1 204) 4 headers in 171 bytes (1 switches on core 0)
Jun 15 20:07:58.492407 np0000002891 devstack@g-api.service[102006]: DEBUG glance.api.middleware.version_negotiation [None req-82009008-1c3e-4957-8e4e-d85c385a2d33 tempest-AttachVolumeMultiAttachTest-1414386161 tempest-AttachVolumeMultiAttachTest-1414386161-project-member] Determining version of request: POST /v2/images Accept: application/json {{(pid=102006) process_request /opt/stack/glance/glance/api/middleware/version_negotiation.py:44}}
Jun 15 20:07:58.492551 np0000002891 devstack@g-api.service[102006]: DEBUG glance.api.middleware.version_negotiation [None req-82009008-1c3e-4957-8e4e-d85c385a2d33 tempest-AttachVolumeMultiAttachTest-1414386161 tempest-AttachVolumeMultiAttachTest-1414386161-project-member] Using url versioning {{(pid=102006) process_request /opt/stack/glance/glance/api/middleware/version_negotiation.py:57}}
Jun 15 20:07:58.492669 np0000002891 devstack@g-api.service[102006]: DEBUG glance.api.middleware.version_negotiation [None req-82009008-1c3e-4957-8e4e-d85c385a2d33 tempest-AttachVolumeMultiAttachTest-1414386161 tempest-AttachVolumeMultiAttachTest-1414386161-project-member] Matched version: v2 {{(pid=102006) process_request /opt/stack/glance/glance/api/middleware/version_negotiation.py:69}}
Jun 15 20:07:58.492801 np0000002891 devstack@g-api.service[102006]: DEBUG glance.api.middleware.version_negotiation [None req-82009008-1c3e-4957-8e4e-d85c385a2d33 tempest-AttachVolumeMultiAttachTest-1414386161 tempest-AttachVolumeMultiAttachTest-1414386161-project-member] new path /v2/images {{(pid=102006) process_request /opt/stack/glance/glance/api/middleware/version_negotiation.py:70}}
Jun 15 20:07:58.916817 np0000002891 devstack@g-api.service[102006]: [pid: 102006|app: 0|req: 109/345] 127.0.0.1 () {42 vars in 782 bytes} [Mon Jun 15 20:07:58 2026] POST /v2/images => generated 642 bytes in 424 msecs (HTTP/1.1 201) 6 headers in 315 bytes (1 switches on core 0)
Jun 15 20:07:58.924591 np0000002891 devstack@g-api.service[102005]: DEBUG glance.api.middleware.version_negotiation [None req-82009008-1c3e-4957-8e4e-d85c385a2d33 tempest-AttachVolumeMultiAttachTest-1414386161 tempest-AttachVolumeMultiAttachTest-1414386161-project-member] Determining version of request: PUT /v2/images/6435dccb-f658-47b9-811b-4328cf75dc63/file Accept: {{(pid=102005) process_request /opt/stack/glance/glance/api/middleware/version_negotiation.py:44}}
Jun 15 20:07:58.924702 np0000002891 devstack@g-api.service[102005]: DEBUG glance.api.middleware.version_negotiation [None req-82009008-1c3e-4957-8e4e-d85c385a2d33 tempest-AttachVolumeMultiAttachTest-1414386161 tempest-AttachVolumeMultiAttachTest-1414386161-project-member] Using url versioning {{(pid=102005) process_request /opt/stack/glance/glance/api/middleware/version_negotiation.py:57}}
Jun 15 20:07:58.924877 np0000002891 devstack@g-api.service[102005]: DEBUG glance.api.middleware.version_negotiation [None req-82009008-1c3e-4957-8e4e-d85c385a2d33 tempest-AttachVolumeMultiAttachTest-1414386161 tempest-AttachVolumeMultiAttachTest-1414386161-project-member] Matched version: v2 {{(pid=102005) process_request /opt/stack/glance/glance/api/middleware/version_negotiation.py:69}}
Jun 15 20:07:58.925023 np0000002891 devstack@g-api.service[102005]: DEBUG glance.api.middleware.version_negotiation [None req-82009008-1c3e-4957-8e4e-d85c385a2d33 tempest-AttachVolumeMultiAttachTest-1414386161 tempest-AttachVolumeMultiAttachTest-1414386161-project-member] new path /v2/images/6435dccb-f658-47b9-811b-4328cf75dc63/file {{(pid=102005) process_request /opt/stack/glance/glance/api/middleware/version_negotiation.py:70}}
Jun 15 20:07:59.001445 np0000002891 devstack@g-api.service[102004]: DEBUG glance.api.middleware.version_negotiation [None req-9d50b1d0-74e1-41a2-bbc7-f3fcaf20f65c tempest-TestMinimumBasicScenario-1350720098 tempest-TestMinimumBasicScenario-1350720098-project-member] Determining version of request: GET /v2/images/71709a0a-ef54-4736-84f6-387b6fe9dc98 Accept: */* {{(pid=102004) process_request /opt/stack/glance/glance/api/middleware/version_negotiation.py:44}}
Jun 15 20:07:59.001859 np0000002891 devstack@g-api.service[102004]: DEBUG glance.api.middleware.version_negotiation [None req-9d50b1d0-74e1-41a2-bbc7-f3fcaf20f65c tempest-TestMinimumBasicScenario-1350720098 tempest-TestMinimumBasicScenario-1350720098-project-member] Using url versioning {{(pid=102004) process_request /opt/stack/glance/glance/api/middleware/version_negotiation.py:57}}
Jun 15 20:07:59.001859 np0000002891 devstack@g-api.service[102004]: DEBUG glance.api.middleware.version_negotiation [None req-9d50b1d0-74e1-41a2-bbc7-f3fcaf20f65c tempest-TestMinimumBasicScenario-1350720098 tempest-TestMinimumBasicScenario-1350720098-project-member] Matched version: v2 {{(pid=102004) process_request /opt/stack/glance/glance/api/middleware/version_negotiation.py:69}}
Jun 15 20:07:59.001967 np0000002891 devstack@g-api.service[102004]: DEBUG glance.api.middleware.version_negotiation [None req-9d50b1d0-74e1-41a2-bbc7-f3fcaf20f65c tempest-TestMinimumBasicScenario-1350720098 tempest-TestMinimumBasicScenario-1350720098-project-member] new path /v2/images/71709a0a-ef54-4736-84f6-387b6fe9dc98 {{(pid=102004) process_request /opt/stack/glance/glance/api/middleware/version_negotiation.py:70}}
Jun 15 20:07:59.012908 np0000002891 devstack@g-api.service[102004]: [pid: 102004|app: 0|req: 117/346] 127.0.0.1 () {44 vars in 1111 bytes} [Mon Jun 15 20:07:59 2026] GET /v2/images/71709a0a-ef54-4736-84f6-387b6fe9dc98 => generated 1336 bytes in 12 msecs (HTTP/1.1 200) 4 headers in 158 bytes (1 switches on core 0)
Jun 15 20:07:59.043401 np0000002891 devstack@g-api.service[102006]: DEBUG glance.api.middleware.version_negotiation [None req-e1616466-3850-4168-ba69-d04c53389fee tempest-TestMinimumBasicScenario-1350720098 tempest-TestMinimumBasicScenario-1350720098-project-member] Determining version of request: GET /v2/schemas/image Accept: */* {{(pid=102006) process_request /opt/stack/glance/glance/api/middleware/version_negotiation.py:44}}
Jun 15 20:07:59.043555 np0000002891 devstack@g-api.service[102006]: DEBUG glance.api.middleware.version_negotiation [None req-e1616466-3850-4168-ba69-d04c53389fee tempest-TestMinimumBasicScenario-1350720098 tempest-TestMinimumBasicScenario-1350720098-project-member] Using url versioning {{(pid=102006) process_request /opt/stack/glance/glance/api/middleware/version_negotiation.py:57}}
Jun 15 20:07:59.043675 np0000002891 devstack@g-api.service[102006]: DEBUG glance.api.middleware.version_negotiation [None req-e1616466-3850-4168-ba69-d04c53389fee tempest-TestMinimumBasicScenario-1350720098 tempest-TestMinimumBasicScenario-1350720098-project-member] Matched version: v2 {{(pid=102006) process_request /opt/stack/glance/glance/api/middleware/version_negotiation.py:69}}
Jun 15 20:07:59.043781 np0000002891 devstack@g-api.service[102006]: DEBUG glance.api.middleware.version_negotiation [None req-e1616466-3850-4168-ba69-d04c53389fee tempest-TestMinimumBasicScenario-1350720098 tempest-TestMinimumBasicScenario-1350720098-project-member] new path /v2/schemas/image {{(pid=102006) process_request /opt/stack/glance/glance/api/middleware/version_negotiation.py:70}}
Jun 15 20:07:59.045822 np0000002891 devstack@g-api.service[102006]: [pid: 102006|app: 0|req: 110/347] 127.0.0.1 () {44 vars in 1051 bytes} [Mon Jun 15 20:07:59 2026] GET /v2/schemas/image => generated 6083 bytes in 2 msecs (HTTP/1.1 200) 4 headers in 158 bytes (1 switches on core 0)
Jun 15 20:07:59.322669 np0000002891 devstack@g-api.service[102005]: INFO glance.api.v2.image_data [None req-cf7ccc5f-e10a-4132-8af4-9d4f80ecb459 tempest-TestMinimumBasicScenario-1350720098 tempest-TestMinimumBasicScenario-1350720098-project-member] Unable to create trust: no such option collect_timing in group [keystone_authtoken] Use the existing user token.
Jun 15 20:07:59.703999 np0000002891 devstack@g-api.service[102005]: DEBUG glance.location [None req-cf7ccc5f-e10a-4132-8af4-9d4f80ecb459 tempest-TestMinimumBasicScenario-1350720098 tempest-TestMinimumBasicScenario-1350720098-project-member] Enabling in-flight format inspection for qcow2 {{(pid=102005) set_data /opt/stack/glance/glance/location.py:616}}
Jun 15 20:07:59.704301 np0000002891 devstack@g-api.service[102005]: DEBUG glance_store.backend [None req-cf7ccc5f-e10a-4132-8af4-9d4f80ecb459 tempest-TestMinimumBasicScenario-1350720098 tempest-TestMinimumBasicScenario-1350720098-project-member] Attempting to import store swift {{(pid=102005) _load_store /opt/stack/data/venv/lib/python3.12/site-packages/glance_store/backend.py:215}}
Jun 15 20:07:59.705575 np0000002891 devstack@g-api.service[102005]: DEBUG glance_store.capabilities [None req-cf7ccc5f-e10a-4132-8af4-9d4f80ecb459 tempest-TestMinimumBasicScenario-1350720098 tempest-TestMinimumBasicScenario-1350720098-project-member] Store glance_store._drivers.swift.store.SingleTenantStore doesn't support updating dynamic storage capabilities. Please overwrite 'update_capabilities' method of the store to implement updating logics if needed. {{(pid=102005) update_capabilities /opt/stack/data/venv/lib/python3.12/site-packages/glance_store/capabilities.py:91}}
Jun 15 20:07:59.705666 np0000002891 devstack@g-api.service[102005]: DEBUG glance_store.driver [None req-cf7ccc5f-e10a-4132-8af4-9d4f80ecb459 tempest-TestMinimumBasicScenario-1350720098 tempest-TestMinimumBasicScenario-1350720098-project-member] Late loading location class glance_store._drivers.swift.store.StoreLocation {{(pid=102005) get_store_location_class /opt/stack/data/venv/lib/python3.12/site-packages/glance_store/driver.py:134}}
Jun 15 20:07:59.705766 np0000002891 devstack@g-api.service[102005]: DEBUG glance_store.location [None req-cf7ccc5f-e10a-4132-8af4-9d4f80ecb459 tempest-TestMinimumBasicScenario-1350720098 tempest-TestMinimumBasicScenario-1350720098-project-member] Registering scheme swift+https with {'store': , 'location_class': , 'store_entry': 'swift'} {{(pid=102005) register_scheme_map /opt/stack/data/venv/lib/python3.12/site-packages/glance_store/location.py:146}}
Jun 15 20:07:59.705864 np0000002891 devstack@g-api.service[102005]: DEBUG glance_store.location [None req-cf7ccc5f-e10a-4132-8af4-9d4f80ecb459 tempest-TestMinimumBasicScenario-1350720098 tempest-TestMinimumBasicScenario-1350720098-project-member] Registering scheme swift+https with {'store': , 'location_class': , 'store_entry': 'swift'} {{(pid=102005) register_scheme_map /opt/stack/data/venv/lib/python3.12/site-packages/glance_store/location.py:146}}
Jun 15 20:07:59.705941 np0000002891 devstack@g-api.service[102005]: DEBUG glance_store.location [None req-cf7ccc5f-e10a-4132-8af4-9d4f80ecb459 tempest-TestMinimumBasicScenario-1350720098 tempest-TestMinimumBasicScenario-1350720098-project-member] Registering scheme swift with {'store': , 'location_class': , 'store_entry': 'swift'} {{(pid=102005) register_scheme_map /opt/stack/data/venv/lib/python3.12/site-packages/glance_store/location.py:146}}
Jun 15 20:07:59.706023 np0000002891 devstack@g-api.service[102005]: DEBUG glance_store.location [None req-cf7ccc5f-e10a-4132-8af4-9d4f80ecb459 tempest-TestMinimumBasicScenario-1350720098 tempest-TestMinimumBasicScenario-1350720098-project-member] Registering scheme swift+https with {'store': , 'location_class': , 'store_entry': 'swift'} {{(pid=102005) register_scheme_map /opt/stack/data/venv/lib/python3.12/site-packages/glance_store/location.py:146}}
Jun 15 20:07:59.706082 np0000002891 devstack@g-api.service[102005]: DEBUG glance_store.location [None req-cf7ccc5f-e10a-4132-8af4-9d4f80ecb459 tempest-TestMinimumBasicScenario-1350720098 tempest-TestMinimumBasicScenario-1350720098-project-member] Registering scheme swift with {'store': , 'location_class': , 'store_entry': 'swift'} {{(pid=102005) register_scheme_map /opt/stack/data/venv/lib/python3.12/site-packages/glance_store/location.py:146}}
Jun 15 20:07:59.706152 np0000002891 devstack@g-api.service[102005]: DEBUG glance_store.location [None req-cf7ccc5f-e10a-4132-8af4-9d4f80ecb459 tempest-TestMinimumBasicScenario-1350720098 tempest-TestMinimumBasicScenario-1350720098-project-member] Registering scheme swift+http with {'store': , 'location_class': , 'store_entry': 'swift'} {{(pid=102005) register_scheme_map /opt/stack/data/venv/lib/python3.12/site-packages/glance_store/location.py:146}}
Jun 15 20:07:59.706224 np0000002891 devstack@g-api.service[102005]: DEBUG glance_store.location [None req-cf7ccc5f-e10a-4132-8af4-9d4f80ecb459 tempest-TestMinimumBasicScenario-1350720098 tempest-TestMinimumBasicScenario-1350720098-project-member] Registering scheme swift+https with {'store': , 'location_class': , 'store_entry': 'swift'} {{(pid=102005) register_scheme_map /opt/stack/data/venv/lib/python3.12/site-packages/glance_store/location.py:146}}
Jun 15 20:07:59.706309 np0000002891 devstack@g-api.service[102005]: DEBUG glance_store.location [None req-cf7ccc5f-e10a-4132-8af4-9d4f80ecb459 tempest-TestMinimumBasicScenario-1350720098 tempest-TestMinimumBasicScenario-1350720098-project-member] Registering scheme swift with {'store': , 'location_class': , 'store_entry': 'swift'} {{(pid=102005) register_scheme_map /opt/stack/data/venv/lib/python3.12/site-packages/glance_store/location.py:146}}
Jun 15 20:07:59.706377 np0000002891 devstack@g-api.service[102005]: DEBUG glance_store.location [None req-cf7ccc5f-e10a-4132-8af4-9d4f80ecb459 tempest-TestMinimumBasicScenario-1350720098 tempest-TestMinimumBasicScenario-1350720098-project-member] Registering scheme swift+http with {'store': , 'location_class': , 'store_entry': 'swift'} {{(pid=102005) register_scheme_map /opt/stack/data/venv/lib/python3.12/site-packages/glance_store/location.py:146}}
Jun 15 20:07:59.706445 np0000002891 devstack@g-api.service[102005]: DEBUG glance_store.location [None req-cf7ccc5f-e10a-4132-8af4-9d4f80ecb459 tempest-TestMinimumBasicScenario-1350720098 tempest-TestMinimumBasicScenario-1350720098-project-member] Registering scheme swift+config with {'store': , 'location_class': , 'store_entry': 'swift'} {{(pid=102005) register_scheme_map /opt/stack/data/venv/lib/python3.12/site-packages/glance_store/location.py:146}}
Jun 15 20:07:59.813908 np0000002891 devstack@g-api.service[102004]: DEBUG glance.api.middleware.version_negotiation [None req-c9dc03af-ff84-4319-b1ae-079a21967f38 tempest-ServerStableDeviceRescueTest-2004789547 tempest-ServerStableDeviceRescueTest-2004789547-project-member] Determining version of request: GET /v2/schemas/image Accept: */* {{(pid=102004) process_request /opt/stack/glance/glance/api/middleware/version_negotiation.py:44}}
Jun 15 20:07:59.814092 np0000002891 devstack@g-api.service[102004]: DEBUG glance.api.middleware.version_negotiation [None req-c9dc03af-ff84-4319-b1ae-079a21967f38 tempest-ServerStableDeviceRescueTest-2004789547 tempest-ServerStableDeviceRescueTest-2004789547-project-member] Using url versioning {{(pid=102004) process_request /opt/stack/glance/glance/api/middleware/version_negotiation.py:57}}
Jun 15 20:07:59.814216 np0000002891 devstack@g-api.service[102004]: DEBUG glance.api.middleware.version_negotiation [None req-c9dc03af-ff84-4319-b1ae-079a21967f38 tempest-ServerStableDeviceRescueTest-2004789547 tempest-ServerStableDeviceRescueTest-2004789547-project-member] Matched version: v2 {{(pid=102004) process_request /opt/stack/glance/glance/api/middleware/version_negotiation.py:69}}
Jun 15 20:07:59.814324 np0000002891 devstack@g-api.service[102004]: DEBUG glance.api.middleware.version_negotiation [None req-c9dc03af-ff84-4319-b1ae-079a21967f38 tempest-ServerStableDeviceRescueTest-2004789547 tempest-ServerStableDeviceRescueTest-2004789547-project-member] new path /v2/schemas/image {{(pid=102004) process_request /opt/stack/glance/glance/api/middleware/version_negotiation.py:70}}
Jun 15 20:07:59.818440 np0000002891 devstack@g-api.service[102004]: [pid: 102004|app: 0|req: 118/348] 127.0.0.1 () {44 vars in 1051 bytes} [Mon Jun 15 20:07:59 2026] GET /v2/schemas/image => generated 6083 bytes in 4 msecs (HTTP/1.1 200) 4 headers in 158 bytes (1 switches on core 0)
Jun 15 20:07:59.859076 np0000002891 devstack@g-api.service[102006]: DEBUG glance.api.middleware.version_negotiation [None req-c9dc03af-ff84-4319-b1ae-079a21967f38 tempest-ServerStableDeviceRescueTest-2004789547 tempest-ServerStableDeviceRescueTest-2004789547-project-member] Determining version of request: POST /v2/images Accept: */* {{(pid=102006) process_request /opt/stack/glance/glance/api/middleware/version_negotiation.py:44}}
Jun 15 20:07:59.859076 np0000002891 devstack@g-api.service[102006]: DEBUG glance.api.middleware.version_negotiation [None req-c9dc03af-ff84-4319-b1ae-079a21967f38 tempest-ServerStableDeviceRescueTest-2004789547 tempest-ServerStableDeviceRescueTest-2004789547-project-member] Using url versioning {{(pid=102006) process_request /opt/stack/glance/glance/api/middleware/version_negotiation.py:57}}
Jun 15 20:07:59.859076 np0000002891 devstack@g-api.service[102006]: DEBUG glance.api.middleware.version_negotiation [None req-c9dc03af-ff84-4319-b1ae-079a21967f38 tempest-ServerStableDeviceRescueTest-2004789547 tempest-ServerStableDeviceRescueTest-2004789547-project-member] Matched version: v2 {{(pid=102006) process_request /opt/stack/glance/glance/api/middleware/version_negotiation.py:69}}
Jun 15 20:07:59.859076 np0000002891 devstack@g-api.service[102006]: DEBUG glance.api.middleware.version_negotiation [None req-c9dc03af-ff84-4319-b1ae-079a21967f38 tempest-ServerStableDeviceRescueTest-2004789547 tempest-ServerStableDeviceRescueTest-2004789547-project-member] new path /v2/images {{(pid=102006) process_request /opt/stack/glance/glance/api/middleware/version_negotiation.py:70}}
Jun 15 20:07:59.901966 np0000002891 devstack@g-api.service[102005]: DEBUG swiftclient [None req-cf7ccc5f-e10a-4132-8af4-9d4f80ecb459 tempest-TestMinimumBasicScenario-1350720098 tempest-TestMinimumBasicScenario-1350720098-project-member] REQ: curl -i https://10.4.3.31:8080/v1/AUTH_8399ae668ec94261b35c21468ee80d39/glance -I -H "X-Auth-Token: gAAAAABqMFufeoLL..." {{(pid=102005) http_log /opt/stack/data/venv/lib/python3.12/site-packages/swiftclient/client.py:160}}
Jun 15 20:07:59.902139 np0000002891 devstack@g-api.service[102005]: DEBUG swiftclient [None req-cf7ccc5f-e10a-4132-8af4-9d4f80ecb459 tempest-TestMinimumBasicScenario-1350720098 tempest-TestMinimumBasicScenario-1350720098-project-member] RESP STATUS: 204 No Content {{(pid=102005) http_log /opt/stack/data/venv/lib/python3.12/site-packages/swiftclient/client.py:161}}
Jun 15 20:07:59.902257 np0000002891 devstack@g-api.service[102005]: DEBUG swiftclient [None req-cf7ccc5f-e10a-4132-8af4-9d4f80ecb459 tempest-TestMinimumBasicScenario-1350720098 tempest-TestMinimumBasicScenario-1350720098-project-member] RESP HEADERS: {'Date': 'Mon, 15 Jun 2026 20:07:59 GMT', 'Server': 'Apache/2.4.58 (Ubuntu)', 'Content-Type': 'text/plain; charset=utf-8', 'X-Container-Object-Count': '7', 'X-Container-Bytes-Used': '111411200', 'X-Timestamp': '1781553640.32107', 'Last-Modified': 'Mon, 15 Jun 2026 20:00:41 GMT', 'Accept-Ranges': 'bytes', 'X-Storage-Policy': 'Policy-0', 'X-Container-Sharding': 'False', 'Vary': 'Accept', 'X-Trans-Id': 'tx446b33a6ff4a4d7fbd738-006a305b9f', 'X-Openstack-Request-Id': 'tx446b33a6ff4a4d7fbd738-006a305b9f', 'Connection': 'close'} {{(pid=102005) http_log /opt/stack/data/venv/lib/python3.12/site-packages/swiftclient/client.py:162}}
Jun 15 20:07:59.902411 np0000002891 devstack@g-api.service[102005]: DEBUG glance_store._drivers.swift.store [None req-cf7ccc5f-e10a-4132-8af4-9d4f80ecb459 tempest-TestMinimumBasicScenario-1350720098 tempest-TestMinimumBasicScenario-1350720098-project-member] Adding image object '6435dccb-f658-47b9-811b-4328cf75dc63' to Swift {{(pid=102005) add /opt/stack/data/venv/lib/python3.12/site-packages/glance_store/_drivers/swift/store.py:970}}
Jun 15 20:07:59.902501 np0000002891 devstack@g-api.service[102005]: DEBUG glance_store._drivers.swift.store [None req-cf7ccc5f-e10a-4132-8af4-9d4f80ecb459 tempest-TestMinimumBasicScenario-1350720098 tempest-TestMinimumBasicScenario-1350720098-project-member] Cannot determine image size because it is either not provided in the request or chunked-transfer encoding is used. Adding image as a segmented object to Swift. {{(pid=102005) add /opt/stack/data/venv/lib/python3.12/site-packages/glance_store/_drivers/swift/store.py:994}}
Jun 15 20:07:59.907919 np0000002891 devstack@g-api.service[102005]: DEBUG oslo_utils.imageutils.format_inspector [None req-cf7ccc5f-e10a-4132-8af4-9d4f80ecb459 tempest-TestMinimumBasicScenario-1350720098 tempest-TestMinimumBasicScenario-1350720098-project-member] Format inspector for vmdk does not match, excluding from consideration (Signature KDMV not found: b'QFI\xfb') {{(pid=102005) _process_chunk /opt/stack/data/venv/lib/python3.12/site-packages/oslo_utils/imageutils/format_inspector.py:1758}}
Jun 15 20:07:59.909177 np0000002891 devstack@g-api.service[102005]: DEBUG oslo_utils.imageutils.format_inspector [None req-cf7ccc5f-e10a-4132-8af4-9d4f80ecb459 tempest-TestMinimumBasicScenario-1350720098 tempest-TestMinimumBasicScenario-1350720098-project-member] Format inspector for vhdx does not match, excluding from consideration (Region signature not found at 30000) {{(pid=102005) _process_chunk /opt/stack/data/venv/lib/python3.12/site-packages/oslo_utils/imageutils/format_inspector.py:1758}}
Jun 15 20:08:00.107610 np0000002891 devstack@g-api.service[102005]: DEBUG swiftclient [None req-cf7ccc5f-e10a-4132-8af4-9d4f80ecb459 tempest-TestMinimumBasicScenario-1350720098 tempest-TestMinimumBasicScenario-1350720098-project-member] REQ: curl -i https://10.4.3.31:8080/v1/AUTH_8399ae668ec94261b35c21468ee80d39/glance/6435dccb-f658-47b9-811b-4328cf75dc63-00001 -X PUT -H "X-Auth-Token: gAAAAABqMFufeoLL..." {{(pid=102005) http_log /opt/stack/data/venv/lib/python3.12/site-packages/swiftclient/client.py:160}}
Jun 15 20:08:00.107751 np0000002891 devstack@g-api.service[102005]: DEBUG swiftclient [None req-cf7ccc5f-e10a-4132-8af4-9d4f80ecb459 tempest-TestMinimumBasicScenario-1350720098 tempest-TestMinimumBasicScenario-1350720098-project-member] RESP STATUS: 201 Created {{(pid=102005) http_log /opt/stack/data/venv/lib/python3.12/site-packages/swiftclient/client.py:161}}
Jun 15 20:08:00.107982 np0000002891 devstack@g-api.service[102005]: DEBUG swiftclient [None req-cf7ccc5f-e10a-4132-8af4-9d4f80ecb459 tempest-TestMinimumBasicScenario-1350720098 tempest-TestMinimumBasicScenario-1350720098-project-member] RESP HEADERS: {'Date': 'Mon, 15 Jun 2026 20:08:00 GMT', 'Server': 'Apache/2.4.58 (Ubuntu)', 'Content-Type': 'text/html; charset=UTF-8', 'Content-Length': '0', 'Etag': '87617e24a5e30cb3b87fda8c0764838f', 'Last-Modified': 'Mon, 15 Jun 2026 20:08:00 GMT', 'X-Trans-Id': 'tx5402dceac60e4f0a9349a-006a305b9f', 'X-Openstack-Request-Id': 'tx5402dceac60e4f0a9349a-006a305b9f', 'Connection': 'close'} {{(pid=102005) http_log /opt/stack/data/venv/lib/python3.12/site-packages/swiftclient/client.py:162}}
Jun 15 20:08:00.108127 np0000002891 devstack@g-api.service[102005]: DEBUG glance_store._drivers.swift.store [None req-cf7ccc5f-e10a-4132-8af4-9d4f80ecb459 tempest-TestMinimumBasicScenario-1350720098 tempest-TestMinimumBasicScenario-1350720098-project-member] Wrote chunk 6435dccb-f658-47b9-811b-4328cf75dc63-00001 (1/?) of length 21692416 to Swift returning MD5 of content: 87617e24a5e30cb3b87fda8c0764838f {{(pid=102005) add /opt/stack/data/venv/lib/python3.12/site-packages/glance_store/_drivers/swift/store.py:1059}}
Jun 15 20:08:00.108411 np0000002891 devstack@g-api.service[102005]: DEBUG glance_store._drivers.swift.store [None req-cf7ccc5f-e10a-4132-8af4-9d4f80ecb459 tempest-TestMinimumBasicScenario-1350720098 tempest-TestMinimumBasicScenario-1350720098-project-member] Not writing zero-length chunk. {{(pid=102005) add /opt/stack/data/venv/lib/python3.12/site-packages/glance_store/_drivers/swift/store.py:1028}}
Jun 15 20:08:00.117747 np0000002891 devstack@g-api.service[102004]: DEBUG glance.api.middleware.version_negotiation [None req-f1313e33-b1e7-4ee5-a728-281561d443e3 tempest-AttachVolumeShelveTestJSON-1707400688 tempest-AttachVolumeShelveTestJSON-1707400688-project-member] Determining version of request: GET /v2/images/71709a0a-ef54-4736-84f6-387b6fe9dc98 Accept: */* {{(pid=102004) process_request /opt/stack/glance/glance/api/middleware/version_negotiation.py:44}}
Jun 15 20:08:00.118014 np0000002891 devstack@g-api.service[102004]: DEBUG glance.api.middleware.version_negotiation [None req-f1313e33-b1e7-4ee5-a728-281561d443e3 tempest-AttachVolumeShelveTestJSON-1707400688 tempest-AttachVolumeShelveTestJSON-1707400688-project-member] Using url versioning {{(pid=102004) process_request /opt/stack/glance/glance/api/middleware/version_negotiation.py:57}}
Jun 15 20:08:00.118079 np0000002891 devstack@g-api.service[102004]: DEBUG glance.api.middleware.version_negotiation [None req-f1313e33-b1e7-4ee5-a728-281561d443e3 tempest-AttachVolumeShelveTestJSON-1707400688 tempest-AttachVolumeShelveTestJSON-1707400688-project-member] Matched version: v2 {{(pid=102004) process_request /opt/stack/glance/glance/api/middleware/version_negotiation.py:69}}
Jun 15 20:08:00.118189 np0000002891 devstack@g-api.service[102004]: DEBUG glance.api.middleware.version_negotiation [None req-f1313e33-b1e7-4ee5-a728-281561d443e3 tempest-AttachVolumeShelveTestJSON-1707400688 tempest-AttachVolumeShelveTestJSON-1707400688-project-member] new path /v2/images/71709a0a-ef54-4736-84f6-387b6fe9dc98 {{(pid=102004) process_request /opt/stack/glance/glance/api/middleware/version_negotiation.py:70}}
Jun 15 20:08:00.129623 np0000002891 devstack@g-api.service[102004]: [pid: 102004|app: 0|req: 119/349] 127.0.0.1 () {44 vars in 1111 bytes} [Mon Jun 15 20:08:00 2026] GET /v2/images/71709a0a-ef54-4736-84f6-387b6fe9dc98 => generated 1336 bytes in 12 msecs (HTTP/1.1 200) 4 headers in 158 bytes (1 switches on core 0)
Jun 15 20:08:00.129684 np0000002891 devstack@g-api.service[102005]: DEBUG swiftclient [None req-cf7ccc5f-e10a-4132-8af4-9d4f80ecb459 tempest-TestMinimumBasicScenario-1350720098 tempest-TestMinimumBasicScenario-1350720098-project-member] REQ: curl -i https://10.4.3.31:8080/v1/AUTH_8399ae668ec94261b35c21468ee80d39/glance/6435dccb-f658-47b9-811b-4328cf75dc63 -X PUT -H "X-Object-Manifest: glance/6435dccb-f658-47b9-811b-4328cf75dc63-" -H "X-Auth-Token: gAAAAABqMFufeoLL..." -H "Content-Length: 0" {{(pid=102005) http_log /opt/stack/data/venv/lib/python3.12/site-packages/swiftclient/client.py:160}}
Jun 15 20:08:00.129846 np0000002891 devstack@g-api.service[102005]: DEBUG swiftclient [None req-cf7ccc5f-e10a-4132-8af4-9d4f80ecb459 tempest-TestMinimumBasicScenario-1350720098 tempest-TestMinimumBasicScenario-1350720098-project-member] RESP STATUS: 201 Created {{(pid=102005) http_log /opt/stack/data/venv/lib/python3.12/site-packages/swiftclient/client.py:161}}
Jun 15 20:08:00.130021 np0000002891 devstack@g-api.service[102005]: DEBUG swiftclient [None req-cf7ccc5f-e10a-4132-8af4-9d4f80ecb459 tempest-TestMinimumBasicScenario-1350720098 tempest-TestMinimumBasicScenario-1350720098-project-member] RESP HEADERS: {'Date': 'Mon, 15 Jun 2026 20:08:00 GMT', 'Server': 'Apache/2.4.58 (Ubuntu)', 'Content-Type': 'text/html; charset=UTF-8', 'Content-Length': '0', 'Etag': 'd41d8cd98f00b204e9800998ecf8427e', 'Last-Modified': 'Mon, 15 Jun 2026 20:08:01 GMT', 'X-Trans-Id': 'txd997b577c0704efd81bd8-006a305ba0', 'X-Openstack-Request-Id': 'txd997b577c0704efd81bd8-006a305ba0', 'Connection': 'close'} {{(pid=102005) http_log /opt/stack/data/venv/lib/python3.12/site-packages/swiftclient/client.py:162}}
Jun 15 20:08:00.130746 np0000002891 devstack@g-api.service[102005]: INFO glance.location [None req-cf7ccc5f-e10a-4132-8af4-9d4f80ecb459 tempest-TestMinimumBasicScenario-1350720098 tempest-TestMinimumBasicScenario-1350720098-project-member] Image format matched and virtual size computed: 117440512
Jun 15 20:08:00.157709 np0000002891 devstack@g-api.service[102005]: DEBUG glance_store.backend [None req-cf7ccc5f-e10a-4132-8af4-9d4f80ecb459 tempest-TestMinimumBasicScenario-1350720098 tempest-TestMinimumBasicScenario-1350720098-project-member] Attempting to import store swift {{(pid=102005) _load_store /opt/stack/data/venv/lib/python3.12/site-packages/glance_store/backend.py:215}}
Jun 15 20:08:00.158718 np0000002891 devstack@g-api.service[102005]: DEBUG glance_store.capabilities [None req-cf7ccc5f-e10a-4132-8af4-9d4f80ecb459 tempest-TestMinimumBasicScenario-1350720098 tempest-TestMinimumBasicScenario-1350720098-project-member] Store glance_store._drivers.swift.store.SingleTenantStore doesn't support updating dynamic storage capabilities. Please overwrite 'update_capabilities' method of the store to implement updating logics if needed. {{(pid=102005) update_capabilities /opt/stack/data/venv/lib/python3.12/site-packages/glance_store/capabilities.py:91}}
Jun 15 20:08:00.158807 np0000002891 devstack@g-api.service[102005]: DEBUG glance_store.driver [None req-cf7ccc5f-e10a-4132-8af4-9d4f80ecb459 tempest-TestMinimumBasicScenario-1350720098 tempest-TestMinimumBasicScenario-1350720098-project-member] Late loading location class glance_store._drivers.swift.store.StoreLocation {{(pid=102005) get_store_location_class /opt/stack/data/venv/lib/python3.12/site-packages/glance_store/driver.py:134}}
Jun 15 20:08:00.158912 np0000002891 devstack@g-api.service[102005]: DEBUG glance_store.location [None req-cf7ccc5f-e10a-4132-8af4-9d4f80ecb459 tempest-TestMinimumBasicScenario-1350720098 tempest-TestMinimumBasicScenario-1350720098-project-member] Registering scheme swift+https with {'store': , 'location_class': , 'store_entry': 'swift'} {{(pid=102005) register_scheme_map /opt/stack/data/venv/lib/python3.12/site-packages/glance_store/location.py:146}}
Jun 15 20:08:00.158987 np0000002891 devstack@g-api.service[102005]: DEBUG glance_store.location [None req-cf7ccc5f-e10a-4132-8af4-9d4f80ecb459 tempest-TestMinimumBasicScenario-1350720098 tempest-TestMinimumBasicScenario-1350720098-project-member] Registering scheme swift+https with {'store': , 'location_class': , 'store_entry': 'swift'} {{(pid=102005) register_scheme_map /opt/stack/data/venv/lib/python3.12/site-packages/glance_store/location.py:146}}
Jun 15 20:08:00.159060 np0000002891 devstack@g-api.service[102005]: DEBUG glance_store.location [None req-cf7ccc5f-e10a-4132-8af4-9d4f80ecb459 tempest-TestMinimumBasicScenario-1350720098 tempest-TestMinimumBasicScenario-1350720098-project-member] Registering scheme swift with {'store': , 'location_class': , 'store_entry': 'swift'} {{(pid=102005) register_scheme_map /opt/stack/data/venv/lib/python3.12/site-packages/glance_store/location.py:146}}
Jun 15 20:08:00.159112 np0000002891 devstack@g-api.service[102004]: DEBUG glance.api.middleware.version_negotiation [None req-ff175aec-8611-4162-8c9d-bdeedcc5145d tempest-ServerStableDeviceRescueTest-2004789547 tempest-ServerStableDeviceRescueTest-2004789547-project-member] Determining version of request: GET /v2/schemas/image Accept: */* {{(pid=102004) process_request /opt/stack/glance/glance/api/middleware/version_negotiation.py:44}}
Jun 15 20:08:00.159343 np0000002891 devstack@g-api.service[102005]: DEBUG glance_store.location [None req-cf7ccc5f-e10a-4132-8af4-9d4f80ecb459 tempest-TestMinimumBasicScenario-1350720098 tempest-TestMinimumBasicScenario-1350720098-project-member] Registering scheme swift+https with {'store': , 'location_class': , 'store_entry': 'swift'} {{(pid=102005) register_scheme_map /opt/stack/data/venv/lib/python3.12/site-packages/glance_store/location.py:146}}
Jun 15 20:08:00.159343 np0000002891 devstack@g-api.service[102005]: DEBUG glance_store.location [None req-cf7ccc5f-e10a-4132-8af4-9d4f80ecb459 tempest-TestMinimumBasicScenario-1350720098 tempest-TestMinimumBasicScenario-1350720098-project-member] Registering scheme swift with {'store': , 'location_class': , 'store_entry': 'swift'} {{(pid=102005) register_scheme_map /opt/stack/data/venv/lib/python3.12/site-packages/glance_store/location.py:146}}
Jun 15 20:08:00.159432 np0000002891 devstack@g-api.service[102004]: DEBUG glance.api.middleware.version_negotiation [None req-ff175aec-8611-4162-8c9d-bdeedcc5145d tempest-ServerStableDeviceRescueTest-2004789547 tempest-ServerStableDeviceRescueTest-2004789547-project-member] Using url versioning {{(pid=102004) process_request /opt/stack/glance/glance/api/middleware/version_negotiation.py:57}}
Jun 15 20:08:00.159481 np0000002891 devstack@g-api.service[102005]: DEBUG glance_store.location [None req-cf7ccc5f-e10a-4132-8af4-9d4f80ecb459 tempest-TestMinimumBasicScenario-1350720098 tempest-TestMinimumBasicScenario-1350720098-project-member] Registering scheme swift+http with {'store': , 'location_class': , 'store_entry': 'swift'} {{(pid=102005) register_scheme_map /opt/stack/data/venv/lib/python3.12/site-packages/glance_store/location.py:146}}
Jun 15 20:08:00.159579 np0000002891 devstack@g-api.service[102004]: DEBUG glance.api.middleware.version_negotiation [None req-ff175aec-8611-4162-8c9d-bdeedcc5145d tempest-ServerStableDeviceRescueTest-2004789547 tempest-ServerStableDeviceRescueTest-2004789547-project-member] Matched version: v2 {{(pid=102004) process_request /opt/stack/glance/glance/api/middleware/version_negotiation.py:69}}
Jun 15 20:08:00.159618 np0000002891 devstack@g-api.service[102005]: DEBUG glance_store.location [None req-cf7ccc5f-e10a-4132-8af4-9d4f80ecb459 tempest-TestMinimumBasicScenario-1350720098 tempest-TestMinimumBasicScenario-1350720098-project-member] Registering scheme swift+https with {'store': , 'location_class': , 'store_entry': 'swift'} {{(pid=102005) register_scheme_map /opt/stack/data/venv/lib/python3.12/site-packages/glance_store/location.py:146}}
Jun 15 20:08:00.159618 np0000002891 devstack@g-api.service[102005]: DEBUG glance_store.location [None req-cf7ccc5f-e10a-4132-8af4-9d4f80ecb459 tempest-TestMinimumBasicScenario-1350720098 tempest-TestMinimumBasicScenario-1350720098-project-member] Registering scheme swift with {'store': , 'location_class': , 'store_entry': 'swift'} {{(pid=102005) register_scheme_map /opt/stack/data/venv/lib/python3.12/site-packages/glance_store/location.py:146}}
Jun 15 20:08:00.159695 np0000002891 devstack@g-api.service[102004]: DEBUG glance.api.middleware.version_negotiation [None req-ff175aec-8611-4162-8c9d-bdeedcc5145d tempest-ServerStableDeviceRescueTest-2004789547 tempest-ServerStableDeviceRescueTest-2004789547-project-member] new path /v2/schemas/image {{(pid=102004) process_request /opt/stack/glance/glance/api/middleware/version_negotiation.py:70}}
Jun 15 20:08:00.159724 np0000002891 devstack@g-api.service[102005]: DEBUG glance_store.location [None req-cf7ccc5f-e10a-4132-8af4-9d4f80ecb459 tempest-TestMinimumBasicScenario-1350720098 tempest-TestMinimumBasicScenario-1350720098-project-member] Registering scheme swift+http with {'store': , 'location_class': , 'store_entry': 'swift'} {{(pid=102005) register_scheme_map /opt/stack/data/venv/lib/python3.12/site-packages/glance_store/location.py:146}}
Jun 15 20:08:00.159724 np0000002891 devstack@g-api.service[102005]: DEBUG glance_store.location [None req-cf7ccc5f-e10a-4132-8af4-9d4f80ecb459 tempest-TestMinimumBasicScenario-1350720098 tempest-TestMinimumBasicScenario-1350720098-project-member] Registering scheme swift+config with {'store': , 'location_class': , 'store_entry': 'swift'} {{(pid=102005) register_scheme_map /opt/stack/data/venv/lib/python3.12/site-packages/glance_store/location.py:146}}
Jun 15 20:08:00.159724 np0000002891 devstack@g-api.service[102005]: DEBUG glance_store.backend [None req-cf7ccc5f-e10a-4132-8af4-9d4f80ecb459 tempest-TestMinimumBasicScenario-1350720098 tempest-TestMinimumBasicScenario-1350720098-project-member] Skipping store.set_acls... not implemented. {{(pid=102005) set_acls /opt/stack/data/venv/lib/python3.12/site-packages/glance_store/backend.py:507}}
Jun 15 20:08:00.161399 np0000002891 devstack@g-api.service[102005]: [pid: 102005|app: 0|req: 121/350] 127.0.0.1 () {40 vars in 854 bytes} [Mon Jun 15 20:07:58 2026] PUT /v2/images/6435dccb-f658-47b9-811b-4328cf75dc63/file => generated 0 bytes in 1237 msecs (HTTP/1.1 204) 4 headers in 171 bytes (1 switches on core 0)
Jun 15 20:08:00.161635 np0000002891 devstack@g-api.service[102004]: [pid: 102004|app: 0|req: 120/351] 127.0.0.1 () {44 vars in 1051 bytes} [Mon Jun 15 20:08:00 2026] GET /v2/schemas/image => generated 6083 bytes in 2 msecs (HTTP/1.1 200) 4 headers in 158 bytes (1 switches on core 0)
Jun 15 20:08:00.348524 np0000002891 devstack@g-api.service[102005]: DEBUG glance.api.middleware.version_negotiation [None req-cf7ccc5f-e10a-4132-8af4-9d4f80ecb459 tempest-TestMinimumBasicScenario-1350720098 tempest-TestMinimumBasicScenario-1350720098-project-member] Determining version of request: GET /v2/images/6435dccb-f658-47b9-811b-4328cf75dc63 Accept: */* {{(pid=102005) process_request /opt/stack/glance/glance/api/middleware/version_negotiation.py:44}}
Jun 15 20:08:00.348812 np0000002891 devstack@g-api.service[102005]: DEBUG glance.api.middleware.version_negotiation [None req-cf7ccc5f-e10a-4132-8af4-9d4f80ecb459 tempest-TestMinimumBasicScenario-1350720098 tempest-TestMinimumBasicScenario-1350720098-project-member] Using url versioning {{(pid=102005) process_request /opt/stack/glance/glance/api/middleware/version_negotiation.py:57}}
Jun 15 20:08:00.348812 np0000002891 devstack@g-api.service[102005]: DEBUG glance.api.middleware.version_negotiation [None req-cf7ccc5f-e10a-4132-8af4-9d4f80ecb459 tempest-TestMinimumBasicScenario-1350720098 tempest-TestMinimumBasicScenario-1350720098-project-member] Matched version: v2 {{(pid=102005) process_request /opt/stack/glance/glance/api/middleware/version_negotiation.py:69}}
Jun 15 20:08:00.348983 np0000002891 devstack@g-api.service[102005]: DEBUG glance.api.middleware.version_negotiation [None req-cf7ccc5f-e10a-4132-8af4-9d4f80ecb459 tempest-TestMinimumBasicScenario-1350720098 tempest-TestMinimumBasicScenario-1350720098-project-member] new path /v2/images/6435dccb-f658-47b9-811b-4328cf75dc63 {{(pid=102005) process_request /opt/stack/glance/glance/api/middleware/version_negotiation.py:70}}
Jun 15 20:08:00.357615 np0000002891 devstack@g-api.service[102005]: [pid: 102005|app: 0|req: 122/352] 127.0.0.1 () {44 vars in 1111 bytes} [Mon Jun 15 20:08:00 2026] GET /v2/images/6435dccb-f658-47b9-811b-4328cf75dc63 => generated 811 bytes in 9 msecs (HTTP/1.1 200) 4 headers in 157 bytes (1 switches on core 0)
Jun 15 20:08:00.386379 np0000002891 devstack@g-api.service[102004]: DEBUG glance.api.middleware.version_negotiation [None req-ff175aec-8611-4162-8c9d-bdeedcc5145d tempest-ServerStableDeviceRescueTest-2004789547 tempest-ServerStableDeviceRescueTest-2004789547-project-member] Determining version of request: GET /v2/schemas/image Accept: */* {{(pid=102004) process_request /opt/stack/glance/glance/api/middleware/version_negotiation.py:44}}
Jun 15 20:08:00.386625 np0000002891 devstack@g-api.service[102004]: DEBUG glance.api.middleware.version_negotiation [None req-ff175aec-8611-4162-8c9d-bdeedcc5145d tempest-ServerStableDeviceRescueTest-2004789547 tempest-ServerStableDeviceRescueTest-2004789547-project-member] Using url versioning {{(pid=102004) process_request /opt/stack/glance/glance/api/middleware/version_negotiation.py:57}}
Jun 15 20:08:00.386805 np0000002891 devstack@g-api.service[102004]: DEBUG glance.api.middleware.version_negotiation [None req-ff175aec-8611-4162-8c9d-bdeedcc5145d tempest-ServerStableDeviceRescueTest-2004789547 tempest-ServerStableDeviceRescueTest-2004789547-project-member] Matched version: v2 {{(pid=102004) process_request /opt/stack/glance/glance/api/middleware/version_negotiation.py:69}}
Jun 15 20:08:00.386934 np0000002891 devstack@g-api.service[102004]: DEBUG glance.api.middleware.version_negotiation [None req-ff175aec-8611-4162-8c9d-bdeedcc5145d tempest-ServerStableDeviceRescueTest-2004789547 tempest-ServerStableDeviceRescueTest-2004789547-project-member] new path /v2/schemas/image {{(pid=102004) process_request /opt/stack/glance/glance/api/middleware/version_negotiation.py:70}}
Jun 15 20:08:00.389649 np0000002891 devstack@g-api.service[102004]: [pid: 102004|app: 0|req: 121/353] 127.0.0.1 () {44 vars in 1051 bytes} [Mon Jun 15 20:08:00 2026] GET /v2/schemas/image => generated 6083 bytes in 3 msecs (HTTP/1.1 200) 4 headers in 158 bytes (1 switches on core 0)
Jun 15 20:08:00.411660 np0000002891 devstack@g-api.service[102006]: [pid: 102006|app: 0|req: 111/354] 127.0.0.1 () {46 vars in 1051 bytes} [Mon Jun 15 20:07:59 2026] POST /v2/images => generated 1338 bytes in 553 msecs (HTTP/1.1 201) 6 headers in 316 bytes (1 switches on core 0)
Jun 15 20:08:00.712068 np0000002891 devstack@g-api.service[102005]: DEBUG glance.api.middleware.version_negotiation [None req-ce4adb25-8ad9-440e-bc5c-7bf9b11e833f tempest-TestMinimumBasicScenario-1350720098 tempest-TestMinimumBasicScenario-1350720098-project-member] Determining version of request: GET /v2/images/71709a0a-ef54-4736-84f6-387b6fe9dc98 Accept: */* {{(pid=102005) process_request /opt/stack/glance/glance/api/middleware/version_negotiation.py:44}}
Jun 15 20:08:00.712275 np0000002891 devstack@g-api.service[102005]: DEBUG glance.api.middleware.version_negotiation [None req-ce4adb25-8ad9-440e-bc5c-7bf9b11e833f tempest-TestMinimumBasicScenario-1350720098 tempest-TestMinimumBasicScenario-1350720098-project-member] Using url versioning {{(pid=102005) process_request /opt/stack/glance/glance/api/middleware/version_negotiation.py:57}}
Jun 15 20:08:00.712455 np0000002891 devstack@g-api.service[102005]: DEBUG glance.api.middleware.version_negotiation [None req-ce4adb25-8ad9-440e-bc5c-7bf9b11e833f tempest-TestMinimumBasicScenario-1350720098 tempest-TestMinimumBasicScenario-1350720098-project-member] Matched version: v2 {{(pid=102005) process_request /opt/stack/glance/glance/api/middleware/version_negotiation.py:69}}
Jun 15 20:08:00.712608 np0000002891 devstack@g-api.service[102005]: DEBUG glance.api.middleware.version_negotiation [None req-ce4adb25-8ad9-440e-bc5c-7bf9b11e833f tempest-TestMinimumBasicScenario-1350720098 tempest-TestMinimumBasicScenario-1350720098-project-member] new path /v2/images/71709a0a-ef54-4736-84f6-387b6fe9dc98 {{(pid=102005) process_request /opt/stack/glance/glance/api/middleware/version_negotiation.py:70}}
Jun 15 20:08:00.723652 np0000002891 devstack@g-api.service[102005]: [pid: 102005|app: 0|req: 123/355] 127.0.0.1 () {44 vars in 1111 bytes} [Mon Jun 15 20:08:00 2026] GET /v2/images/71709a0a-ef54-4736-84f6-387b6fe9dc98 => generated 1336 bytes in 12 msecs (HTTP/1.1 200) 4 headers in 158 bytes (1 switches on core 0)
Jun 15 20:08:00.753965 np0000002891 devstack@g-api.service[102004]: DEBUG glance.api.middleware.version_negotiation [None req-ce4adb25-8ad9-440e-bc5c-7bf9b11e833f tempest-TestMinimumBasicScenario-1350720098 tempest-TestMinimumBasicScenario-1350720098-project-member] Determining version of request: GET /v2/schemas/image Accept: */* {{(pid=102004) process_request /opt/stack/glance/glance/api/middleware/version_negotiation.py:44}}
Jun 15 20:08:00.754461 np0000002891 devstack@g-api.service[102004]: DEBUG glance.api.middleware.version_negotiation [None req-ce4adb25-8ad9-440e-bc5c-7bf9b11e833f tempest-TestMinimumBasicScenario-1350720098 tempest-TestMinimumBasicScenario-1350720098-project-member] Using url versioning {{(pid=102004) process_request /opt/stack/glance/glance/api/middleware/version_negotiation.py:57}}
Jun 15 20:08:00.754461 np0000002891 devstack@g-api.service[102004]: DEBUG glance.api.middleware.version_negotiation [None req-ce4adb25-8ad9-440e-bc5c-7bf9b11e833f tempest-TestMinimumBasicScenario-1350720098 tempest-TestMinimumBasicScenario-1350720098-project-member] Matched version: v2 {{(pid=102004) process_request /opt/stack/glance/glance/api/middleware/version_negotiation.py:69}}
Jun 15 20:08:00.754596 np0000002891 devstack@g-api.service[102004]: DEBUG glance.api.middleware.version_negotiation [None req-ce4adb25-8ad9-440e-bc5c-7bf9b11e833f tempest-TestMinimumBasicScenario-1350720098 tempest-TestMinimumBasicScenario-1350720098-project-member] new path /v2/schemas/image {{(pid=102004) process_request /opt/stack/glance/glance/api/middleware/version_negotiation.py:70}}
Jun 15 20:08:00.756761 np0000002891 devstack@g-api.service[102004]: [pid: 102004|app: 0|req: 122/356] 127.0.0.1 () {44 vars in 1051 bytes} [Mon Jun 15 20:08:00 2026] GET /v2/schemas/image => generated 6083 bytes in 3 msecs (HTTP/1.1 200) 4 headers in 158 bytes (1 switches on core 0)
Jun 15 20:08:00.790246 np0000002891 devstack@g-api.service[102006]: DEBUG glance.api.middleware.version_negotiation [None req-f1313e33-b1e7-4ee5-a728-281561d443e3 tempest-AttachVolumeShelveTestJSON-1707400688 tempest-AttachVolumeShelveTestJSON-1707400688-project-member] Determining version of request: GET /v2/schemas/image Accept: */* {{(pid=102006) process_request /opt/stack/glance/glance/api/middleware/version_negotiation.py:44}}
Jun 15 20:08:00.790383 np0000002891 devstack@g-api.service[102006]: DEBUG glance.api.middleware.version_negotiation [None req-f1313e33-b1e7-4ee5-a728-281561d443e3 tempest-AttachVolumeShelveTestJSON-1707400688 tempest-AttachVolumeShelveTestJSON-1707400688-project-member] Using url versioning {{(pid=102006) process_request /opt/stack/glance/glance/api/middleware/version_negotiation.py:57}}
Jun 15 20:08:00.790486 np0000002891 devstack@g-api.service[102006]: DEBUG glance.api.middleware.version_negotiation [None req-f1313e33-b1e7-4ee5-a728-281561d443e3 tempest-AttachVolumeShelveTestJSON-1707400688 tempest-AttachVolumeShelveTestJSON-1707400688-project-member] Matched version: v2 {{(pid=102006) process_request /opt/stack/glance/glance/api/middleware/version_negotiation.py:69}}
Jun 15 20:08:00.790569 np0000002891 devstack@g-api.service[102006]: DEBUG glance.api.middleware.version_negotiation [None req-f1313e33-b1e7-4ee5-a728-281561d443e3 tempest-AttachVolumeShelveTestJSON-1707400688 tempest-AttachVolumeShelveTestJSON-1707400688-project-member] new path /v2/schemas/image {{(pid=102006) process_request /opt/stack/glance/glance/api/middleware/version_negotiation.py:70}}
Jun 15 20:08:00.792641 np0000002891 devstack@g-api.service[102006]: [pid: 102006|app: 0|req: 112/357] 127.0.0.1 () {44 vars in 1051 bytes} [Mon Jun 15 20:08:00 2026] GET /v2/schemas/image => generated 6083 bytes in 2 msecs (HTTP/1.1 200) 4 headers in 158 bytes (1 switches on core 0)
Jun 15 20:08:00.826258 np0000002891 devstack@g-api.service[102005]: DEBUG glance.api.middleware.version_negotiation [None req-0db0fabf-3c33-43c9-9a03-9014c0232911 tempest-ServerStableDeviceRescueTest-2004789547 tempest-ServerStableDeviceRescueTest-2004789547-project-member] Determining version of request: PATCH /v2/images/71709a0a-ef54-4736-84f6-387b6fe9dc98 Accept: */* {{(pid=102005) process_request /opt/stack/glance/glance/api/middleware/version_negotiation.py:44}}
Jun 15 20:08:00.826395 np0000002891 devstack@g-api.service[102005]: DEBUG glance.api.middleware.version_negotiation [None req-0db0fabf-3c33-43c9-9a03-9014c0232911 tempest-ServerStableDeviceRescueTest-2004789547 tempest-ServerStableDeviceRescueTest-2004789547-project-member] Using url versioning {{(pid=102005) process_request /opt/stack/glance/glance/api/middleware/version_negotiation.py:57}}
Jun 15 20:08:00.826489 np0000002891 devstack@g-api.service[102005]: DEBUG glance.api.middleware.version_negotiation [None req-0db0fabf-3c33-43c9-9a03-9014c0232911 tempest-ServerStableDeviceRescueTest-2004789547 tempest-ServerStableDeviceRescueTest-2004789547-project-member] Matched version: v2 {{(pid=102005) process_request /opt/stack/glance/glance/api/middleware/version_negotiation.py:69}}
Jun 15 20:08:00.826572 np0000002891 devstack@g-api.service[102005]: DEBUG glance.api.middleware.version_negotiation [None req-0db0fabf-3c33-43c9-9a03-9014c0232911 tempest-ServerStableDeviceRescueTest-2004789547 tempest-ServerStableDeviceRescueTest-2004789547-project-member] new path /v2/images/71709a0a-ef54-4736-84f6-387b6fe9dc98 {{(pid=102005) process_request /opt/stack/glance/glance/api/middleware/version_negotiation.py:70}}
Jun 15 20:08:00.946423 np0000002891 devstack@g-api.service[102005]: [pid: 102005|app: 0|req: 124/358] 127.0.0.1 () {46 vars in 1154 bytes} [Mon Jun 15 20:08:00 2026] PATCH /v2/images/71709a0a-ef54-4736-84f6-387b6fe9dc98 => generated 1447 bytes in 120 msecs (HTTP/1.1 200) 4 headers in 158 bytes (1 switches on core 0)
Jun 15 20:08:00.975089 np0000002891 devstack@g-api.service[102004]: DEBUG glance.api.middleware.version_negotiation [None req-0db0fabf-3c33-43c9-9a03-9014c0232911 tempest-ServerStableDeviceRescueTest-2004789547 tempest-ServerStableDeviceRescueTest-2004789547-project-member] Determining version of request: GET /v2/images/71709a0a-ef54-4736-84f6-387b6fe9dc98 Accept: */* {{(pid=102004) process_request /opt/stack/glance/glance/api/middleware/version_negotiation.py:44}}
Jun 15 20:08:00.975237 np0000002891 devstack@g-api.service[102004]: DEBUG glance.api.middleware.version_negotiation [None req-0db0fabf-3c33-43c9-9a03-9014c0232911 tempest-ServerStableDeviceRescueTest-2004789547 tempest-ServerStableDeviceRescueTest-2004789547-project-member] Using url versioning {{(pid=102004) process_request /opt/stack/glance/glance/api/middleware/version_negotiation.py:57}}
Jun 15 20:08:00.975388 np0000002891 devstack@g-api.service[102004]: DEBUG glance.api.middleware.version_negotiation [None req-0db0fabf-3c33-43c9-9a03-9014c0232911 tempest-ServerStableDeviceRescueTest-2004789547 tempest-ServerStableDeviceRescueTest-2004789547-project-member] Matched version: v2 {{(pid=102004) process_request /opt/stack/glance/glance/api/middleware/version_negotiation.py:69}}
