Jun 15 20:05:13.823311 np0000002891 devstack@g-api.service[102004]: DEBUG glance.api.middleware.version_negotiation [None req-e2dccd00-0efd-4cfa-807d-09940431e081 tempest-ServerActionsTestOtherA-21010364 tempest-ServerActionsTestOtherA-21010364-project-member] Determining version of request: GET /v2/images/6d30509c-a8c3-42d5-b74c-9af871ca1bc6 Accept: application/json {{(pid=102004) process_request /opt/stack/glance/glance/api/middleware/version_negotiation.py:44}}
Jun 15 20:05:13.823611 np0000002891 devstack@g-api.service[102004]: DEBUG glance.api.middleware.version_negotiation [None req-e2dccd00-0efd-4cfa-807d-09940431e081 tempest-ServerActionsTestOtherA-21010364 tempest-ServerActionsTestOtherA-21010364-project-member] Using url versioning {{(pid=102004) process_request /opt/stack/glance/glance/api/middleware/version_negotiation.py:57}}
Jun 15 20:05:13.823611 np0000002891 devstack@g-api.service[102004]: DEBUG glance.api.middleware.version_negotiation [None req-e2dccd00-0efd-4cfa-807d-09940431e081 tempest-ServerActionsTestOtherA-21010364 tempest-ServerActionsTestOtherA-21010364-project-member] Matched version: v2 {{(pid=102004) process_request /opt/stack/glance/glance/api/middleware/version_negotiation.py:69}}
Jun 15 20:05:13.823681 np0000002891 devstack@g-api.service[102004]: DEBUG glance.api.middleware.version_negotiation [None req-e2dccd00-0efd-4cfa-807d-09940431e081 tempest-ServerActionsTestOtherA-21010364 tempest-ServerActionsTestOtherA-21010364-project-member] new path /v2/images/6d30509c-a8c3-42d5-b74c-9af871ca1bc6 {{(pid=102004) process_request /opt/stack/glance/glance/api/middleware/version_negotiation.py:70}}
Jun 15 20:05:13.839731 np0000002891 devstack@g-api.service[102004]: [pid: 102004|app: 0|req: 48/147] 127.0.0.1 () {40 vars in 834 bytes} [Mon Jun 15 20:05:13 2026] GET /v2/images/6d30509c-a8c3-42d5-b74c-9af871ca1bc6 => generated 649 bytes in 16 msecs (HTTP/1.1 200) 4 headers in 157 bytes (1 switches on core 0)
Jun 15 20:05:14.849922 np0000002891 devstack@g-api.service[102005]: DEBUG glance.api.middleware.version_negotiation [None req-497865e0-afdc-4de1-a42f-832172391923 tempest-VolumesActionsTest-1152037248 tempest-VolumesActionsTest-1152037248-project-member] Determining version of request: GET /v2/images/6d30509c-a8c3-42d5-b74c-9af871ca1bc6 Accept: application/json {{(pid=102005) process_request /opt/stack/glance/glance/api/middleware/version_negotiation.py:44}}
Jun 15 20:05:14.850298 np0000002891 devstack@g-api.service[102005]: DEBUG glance.api.middleware.version_negotiation [None req-497865e0-afdc-4de1-a42f-832172391923 tempest-VolumesActionsTest-1152037248 tempest-VolumesActionsTest-1152037248-project-member] Using url versioning {{(pid=102005) process_request /opt/stack/glance/glance/api/middleware/version_negotiation.py:57}}
Jun 15 20:05:14.850298 np0000002891 devstack@g-api.service[102005]: DEBUG glance.api.middleware.version_negotiation [None req-497865e0-afdc-4de1-a42f-832172391923 tempest-VolumesActionsTest-1152037248 tempest-VolumesActionsTest-1152037248-project-member] Matched version: v2 {{(pid=102005) process_request /opt/stack/glance/glance/api/middleware/version_negotiation.py:69}}
Jun 15 20:05:14.850459 np0000002891 devstack@g-api.service[102005]: DEBUG glance.api.middleware.version_negotiation [None req-497865e0-afdc-4de1-a42f-832172391923 tempest-VolumesActionsTest-1152037248 tempest-VolumesActionsTest-1152037248-project-member] new path /v2/images/6d30509c-a8c3-42d5-b74c-9af871ca1bc6 {{(pid=102005) process_request /opt/stack/glance/glance/api/middleware/version_negotiation.py:70}}
Jun 15 20:05:14.859623 np0000002891 devstack@g-api.service[102005]: [pid: 102005|app: 0|req: 51/148] 127.0.0.1 () {40 vars in 834 bytes} [Mon Jun 15 20:05:14 2026] GET /v2/images/6d30509c-a8c3-42d5-b74c-9af871ca1bc6 => generated 649 bytes in 10 msecs (HTTP/1.1 200) 4 headers in 157 bytes (1 switches on core 0)
Jun 15 20:05:15.230453 np0000002891 devstack@g-api.service[102006]: DEBUG glance.api.middleware.version_negotiation [None req-087e9184-ed6e-4e9b-b535-be93923d5b5a tempest-VolumesActionsTest-1152037248 tempest-VolumesActionsTest-1152037248-project-member] Determining version of request: PUT /v2/images/6d30509c-a8c3-42d5-b74c-9af871ca1bc6/file Accept: */* {{(pid=102006) process_request /opt/stack/glance/glance/api/middleware/version_negotiation.py:44}}
Jun 15 20:05:15.230786 np0000002891 devstack@g-api.service[102006]: DEBUG glance.api.middleware.version_negotiation [None req-087e9184-ed6e-4e9b-b535-be93923d5b5a tempest-VolumesActionsTest-1152037248 tempest-VolumesActionsTest-1152037248-project-member] Using url versioning {{(pid=102006) process_request /opt/stack/glance/glance/api/middleware/version_negotiation.py:57}}
Jun 15 20:05:15.231150 np0000002891 devstack@g-api.service[102006]: DEBUG glance.api.middleware.version_negotiation [None req-087e9184-ed6e-4e9b-b535-be93923d5b5a tempest-VolumesActionsTest-1152037248 tempest-VolumesActionsTest-1152037248-project-member] Matched version: v2 {{(pid=102006) process_request /opt/stack/glance/glance/api/middleware/version_negotiation.py:69}}
Jun 15 20:05:15.231341 np0000002891 devstack@g-api.service[102006]: DEBUG glance.api.middleware.version_negotiation [None req-087e9184-ed6e-4e9b-b535-be93923d5b5a tempest-VolumesActionsTest-1152037248 tempest-VolumesActionsTest-1152037248-project-member] new path /v2/images/6d30509c-a8c3-42d5-b74c-9af871ca1bc6/file {{(pid=102006) process_request /opt/stack/glance/glance/api/middleware/version_negotiation.py:70}}
Jun 15 20:05:15.784812 np0000002891 devstack@g-api.service[102006]: INFO glance.api.v2.image_data [None req-1216fc9b-7896-4c9d-bfb6-dd3c93ebd089 tempest-VolumesActionsTest-1152037248 tempest-VolumesActionsTest-1152037248-project-member] Unable to create trust: no such option collect_timing in group [keystone_authtoken] Use the existing user token.
Jun 15 20:05:15.868802 np0000002891 devstack@g-api.service[102004]: DEBUG glance.api.middleware.version_negotiation [None req-71a15074-5def-4a26-8dea-bf16716cbc32 tempest-VolumesActionsTest-1152037248 tempest-VolumesActionsTest-1152037248-project-member] Determining version of request: GET /v2/images/6d30509c-a8c3-42d5-b74c-9af871ca1bc6 Accept: application/json {{(pid=102004) process_request /opt/stack/glance/glance/api/middleware/version_negotiation.py:44}}
Jun 15 20:05:15.869243 np0000002891 devstack@g-api.service[102004]: DEBUG glance.api.middleware.version_negotiation [None req-71a15074-5def-4a26-8dea-bf16716cbc32 tempest-VolumesActionsTest-1152037248 tempest-VolumesActionsTest-1152037248-project-member] Using url versioning {{(pid=102004) process_request /opt/stack/glance/glance/api/middleware/version_negotiation.py:57}}
Jun 15 20:05:15.869243 np0000002891 devstack@g-api.service[102004]: DEBUG glance.api.middleware.version_negotiation [None req-71a15074-5def-4a26-8dea-bf16716cbc32 tempest-VolumesActionsTest-1152037248 tempest-VolumesActionsTest-1152037248-project-member] Matched version: v2 {{(pid=102004) process_request /opt/stack/glance/glance/api/middleware/version_negotiation.py:69}}
Jun 15 20:05:15.869243 np0000002891 devstack@g-api.service[102004]: DEBUG glance.api.middleware.version_negotiation [None req-71a15074-5def-4a26-8dea-bf16716cbc32 tempest-VolumesActionsTest-1152037248 tempest-VolumesActionsTest-1152037248-project-member] new path /v2/images/6d30509c-a8c3-42d5-b74c-9af871ca1bc6 {{(pid=102004) process_request /opt/stack/glance/glance/api/middleware/version_negotiation.py:70}}
Jun 15 20:05:15.879908 np0000002891 devstack@g-api.service[102004]: [pid: 102004|app: 0|req: 49/149] 127.0.0.1 () {40 vars in 834 bytes} [Mon Jun 15 20:05:15 2026] GET /v2/images/6d30509c-a8c3-42d5-b74c-9af871ca1bc6 => generated 649 bytes in 11 msecs (HTTP/1.1 200) 4 headers in 157 bytes (1 switches on core 0)
Jun 15 20:05:16.253598 np0000002891 devstack@g-api.service[102006]: DEBUG glance.location [None req-1216fc9b-7896-4c9d-bfb6-dd3c93ebd089 tempest-VolumesActionsTest-1152037248 tempest-VolumesActionsTest-1152037248-project-member] Enabling in-flight format inspection for raw {{(pid=102006) set_data /opt/stack/glance/glance/location.py:616}}
Jun 15 20:05:16.254002 np0000002891 devstack@g-api.service[102006]: DEBUG glance_store.backend [None req-1216fc9b-7896-4c9d-bfb6-dd3c93ebd089 tempest-VolumesActionsTest-1152037248 tempest-VolumesActionsTest-1152037248-project-member] Attempting to import store swift {{(pid=102006) _load_store /opt/stack/data/venv/lib/python3.12/site-packages/glance_store/backend.py:215}}
Jun 15 20:05:16.255202 np0000002891 devstack@g-api.service[102006]: DEBUG glance_store.capabilities [None req-1216fc9b-7896-4c9d-bfb6-dd3c93ebd089 tempest-VolumesActionsTest-1152037248 tempest-VolumesActionsTest-1152037248-project-member] Store glance_store._drivers.swift.store.SingleTenantStore doesn't support updating dynamic storage capabilities. Please overwrite 'update_capabilities' method of the store to implement updating logics if needed. {{(pid=102006) update_capabilities /opt/stack/data/venv/lib/python3.12/site-packages/glance_store/capabilities.py:91}}
Jun 15 20:05:16.255292 np0000002891 devstack@g-api.service[102006]: DEBUG glance_store.driver [None req-1216fc9b-7896-4c9d-bfb6-dd3c93ebd089 tempest-VolumesActionsTest-1152037248 tempest-VolumesActionsTest-1152037248-project-member] Late loading location class glance_store._drivers.swift.store.StoreLocation {{(pid=102006) get_store_location_class /opt/stack/data/venv/lib/python3.12/site-packages/glance_store/driver.py:134}}
Jun 15 20:05:16.255388 np0000002891 devstack@g-api.service[102006]: DEBUG glance_store.location [None req-1216fc9b-7896-4c9d-bfb6-dd3c93ebd089 tempest-VolumesActionsTest-1152037248 tempest-VolumesActionsTest-1152037248-project-member] Registering scheme swift+https with {'store': , 'location_class': , 'store_entry': 'swift'} {{(pid=102006) register_scheme_map /opt/stack/data/venv/lib/python3.12/site-packages/glance_store/location.py:146}}
Jun 15 20:05:16.255471 np0000002891 devstack@g-api.service[102006]: DEBUG glance_store.location [None req-1216fc9b-7896-4c9d-bfb6-dd3c93ebd089 tempest-VolumesActionsTest-1152037248 tempest-VolumesActionsTest-1152037248-project-member] Registering scheme swift+https with {'store': , 'location_class': , 'store_entry': 'swift'} {{(pid=102006) register_scheme_map /opt/stack/data/venv/lib/python3.12/site-packages/glance_store/location.py:146}}
Jun 15 20:05:16.255538 np0000002891 devstack@g-api.service[102006]: DEBUG glance_store.location [None req-1216fc9b-7896-4c9d-bfb6-dd3c93ebd089 tempest-VolumesActionsTest-1152037248 tempest-VolumesActionsTest-1152037248-project-member] Registering scheme swift with {'store': , 'location_class': , 'store_entry': 'swift'} {{(pid=102006) register_scheme_map /opt/stack/data/venv/lib/python3.12/site-packages/glance_store/location.py:146}}
Jun 15 20:05:16.255605 np0000002891 devstack@g-api.service[102006]: DEBUG glance_store.location [None req-1216fc9b-7896-4c9d-bfb6-dd3c93ebd089 tempest-VolumesActionsTest-1152037248 tempest-VolumesActionsTest-1152037248-project-member] Registering scheme swift+https with {'store': , 'location_class': , 'store_entry': 'swift'} {{(pid=102006) register_scheme_map /opt/stack/data/venv/lib/python3.12/site-packages/glance_store/location.py:146}}
Jun 15 20:05:16.255664 np0000002891 devstack@g-api.service[102006]: DEBUG glance_store.location [None req-1216fc9b-7896-4c9d-bfb6-dd3c93ebd089 tempest-VolumesActionsTest-1152037248 tempest-VolumesActionsTest-1152037248-project-member] Registering scheme swift with {'store': , 'location_class': , 'store_entry': 'swift'} {{(pid=102006) register_scheme_map /opt/stack/data/venv/lib/python3.12/site-packages/glance_store/location.py:146}}
Jun 15 20:05:16.255740 np0000002891 devstack@g-api.service[102006]: DEBUG glance_store.location [None req-1216fc9b-7896-4c9d-bfb6-dd3c93ebd089 tempest-VolumesActionsTest-1152037248 tempest-VolumesActionsTest-1152037248-project-member] Registering scheme swift+http with {'store': , 'location_class': , 'store_entry': 'swift'} {{(pid=102006) register_scheme_map /opt/stack/data/venv/lib/python3.12/site-packages/glance_store/location.py:146}}
Jun 15 20:05:16.255830 np0000002891 devstack@g-api.service[102006]: DEBUG glance_store.location [None req-1216fc9b-7896-4c9d-bfb6-dd3c93ebd089 tempest-VolumesActionsTest-1152037248 tempest-VolumesActionsTest-1152037248-project-member] Registering scheme swift+https with {'store': , 'location_class': , 'store_entry': 'swift'} {{(pid=102006) register_scheme_map /opt/stack/data/venv/lib/python3.12/site-packages/glance_store/location.py:146}}
Jun 15 20:05:16.255921 np0000002891 devstack@g-api.service[102006]: DEBUG glance_store.location [None req-1216fc9b-7896-4c9d-bfb6-dd3c93ebd089 tempest-VolumesActionsTest-1152037248 tempest-VolumesActionsTest-1152037248-project-member] Registering scheme swift with {'store': , 'location_class': , 'store_entry': 'swift'} {{(pid=102006) register_scheme_map /opt/stack/data/venv/lib/python3.12/site-packages/glance_store/location.py:146}}
Jun 15 20:05:16.255975 np0000002891 devstack@g-api.service[102006]: DEBUG glance_store.location [None req-1216fc9b-7896-4c9d-bfb6-dd3c93ebd089 tempest-VolumesActionsTest-1152037248 tempest-VolumesActionsTest-1152037248-project-member] Registering scheme swift+http with {'store': , 'location_class': , 'store_entry': 'swift'} {{(pid=102006) register_scheme_map /opt/stack/data/venv/lib/python3.12/site-packages/glance_store/location.py:146}}
Jun 15 20:05:16.256057 np0000002891 devstack@g-api.service[102006]: DEBUG glance_store.location [None req-1216fc9b-7896-4c9d-bfb6-dd3c93ebd089 tempest-VolumesActionsTest-1152037248 tempest-VolumesActionsTest-1152037248-project-member] Registering scheme swift+config with {'store': , 'location_class': , 'store_entry': 'swift'} {{(pid=102006) register_scheme_map /opt/stack/data/venv/lib/python3.12/site-packages/glance_store/location.py:146}}
Jun 15 20:05:16.355122 np0000002891 devstack@g-api.service[102006]: DEBUG swiftclient [None req-1216fc9b-7896-4c9d-bfb6-dd3c93ebd089 tempest-VolumesActionsTest-1152037248 tempest-VolumesActionsTest-1152037248-project-member] REQ: curl -i https://10.4.3.31:8080/v1/AUTH_8399ae668ec94261b35c21468ee80d39/glance -I -H "X-Auth-Token: gAAAAABqMFr8dGPd..." {{(pid=102006) http_log /opt/stack/data/venv/lib/python3.12/site-packages/swiftclient/client.py:160}}
Jun 15 20:05:16.355122 np0000002891 devstack@g-api.service[102006]: DEBUG swiftclient [None req-1216fc9b-7896-4c9d-bfb6-dd3c93ebd089 tempest-VolumesActionsTest-1152037248 tempest-VolumesActionsTest-1152037248-project-member] RESP STATUS: 204 No Content {{(pid=102006) http_log /opt/stack/data/venv/lib/python3.12/site-packages/swiftclient/client.py:161}}
Jun 15 20:05:16.355603 np0000002891 devstack@g-api.service[102006]: DEBUG swiftclient [None req-1216fc9b-7896-4c9d-bfb6-dd3c93ebd089 tempest-VolumesActionsTest-1152037248 tempest-VolumesActionsTest-1152037248-project-member] RESP HEADERS: {'Date': 'Mon, 15 Jun 2026 20:05:16 GMT', 'Server': 'Apache/2.4.58 (Ubuntu)', 'Content-Type': 'text/plain; charset=utf-8', 'X-Container-Object-Count': '3', 'X-Container-Bytes-Used': '64356352', 'X-Timestamp': '1781553640.32107', 'Last-Modified': 'Mon, 15 Jun 2026 20:00:41 GMT', 'Accept-Ranges': 'bytes', 'X-Storage-Policy': 'Policy-0', 'X-Container-Sharding': 'False', 'Vary': 'Accept', 'X-Trans-Id': 'txe4b10892dea14a58a2efe-006a305afc', 'X-Openstack-Request-Id': 'txe4b10892dea14a58a2efe-006a305afc', 'Connection': 'close'} {{(pid=102006) http_log /opt/stack/data/venv/lib/python3.12/site-packages/swiftclient/client.py:162}}
Jun 15 20:05:16.355603 np0000002891 devstack@g-api.service[102006]: DEBUG glance_store._drivers.swift.store [None req-1216fc9b-7896-4c9d-bfb6-dd3c93ebd089 tempest-VolumesActionsTest-1152037248 tempest-VolumesActionsTest-1152037248-project-member] Adding image object '6d30509c-a8c3-42d5-b74c-9af871ca1bc6' to Swift {{(pid=102006) add /opt/stack/data/venv/lib/python3.12/site-packages/glance_store/_drivers/swift/store.py:970}}
Jun 15 20:05:16.355735 np0000002891 devstack@g-api.service[102006]: DEBUG glance_store._drivers.swift.store [None req-1216fc9b-7896-4c9d-bfb6-dd3c93ebd089 tempest-VolumesActionsTest-1152037248 tempest-VolumesActionsTest-1152037248-project-member] Cannot determine image size because it is either not provided in the request or chunked-transfer encoding is used. Adding image as a segmented object to Swift. {{(pid=102006) add /opt/stack/data/venv/lib/python3.12/site-packages/glance_store/_drivers/swift/store.py:994}}
Jun 15 20:05:16.374397 np0000002891 devstack@g-api.service[102006]: DEBUG oslo_utils.imageutils.format_inspector [None req-1216fc9b-7896-4c9d-bfb6-dd3c93ebd089 tempest-VolumesActionsTest-1152037248 tempest-VolumesActionsTest-1152037248-project-member] Format inspector for vmdk does not match, excluding from consideration (Signature KDMV not found: b'\x00\x00\x00\x00') {{(pid=102006) _process_chunk /opt/stack/data/venv/lib/python3.12/site-packages/oslo_utils/imageutils/format_inspector.py:1758}}
Jun 15 20:05:16.380917 np0000002891 devstack@g-api.service[102006]: DEBUG oslo_utils.imageutils.format_inspector [None req-1216fc9b-7896-4c9d-bfb6-dd3c93ebd089 tempest-VolumesActionsTest-1152037248 tempest-VolumesActionsTest-1152037248-project-member] Format inspector for vhdx does not match, excluding from consideration (Region signature not found at 30000) {{(pid=102006) _process_chunk /opt/stack/data/venv/lib/python3.12/site-packages/oslo_utils/imageutils/format_inspector.py:1758}}
Jun 15 20:05:16.897801 np0000002891 devstack@g-api.service[102005]: DEBUG glance.api.middleware.version_negotiation [None req-81b88bf9-e2f3-42cb-989c-733a103dee60 tempest-VolumesActionsTest-1152037248 tempest-VolumesActionsTest-1152037248-project-member] Determining version of request: GET /v2/images/6d30509c-a8c3-42d5-b74c-9af871ca1bc6 Accept: application/json {{(pid=102005) process_request /opt/stack/glance/glance/api/middleware/version_negotiation.py:44}}
Jun 15 20:05:16.897801 np0000002891 devstack@g-api.service[102005]: DEBUG glance.api.middleware.version_negotiation [None req-81b88bf9-e2f3-42cb-989c-733a103dee60 tempest-VolumesActionsTest-1152037248 tempest-VolumesActionsTest-1152037248-project-member] Using url versioning {{(pid=102005) process_request /opt/stack/glance/glance/api/middleware/version_negotiation.py:57}}
Jun 15 20:05:16.897801 np0000002891 devstack@g-api.service[102005]: DEBUG glance.api.middleware.version_negotiation [None req-81b88bf9-e2f3-42cb-989c-733a103dee60 tempest-VolumesActionsTest-1152037248 tempest-VolumesActionsTest-1152037248-project-member] Matched version: v2 {{(pid=102005) process_request /opt/stack/glance/glance/api/middleware/version_negotiation.py:69}}
Jun 15 20:05:16.897801 np0000002891 devstack@g-api.service[102005]: DEBUG glance.api.middleware.version_negotiation [None req-81b88bf9-e2f3-42cb-989c-733a103dee60 tempest-VolumesActionsTest-1152037248 tempest-VolumesActionsTest-1152037248-project-member] new path /v2/images/6d30509c-a8c3-42d5-b74c-9af871ca1bc6 {{(pid=102005) process_request /opt/stack/glance/glance/api/middleware/version_negotiation.py:70}}
Jun 15 20:05:16.929540 np0000002891 devstack@g-api.service[102005]: [pid: 102005|app: 0|req: 52/150] 127.0.0.1 () {40 vars in 834 bytes} [Mon Jun 15 20:05:16 2026] GET /v2/images/6d30509c-a8c3-42d5-b74c-9af871ca1bc6 => generated 649 bytes in 24 msecs (HTTP/1.1 200) 4 headers in 157 bytes (1 switches on core 0)
Jun 15 20:05:17.934386 np0000002891 devstack@g-api.service[102004]: DEBUG glance.api.middleware.version_negotiation [None req-1f788cda-7bc6-450e-9444-c1d207a7c1e0 tempest-VolumesActionsTest-1152037248 tempest-VolumesActionsTest-1152037248-project-member] Determining version of request: GET /v2/images/6d30509c-a8c3-42d5-b74c-9af871ca1bc6 Accept: application/json {{(pid=102004) process_request /opt/stack/glance/glance/api/middleware/version_negotiation.py:44}}
Jun 15 20:05:17.934386 np0000002891 devstack@g-api.service[102004]: DEBUG glance.api.middleware.version_negotiation [None req-1f788cda-7bc6-450e-9444-c1d207a7c1e0 tempest-VolumesActionsTest-1152037248 tempest-VolumesActionsTest-1152037248-project-member] Using url versioning {{(pid=102004) process_request /opt/stack/glance/glance/api/middleware/version_negotiation.py:57}}
Jun 15 20:05:17.934386 np0000002891 devstack@g-api.service[102004]: DEBUG glance.api.middleware.version_negotiation [None req-1f788cda-7bc6-450e-9444-c1d207a7c1e0 tempest-VolumesActionsTest-1152037248 tempest-VolumesActionsTest-1152037248-project-member] Matched version: v2 {{(pid=102004) process_request /opt/stack/glance/glance/api/middleware/version_negotiation.py:69}}
Jun 15 20:05:17.934386 np0000002891 devstack@g-api.service[102004]: DEBUG glance.api.middleware.version_negotiation [None req-1f788cda-7bc6-450e-9444-c1d207a7c1e0 tempest-VolumesActionsTest-1152037248 tempest-VolumesActionsTest-1152037248-project-member] new path /v2/images/6d30509c-a8c3-42d5-b74c-9af871ca1bc6 {{(pid=102004) process_request /opt/stack/glance/glance/api/middleware/version_negotiation.py:70}}
Jun 15 20:05:17.947318 np0000002891 devstack@g-api.service[102004]: [pid: 102004|app: 0|req: 50/151] 127.0.0.1 () {40 vars in 834 bytes} [Mon Jun 15 20:05:17 2026] GET /v2/images/6d30509c-a8c3-42d5-b74c-9af871ca1bc6 => generated 649 bytes in 10 msecs (HTTP/1.1 200) 4 headers in 157 bytes (1 switches on core 0)
Jun 15 20:05:18.953952 np0000002891 devstack@g-api.service[102005]: DEBUG glance.api.middleware.version_negotiation [None req-1db24751-9bd5-4ec2-a417-e3ed38460aa3 tempest-VolumesActionsTest-1152037248 tempest-VolumesActionsTest-1152037248-project-member] Determining version of request: GET /v2/images/6d30509c-a8c3-42d5-b74c-9af871ca1bc6 Accept: application/json {{(pid=102005) process_request /opt/stack/glance/glance/api/middleware/version_negotiation.py:44}}
Jun 15 20:05:18.953952 np0000002891 devstack@g-api.service[102005]: DEBUG glance.api.middleware.version_negotiation [None req-1db24751-9bd5-4ec2-a417-e3ed38460aa3 tempest-VolumesActionsTest-1152037248 tempest-VolumesActionsTest-1152037248-project-member] Using url versioning {{(pid=102005) process_request /opt/stack/glance/glance/api/middleware/version_negotiation.py:57}}
Jun 15 20:05:18.953952 np0000002891 devstack@g-api.service[102005]: DEBUG glance.api.middleware.version_negotiation [None req-1db24751-9bd5-4ec2-a417-e3ed38460aa3 tempest-VolumesActionsTest-1152037248 tempest-VolumesActionsTest-1152037248-project-member] Matched version: v2 {{(pid=102005) process_request /opt/stack/glance/glance/api/middleware/version_negotiation.py:69}}
Jun 15 20:05:18.953952 np0000002891 devstack@g-api.service[102005]: DEBUG glance.api.middleware.version_negotiation [None req-1db24751-9bd5-4ec2-a417-e3ed38460aa3 tempest-VolumesActionsTest-1152037248 tempest-VolumesActionsTest-1152037248-project-member] new path /v2/images/6d30509c-a8c3-42d5-b74c-9af871ca1bc6 {{(pid=102005) process_request /opt/stack/glance/glance/api/middleware/version_negotiation.py:70}}
Jun 15 20:05:18.976341 np0000002891 devstack@g-api.service[102005]: [pid: 102005|app: 0|req: 53/152] 127.0.0.1 () {40 vars in 834 bytes} [Mon Jun 15 20:05:18 2026] GET /v2/images/6d30509c-a8c3-42d5-b74c-9af871ca1bc6 => generated 649 bytes in 23 msecs (HTTP/1.1 200) 4 headers in 157 bytes (1 switches on core 0)
Jun 15 20:05:19.506070 np0000002891 devstack@g-api.service[102006]: DEBUG swiftclient [None req-1216fc9b-7896-4c9d-bfb6-dd3c93ebd089 tempest-VolumesActionsTest-1152037248 tempest-VolumesActionsTest-1152037248-project-member] REQ: curl -i https://10.4.3.31:8080/v1/AUTH_8399ae668ec94261b35c21468ee80d39/glance/6d30509c-a8c3-42d5-b74c-9af871ca1bc6-00001 -X PUT -H "X-Auth-Token: gAAAAABqMFr8dGPd..." {{(pid=102006) http_log /opt/stack/data/venv/lib/python3.12/site-packages/swiftclient/client.py:160}}
Jun 15 20:05:19.506363 np0000002891 devstack@g-api.service[102006]: DEBUG swiftclient [None req-1216fc9b-7896-4c9d-bfb6-dd3c93ebd089 tempest-VolumesActionsTest-1152037248 tempest-VolumesActionsTest-1152037248-project-member] RESP STATUS: 201 Created {{(pid=102006) http_log /opt/stack/data/venv/lib/python3.12/site-packages/swiftclient/client.py:161}}
Jun 15 20:05:19.506415 np0000002891 devstack@g-api.service[102006]: DEBUG swiftclient [None req-1216fc9b-7896-4c9d-bfb6-dd3c93ebd089 tempest-VolumesActionsTest-1152037248 tempest-VolumesActionsTest-1152037248-project-member] RESP HEADERS: {'Date': 'Mon, 15 Jun 2026 20:05:19 GMT', 'Server': 'Apache/2.4.58 (Ubuntu)', 'Content-Type': 'text/html; charset=UTF-8', 'Content-Length': '0', 'Etag': 'eda9a9889837ac4bc81d6387d92c1bec', 'Last-Modified': 'Mon, 15 Jun 2026 20:05:17 GMT', 'X-Trans-Id': 'txc9d5d083c7fd478dad706-006a305afc', 'X-Openstack-Request-Id': 'txc9d5d083c7fd478dad706-006a305afc', 'Connection': 'close'} {{(pid=102006) http_log /opt/stack/data/venv/lib/python3.12/site-packages/swiftclient/client.py:162}}
Jun 15 20:05:19.506564 np0000002891 devstack@g-api.service[102006]: DEBUG glance_store._drivers.swift.store [None req-1216fc9b-7896-4c9d-bfb6-dd3c93ebd089 tempest-VolumesActionsTest-1152037248 tempest-VolumesActionsTest-1152037248-project-member] Wrote chunk 6d30509c-a8c3-42d5-b74c-9af871ca1bc6-00001 (1/?) of length 204800000 to Swift returning MD5 of content: eda9a9889837ac4bc81d6387d92c1bec {{(pid=102006) add /opt/stack/data/venv/lib/python3.12/site-packages/glance_store/_drivers/swift/store.py:1059}}
Jun 15 20:05:19.987598 np0000002891 devstack@g-api.service[102004]: DEBUG glance.api.middleware.version_negotiation [None req-63a1d650-72b6-4d94-a27b-806d6198f985 tempest-VolumesActionsTest-1152037248 tempest-VolumesActionsTest-1152037248-project-member] Determining version of request: GET /v2/images/6d30509c-a8c3-42d5-b74c-9af871ca1bc6 Accept: application/json {{(pid=102004) process_request /opt/stack/glance/glance/api/middleware/version_negotiation.py:44}}
Jun 15 20:05:19.987598 np0000002891 devstack@g-api.service[102004]: DEBUG glance.api.middleware.version_negotiation [None req-63a1d650-72b6-4d94-a27b-806d6198f985 tempest-VolumesActionsTest-1152037248 tempest-VolumesActionsTest-1152037248-project-member] Using url versioning {{(pid=102004) process_request /opt/stack/glance/glance/api/middleware/version_negotiation.py:57}}
Jun 15 20:05:19.988046 np0000002891 devstack@g-api.service[102004]: DEBUG glance.api.middleware.version_negotiation [None req-63a1d650-72b6-4d94-a27b-806d6198f985 tempest-VolumesActionsTest-1152037248 tempest-VolumesActionsTest-1152037248-project-member] Matched version: v2 {{(pid=102004) process_request /opt/stack/glance/glance/api/middleware/version_negotiation.py:69}}
Jun 15 20:05:19.988046 np0000002891 devstack@g-api.service[102004]: DEBUG glance.api.middleware.version_negotiation [None req-63a1d650-72b6-4d94-a27b-806d6198f985 tempest-VolumesActionsTest-1152037248 tempest-VolumesActionsTest-1152037248-project-member] new path /v2/images/6d30509c-a8c3-42d5-b74c-9af871ca1bc6 {{(pid=102004) process_request /opt/stack/glance/glance/api/middleware/version_negotiation.py:70}}
Jun 15 20:05:19.998162 np0000002891 devstack@g-api.service[102004]: [pid: 102004|app: 0|req: 51/153] 127.0.0.1 () {40 vars in 834 bytes} [Mon Jun 15 20:05:19 2026] GET /v2/images/6d30509c-a8c3-42d5-b74c-9af871ca1bc6 => generated 649 bytes in 11 msecs (HTTP/1.1 200) 4 headers in 157 bytes (1 switches on core 0)
Jun 15 20:05:20.460788 np0000002891 devstack@g-api.service[102005]: DEBUG glance.api.middleware.version_negotiation [None req-edb44622-2680-4484-9ea7-d92d0fb6e1ec tempest-VolumesActionsTest-1152037248 tempest-VolumesActionsTest-1152037248-project-member] Determining version of request: GET /v2/images/474537b7-1085-4cce-a3fe-6019215207f0 Accept: */* {{(pid=102005) process_request /opt/stack/glance/glance/api/middleware/version_negotiation.py:44}}
Jun 15 20:05:20.461476 np0000002891 devstack@g-api.service[102005]: DEBUG glance.api.middleware.version_negotiation [None req-edb44622-2680-4484-9ea7-d92d0fb6e1ec tempest-VolumesActionsTest-1152037248 tempest-VolumesActionsTest-1152037248-project-member] Using url versioning {{(pid=102005) process_request /opt/stack/glance/glance/api/middleware/version_negotiation.py:57}}
Jun 15 20:05:20.462488 np0000002891 devstack@g-api.service[102005]: DEBUG glance.api.middleware.version_negotiation [None req-edb44622-2680-4484-9ea7-d92d0fb6e1ec tempest-VolumesActionsTest-1152037248 tempest-VolumesActionsTest-1152037248-project-member] Matched version: v2 {{(pid=102005) process_request /opt/stack/glance/glance/api/middleware/version_negotiation.py:69}}
Jun 15 20:05:20.462488 np0000002891 devstack@g-api.service[102005]: DEBUG glance.api.middleware.version_negotiation [None req-edb44622-2680-4484-9ea7-d92d0fb6e1ec tempest-VolumesActionsTest-1152037248 tempest-VolumesActionsTest-1152037248-project-member] new path /v2/images/474537b7-1085-4cce-a3fe-6019215207f0 {{(pid=102005) process_request /opt/stack/glance/glance/api/middleware/version_negotiation.py:70}}
Jun 15 20:05:20.499800 np0000002891 devstack@g-api.service[102005]: [pid: 102005|app: 0|req: 54/154] 127.0.0.1 () {44 vars in 1111 bytes} [Mon Jun 15 20:05:20 2026] GET /v2/images/474537b7-1085-4cce-a3fe-6019215207f0 => generated 1044 bytes in 38 msecs (HTTP/1.1 200) 4 headers in 158 bytes (1 switches on core 0)
Jun 15 20:05:20.585420 np0000002891 devstack@g-api.service[102004]: DEBUG glance.api.middleware.version_negotiation [None req-b771c8ea-19f6-475b-ab35-ba88ba5172ef tempest-VolumesActionsTest-1152037248 tempest-VolumesActionsTest-1152037248-project-member] Determining version of request: GET /v2/images/474537b7-1085-4cce-a3fe-6019215207f0/file Accept: */* {{(pid=102004) process_request /opt/stack/glance/glance/api/middleware/version_negotiation.py:44}}
Jun 15 20:05:20.585420 np0000002891 devstack@g-api.service[102004]: DEBUG glance.api.middleware.version_negotiation [None req-b771c8ea-19f6-475b-ab35-ba88ba5172ef tempest-VolumesActionsTest-1152037248 tempest-VolumesActionsTest-1152037248-project-member] Using url versioning {{(pid=102004) process_request /opt/stack/glance/glance/api/middleware/version_negotiation.py:57}}
Jun 15 20:05:20.585420 np0000002891 devstack@g-api.service[102004]: DEBUG glance.api.middleware.version_negotiation [None req-b771c8ea-19f6-475b-ab35-ba88ba5172ef tempest-VolumesActionsTest-1152037248 tempest-VolumesActionsTest-1152037248-project-member] Matched version: v2 {{(pid=102004) process_request /opt/stack/glance/glance/api/middleware/version_negotiation.py:69}}
Jun 15 20:05:20.585420 np0000002891 devstack@g-api.service[102004]: DEBUG glance.api.middleware.version_negotiation [None req-b771c8ea-19f6-475b-ab35-ba88ba5172ef tempest-VolumesActionsTest-1152037248 tempest-VolumesActionsTest-1152037248-project-member] new path /v2/images/474537b7-1085-4cce-a3fe-6019215207f0/file {{(pid=102004) process_request /opt/stack/glance/glance/api/middleware/version_negotiation.py:70}}
Jun 15 20:05:20.600912 np0000002891 devstack@g-api.service[102004]: DEBUG glance.api.middleware.cache [None req-e2dccd00-0efd-4cfa-807d-09940431e081 tempest-ServerActionsTestOtherA-21010364 tempest-ServerActionsTestOtherA-21010364-project-member] Cache hit for image '474537b7-1085-4cce-a3fe-6019215207f0' {{(pid=102004) process_request /opt/stack/glance/glance/api/middleware/cache.py:160}}
Jun 15 20:05:20.702603 np0000002891 devstack@g-api.service[102004]: [pid: 102004|app: 0|req: 52/155] 127.0.0.1 () {44 vars in 1121 bytes} [Mon Jun 15 20:05:20 2026] GET /v2/images/474537b7-1085-4cce-a3fe-6019215207f0/file => generated 21233664 bytes in 121 msecs (HTTP/1.1 200) 5 headers in 217 bytes (330 switches on core 0)
Jun 15 20:05:20.849404 np0000002891 devstack@g-api.service[102005]: DEBUG glance.api.middleware.version_negotiation [None req-e2dccd00-0efd-4cfa-807d-09940431e081 tempest-ServerActionsTestOtherA-21010364 tempest-ServerActionsTestOtherA-21010364-project-member] Determining version of request: GET /v2/images/474537b7-1085-4cce-a3fe-6019215207f0 Accept: */* {{(pid=102005) process_request /opt/stack/glance/glance/api/middleware/version_negotiation.py:44}}
Jun 15 20:05:20.849928 np0000002891 devstack@g-api.service[102005]: DEBUG glance.api.middleware.version_negotiation [None req-e2dccd00-0efd-4cfa-807d-09940431e081 tempest-ServerActionsTestOtherA-21010364 tempest-ServerActionsTestOtherA-21010364-project-member] Using url versioning {{(pid=102005) process_request /opt/stack/glance/glance/api/middleware/version_negotiation.py:57}}
Jun 15 20:05:20.849928 np0000002891 devstack@g-api.service[102005]: DEBUG glance.api.middleware.version_negotiation [None req-e2dccd00-0efd-4cfa-807d-09940431e081 tempest-ServerActionsTestOtherA-21010364 tempest-ServerActionsTestOtherA-21010364-project-member] Matched version: v2 {{(pid=102005) process_request /opt/stack/glance/glance/api/middleware/version_negotiation.py:69}}
Jun 15 20:05:20.850003 np0000002891 devstack@g-api.service[102005]: DEBUG glance.api.middleware.version_negotiation [None req-e2dccd00-0efd-4cfa-807d-09940431e081 tempest-ServerActionsTestOtherA-21010364 tempest-ServerActionsTestOtherA-21010364-project-member] new path /v2/images/474537b7-1085-4cce-a3fe-6019215207f0 {{(pid=102005) process_request /opt/stack/glance/glance/api/middleware/version_negotiation.py:70}}
Jun 15 20:05:20.876331 np0000002891 devstack@g-api.service[102005]: [pid: 102005|app: 0|req: 55/156] 127.0.0.1 () {44 vars in 1111 bytes} [Mon Jun 15 20:05:20 2026] GET /v2/images/474537b7-1085-4cce-a3fe-6019215207f0 => generated 1044 bytes in 27 msecs (HTTP/1.1 200) 4 headers in 158 bytes (1 switches on core 0)
Jun 15 20:05:20.977699 np0000002891 devstack@g-api.service[102004]: DEBUG glance.api.middleware.version_negotiation [None req-e2dccd00-0efd-4cfa-807d-09940431e081 tempest-ServerActionsTestOtherA-21010364 tempest-ServerActionsTestOtherA-21010364-project-member] Determining version of request: GET /v2/schemas/image Accept: */* {{(pid=102004) process_request /opt/stack/glance/glance/api/middleware/version_negotiation.py:44}}
Jun 15 20:05:20.977873 np0000002891 devstack@g-api.service[102004]: DEBUG glance.api.middleware.version_negotiation [None req-e2dccd00-0efd-4cfa-807d-09940431e081 tempest-ServerActionsTestOtherA-21010364 tempest-ServerActionsTestOtherA-21010364-project-member] Using url versioning {{(pid=102004) process_request /opt/stack/glance/glance/api/middleware/version_negotiation.py:57}}
Jun 15 20:05:20.977946 np0000002891 devstack@g-api.service[102004]: DEBUG glance.api.middleware.version_negotiation [None req-e2dccd00-0efd-4cfa-807d-09940431e081 tempest-ServerActionsTestOtherA-21010364 tempest-ServerActionsTestOtherA-21010364-project-member] Matched version: v2 {{(pid=102004) process_request /opt/stack/glance/glance/api/middleware/version_negotiation.py:69}}
Jun 15 20:05:20.978073 np0000002891 devstack@g-api.service[102004]: DEBUG glance.api.middleware.version_negotiation [None req-e2dccd00-0efd-4cfa-807d-09940431e081 tempest-ServerActionsTestOtherA-21010364 tempest-ServerActionsTestOtherA-21010364-project-member] new path /v2/schemas/image {{(pid=102004) process_request /opt/stack/glance/glance/api/middleware/version_negotiation.py:70}}
Jun 15 20:05:20.983725 np0000002891 devstack@g-api.service[102004]: [pid: 102004|app: 0|req: 53/157] 127.0.0.1 () {44 vars in 1051 bytes} [Mon Jun 15 20:05:20 2026] GET /v2/schemas/image => generated 6083 bytes in 6 msecs (HTTP/1.1 200) 4 headers in 158 bytes (1 switches on core 0)
Jun 15 20:05:21.008821 np0000002891 devstack@g-api.service[102005]: DEBUG glance.api.middleware.version_negotiation [None req-e2dccd00-0efd-4cfa-807d-09940431e081 tempest-ServerActionsTestOtherA-21010364 tempest-ServerActionsTestOtherA-21010364-project-member] Determining version of request: GET /v2/images/6d30509c-a8c3-42d5-b74c-9af871ca1bc6 Accept: application/json {{(pid=102005) process_request /opt/stack/glance/glance/api/middleware/version_negotiation.py:44}}
Jun 15 20:05:21.009045 np0000002891 devstack@g-api.service[102005]: DEBUG glance.api.middleware.version_negotiation [None req-e2dccd00-0efd-4cfa-807d-09940431e081 tempest-ServerActionsTestOtherA-21010364 tempest-ServerActionsTestOtherA-21010364-project-member] Using url versioning {{(pid=102005) process_request /opt/stack/glance/glance/api/middleware/version_negotiation.py:57}}
Jun 15 20:05:21.009254 np0000002891 devstack@g-api.service[102005]: DEBUG glance.api.middleware.version_negotiation [None req-e2dccd00-0efd-4cfa-807d-09940431e081 tempest-ServerActionsTestOtherA-21010364 tempest-ServerActionsTestOtherA-21010364-project-member] Matched version: v2 {{(pid=102005) process_request /opt/stack/glance/glance/api/middleware/version_negotiation.py:69}}
Jun 15 20:05:21.009417 np0000002891 devstack@g-api.service[102005]: DEBUG glance.api.middleware.version_negotiation [None req-e2dccd00-0efd-4cfa-807d-09940431e081 tempest-ServerActionsTestOtherA-21010364 tempest-ServerActionsTestOtherA-21010364-project-member] new path /v2/images/6d30509c-a8c3-42d5-b74c-9af871ca1bc6 {{(pid=102005) process_request /opt/stack/glance/glance/api/middleware/version_negotiation.py:70}}
Jun 15 20:05:21.027677 np0000002891 devstack@g-api.service[102005]: [pid: 102005|app: 0|req: 56/158] 127.0.0.1 () {40 vars in 834 bytes} [Mon Jun 15 20:05:21 2026] GET /v2/images/6d30509c-a8c3-42d5-b74c-9af871ca1bc6 => generated 649 bytes in 19 msecs (HTTP/1.1 200) 4 headers in 157 bytes (1 switches on core 0)
Jun 15 20:05:22.046288 np0000002891 devstack@g-api.service[102004]: DEBUG glance.api.middleware.version_negotiation [None req-e2dccd00-0efd-4cfa-807d-09940431e081 tempest-ServerActionsTestOtherA-21010364 tempest-ServerActionsTestOtherA-21010364-project-member] Determining version of request: GET /v2/images/6d30509c-a8c3-42d5-b74c-9af871ca1bc6 Accept: application/json {{(pid=102004) process_request /opt/stack/glance/glance/api/middleware/version_negotiation.py:44}}
Jun 15 20:05:22.046634 np0000002891 devstack@g-api.service[102004]: DEBUG glance.api.middleware.version_negotiation [None req-e2dccd00-0efd-4cfa-807d-09940431e081 tempest-ServerActionsTestOtherA-21010364 tempest-ServerActionsTestOtherA-21010364-project-member] Using url versioning {{(pid=102004) process_request /opt/stack/glance/glance/api/middleware/version_negotiation.py:57}}
Jun 15 20:05:22.046634 np0000002891 devstack@g-api.service[102004]: DEBUG glance.api.middleware.version_negotiation [None req-e2dccd00-0efd-4cfa-807d-09940431e081 tempest-ServerActionsTestOtherA-21010364 tempest-ServerActionsTestOtherA-21010364-project-member] Matched version: v2 {{(pid=102004) process_request /opt/stack/glance/glance/api/middleware/version_negotiation.py:69}}
Jun 15 20:05:22.046634 np0000002891 devstack@g-api.service[102004]: DEBUG glance.api.middleware.version_negotiation [None req-e2dccd00-0efd-4cfa-807d-09940431e081 tempest-ServerActionsTestOtherA-21010364 tempest-ServerActionsTestOtherA-21010364-project-member] new path /v2/images/6d30509c-a8c3-42d5-b74c-9af871ca1bc6 {{(pid=102004) process_request /opt/stack/glance/glance/api/middleware/version_negotiation.py:70}}
Jun 15 20:05:22.058514 np0000002891 devstack@g-api.service[102004]: [pid: 102004|app: 0|req: 54/159] 127.0.0.1 () {40 vars in 834 bytes} [Mon Jun 15 20:05:22 2026] GET /v2/images/6d30509c-a8c3-42d5-b74c-9af871ca1bc6 => generated 649 bytes in 13 msecs (HTTP/1.1 200) 4 headers in 157 bytes (1 switches on core 0)
Jun 15 20:05:22.102714 np0000002891 devstack@g-api.service[102006]: DEBUG swiftclient [None req-1216fc9b-7896-4c9d-bfb6-dd3c93ebd089 tempest-VolumesActionsTest-1152037248 tempest-VolumesActionsTest-1152037248-project-member] REQ: curl -i https://10.4.3.31:8080/v1/AUTH_8399ae668ec94261b35c21468ee80d39/glance/6d30509c-a8c3-42d5-b74c-9af871ca1bc6-00002 -X PUT -H "X-Auth-Token: gAAAAABqMFr8dGPd..." {{(pid=102006) http_log /opt/stack/data/venv/lib/python3.12/site-packages/swiftclient/client.py:160}}
Jun 15 20:05:22.103032 np0000002891 devstack@g-api.service[102006]: DEBUG swiftclient [None req-1216fc9b-7896-4c9d-bfb6-dd3c93ebd089 tempest-VolumesActionsTest-1152037248 tempest-VolumesActionsTest-1152037248-project-member] RESP STATUS: 201 Created {{(pid=102006) http_log /opt/stack/data/venv/lib/python3.12/site-packages/swiftclient/client.py:161}}
Jun 15 20:05:22.103032 np0000002891 devstack@g-api.service[102006]: DEBUG swiftclient [None req-1216fc9b-7896-4c9d-bfb6-dd3c93ebd089 tempest-VolumesActionsTest-1152037248 tempest-VolumesActionsTest-1152037248-project-member] RESP HEADERS: {'Date': 'Mon, 15 Jun 2026 20:05:22 GMT', 'Server': 'Apache/2.4.58 (Ubuntu)', 'Content-Type': 'text/html; charset=UTF-8', 'Content-Length': '0', 'Etag': 'eda9a9889837ac4bc81d6387d92c1bec', 'Last-Modified': 'Mon, 15 Jun 2026 20:05:20 GMT', 'X-Trans-Id': 'tx9239ed7e6fb44b5798a5f-006a305aff', 'X-Openstack-Request-Id': 'tx9239ed7e6fb44b5798a5f-006a305aff', 'Connection': 'close'} {{(pid=102006) http_log /opt/stack/data/venv/lib/python3.12/site-packages/swiftclient/client.py:162}}
Jun 15 20:05:22.103193 np0000002891 devstack@g-api.service[102006]: DEBUG glance_store._drivers.swift.store [None req-1216fc9b-7896-4c9d-bfb6-dd3c93ebd089 tempest-VolumesActionsTest-1152037248 tempest-VolumesActionsTest-1152037248-project-member] Wrote chunk 6d30509c-a8c3-42d5-b74c-9af871ca1bc6-00002 (2/?) of length 204800000 to Swift returning MD5 of content: eda9a9889837ac4bc81d6387d92c1bec {{(pid=102006) add /opt/stack/data/venv/lib/python3.12/site-packages/glance_store/_drivers/swift/store.py:1059}}
Jun 15 20:05:23.072514 np0000002891 devstack@g-api.service[102005]: DEBUG glance.api.middleware.version_negotiation [None req-1c404f86-9252-4d05-ab39-7351f27fedf5 tempest-VolumesActionsTest-1152037248 tempest-VolumesActionsTest-1152037248-project-member] Determining version of request: GET /v2/images/6d30509c-a8c3-42d5-b74c-9af871ca1bc6 Accept: application/json {{(pid=102005) process_request /opt/stack/glance/glance/api/middleware/version_negotiation.py:44}}
Jun 15 20:05:23.072514 np0000002891 devstack@g-api.service[102005]: DEBUG glance.api.middleware.version_negotiation [None req-1c404f86-9252-4d05-ab39-7351f27fedf5 tempest-VolumesActionsTest-1152037248 tempest-VolumesActionsTest-1152037248-project-member] Using url versioning {{(pid=102005) process_request /opt/stack/glance/glance/api/middleware/version_negotiation.py:57}}
Jun 15 20:05:23.072514 np0000002891 devstack@g-api.service[102005]: DEBUG glance.api.middleware.version_negotiation [None req-1c404f86-9252-4d05-ab39-7351f27fedf5 tempest-VolumesActionsTest-1152037248 tempest-VolumesActionsTest-1152037248-project-member] Matched version: v2 {{(pid=102005) process_request /opt/stack/glance/glance/api/middleware/version_negotiation.py:69}}
Jun 15 20:05:23.073509 np0000002891 devstack@g-api.service[102005]: DEBUG glance.api.middleware.version_negotiation [None req-1c404f86-9252-4d05-ab39-7351f27fedf5 tempest-VolumesActionsTest-1152037248 tempest-VolumesActionsTest-1152037248-project-member] new path /v2/images/6d30509c-a8c3-42d5-b74c-9af871ca1bc6 {{(pid=102005) process_request /opt/stack/glance/glance/api/middleware/version_negotiation.py:70}}
Jun 15 20:05:23.081373 np0000002891 devstack@g-api.service[102005]: [pid: 102005|app: 0|req: 57/160] 127.0.0.1 () {40 vars in 834 bytes} [Mon Jun 15 20:05:23 2026] GET /v2/images/6d30509c-a8c3-42d5-b74c-9af871ca1bc6 => generated 649 bytes in 9 msecs (HTTP/1.1 200) 4 headers in 157 bytes (1 switches on core 0)
Jun 15 20:05:24.097275 np0000002891 devstack@g-api.service[102004]: DEBUG glance.api.middleware.version_negotiation [None req-2271a110-0b1b-4004-b682-b2b64e969640 tempest-VolumesActionsTest-1152037248 tempest-VolumesActionsTest-1152037248-project-member] Determining version of request: GET /v2/images/6d30509c-a8c3-42d5-b74c-9af871ca1bc6 Accept: application/json {{(pid=102004) process_request /opt/stack/glance/glance/api/middleware/version_negotiation.py:44}}
Jun 15 20:05:24.097275 np0000002891 devstack@g-api.service[102004]: DEBUG glance.api.middleware.version_negotiation [None req-2271a110-0b1b-4004-b682-b2b64e969640 tempest-VolumesActionsTest-1152037248 tempest-VolumesActionsTest-1152037248-project-member] Using url versioning {{(pid=102004) process_request /opt/stack/glance/glance/api/middleware/version_negotiation.py:57}}
Jun 15 20:05:24.097621 np0000002891 devstack@g-api.service[102004]: DEBUG glance.api.middleware.version_negotiation [None req-2271a110-0b1b-4004-b682-b2b64e969640 tempest-VolumesActionsTest-1152037248 tempest-VolumesActionsTest-1152037248-project-member] Matched version: v2 {{(pid=102004) process_request /opt/stack/glance/glance/api/middleware/version_negotiation.py:69}}
Jun 15 20:05:24.097621 np0000002891 devstack@g-api.service[102004]: DEBUG glance.api.middleware.version_negotiation [None req-2271a110-0b1b-4004-b682-b2b64e969640 tempest-VolumesActionsTest-1152037248 tempest-VolumesActionsTest-1152037248-project-member] new path /v2/images/6d30509c-a8c3-42d5-b74c-9af871ca1bc6 {{(pid=102004) process_request /opt/stack/glance/glance/api/middleware/version_negotiation.py:70}}
Jun 15 20:05:24.125814 np0000002891 devstack@g-api.service[102004]: [pid: 102004|app: 0|req: 55/161] 127.0.0.1 () {40 vars in 834 bytes} [Mon Jun 15 20:05:24 2026] GET /v2/images/6d30509c-a8c3-42d5-b74c-9af871ca1bc6 => generated 649 bytes in 28 msecs (HTTP/1.1 200) 4 headers in 157 bytes (1 switches on core 0)
Jun 15 20:05:24.450896 np0000002891 devstack@g-api.service[102006]: DEBUG swiftclient [None req-1216fc9b-7896-4c9d-bfb6-dd3c93ebd089 tempest-VolumesActionsTest-1152037248 tempest-VolumesActionsTest-1152037248-project-member] REQ: curl -i https://10.4.3.31:8080/v1/AUTH_8399ae668ec94261b35c21468ee80d39/glance/6d30509c-a8c3-42d5-b74c-9af871ca1bc6-00003 -X PUT -H "X-Auth-Token: gAAAAABqMFr8dGPd..." {{(pid=102006) http_log /opt/stack/data/venv/lib/python3.12/site-packages/swiftclient/client.py:160}}
Jun 15 20:05:24.451259 np0000002891 devstack@g-api.service[102006]: DEBUG swiftclient [None req-1216fc9b-7896-4c9d-bfb6-dd3c93ebd089 tempest-VolumesActionsTest-1152037248 tempest-VolumesActionsTest-1152037248-project-member] RESP STATUS: 201 Created {{(pid=102006) http_log /opt/stack/data/venv/lib/python3.12/site-packages/swiftclient/client.py:161}}
Jun 15 20:05:24.451259 np0000002891 devstack@g-api.service[102006]: DEBUG swiftclient [None req-1216fc9b-7896-4c9d-bfb6-dd3c93ebd089 tempest-VolumesActionsTest-1152037248 tempest-VolumesActionsTest-1152037248-project-member] RESP HEADERS: {'Date': 'Mon, 15 Jun 2026 20:05:24 GMT', 'Server': 'Apache/2.4.58 (Ubuntu)', 'Content-Type': 'text/html; charset=UTF-8', 'Content-Length': '0', 'Etag': 'eda9a9889837ac4bc81d6387d92c1bec', 'Last-Modified': 'Mon, 15 Jun 2026 20:05:23 GMT', 'X-Trans-Id': 'tx9348e57c39cd42c484a3b-006a305b02', 'X-Openstack-Request-Id': 'tx9348e57c39cd42c484a3b-006a305b02', 'Connection': 'close'} {{(pid=102006) http_log /opt/stack/data/venv/lib/python3.12/site-packages/swiftclient/client.py:162}}
Jun 15 20:05:24.451400 np0000002891 devstack@g-api.service[102006]: DEBUG glance_store._drivers.swift.store [None req-1216fc9b-7896-4c9d-bfb6-dd3c93ebd089 tempest-VolumesActionsTest-1152037248 tempest-VolumesActionsTest-1152037248-project-member] Wrote chunk 6d30509c-a8c3-42d5-b74c-9af871ca1bc6-00003 (3/?) of length 204800000 to Swift returning MD5 of content: eda9a9889837ac4bc81d6387d92c1bec {{(pid=102006) add /opt/stack/data/venv/lib/python3.12/site-packages/glance_store/_drivers/swift/store.py:1059}}
Jun 15 20:05:25.137815 np0000002891 devstack@g-api.service[102005]: DEBUG glance.api.middleware.version_negotiation [None req-86171c2d-19de-4ad5-bccb-bf9bba0f7ba0 tempest-VolumesActionsTest-1152037248 tempest-VolumesActionsTest-1152037248-project-member] Determining version of request: GET /v2/images/6d30509c-a8c3-42d5-b74c-9af871ca1bc6 Accept: application/json {{(pid=102005) process_request /opt/stack/glance/glance/api/middleware/version_negotiation.py:44}}
Jun 15 20:05:25.138254 np0000002891 devstack@g-api.service[102005]: DEBUG glance.api.middleware.version_negotiation [None req-86171c2d-19de-4ad5-bccb-bf9bba0f7ba0 tempest-VolumesActionsTest-1152037248 tempest-VolumesActionsTest-1152037248-project-member] Using url versioning {{(pid=102005) process_request /opt/stack/glance/glance/api/middleware/version_negotiation.py:57}}
Jun 15 20:05:25.138254 np0000002891 devstack@g-api.service[102005]: DEBUG glance.api.middleware.version_negotiation [None req-86171c2d-19de-4ad5-bccb-bf9bba0f7ba0 tempest-VolumesActionsTest-1152037248 tempest-VolumesActionsTest-1152037248-project-member] Matched version: v2 {{(pid=102005) process_request /opt/stack/glance/glance/api/middleware/version_negotiation.py:69}}
Jun 15 20:05:25.138352 np0000002891 devstack@g-api.service[102005]: DEBUG glance.api.middleware.version_negotiation [None req-86171c2d-19de-4ad5-bccb-bf9bba0f7ba0 tempest-VolumesActionsTest-1152037248 tempest-VolumesActionsTest-1152037248-project-member] new path /v2/images/6d30509c-a8c3-42d5-b74c-9af871ca1bc6 {{(pid=102005) process_request /opt/stack/glance/glance/api/middleware/version_negotiation.py:70}}
Jun 15 20:05:25.158358 np0000002891 devstack@g-api.service[102005]: [pid: 102005|app: 0|req: 58/162] 127.0.0.1 () {40 vars in 834 bytes} [Mon Jun 15 20:05:25 2026] GET /v2/images/6d30509c-a8c3-42d5-b74c-9af871ca1bc6 => generated 649 bytes in 20 msecs (HTTP/1.1 200) 4 headers in 157 bytes (1 switches on core 0)
Jun 15 20:05:26.168655 np0000002891 devstack@g-api.service[102004]: DEBUG glance.api.middleware.version_negotiation [None req-e47cf9c2-fac1-404b-83f0-027970db0258 tempest-VolumesActionsTest-1152037248 tempest-VolumesActionsTest-1152037248-project-member] Determining version of request: GET /v2/images/6d30509c-a8c3-42d5-b74c-9af871ca1bc6 Accept: application/json {{(pid=102004) process_request /opt/stack/glance/glance/api/middleware/version_negotiation.py:44}}
