Jun 15 20:00:11.922972 np0000002891 nova-scheduler[95734]: DEBUG cotyledon.oslo_config_glue [-] oslo_limit.certfile = None {{(pid=95734) log_opt_values /opt/stack/data/venv/lib/python3.12/site-packages/oslo_config/cfg.py:3253}}
Jun 15 20:00:11.922972 np0000002891 nova-scheduler[95734]: DEBUG cotyledon.oslo_config_glue [-] oslo_limit.collect_timing = False {{(pid=95734) log_opt_values /opt/stack/data/venv/lib/python3.12/site-packages/oslo_config/cfg.py:3253}}
Jun 15 20:00:11.922972 np0000002891 nova-scheduler[95734]: DEBUG cotyledon.oslo_config_glue [-] oslo_limit.connect_retries = None {{(pid=95734) log_opt_values /opt/stack/data/venv/lib/python3.12/site-packages/oslo_config/cfg.py:3253}}
Jun 15 20:00:11.922972 np0000002891 nova-scheduler[95734]: DEBUG cotyledon.oslo_config_glue [-] oslo_limit.connect_retry_delay = None {{(pid=95734) log_opt_values /opt/stack/data/venv/lib/python3.12/site-packages/oslo_config/cfg.py:3253}}
Jun 15 20:00:11.922972 np0000002891 nova-scheduler[95734]: DEBUG cotyledon.oslo_config_glue [-] oslo_limit.endpoint_id = None {{(pid=95734) log_opt_values /opt/stack/data/venv/lib/python3.12/site-packages/oslo_config/cfg.py:3253}}
Jun 15 20:00:11.923151 np0000002891 nova-scheduler[95734]: DEBUG cotyledon.oslo_config_glue [-] oslo_limit.endpoint_interface = public {{(pid=95734) log_opt_values /opt/stack/data/venv/lib/python3.12/site-packages/oslo_config/cfg.py:3253}}
Jun 15 20:00:11.923151 np0000002891 nova-scheduler[95734]: DEBUG cotyledon.oslo_config_glue [-] oslo_limit.endpoint_override = None {{(pid=95734) log_opt_values /opt/stack/data/venv/lib/python3.12/site-packages/oslo_config/cfg.py:3253}}
Jun 15 20:00:11.923151 np0000002891 nova-scheduler[95734]: DEBUG cotyledon.oslo_config_glue [-] oslo_limit.endpoint_region_name = None {{(pid=95734) log_opt_values /opt/stack/data/venv/lib/python3.12/site-packages/oslo_config/cfg.py:3253}}
Jun 15 20:00:11.923151 np0000002891 nova-scheduler[95734]: DEBUG cotyledon.oslo_config_glue [-] oslo_limit.endpoint_service_name = None {{(pid=95734) log_opt_values /opt/stack/data/venv/lib/python3.12/site-packages/oslo_config/cfg.py:3253}}
Jun 15 20:00:11.923151 np0000002891 nova-scheduler[95734]: DEBUG cotyledon.oslo_config_glue [-] oslo_limit.endpoint_service_type = None {{(pid=95734) log_opt_values /opt/stack/data/venv/lib/python3.12/site-packages/oslo_config/cfg.py:3253}}
Jun 15 20:00:11.923151 np0000002891 nova-scheduler[95734]: DEBUG cotyledon.oslo_config_glue [-] oslo_limit.insecure = False {{(pid=95734) log_opt_values /opt/stack/data/venv/lib/python3.12/site-packages/oslo_config/cfg.py:3253}}
Jun 15 20:00:11.923151 np0000002891 nova-scheduler[95734]: DEBUG cotyledon.oslo_config_glue [-] oslo_limit.keyfile = None {{(pid=95734) log_opt_values /opt/stack/data/venv/lib/python3.12/site-packages/oslo_config/cfg.py:3253}}
Jun 15 20:00:11.923151 np0000002891 nova-scheduler[95734]: DEBUG cotyledon.oslo_config_glue [-] oslo_limit.max_version = None {{(pid=95734) log_opt_values /opt/stack/data/venv/lib/python3.12/site-packages/oslo_config/cfg.py:3253}}
Jun 15 20:00:11.923151 np0000002891 nova-scheduler[95734]: DEBUG cotyledon.oslo_config_glue [-] oslo_limit.min_version = None {{(pid=95734) log_opt_values /opt/stack/data/venv/lib/python3.12/site-packages/oslo_config/cfg.py:3253}}
Jun 15 20:00:11.923353 np0000002891 nova-scheduler[95734]: DEBUG cotyledon.oslo_config_glue [-] oslo_limit.region_name = None {{(pid=95734) log_opt_values /opt/stack/data/venv/lib/python3.12/site-packages/oslo_config/cfg.py:3253}}
Jun 15 20:00:11.923353 np0000002891 nova-scheduler[95734]: DEBUG cotyledon.oslo_config_glue [-] oslo_limit.retriable_status_codes = None {{(pid=95734) log_opt_values /opt/stack/data/venv/lib/python3.12/site-packages/oslo_config/cfg.py:3253}}
Jun 15 20:00:11.923353 np0000002891 nova-scheduler[95734]: DEBUG cotyledon.oslo_config_glue [-] oslo_limit.service_name = None {{(pid=95734) log_opt_values /opt/stack/data/venv/lib/python3.12/site-packages/oslo_config/cfg.py:3253}}
Jun 15 20:00:11.923353 np0000002891 nova-scheduler[95734]: DEBUG cotyledon.oslo_config_glue [-] oslo_limit.service_type = None {{(pid=95734) log_opt_values /opt/stack/data/venv/lib/python3.12/site-packages/oslo_config/cfg.py:3253}}
Jun 15 20:00:11.923353 np0000002891 nova-scheduler[95734]: DEBUG cotyledon.oslo_config_glue [-] oslo_limit.split_loggers = False {{(pid=95734) log_opt_values /opt/stack/data/venv/lib/python3.12/site-packages/oslo_config/cfg.py:3253}}
Jun 15 20:00:11.923353 np0000002891 nova-scheduler[95734]: DEBUG cotyledon.oslo_config_glue [-] oslo_limit.status_code_retries = None {{(pid=95734) log_opt_values /opt/stack/data/venv/lib/python3.12/site-packages/oslo_config/cfg.py:3253}}
Jun 15 20:00:11.923353 np0000002891 nova-scheduler[95734]: DEBUG cotyledon.oslo_config_glue [-] oslo_limit.status_code_retry_delay = None {{(pid=95734) log_opt_values /opt/stack/data/venv/lib/python3.12/site-packages/oslo_config/cfg.py:3253}}
Jun 15 20:00:11.923353 np0000002891 nova-scheduler[95734]: DEBUG cotyledon.oslo_config_glue [-] oslo_limit.timeout = None {{(pid=95734) log_opt_values /opt/stack/data/venv/lib/python3.12/site-packages/oslo_config/cfg.py:3253}}
Jun 15 20:00:11.923353 np0000002891 nova-scheduler[95734]: DEBUG cotyledon.oslo_config_glue [-] oslo_limit.valid_interfaces = None {{(pid=95734) log_opt_values /opt/stack/data/venv/lib/python3.12/site-packages/oslo_config/cfg.py:3253}}
Jun 15 20:00:11.923528 np0000002891 nova-scheduler[95734]: DEBUG cotyledon.oslo_config_glue [-] oslo_limit.version = None {{(pid=95734) log_opt_values /opt/stack/data/venv/lib/python3.12/site-packages/oslo_config/cfg.py:3253}}
Jun 15 20:00:11.923528 np0000002891 nova-scheduler[95734]: DEBUG cotyledon.oslo_config_glue [-] oslo_reports.file_event_handler = None {{(pid=95734) log_opt_values /opt/stack/data/venv/lib/python3.12/site-packages/oslo_config/cfg.py:3253}}
Jun 15 20:00:11.923528 np0000002891 nova-scheduler[95734]: DEBUG cotyledon.oslo_config_glue [-] oslo_reports.file_event_handler_interval = 1 {{(pid=95734) log_opt_values /opt/stack/data/venv/lib/python3.12/site-packages/oslo_config/cfg.py:3253}}
Jun 15 20:00:11.923528 np0000002891 nova-scheduler[95734]: DEBUG cotyledon.oslo_config_glue [-] oslo_reports.log_dir = None {{(pid=95734) log_opt_values /opt/stack/data/venv/lib/python3.12/site-packages/oslo_config/cfg.py:3253}}
Jun 15 20:00:11.923528 np0000002891 nova-scheduler[95734]: DEBUG cotyledon.oslo_config_glue [-] ******************************************************************************** {{(pid=95734) log_opt_values /opt/stack/data/venv/lib/python3.12/site-packages/oslo_config/cfg.py:3260}}
Jun 15 20:00:11.923528 np0000002891 nova-scheduler[95734]: DEBUG cotyledon._service_worker [-] Run service ServiceWrapper(2) [95734] {{(pid=95734) wait_forever /opt/stack/data/venv/lib/python3.12/site-packages/cotyledon/_service_worker.py:218}}
Jun 15 20:00:11.923528 np0000002891 nova-scheduler[95734]: INFO nova.service [-] Starting scheduler node (version 33.1.0)
Jun 15 20:00:11.923528 np0000002891 nova-scheduler[95734]: INFO dbcounter [None req-7691e4c1-fc2f-4feb-b85a-3be0b2430936 None None] Registered counter for database nova_cell0
Jun 15 20:00:11.934399 np0000002891 nova-scheduler[95730]: DEBUG oslo_db.sqlalchemy.engines [None req-1588e94c-89ae-47cf-bd38-ba4d9ff19481 None None] MySQL server mode set to STRICT_TRANS_TABLES,STRICT_ALL_TABLES,NO_ZERO_IN_DATE,NO_ZERO_DATE,ERROR_FOR_DIVISION_BY_ZERO,TRADITIONAL,NO_ENGINE_SUBSTITUTION {{(pid=95730) _check_effective_sql_mode /opt/stack/data/venv/lib/python3.12/site-packages/oslo_db/sqlalchemy/engines.py:325}}
Jun 15 20:00:11.940211 np0000002891 nova-scheduler[95732]: DEBUG oslo_db.sqlalchemy.engines [None req-c0548a15-f717-4c76-b5e2-77db555a65d0 None None] MySQL server mode set to STRICT_TRANS_TABLES,STRICT_ALL_TABLES,NO_ZERO_IN_DATE,NO_ZERO_DATE,ERROR_FOR_DIVISION_BY_ZERO,TRADITIONAL,NO_ENGINE_SUBSTITUTION {{(pid=95732) _check_effective_sql_mode /opt/stack/data/venv/lib/python3.12/site-packages/oslo_db/sqlalchemy/engines.py:325}}
Jun 15 20:00:11.944507 np0000002891 nova-scheduler[95730]: DEBUG dbcounter [-] [95730] Writer thread running {{(pid=95730) stat_writer /opt/stack/data/venv/lib/python3.12/site-packages/dbcounter.py:102}}
Jun 15 20:00:11.949492 np0000002891 nova-scheduler[95732]: DEBUG dbcounter [-] [95732] Writer thread running {{(pid=95732) stat_writer /opt/stack/data/venv/lib/python3.12/site-packages/dbcounter.py:102}}
Jun 15 20:00:11.957994 np0000002891 nova-scheduler[95734]: DEBUG oslo_db.sqlalchemy.engines [None req-7691e4c1-fc2f-4feb-b85a-3be0b2430936 None None] MySQL server mode set to STRICT_TRANS_TABLES,STRICT_ALL_TABLES,NO_ZERO_IN_DATE,NO_ZERO_DATE,ERROR_FOR_DIVISION_BY_ZERO,TRADITIONAL,NO_ENGINE_SUBSTITUTION {{(pid=95734) _check_effective_sql_mode /opt/stack/data/venv/lib/python3.12/site-packages/oslo_db/sqlalchemy/engines.py:325}}
Jun 15 20:00:11.959221 np0000002891 nova-scheduler[95730]: DEBUG nova.service [None req-1588e94c-89ae-47cf-bd38-ba4d9ff19481 None None] Creating RPC server for service: nova-scheduler on topic: scheduler {{(pid=95730) start /opt/stack/nova/nova/service.py:196}}
Jun 15 20:00:11.963327 np0000002891 nova-scheduler[95732]: DEBUG nova.service [None req-c0548a15-f717-4c76-b5e2-77db555a65d0 None None] Creating RPC server for service: nova-scheduler on topic: scheduler {{(pid=95732) start /opt/stack/nova/nova/service.py:196}}
Jun 15 20:00:11.967887 np0000002891 nova-scheduler[95734]: DEBUG dbcounter [-] [95734] Writer thread running {{(pid=95734) stat_writer /opt/stack/data/venv/lib/python3.12/site-packages/dbcounter.py:102}}
Jun 15 20:00:11.970718 np0000002891 nova-scheduler[95734]: DEBUG nova.service [None req-7691e4c1-fc2f-4feb-b85a-3be0b2430936 None None] Creating RPC server for service: nova-scheduler on topic: scheduler {{(pid=95734) start /opt/stack/nova/nova/service.py:196}}
Jun 15 20:00:11.984600 np0000002891 nova-scheduler[95730]: DEBUG nova.service [None req-1588e94c-89ae-47cf-bd38-ba4d9ff19481 None None] Join ServiceGroup membership for this service scheduler {{(pid=95730) start /opt/stack/nova/nova/service.py:222}}
Jun 15 20:00:11.985246 np0000002891 nova-scheduler[95730]: DEBUG nova.servicegroup.drivers.db [None req-1588e94c-89ae-47cf-bd38-ba4d9ff19481 None None] DB_Driver: join new ServiceGroup member np0000002891 to the scheduler group, service = {{(pid=95730) join /opt/stack/nova/nova/servicegroup/drivers/db.py:44}}
Jun 15 20:00:11.986679 np0000002891 nova-scheduler[95734]: DEBUG nova.service [None req-7691e4c1-fc2f-4feb-b85a-3be0b2430936 None None] Join ServiceGroup membership for this service scheduler {{(pid=95734) start /opt/stack/nova/nova/service.py:222}}
Jun 15 20:00:11.986919 np0000002891 nova-scheduler[95734]: DEBUG nova.servicegroup.drivers.db [None req-7691e4c1-fc2f-4feb-b85a-3be0b2430936 None None] DB_Driver: join new ServiceGroup member np0000002891 to the scheduler group, service = {{(pid=95734) join /opt/stack/nova/nova/servicegroup/drivers/db.py:44}}
Jun 15 20:00:11.987271 np0000002891 nova-scheduler[95732]: DEBUG nova.service [None req-c0548a15-f717-4c76-b5e2-77db555a65d0 None None] Join ServiceGroup membership for this service scheduler {{(pid=95732) start /opt/stack/nova/nova/service.py:222}}
Jun 15 20:00:11.987634 np0000002891 nova-scheduler[95732]: DEBUG nova.servicegroup.drivers.db [None req-c0548a15-f717-4c76-b5e2-77db555a65d0 None None] DB_Driver: join new ServiceGroup member np0000002891 to the scheduler group, service = {{(pid=95732) join /opt/stack/nova/nova/servicegroup/drivers/db.py:44}}
Jun 15 20:00:17.007749 np0000002891 nova-scheduler[95732]: DEBUG oslo.service.backend._threading.loopingcall [-] Fixed interval looping call 'nova.servicegroup.drivers.db.DbDriver._report_state' sleeping for 119.98 seconds {{(pid=95732) _run_loop /opt/stack/data/venv/lib/python3.12/site-packages/oslo_service/backend/_threading/loopingcall.py:125}}
Jun 15 20:00:17.008879 np0000002891 nova-scheduler[95730]: DEBUG oslo.service.backend._threading.loopingcall [-] Fixed interval looping call 'nova.servicegroup.drivers.db.DbDriver._report_state' sleeping for 119.98 seconds {{(pid=95730) _run_loop /opt/stack/data/venv/lib/python3.12/site-packages/oslo_service/backend/_threading/loopingcall.py:125}}
Jun 15 20:00:17.009280 np0000002891 nova-scheduler[95734]: DEBUG oslo.service.backend._threading.loopingcall [-] Fixed interval looping call 'nova.servicegroup.drivers.db.DbDriver._report_state' sleeping for 119.98 seconds {{(pid=95734) _run_loop /opt/stack/data/venv/lib/python3.12/site-packages/oslo_service/backend/_threading/loopingcall.py:125}}
Jun 15 20:00:19.988225 np0000002891 nova-scheduler[95730]: DEBUG oslo.service.backend._threading.loopingcall [None req-9b2a05fe-87e7-42e3-8f6a-7812f07f67b0 None None] Dynamic interval looping call 'nova.service.Service.periodic_tasks' sleeping for 60.00 seconds {{(pid=95730) _run_loop /opt/stack/data/venv/lib/python3.12/site-packages/oslo_service/backend/_threading/loopingcall.py:125}}
Jun 15 20:00:20.529136 np0000002891 nova-scheduler[94456]: DEBUG dbcounter [-] [94456] Writing DB stats nova_api:SELECT=3 {{(pid=94456) stat_writer /opt/stack/data/venv/lib/python3.12/site-packages/dbcounter.py:115}}
Jun 15 20:00:20.666094 np0000002891 nova-scheduler[94456]: DEBUG dbcounter [-] [94456] Writing DB stats nova_cell1:SELECT=1 {{(pid=94456) stat_writer /opt/stack/data/venv/lib/python3.12/site-packages/dbcounter.py:115}}
Jun 15 20:00:20.672801 np0000002891 nova-scheduler[94456]: DEBUG dbcounter [-] [94456] Writing DB stats nova_cell0:SELECT=1 {{(pid=94456) stat_writer /opt/stack/data/venv/lib/python3.12/site-packages/dbcounter.py:115}}
Jun 15 20:00:20.989566 np0000002891 nova-scheduler[95732]: DEBUG oslo.service.backend._threading.loopingcall [None req-a82eeeb2-ba5e-46aa-b568-12f399b3db6b None None] Dynamic interval looping call 'nova.service.Service.periodic_tasks' sleeping for 60.00 seconds {{(pid=95732) _run_loop /opt/stack/data/venv/lib/python3.12/site-packages/oslo_service/backend/_threading/loopingcall.py:125}}
Jun 15 20:00:27.001174 np0000002891 nova-scheduler[95732]: DEBUG dbcounter [-] [95732] Writing DB stats nova_cell0:SELECT=5,nova_cell0:INSERT=1,nova_cell0:UPDATE=1 {{(pid=95732) stat_writer /opt/stack/data/venv/lib/python3.12/site-packages/dbcounter.py:115}}
Jun 15 20:00:27.005741 np0000002891 nova-scheduler[95734]: DEBUG dbcounter [-] [95734] Writing DB stats nova_cell0:SELECT=3,nova_cell0:UPDATE=1 {{(pid=95734) stat_writer /opt/stack/data/venv/lib/python3.12/site-packages/dbcounter.py:115}}
Jun 15 20:00:27.006201 np0000002891 nova-scheduler[95730]: DEBUG dbcounter [-] [95730] Writing DB stats nova_cell0:SELECT=4,nova_cell0:INSERT=1,nova_cell0:UPDATE=1 {{(pid=95730) stat_writer /opt/stack/data/venv/lib/python3.12/site-packages/dbcounter.py:115}}
Jun 15 20:01:08.992469 np0000002891 nova-scheduler[95734]: DEBUG oslo.service.backend._threading.loopingcall [None req-4a4b1ba0-15eb-489c-ae0c-afb2fc1653a6 None None] Dynamic interval looping call 'nova.service.Service.periodic_tasks' sleeping for 60.00 seconds {{(pid=95734) _run_loop /opt/stack/data/venv/lib/python3.12/site-packages/oslo_service/backend/_threading/loopingcall.py:125}}
Jun 15 20:01:19.989099 np0000002891 nova-scheduler[95730]: DEBUG oslo.service.backend._threading.loopingcall [None req-9b2a05fe-87e7-42e3-8f6a-7812f07f67b0 None None] Dynamic interval looping call 'nova.service.Service.periodic_tasks' sleeping for 60.00 seconds {{(pid=95730) _run_loop /opt/stack/data/venv/lib/python3.12/site-packages/oslo_service/backend/_threading/loopingcall.py:125}}
Jun 15 20:01:20.990095 np0000002891 nova-scheduler[95732]: DEBUG oslo.service.backend._threading.loopingcall [None req-a82eeeb2-ba5e-46aa-b568-12f399b3db6b None None] Dynamic interval looping call 'nova.service.Service.periodic_tasks' sleeping for 60.00 seconds {{(pid=95732) _run_loop /opt/stack/data/venv/lib/python3.12/site-packages/oslo_service/backend/_threading/loopingcall.py:125}}
Jun 15 20:02:08.992985 np0000002891 nova-scheduler[95734]: DEBUG oslo.service.backend._threading.loopingcall [None req-4a4b1ba0-15eb-489c-ae0c-afb2fc1653a6 None None] Dynamic interval looping call 'nova.service.Service.periodic_tasks' sleeping for 60.00 seconds {{(pid=95734) _run_loop /opt/stack/data/venv/lib/python3.12/site-packages/oslo_service/backend/_threading/loopingcall.py:125}}
Jun 15 20:02:16.999516 np0000002891 nova-scheduler[95732]: DEBUG oslo.service.backend._threading.loopingcall [-] Fixed interval looping call 'nova.servicegroup.drivers.db.DbDriver._report_state' sleeping for 119.99 seconds {{(pid=95732) _run_loop /opt/stack/data/venv/lib/python3.12/site-packages/oslo_service/backend/_threading/loopingcall.py:125}}
Jun 15 20:02:17.000651 np0000002891 nova-scheduler[95730]: DEBUG oslo.service.backend._threading.loopingcall [-] Fixed interval looping call 'nova.servicegroup.drivers.db.DbDriver._report_state' sleeping for 119.99 seconds {{(pid=95730) _run_loop /opt/stack/data/venv/lib/python3.12/site-packages/oslo_service/backend/_threading/loopingcall.py:125}}
Jun 15 20:02:17.000918 np0000002891 nova-scheduler[95734]: DEBUG oslo.service.backend._threading.loopingcall [-] Fixed interval looping call 'nova.servicegroup.drivers.db.DbDriver._report_state' sleeping for 119.99 seconds {{(pid=95734) _run_loop /opt/stack/data/venv/lib/python3.12/site-packages/oslo_service/backend/_threading/loopingcall.py:125}}
Jun 15 20:02:19.989588 np0000002891 nova-scheduler[95730]: DEBUG oslo.service.backend._threading.loopingcall [None req-9b2a05fe-87e7-42e3-8f6a-7812f07f67b0 None None] Dynamic interval looping call 'nova.service.Service.periodic_tasks' sleeping for 60.00 seconds {{(pid=95730) _run_loop /opt/stack/data/venv/lib/python3.12/site-packages/oslo_service/backend/_threading/loopingcall.py:125}}
Jun 15 20:02:20.990558 np0000002891 nova-scheduler[95732]: DEBUG oslo.service.backend._threading.loopingcall [None req-a82eeeb2-ba5e-46aa-b568-12f399b3db6b None None] Dynamic interval looping call 'nova.service.Service.periodic_tasks' sleeping for 60.00 seconds {{(pid=95732) _run_loop /opt/stack/data/venv/lib/python3.12/site-packages/oslo_service/backend/_threading/loopingcall.py:125}}
Jun 15 20:02:26.991534 np0000002891 nova-scheduler[95732]: DEBUG dbcounter [-] [95732] Writing DB stats nova_cell0:SELECT=1,nova_cell0:UPDATE=1 {{(pid=95732) stat_writer /opt/stack/data/venv/lib/python3.12/site-packages/dbcounter.py:115}}
Jun 15 20:02:26.993254 np0000002891 nova-scheduler[95734]: DEBUG dbcounter [-] [95734] Writing DB stats nova_cell0:SELECT=1,nova_cell0:UPDATE=1 {{(pid=95734) stat_writer /opt/stack/data/venv/lib/python3.12/site-packages/dbcounter.py:115}}
Jun 15 20:02:26.997988 np0000002891 nova-scheduler[95730]: DEBUG dbcounter [-] [95730] Writing DB stats nova_cell0:SELECT=1,nova_cell0:UPDATE=1 {{(pid=95730) stat_writer /opt/stack/data/venv/lib/python3.12/site-packages/dbcounter.py:115}}
Jun 15 20:02:47.308575 np0000002891 nova-scheduler[95730]: DEBUG nova.scheduler.manager [None req-326223d5-6260-404f-893e-762bf5ab6ea6 tempest-ServerRescueNegativeTestJSON-1620424396 tempest-ServerRescueNegativeTestJSON-1620424396-project-member] Starting to schedule for instances: ['84efe6e9-8b1f-45e9-8da4-3b04d5553f95'] {{(pid=95730) select_destinations /opt/stack/nova/nova/scheduler/manager.py:210}}
Jun 15 20:02:47.309140 np0000002891 nova-scheduler[95730]: DEBUG nova.scheduler.request_filter [None req-326223d5-6260-404f-893e-762bf5ab6ea6 tempest-ServerRescueNegativeTestJSON-1620424396 tempest-ServerRescueNegativeTestJSON-1620424396-project-member] compute_status_filter request filter added forbidden trait COMPUTE_STATUS_DISABLED {{(pid=95730) compute_status_filter /opt/stack/nova/nova/scheduler/request_filter.py:253}}
Jun 15 20:02:47.309477 np0000002891 nova-scheduler[95730]: DEBUG nova.scheduler.request_filter [None req-326223d5-6260-404f-893e-762bf5ab6ea6 tempest-ServerRescueNegativeTestJSON-1620424396 tempest-ServerRescueNegativeTestJSON-1620424396-project-member] Request filter 'compute_status_filter' took 0.0 seconds {{(pid=95730) wrapper /opt/stack/nova/nova/scheduler/request_filter.py:46}}
Jun 15 20:02:47.309905 np0000002891 nova-scheduler[95730]: DEBUG nova.scheduler.request_filter [None req-326223d5-6260-404f-893e-762bf5ab6ea6 tempest-ServerRescueNegativeTestJSON-1620424396 tempest-ServerRescueNegativeTestJSON-1620424396-project-member] Request filter 'accelerators_filter' took 0.0 seconds {{(pid=95730) wrapper /opt/stack/nova/nova/scheduler/request_filter.py:46}}
Jun 15 20:02:47.310594 np0000002891 nova-scheduler[95730]: DEBUG nova.scheduler.request_filter [None req-326223d5-6260-404f-893e-762bf5ab6ea6 tempest-ServerRescueNegativeTestJSON-1620424396 tempest-ServerRescueNegativeTestJSON-1620424396-project-member] Request filter 'packed_virtqueue_filter' took 0.0 seconds {{(pid=95730) wrapper /opt/stack/nova/nova/scheduler/request_filter.py:46}}
Jun 15 20:02:47.310894 np0000002891 nova-scheduler[95730]: DEBUG nova.scheduler.request_filter [None req-326223d5-6260-404f-893e-762bf5ab6ea6 tempest-ServerRescueNegativeTestJSON-1620424396 tempest-ServerRescueNegativeTestJSON-1620424396-project-member] Request filter 'remote_managed_ports_filter' took 0.0 seconds {{(pid=95730) wrapper /opt/stack/nova/nova/scheduler/request_filter.py:46}}
Jun 15 20:02:47.311045 np0000002891 nova-scheduler[95730]: DEBUG nova.scheduler.request_filter [None req-326223d5-6260-404f-893e-762bf5ab6ea6 tempest-ServerRescueNegativeTestJSON-1620424396 tempest-ServerRescueNegativeTestJSON-1620424396-project-member] ephemeral_encryption_filter skipped {{(pid=95730) ephemeral_encryption_filter /opt/stack/nova/nova/scheduler/request_filter.py:426}}
Jun 15 20:02:47.311172 np0000002891 nova-scheduler[95730]: DEBUG nova.scheduler.request_filter [None req-326223d5-6260-404f-893e-762bf5ab6ea6 tempest-ServerRescueNegativeTestJSON-1620424396 tempest-ServerRescueNegativeTestJSON-1620424396-project-member] virtio_sound_filter skipped {{(pid=95730) virtio_sound_filter /opt/stack/nova/nova/scheduler/request_filter.py:460}}
Jun 15 20:02:47.311299 np0000002891 nova-scheduler[95730]: DEBUG nova.scheduler.request_filter [None req-326223d5-6260-404f-893e-762bf5ab6ea6 tempest-ServerRescueNegativeTestJSON-1620424396 tempest-ServerRescueNegativeTestJSON-1620424396-project-member] tpm_secret_security_filter skipped {{(pid=95730) tpm_secret_security_filter /opt/stack/nova/nova/scheduler/request_filter.py:477}}
Jun 15 20:02:47.747116 np0000002891 nova-scheduler[95730]: INFO nova.utils [None req-326223d5-6260-404f-893e-762bf5ab6ea6 tempest-ServerRescueNegativeTestJSON-1620424396 tempest-ServerRescueNegativeTestJSON-1620424396-project-member] The cell worker thread pool ForkProcess-1.cell_worker is initialized
Jun 15 20:02:47.747610 np0000002891 nova-scheduler[95730]: DEBUG oslo_concurrency.lockutils [None req-326223d5-6260-404f-893e-762bf5ab6ea6 tempest-ServerRescueNegativeTestJSON-1620424396 tempest-ServerRescueNegativeTestJSON-1620424396-project-member] Acquiring lock "eb588a81-0091-47c7-9796-63598b1c51d8" by "nova.context.set_target_cell..get_or_set_cached_cell_and_set_connections" {{(pid=95730) inner /opt/stack/data/venv/lib/python3.12/site-packages/oslo_concurrency/lockutils.py:511}}
Jun 15 20:02:47.747610 np0000002891 nova-scheduler[95730]: DEBUG oslo_concurrency.lockutils [None req-326223d5-6260-404f-893e-762bf5ab6ea6 tempest-ServerRescueNegativeTestJSON-1620424396 tempest-ServerRescueNegativeTestJSON-1620424396-project-member] Lock "eb588a81-0091-47c7-9796-63598b1c51d8" acquired by "nova.context.set_target_cell..get_or_set_cached_cell_and_set_connections" :: waited 0.000s {{(pid=95730) inner /opt/stack/data/venv/lib/python3.12/site-packages/oslo_concurrency/lockutils.py:524}}
Jun 15 20:02:47.748826 np0000002891 nova-scheduler[95730]: DEBUG oslo_concurrency.lockutils [None req-326223d5-6260-404f-893e-762bf5ab6ea6 tempest-ServerRescueNegativeTestJSON-1620424396 tempest-ServerRescueNegativeTestJSON-1620424396-project-member] Lock "eb588a81-0091-47c7-9796-63598b1c51d8" "released" by "nova.context.set_target_cell..get_or_set_cached_cell_and_set_connections" :: held 0.001s {{(pid=95730) inner /opt/stack/data/venv/lib/python3.12/site-packages/oslo_concurrency/lockutils.py:543}}
Jun 15 20:02:47.750732 np0000002891 nova-scheduler[95730]: INFO dbcounter [None req-326223d5-6260-404f-893e-762bf5ab6ea6 tempest-ServerRescueNegativeTestJSON-1620424396 tempest-ServerRescueNegativeTestJSON-1620424396-project-member] Registered counter for database nova_cell1
Jun 15 20:02:47.787734 np0000002891 nova-scheduler[95730]: DEBUG oslo_db.sqlalchemy.engines [None req-326223d5-6260-404f-893e-762bf5ab6ea6 tempest-ServerRescueNegativeTestJSON-1620424396 tempest-ServerRescueNegativeTestJSON-1620424396-project-member] MySQL server mode set to STRICT_TRANS_TABLES,STRICT_ALL_TABLES,NO_ZERO_IN_DATE,NO_ZERO_DATE,ERROR_FOR_DIVISION_BY_ZERO,TRADITIONAL,NO_ENGINE_SUBSTITUTION {{(pid=95730) _check_effective_sql_mode /opt/stack/data/venv/lib/python3.12/site-packages/oslo_db/sqlalchemy/engines.py:325}}
Jun 15 20:02:47.793388 np0000002891 nova-scheduler[95730]: DEBUG dbcounter [-] [95730] Writer thread running {{(pid=95730) stat_writer /opt/stack/data/venv/lib/python3.12/site-packages/dbcounter.py:102}}
Jun 15 20:02:47.805480 np0000002891 nova-scheduler[95730]: DEBUG oslo_db.sqlalchemy.engines [None req-326223d5-6260-404f-893e-762bf5ab6ea6 tempest-ServerRescueNegativeTestJSON-1620424396 tempest-ServerRescueNegativeTestJSON-1620424396-project-member] Parent process 94456 forked (95730) with an open database connection, which is being discarded and recreated. {{(pid=95730) checkout /opt/stack/data/venv/lib/python3.12/site-packages/oslo_db/sqlalchemy/engines.py:402}}
Jun 15 20:02:47.862157 np0000002891 nova-scheduler[95730]: DEBUG dbcounter [-] [95730] Writer thread running {{(pid=95730) stat_writer /opt/stack/data/venv/lib/python3.12/site-packages/dbcounter.py:102}}
Jun 15 20:02:47.864752 np0000002891 nova-scheduler[95730]: DEBUG oslo_concurrency.lockutils [None req-326223d5-6260-404f-893e-762bf5ab6ea6 tempest-ServerRescueNegativeTestJSON-1620424396 tempest-ServerRescueNegativeTestJSON-1620424396-project-member] Acquiring lock "eb588a81-0091-47c7-9796-63598b1c51d8" by "nova.context.set_target_cell..get_or_set_cached_cell_and_set_connections" {{(pid=95730) inner /opt/stack/data/venv/lib/python3.12/site-packages/oslo_concurrency/lockutils.py:511}}
Jun 15 20:02:47.864961 np0000002891 nova-scheduler[95730]: DEBUG oslo_concurrency.lockutils [None req-326223d5-6260-404f-893e-762bf5ab6ea6 tempest-ServerRescueNegativeTestJSON-1620424396 tempest-ServerRescueNegativeTestJSON-1620424396-project-member] Lock "eb588a81-0091-47c7-9796-63598b1c51d8" acquired by "nova.context.set_target_cell..get_or_set_cached_cell_and_set_connections" :: waited 0.000s {{(pid=95730) inner /opt/stack/data/venv/lib/python3.12/site-packages/oslo_concurrency/lockutils.py:524}}
Jun 15 20:02:47.865092 np0000002891 nova-scheduler[95730]: DEBUG oslo_concurrency.lockutils [None req-326223d5-6260-404f-893e-762bf5ab6ea6 tempest-ServerRescueNegativeTestJSON-1620424396 tempest-ServerRescueNegativeTestJSON-1620424396-project-member] Lock "eb588a81-0091-47c7-9796-63598b1c51d8" "released" by "nova.context.set_target_cell..get_or_set_cached_cell_and_set_connections" :: held 0.000s {{(pid=95730) inner /opt/stack/data/venv/lib/python3.12/site-packages/oslo_concurrency/lockutils.py:543}}
Jun 15 20:02:47.868681 np0000002891 nova-scheduler[95730]: DEBUG oslo_concurrency.lockutils [None req-326223d5-6260-404f-893e-762bf5ab6ea6 tempest-ServerRescueNegativeTestJSON-1620424396 tempest-ServerRescueNegativeTestJSON-1620424396-project-member] Acquiring lock "('np0000002891', 'np0000002891')" by "nova.scheduler.host_manager.HostState.update.._locked_update" {{(pid=95730) inner /opt/stack/data/venv/lib/python3.12/site-packages/oslo_concurrency/lockutils.py:511}}
Jun 15 20:02:47.868875 np0000002891 nova-scheduler[95730]: DEBUG oslo_concurrency.lockutils [None req-326223d5-6260-404f-893e-762bf5ab6ea6 tempest-ServerRescueNegativeTestJSON-1620424396 tempest-ServerRescueNegativeTestJSON-1620424396-project-member] Lock "('np0000002891', 'np0000002891')" acquired by "nova.scheduler.host_manager.HostState.update.._locked_update" :: waited 0.000s {{(pid=95730) inner /opt/stack/data/venv/lib/python3.12/site-packages/oslo_concurrency/lockutils.py:524}}
Jun 15 20:02:47.870339 np0000002891 nova-scheduler[95730]: DEBUG nova.scheduler.host_manager [None req-326223d5-6260-404f-893e-762bf5ab6ea6 tempest-ServerRescueNegativeTestJSON-1620424396 tempest-ServerRescueNegativeTestJSON-1620424396-project-member] Update host state from compute node: ComputeNode(cpu_allocation_ratio=4.0,cpu_info='{"arch": "x86_64", "model": "EPYC-Milan", "vendor": "AMD", "topology": {"cells": 1, "sockets": 12, "cores": 1, "threads": 1}, "maxphysaddr": {"mode": "emulate", "bits": 40}, "features": ["vmcb-clean", "abm", "bmi2", "sse4.1", "hypervisor", "flushbyasid", "vpclmulqdq", "ibrs", "arat", "pse", "avx2", "clflushopt", "misalignsse", "ssse3", "fma", "cr8legacy", "osvw", "vme", "tsc_adjust", "apic", "topoext", "rdtscp", "lm", "xsaveerptr", "smep", "pge", "vaes", "pdpe1gb", "null-sel-clr-base", "pclmuldq", "3dnowprefetch", "clwb", "mtrr", "fxsr_opt", "syscall", "xgetbv1", "mmxext", "sse", "pat", "tsc-scale", "tsc-deadline", "ibpb", "erms", "fsgsbase", "sep", "xsave", "pcid", "lfence-always-serializing", "mmx", "nrip-save", "x2apic", "clflush", "sse4.2", "pku", "v-vmsave-vmload", "perfctr_core", "xsaveopt", "umip", "amd-ssbd", "sse4a", "stibp", "gds-no", "mce", "amd-stibp", "smap", "tsc", "mds-no", "fsrm", "rdrand", "skip-l1dfl-vmentry", "xsaves", "cx8", "mca", "clzero", "pae", "pschange-mc-no", "avx", "virt-ssbd", "rdpid", "arch-capabilities", "no-nested-data-bp", "ssbd", "rdseed", "pse36", "bmi1", "aes", "nx", "stibp-always-on", "adx", "pni", "npt", "cx16", "spec-ctrl", "pfthreshold", "wbnoinvd", "cmp_legacy", "vgif", "invpcid", "lbrv", "svme-addr-chk", "f16c", "xsavec", "amd-psfd", "popcnt", "de", "fxsr", "pause-filter", "cmov", "sha-ni", "lahf_lm", "movbe", "rdctl-no", "svm", "fpu", "msr", "sse2"]}',created_at=2026-06-15T20:00:37Z,current_workload=0,deleted=False,deleted_at=None,disk_allocation_ratio=1.0,disk_available_least=74,free_disk_gb=95,free_ram_mb=23518,host='np0000002891',host_ip=10.4.3.31,hypervisor_hostname='np0000002891',hypervisor_type='QEMU',hypervisor_version=8002002,id=1,local_gb=95,local_gb_used=0,mapped=1,memory_mb=24030,memory_mb_used=512,metrics='[]',numa_topology='{"nova_object.name": "NUMATopology", "nova_object.namespace": "nova", "nova_object.version": "1.2", "nova_object.data": {"cells": [{"nova_object.name": "NUMACell", "nova_object.namespace": "nova", "nova_object.version": "1.5", "nova_object.data": {"id": 0, "cpuset": [0, 1, 2, 3, 4, 5, 6, 7, 8, 9, 10, 11], "pcpuset": [0, 1, 2, 3, 4, 5, 6, 7, 8, 9, 10, 11], "memory": 24030, "cpu_usage": 0, "memory_usage": 0, "pinned_cpus": [], "siblings": [[6], [2], [5], [11], [8], [4], [1], [7], [10], [0], [3], [9]], "mempages": [{"nova_object.name": "NUMAPagesTopology", "nova_object.namespace": "nova", "nova_object.version": "1.1", "nova_object.data": {"size_kb": 4, "total": 6151799, "used": 0, "reserved": 0}, "nova_object.changes": ["total", "used", "reserved", "size_kb"]}, {"nova_object.name": "NUMAPagesTopology", "nova_object.namespace": "nova", "nova_object.version": "1.1", "nova_object.data": {"size_kb": 2048, "total": 0, "used": 0, "reserved": 0}, "nova_object.changes": ["total", "used", "reserved", "size_kb"]}, {"nova_object.name": "NUMAPagesTopology", "nova_object.namespace": "nova", "nova_object.version": "1.1", "nova_object.data": {"size_kb": 1048576, "total": 0, "used": 0, "reserved": 0}, "nova_object.changes": ["total", "used", "reserved", "size_kb"]}], "network_metadata": {"nova_object.name": "NetworkMetadata", "nova_object.namespace": "nova", "nova_object.version": "1.0", "nova_object.data": {"physnets": [], "tunneled": false}, "nova_object.changes": ["tunneled", "physnets"]}, "socket": null}, "nova_object.changes": ["mempages", "id", "pcpuset", "memory", "memory_usage", "socket", "pinned_cpus", "siblings", "cpuset", "network_metadata", "cpu_usage"]}]}, "nova_object.changes": ["cells"]}',pci_device_pools=PciDevicePoolList,ram_allocation_ratio=1.0,running_vms=0,service_id=2,stats={failed_builds='0',uptime=' 20:02:22 up 23 min, 2 users, load average: 1.16, 1.38, 0.80
Jun 15 20:02:47.870339 np0000002891 nova-scheduler[95730]: '},supported_hv_specs=[HVSpec,HVSpec,HVSpec,HVSpec,HVSpec,HVSpec,HVSpec,HVSpec,HVSpec,HVSpec,HVSpec,HVSpec,HVSpec,HVSpec,HVSpec,HVSpec,HVSpec,HVSpec,HVSpec,HVSpec,HVSpec,HVSpec,HVSpec,HVSpec,HVSpec],updated_at=2026-06-15T20:02:24Z,uuid=2f085017-c3ea-447e-8d5a-48a2e181710e,vcpus=12,vcpus_used=0) {{(pid=95730) _locked_update /opt/stack/nova/nova/scheduler/host_manager.py:168}}
Jun 15 20:02:47.871204 np0000002891 nova-scheduler[95730]: DEBUG nova.scheduler.host_manager [None req-326223d5-6260-404f-893e-762bf5ab6ea6 tempest-ServerRescueNegativeTestJSON-1620424396 tempest-ServerRescueNegativeTestJSON-1620424396-project-member] Update host state with aggregates: [] {{(pid=95730) _locked_update /opt/stack/nova/nova/scheduler/host_manager.py:171}}
Jun 15 20:02:47.871347 np0000002891 nova-scheduler[95730]: DEBUG nova.scheduler.host_manager [None req-326223d5-6260-404f-893e-762bf5ab6ea6 tempest-ServerRescueNegativeTestJSON-1620424396 tempest-ServerRescueNegativeTestJSON-1620424396-project-member] Update host state with service dict: {'id': 2, 'uuid': 'a8ba143e-0ddf-46ad-8972-9981661e9c56', 'host': 'np0000002891', 'binary': 'nova-compute', 'topic': 'compute', 'report_count': 2, 'disabled': False, 'disabled_reason': None, 'last_seen_up': datetime.datetime(2026, 6, 15, 20, 2, 45, tzinfo=datetime.timezone.utc), 'forced_down': False, 'version': 72, 'created_at': datetime.datetime(2026, 6, 15, 20, 0, 35, tzinfo=datetime.timezone.utc), 'updated_at': datetime.datetime(2026, 6, 15, 20, 2, 45, tzinfo=datetime.timezone.utc), 'deleted_at': None, 'deleted': False} {{(pid=95730) _locked_update /opt/stack/nova/nova/scheduler/host_manager.py:174}}
Jun 15 20:02:47.871497 np0000002891 nova-scheduler[95730]: DEBUG nova.scheduler.host_manager [None req-326223d5-6260-404f-893e-762bf5ab6ea6 tempest-ServerRescueNegativeTestJSON-1620424396 tempest-ServerRescueNegativeTestJSON-1620424396-project-member] Update host state with instances: [] {{(pid=95730) _locked_update /opt/stack/nova/nova/scheduler/host_manager.py:177}}
Jun 15 20:02:47.871687 np0000002891 nova-scheduler[95730]: DEBUG oslo_concurrency.lockutils [None req-326223d5-6260-404f-893e-762bf5ab6ea6 tempest-ServerRescueNegativeTestJSON-1620424396 tempest-ServerRescueNegativeTestJSON-1620424396-project-member] Lock "('np0000002891', 'np0000002891')" "released" by "nova.scheduler.host_manager.HostState.update.._locked_update" :: held 0.003s {{(pid=95730) inner /opt/stack/data/venv/lib/python3.12/site-packages/oslo_concurrency/lockutils.py:543}}
Jun 15 20:02:47.872105 np0000002891 nova-scheduler[95730]: DEBUG nova.filters [None req-326223d5-6260-404f-893e-762bf5ab6ea6 tempest-ServerRescueNegativeTestJSON-1620424396 tempest-ServerRescueNegativeTestJSON-1620424396-project-member] Starting with 1 host(s) {{(pid=95730) get_filtered_objects /opt/stack/nova/nova/filters.py:70}}
Jun 15 20:02:47.872341 np0000002891 nova-scheduler[95730]: DEBUG nova.filters [None req-326223d5-6260-404f-893e-762bf5ab6ea6 tempest-ServerRescueNegativeTestJSON-1620424396 tempest-ServerRescueNegativeTestJSON-1620424396-project-member] Filter ComputeFilter returned 1 host(s) {{(pid=95730) get_filtered_objects /opt/stack/nova/nova/filters.py:102}}
Jun 15 20:02:47.872519 np0000002891 nova-scheduler[95730]: DEBUG nova.filters [None req-326223d5-6260-404f-893e-762bf5ab6ea6 tempest-ServerRescueNegativeTestJSON-1620424396 tempest-ServerRescueNegativeTestJSON-1620424396-project-member] Filter ComputeCapabilitiesFilter returned 1 host(s) {{(pid=95730) get_filtered_objects /opt/stack/nova/nova/filters.py:102}}
Jun 15 20:02:47.872719 np0000002891 nova-scheduler[95730]: DEBUG nova.filters [None req-326223d5-6260-404f-893e-762bf5ab6ea6 tempest-ServerRescueNegativeTestJSON-1620424396 tempest-ServerRescueNegativeTestJSON-1620424396-project-member] Filter ImagePropertiesFilter returned 1 host(s) {{(pid=95730) get_filtered_objects /opt/stack/nova/nova/filters.py:102}}
Jun 15 20:02:47.872921 np0000002891 nova-scheduler[95730]: DEBUG nova.filters [None req-326223d5-6260-404f-893e-762bf5ab6ea6 tempest-ServerRescueNegativeTestJSON-1620424396 tempest-ServerRescueNegativeTestJSON-1620424396-project-member] Filter ServerGroupAntiAffinityFilter returned 1 host(s) {{(pid=95730) get_filtered_objects /opt/stack/nova/nova/filters.py:102}}
Jun 15 20:02:47.873064 np0000002891 nova-scheduler[95730]: DEBUG nova.filters [None req-326223d5-6260-404f-893e-762bf5ab6ea6 tempest-ServerRescueNegativeTestJSON-1620424396 tempest-ServerRescueNegativeTestJSON-1620424396-project-member] Filter ServerGroupAffinityFilter returned 1 host(s) {{(pid=95730) get_filtered_objects /opt/stack/nova/nova/filters.py:102}}
Jun 15 20:02:47.873219 np0000002891 nova-scheduler[95730]: DEBUG nova.filters [None req-326223d5-6260-404f-893e-762bf5ab6ea6 tempest-ServerRescueNegativeTestJSON-1620424396 tempest-ServerRescueNegativeTestJSON-1620424396-project-member] Filter SameHostFilter returned 1 host(s) {{(pid=95730) get_filtered_objects /opt/stack/nova/nova/filters.py:102}}
Jun 15 20:02:47.873358 np0000002891 nova-scheduler[95730]: DEBUG nova.filters [None req-326223d5-6260-404f-893e-762bf5ab6ea6 tempest-ServerRescueNegativeTestJSON-1620424396 tempest-ServerRescueNegativeTestJSON-1620424396-project-member] Filter DifferentHostFilter returned 1 host(s) {{(pid=95730) get_filtered_objects /opt/stack/nova/nova/filters.py:102}}
Jun 15 20:02:47.873506 np0000002891 nova-scheduler[95730]: DEBUG nova.scheduler.manager [None req-326223d5-6260-404f-893e-762bf5ab6ea6 tempest-ServerRescueNegativeTestJSON-1620424396 tempest-ServerRescueNegativeTestJSON-1620424396-project-member] Filtered [(np0000002891, np0000002891) ram: 23518MB disk: 75776MB io_ops: 0 instances: 0, allocation_candidates: 1] {{(pid=95730) _get_sorted_hosts /opt/stack/nova/nova/scheduler/manager.py:743}}
Jun 15 20:02:47.873735 np0000002891 nova-scheduler[95730]: DEBUG nova.scheduler.manager [None req-326223d5-6260-404f-893e-762bf5ab6ea6 tempest-ServerRescueNegativeTestJSON-1620424396 tempest-ServerRescueNegativeTestJSON-1620424396-project-member] Weighed [WeighedHost [host: (np0000002891, np0000002891) ram: 23518MB disk: 75776MB io_ops: 0 instances: 0, allocation_candidates: 1, weight: 0.0]] {{(pid=95730) _get_sorted_hosts /opt/stack/nova/nova/scheduler/manager.py:765}}
Jun 15 20:02:47.873959 np0000002891 nova-scheduler[95730]: DEBUG nova.scheduler.utils [None req-326223d5-6260-404f-893e-762bf5ab6ea6 tempest-ServerRescueNegativeTestJSON-1620424396 tempest-ServerRescueNegativeTestJSON-1620424396-project-member] Attempting to claim resources in the placement API for instance 84efe6e9-8b1f-45e9-8da4-3b04d5553f95 {{(pid=95730) claim_resources /opt/stack/nova/nova/scheduler/utils.py:1345}}
Jun 15 20:02:48.045613 np0000002891 nova-scheduler[95730]: DEBUG nova.scheduler.manager [None req-326223d5-6260-404f-893e-762bf5ab6ea6 tempest-ServerRescueNegativeTestJSON-1620424396 tempest-ServerRescueNegativeTestJSON-1620424396-project-member] [instance: 84efe6e9-8b1f-45e9-8da4-3b04d5553f95] Selected host: (np0000002891, np0000002891) ram: 23518MB disk: 75776MB io_ops: 0 instances: 0, allocation_candidates: 1 {{(pid=95730) _consume_selected_host /opt/stack/nova/nova/scheduler/manager.py:625}}
Jun 15 20:02:48.045869 np0000002891 nova-scheduler[95730]: DEBUG oslo_concurrency.lockutils [None req-326223d5-6260-404f-893e-762bf5ab6ea6 tempest-ServerRescueNegativeTestJSON-1620424396 tempest-ServerRescueNegativeTestJSON-1620424396-project-member] Acquiring lock "('np0000002891', 'np0000002891')" by "nova.scheduler.host_manager.HostState.consume_from_request.._locked" {{(pid=95730) inner /opt/stack/data/venv/lib/python3.12/site-packages/oslo_concurrency/lockutils.py:511}}
Jun 15 20:02:48.046002 np0000002891 nova-scheduler[95730]: DEBUG oslo_concurrency.lockutils [None req-326223d5-6260-404f-893e-762bf5ab6ea6 tempest-ServerRescueNegativeTestJSON-1620424396 tempest-ServerRescueNegativeTestJSON-1620424396-project-member] Lock "('np0000002891', 'np0000002891')" acquired by "nova.scheduler.host_manager.HostState.consume_from_request.._locked" :: waited 0.000s {{(pid=95730) inner /opt/stack/data/venv/lib/python3.12/site-packages/oslo_concurrency/lockutils.py:524}}
Jun 15 20:02:48.046174 np0000002891 nova-scheduler[95730]: DEBUG oslo_concurrency.lockutils [None req-326223d5-6260-404f-893e-762bf5ab6ea6 tempest-ServerRescueNegativeTestJSON-1620424396 tempest-ServerRescueNegativeTestJSON-1620424396-project-member] Lock "('np0000002891', 'np0000002891')" "released" by "nova.scheduler.host_manager.HostState.consume_from_request.._locked" :: held 0.000s {{(pid=95730) inner /opt/stack/data/venv/lib/python3.12/site-packages/oslo_concurrency/lockutils.py:543}}
Jun 15 20:02:52.996376 np0000002891 nova-scheduler[95734]: DEBUG nova.scheduler.manager [None req-250faae1-0b3d-459e-9367-619f8a1c688c tempest-ServerRescueNegativeTestJSON-1620424396 tempest-ServerRescueNegativeTestJSON-1620424396-project-member] Starting to schedule for instances: ['df08616e-f397-4878-9404-46e7d908c77c'] {{(pid=95734) select_destinations /opt/stack/nova/nova/scheduler/manager.py:210}}
Jun 15 20:02:52.997840 np0000002891 nova-scheduler[95734]: DEBUG nova.scheduler.request_filter [None req-250faae1-0b3d-459e-9367-619f8a1c688c tempest-ServerRescueNegativeTestJSON-1620424396 tempest-ServerRescueNegativeTestJSON-1620424396-project-member] compute_status_filter request filter added forbidden trait COMPUTE_STATUS_DISABLED {{(pid=95734) compute_status_filter /opt/stack/nova/nova/scheduler/request_filter.py:253}}
Jun 15 20:02:52.997974 np0000002891 nova-scheduler[95734]: DEBUG nova.scheduler.request_filter [None req-250faae1-0b3d-459e-9367-619f8a1c688c tempest-ServerRescueNegativeTestJSON-1620424396 tempest-ServerRescueNegativeTestJSON-1620424396-project-member] Request filter 'compute_status_filter' took 0.0 seconds {{(pid=95734) wrapper /opt/stack/nova/nova/scheduler/request_filter.py:46}}
Jun 15 20:02:52.998441 np0000002891 nova-scheduler[95734]: DEBUG nova.scheduler.request_filter [None req-250faae1-0b3d-459e-9367-619f8a1c688c tempest-ServerRescueNegativeTestJSON-1620424396 tempest-ServerRescueNegativeTestJSON-1620424396-project-member] Request filter 'accelerators_filter' took 0.0 seconds {{(pid=95734) wrapper /opt/stack/nova/nova/scheduler/request_filter.py:46}}
Jun 15 20:02:52.998441 np0000002891 nova-scheduler[95734]: DEBUG nova.scheduler.request_filter [None req-250faae1-0b3d-459e-9367-619f8a1c688c tempest-ServerRescueNegativeTestJSON-1620424396 tempest-ServerRescueNegativeTestJSON-1620424396-project-member] Request filter 'packed_virtqueue_filter' took 0.0 seconds {{(pid=95734) wrapper /opt/stack/nova/nova/scheduler/request_filter.py:46}}
Jun 15 20:02:52.998677 np0000002891 nova-scheduler[95734]: DEBUG nova.scheduler.request_filter [None req-250faae1-0b3d-459e-9367-619f8a1c688c tempest-ServerRescueNegativeTestJSON-1620424396 tempest-ServerRescueNegativeTestJSON-1620424396-project-member] Request filter 'remote_managed_ports_filter' took 0.0 seconds {{(pid=95734) wrapper /opt/stack/nova/nova/scheduler/request_filter.py:46}}
Jun 15 20:02:52.999069 np0000002891 nova-scheduler[95734]: DEBUG nova.scheduler.request_filter [None req-250faae1-0b3d-459e-9367-619f8a1c688c tempest-ServerRescueNegativeTestJSON-1620424396 tempest-ServerRescueNegativeTestJSON-1620424396-project-member] ephemeral_encryption_filter skipped {{(pid=95734) ephemeral_encryption_filter /opt/stack/nova/nova/scheduler/request_filter.py:426}}
Jun 15 20:02:52.999069 np0000002891 nova-scheduler[95734]: DEBUG nova.scheduler.request_filter [None req-250faae1-0b3d-459e-9367-619f8a1c688c tempest-ServerRescueNegativeTestJSON-1620424396 tempest-ServerRescueNegativeTestJSON-1620424396-project-member] virtio_sound_filter skipped {{(pid=95734) virtio_sound_filter /opt/stack/nova/nova/scheduler/request_filter.py:460}}
Jun 15 20:02:52.999157 np0000002891 nova-scheduler[95734]: DEBUG nova.scheduler.request_filter [None req-250faae1-0b3d-459e-9367-619f8a1c688c tempest-ServerRescueNegativeTestJSON-1620424396 tempest-ServerRescueNegativeTestJSON-1620424396-project-member] tpm_secret_security_filter skipped {{(pid=95734) tpm_secret_security_filter /opt/stack/nova/nova/scheduler/request_filter.py:477}}
Jun 15 20:02:53.107479 np0000002891 nova-scheduler[95734]: INFO nova.utils [None req-250faae1-0b3d-459e-9367-619f8a1c688c tempest-ServerRescueNegativeTestJSON-1620424396 tempest-ServerRescueNegativeTestJSON-1620424396-project-member] The cell worker thread pool ForkProcess-3.cell_worker is initialized
Jun 15 20:02:53.109060 np0000002891 nova-scheduler[95734]: DEBUG oslo_concurrency.lockutils [None req-250faae1-0b3d-459e-9367-619f8a1c688c tempest-ServerRescueNegativeTestJSON-1620424396 tempest-ServerRescueNegativeTestJSON-1620424396-project-member] Acquiring lock "eb588a81-0091-47c7-9796-63598b1c51d8" by "nova.context.set_target_cell..get_or_set_cached_cell_and_set_connections" {{(pid=95734) inner /opt/stack/data/venv/lib/python3.12/site-packages/oslo_concurrency/lockutils.py:511}}
Jun 15 20:02:53.109060 np0000002891 nova-scheduler[95734]: DEBUG oslo_concurrency.lockutils [None req-250faae1-0b3d-459e-9367-619f8a1c688c tempest-ServerRescueNegativeTestJSON-1620424396 tempest-ServerRescueNegativeTestJSON-1620424396-project-member] Lock "eb588a81-0091-47c7-9796-63598b1c51d8" acquired by "nova.context.set_target_cell..get_or_set_cached_cell_and_set_connections" :: waited 0.000s {{(pid=95734) inner /opt/stack/data/venv/lib/python3.12/site-packages/oslo_concurrency/lockutils.py:524}}
Jun 15 20:02:53.110002 np0000002891 nova-scheduler[95734]: DEBUG oslo_concurrency.lockutils [None req-250faae1-0b3d-459e-9367-619f8a1c688c tempest-ServerRescueNegativeTestJSON-1620424396 tempest-ServerRescueNegativeTestJSON-1620424396-project-member] Lock "eb588a81-0091-47c7-9796-63598b1c51d8" "released" by "nova.context.set_target_cell..get_or_set_cached_cell_and_set_connections" :: held 0.001s {{(pid=95734) inner /opt/stack/data/venv/lib/python3.12/site-packages/oslo_concurrency/lockutils.py:543}}
Jun 15 20:02:53.112041 np0000002891 nova-scheduler[95734]: INFO dbcounter [None req-250faae1-0b3d-459e-9367-619f8a1c688c tempest-ServerRescueNegativeTestJSON-1620424396 tempest-ServerRescueNegativeTestJSON-1620424396-project-member] Registered counter for database nova_cell1
Jun 15 20:02:53.158755 np0000002891 nova-scheduler[95734]: DEBUG oslo_db.sqlalchemy.engines [None req-250faae1-0b3d-459e-9367-619f8a1c688c tempest-ServerRescueNegativeTestJSON-1620424396 tempest-ServerRescueNegativeTestJSON-1620424396-project-member] MySQL server mode set to STRICT_TRANS_TABLES,STRICT_ALL_TABLES,NO_ZERO_IN_DATE,NO_ZERO_DATE,ERROR_FOR_DIVISION_BY_ZERO,TRADITIONAL,NO_ENGINE_SUBSTITUTION {{(pid=95734) _check_effective_sql_mode /opt/stack/data/venv/lib/python3.12/site-packages/oslo_db/sqlalchemy/engines.py:325}}
Jun 15 20:02:53.163938 np0000002891 nova-scheduler[95734]: DEBUG dbcounter [-] [95734] Writer thread running {{(pid=95734) stat_writer /opt/stack/data/venv/lib/python3.12/site-packages/dbcounter.py:102}}
Jun 15 20:02:53.224866 np0000002891 nova-scheduler[95734]: DEBUG dbcounter [-] [95734] Writer thread running {{(pid=95734) stat_writer /opt/stack/data/venv/lib/python3.12/site-packages/dbcounter.py:102}}
Jun 15 20:02:53.227281 np0000002891 nova-scheduler[95734]: DEBUG oslo_concurrency.lockutils [None req-250faae1-0b3d-459e-9367-619f8a1c688c tempest-ServerRescueNegativeTestJSON-1620424396 tempest-ServerRescueNegativeTestJSON-1620424396-project-member] Acquiring lock "eb588a81-0091-47c7-9796-63598b1c51d8" by "nova.context.set_target_cell..get_or_set_cached_cell_and_set_connections" {{(pid=95734) inner /opt/stack/data/venv/lib/python3.12/site-packages/oslo_concurrency/lockutils.py:511}}
Jun 15 20:02:53.229857 np0000002891 nova-scheduler[95734]: DEBUG oslo_concurrency.lockutils [None req-250faae1-0b3d-459e-9367-619f8a1c688c tempest-ServerRescueNegativeTestJSON-1620424396 tempest-ServerRescueNegativeTestJSON-1620424396-project-member] Lock "eb588a81-0091-47c7-9796-63598b1c51d8" acquired by "nova.context.set_target_cell..get_or_set_cached_cell_and_set_connections" :: waited 0.000s {{(pid=95734) inner /opt/stack/data/venv/lib/python3.12/site-packages/oslo_concurrency/lockutils.py:524}}
Jun 15 20:02:53.229857 np0000002891 nova-scheduler[95734]: DEBUG oslo_concurrency.lockutils [None req-250faae1-0b3d-459e-9367-619f8a1c688c tempest-ServerRescueNegativeTestJSON-1620424396 tempest-ServerRescueNegativeTestJSON-1620424396-project-member] Lock "eb588a81-0091-47c7-9796-63598b1c51d8" "released" by "nova.context.set_target_cell..get_or_set_cached_cell_and_set_connections" :: held 0.000s {{(pid=95734) inner /opt/stack/data/venv/lib/python3.12/site-packages/oslo_concurrency/lockutils.py:543}}
Jun 15 20:02:53.231549 np0000002891 nova-scheduler[95734]: DEBUG oslo_concurrency.lockutils [None req-250faae1-0b3d-459e-9367-619f8a1c688c tempest-ServerRescueNegativeTestJSON-1620424396 tempest-ServerRescueNegativeTestJSON-1620424396-project-member] Acquiring lock "('np0000002891', 'np0000002891')" by "nova.scheduler.host_manager.HostState.update.._locked_update" {{(pid=95734) inner /opt/stack/data/venv/lib/python3.12/site-packages/oslo_concurrency/lockutils.py:511}}
