Jun 15 20:00:10.017059 np0000002891 devstack@neutron-api.service[89977]: DEBUG neutron.plugins.ml2.drivers.ovn.mech_driver.ovsdb.ovsdb_monitor [None req-13df0b7b-6ed6-4dc1-9ffe-9fafd4b7e089 None None] Hash Ring: Node 9eeef900478c5ad49aed259bc4658a05 (host: np0000002891) handling event "update" for row 66e719b0-037f-432a-b368-aa9551c29006 (table: NB_Global) {{(pid=89977) notify /opt/stack/neutron/neutron/plugins/ml2/drivers/ovn/mech_driver/ovsdb/ovsdb_monitor.py:1015}}
Jun 15 20:00:10.018546 np0000002891 devstack@neutron-api.service[89977]: DEBUG neutron.plugins.ml2.drivers.ovn.mech_driver.ovsdb.ovsdb_monitor [None req-13df0b7b-6ed6-4dc1-9ffe-9fafd4b7e089 None None] Touching Hash Ring node "9eeef900478c5ad49aed259bc4658a05" from IDL notify handler {{(pid=89977) notify /opt/stack/neutron/neutron/plugins/ml2/drivers/ovn/mech_driver/ovsdb/ovsdb_monitor.py:1007}}
Jun 15 20:00:10.021278 np0000002891 devstack@neutron-api.service[89977]: DEBUG neutron.plugins.ml2.drivers.ovn.mech_driver.ovsdb.ovsdb_monitor [None req-13df0b7b-6ed6-4dc1-9ffe-9fafd4b7e089 None None] Hash Ring: Node 9eeef900478c5ad49aed259bc4658a05 (host: np0000002891) handling event "update" for row 66e719b0-037f-432a-b368-aa9551c29006 (table: NB_Global) {{(pid=89977) notify /opt/stack/neutron/neutron/plugins/ml2/drivers/ovn/mech_driver/ovsdb/ovsdb_monitor.py:1015}}
Jun 15 20:00:10.029323 np0000002891 devstack@neutron-api.service[89977]: DEBUG neutron.plugins.ml2.drivers.ovn.mech_driver.ovsdb.ovsdb_monitor [None req-13df0b7b-6ed6-4dc1-9ffe-9fafd4b7e089 None None] Touching Hash Ring node "9eeef900478c5ad49aed259bc4658a05" from IDL notify handler {{(pid=89977) notify /opt/stack/neutron/neutron/plugins/ml2/drivers/ovn/mech_driver/ovsdb/ovsdb_monitor.py:1007}}
Jun 15 20:00:10.032241 np0000002891 devstack@neutron-api.service[89977]: DEBUG neutron.plugins.ml2.drivers.ovn.mech_driver.ovsdb.ovsdb_monitor [None req-13df0b7b-6ed6-4dc1-9ffe-9fafd4b7e089 None None] Hash Ring: Node 9eeef900478c5ad49aed259bc4658a05 (host: np0000002891) handling event "update" for row 66e719b0-037f-432a-b368-aa9551c29006 (table: NB_Global) {{(pid=89977) notify /opt/stack/neutron/neutron/plugins/ml2/drivers/ovn/mech_driver/ovsdb/ovsdb_monitor.py:1015}}
Jun 15 20:00:12.883395 np0000002891 devstack@neutron-api.service[89977]: WARNING neutron.plugins.ml2.drivers.ovn.mech_driver.ovsdb.ovn_client [None req-88687d25-5f72-4f53-b71f-35e1474c9eab None None] No hosting information found for port aad2fad9-9321-4bdf-bfc4-0849908f5854: RuntimeError: No hosting information found for port aad2fad9-9321-4bdf-bfc4-0849908f5854
Jun 15 20:00:12.909510 np0000002891 devstack@neutron-api.service[89977]: INFO neutron.common.ovn.utils [None req-88687d25-5f72-4f53-b71f-35e1474c9eab None None] HA Chassis Group neutron-235b47e9-a9a5-40c1-8a7b-ae16d1e4c5e3 synchronized; highest priority chassis 51b8d207-e31b-4041-b903-d7337e82d7b5
Jun 15 20:00:12.910139 np0000002891 devstack@neutron-api.service[89977]: DEBUG ovsdbapp.backend.ovs_idl.transaction [None req-13df0b7b-6ed6-4dc1-9ffe-9fafd4b7e089 None None] Running txn n=1 command(idx=0): DbSetCommand(_result=None, table=HA_Chassis_Group, record=neutron-235b47e9-a9a5-40c1-8a7b-ae16d1e4c5e3, col_values=(('external_ids', {'neutron:availability_zone_hints': '', 'neutron:network_id': '235b47e9-a9a5-40c1-8a7b-ae16d1e4c5e3', 'neutron:router_id': '50457e9b-49c4-426b-bbaf-6e0b5d1ac4ea'}),), if_exists=True) {{(pid=89977) do_commit /opt/stack/data/venv/lib/python3.12/site-packages/ovsdbapp/backend/ovs_idl/transaction.py:89}}
Jun 15 20:00:12.911089 np0000002891 devstack@neutron-api.service[89977]: DEBUG ovsdbapp.backend.ovs_idl.transaction [None req-13df0b7b-6ed6-4dc1-9ffe-9fafd4b7e089 None None] Running txn n=1 command(idx=1): HAChassisGroupAddChassisCommand(_result=None, hcg=neutron-235b47e9-a9a5-40c1-8a7b-ae16d1e4c5e3, chassis=51b8d207-e31b-4041-b903-d7337e82d7b5, priority=1, columns={}) {{(pid=89977) do_commit /opt/stack/data/venv/lib/python3.12/site-packages/ovsdbapp/backend/ovs_idl/transaction.py:89}}
Jun 15 20:00:12.911370 np0000002891 devstack@neutron-api.service[89977]: DEBUG ovsdbapp.backend.ovs_idl.transaction [None req-13df0b7b-6ed6-4dc1-9ffe-9fafd4b7e089 None None] Transaction caused no change {{(pid=89977) do_commit /opt/stack/data/venv/lib/python3.12/site-packages/ovsdbapp/backend/ovs_idl/transaction.py:129}}
Jun 15 20:00:12.963885 np0000002891 devstack@neutron-api.service[89977]: DEBUG ovsdbapp.backend.ovs_idl.transaction [None req-13df0b7b-6ed6-4dc1-9ffe-9fafd4b7e089 None None] Running txn n=1 command(idx=0): CheckRevisionNumberCommand(_result=None, name=lrp-aad2fad9-9321-4bdf-bfc4-0849908f5854, resource={'id': 'aad2fad9-9321-4bdf-bfc4-0849908f5854', 'name': '', 'network_id': '235b47e9-a9a5-40c1-8a7b-ae16d1e4c5e3', 'project_id': '194d6dde96e744c3b14a9c87d241d578', 'mac_address': 'fa:16:3e:72:dc:d0', 'admin_state_up': True, 'status': 'ACTIVE', 'device_id': '50457e9b-49c4-426b-bbaf-6e0b5d1ac4ea', 'device_owner': 'network:router_interface', 'standard_attr_id': 24, 'fixed_ips': [{'subnet_id': 'cb1e5aee-4daf-441a-b49f-7f11168aa3fd', 'ip_address': 'fdb5:9c3f:40dd::1'}], 'allowed_address_pairs': [], 'extra_dhcp_opts': [], 'security_groups': [], 'description': '', 'binding:vnic_type': 'normal', 'binding:profile': {}, 'binding:host_id': '', 'binding:vif_type': 'unbound', 'binding:vif_details': {}, 'port_security_enabled': False, 'tags': [], 'created_at': '2026-06-15T20:00:03Z', 'updated_at': '2026-06-15T20:00:07Z', 'revision_number': 2, 'tenant_id': '194d6dde96e744c3b14a9c87d241d578'}, resource_type=router_ports, if_exists=True) {{(pid=89977) do_commit /opt/stack/data/venv/lib/python3.12/site-packages/ovsdbapp/backend/ovs_idl/transaction.py:89}}
Jun 15 20:00:12.964169 np0000002891 devstack@neutron-api.service[89977]: DEBUG ovsdbapp.backend.ovs_idl.transaction [None req-13df0b7b-6ed6-4dc1-9ffe-9fafd4b7e089 None None] Running txn n=1 command(idx=1): UpdateLRouterPortCommand(_result=None, name=lrp-aad2fad9-9321-4bdf-bfc4-0849908f5854, columns={'external_ids': {'neutron:revision_number': '2', 'neutron:subnet_ids': 'cb1e5aee-4daf-441a-b49f-7f11168aa3fd', 'neutron:network_name': 'neutron-235b47e9-a9a5-40c1-8a7b-ae16d1e4c5e3', 'neutron:is_ext_gw': 'False', 'neutron:router_name': 'neutron-50457e9b-49c4-426b-bbaf-6e0b5d1ac4ea'}, 'options': {}, 'networks': ['fdb5:9c3f:40dd::1/64'], 'ipv6_ra_configs': {'address_mode': 'slaac', 'send_periodic': 'true', 'mtu': '1372'}}, if_exists=False) {{(pid=89977) do_commit /opt/stack/data/venv/lib/python3.12/site-packages/ovsdbapp/backend/ovs_idl/transaction.py:89}}
Jun 15 20:00:12.964485 np0000002891 devstack@neutron-api.service[89977]: DEBUG ovsdbapp.backend.ovs_idl.transaction [None req-13df0b7b-6ed6-4dc1-9ffe-9fafd4b7e089 None None] Running txn n=1 command(idx=2): SetLRouterPortInLSwitchPortCommand(_result=None, lswitch_port=aad2fad9-9321-4bdf-bfc4-0849908f5854, lrouter_port=lrp-aad2fad9-9321-4bdf-bfc4-0849908f5854, is_gw_port=False, if_exists=True, lsp_address=router) {{(pid=89977) do_commit /opt/stack/data/venv/lib/python3.12/site-packages/ovsdbapp/backend/ovs_idl/transaction.py:89}}
Jun 15 20:00:12.976652 np0000002891 devstack@neutron-api.service[89977]: DEBUG neutron.plugins.ml2.drivers.ovn.mech_driver.ovsdb.ovsdb_monitor [None req-13df0b7b-6ed6-4dc1-9ffe-9fafd4b7e089 None None] Touching Hash Ring node "9eeef900478c5ad49aed259bc4658a05" from IDL notify handler {{(pid=89977) notify /opt/stack/neutron/neutron/plugins/ml2/drivers/ovn/mech_driver/ovsdb/ovsdb_monitor.py:1007}}
Jun 15 20:00:12.979158 np0000002891 devstack@neutron-api.service[89977]: DEBUG neutron.plugins.ml2.drivers.ovn.mech_driver.ovsdb.ovsdb_monitor [None req-ede2606c-f4a9-48de-9a5b-48ec6504982c None None] Touching Hash Ring node "9eeef900478c5ad49aed259bc4658a05" from IDL notify handler {{(pid=89977) notify /opt/stack/neutron/neutron/plugins/ml2/drivers/ovn/mech_driver/ovsdb/ovsdb_monitor.py:1007}}
Jun 15 20:00:12.979250 np0000002891 devstack@neutron-api.service[89976]: DEBUG neutron.plugins.ml2.drivers.ovn.mech_driver.ovsdb.ovsdb_monitor [None req-3ea937aa-0222-40cb-bc6e-2bfdde61a23b None None] Touching Hash Ring node "6346483918d3539f95a64a4b8f3a1239" from IDL notify handler {{(pid=89976) notify /opt/stack/neutron/neutron/plugins/ml2/drivers/ovn/mech_driver/ovsdb/ovsdb_monitor.py:1007}}
Jun 15 20:00:12.987164 np0000002891 devstack@neutron-api.service[89977]: DEBUG neutron.plugins.ml2.drivers.ovn.mech_driver.ovsdb.ovsdb_monitor [None req-13df0b7b-6ed6-4dc1-9ffe-9fafd4b7e089 None None] Hash Ring: Node 9eeef900478c5ad49aed259bc4658a05 (host: np0000002891) handling event "update" for row dd3dbb62-1cd3-411f-ab75-c896dcd3d0ba (table: Logical_Router_Port) {{(pid=89977) notify /opt/stack/neutron/neutron/plugins/ml2/drivers/ovn/mech_driver/ovsdb/ovsdb_monitor.py:1015}}
Jun 15 20:00:12.987269 np0000002891 devstack@neutron-api.service[89976]: DEBUG neutron.plugins.ml2.drivers.ovn.mech_driver.ovsdb.ovsdb_monitor [None req-3ea937aa-0222-40cb-bc6e-2bfdde61a23b None None] Hash Ring: Node 6346483918d3539f95a64a4b8f3a1239 (host: np0000002891) handling event "update" for row 73a25b71-c364-4a8a-9fa2-2fa158e94e3d (table: Port_Binding) {{(pid=89976) notify /opt/stack/neutron/neutron/plugins/ml2/drivers/ovn/mech_driver/ovsdb/ovsdb_monitor.py:1015}}
Jun 15 20:00:12.988127 np0000002891 devstack@neutron-api.service[89977]: DEBUG neutron.plugins.ml2.drivers.ovn.mech_driver.ovsdb.ovsdb_monitor [None req-ede2606c-f4a9-48de-9a5b-48ec6504982c None None] Hash Ring: Node 9eeef900478c5ad49aed259bc4658a05 (host: np0000002891) handling event "update" for row 73a25b71-c364-4a8a-9fa2-2fa158e94e3d (table: Port_Binding) {{(pid=89977) notify /opt/stack/neutron/neutron/plugins/ml2/drivers/ovn/mech_driver/ovsdb/ovsdb_monitor.py:1015}}
Jun 15 20:00:13.013074 np0000002891 devstack@neutron-api.service[89977]: INFO neutron.db.ovn_revision_numbers_db [None req-88687d25-5f72-4f53-b71f-35e1474c9eab None None] Successfully bumped revision number for resource aad2fad9-9321-4bdf-bfc4-0849908f5854 (type: router_ports) to 2
Jun 15 20:00:13.041417 np0000002891 devstack@neutron-api.service[89977]: INFO neutron.common.ovn.utils [None req-88687d25-5f72-4f53-b71f-35e1474c9eab None None] HA Chassis Group neutron-235b47e9-a9a5-40c1-8a7b-ae16d1e4c5e3 synchronized; highest priority chassis 51b8d207-e31b-4041-b903-d7337e82d7b5
Jun 15 20:00:13.042116 np0000002891 devstack@neutron-api.service[89977]: DEBUG ovsdbapp.backend.ovs_idl.transaction [None req-13df0b7b-6ed6-4dc1-9ffe-9fafd4b7e089 None None] Running txn n=1 command(idx=0): DbSetCommand(_result=None, table=HA_Chassis_Group, record=neutron-235b47e9-a9a5-40c1-8a7b-ae16d1e4c5e3, col_values=(('external_ids', {'neutron:availability_zone_hints': '', 'neutron:network_id': '235b47e9-a9a5-40c1-8a7b-ae16d1e4c5e3', 'neutron:router_id': '50457e9b-49c4-426b-bbaf-6e0b5d1ac4ea'}),), if_exists=True) {{(pid=89977) do_commit /opt/stack/data/venv/lib/python3.12/site-packages/ovsdbapp/backend/ovs_idl/transaction.py:89}}
Jun 15 20:00:13.042397 np0000002891 devstack@neutron-api.service[89977]: DEBUG ovsdbapp.backend.ovs_idl.transaction [None req-13df0b7b-6ed6-4dc1-9ffe-9fafd4b7e089 None None] Running txn n=1 command(idx=1): HAChassisGroupAddChassisCommand(_result=None, hcg=neutron-235b47e9-a9a5-40c1-8a7b-ae16d1e4c5e3, chassis=51b8d207-e31b-4041-b903-d7337e82d7b5, priority=1, columns={}) {{(pid=89977) do_commit /opt/stack/data/venv/lib/python3.12/site-packages/ovsdbapp/backend/ovs_idl/transaction.py:89}}
Jun 15 20:00:13.042683 np0000002891 devstack@neutron-api.service[89977]: DEBUG ovsdbapp.backend.ovs_idl.transaction [None req-13df0b7b-6ed6-4dc1-9ffe-9fafd4b7e089 None None] Transaction caused no change {{(pid=89977) do_commit /opt/stack/data/venv/lib/python3.12/site-packages/ovsdbapp/backend/ovs_idl/transaction.py:129}}
Jun 15 20:00:13.067093 np0000002891 devstack@neutron-api.service[89977]: INFO neutron.common.ovn.utils [None req-88687d25-5f72-4f53-b71f-35e1474c9eab None None] HA Chassis Group neutron-235b47e9-a9a5-40c1-8a7b-ae16d1e4c5e3 synchronized; highest priority chassis 51b8d207-e31b-4041-b903-d7337e82d7b5
Jun 15 20:00:13.067411 np0000002891 devstack@neutron-api.service[89977]: DEBUG ovsdbapp.backend.ovs_idl.transaction [None req-13df0b7b-6ed6-4dc1-9ffe-9fafd4b7e089 None None] Running txn n=1 command(idx=0): DbSetCommand(_result=None, table=HA_Chassis_Group, record=neutron-235b47e9-a9a5-40c1-8a7b-ae16d1e4c5e3, col_values=(('external_ids', {'neutron:availability_zone_hints': '', 'neutron:network_id': '235b47e9-a9a5-40c1-8a7b-ae16d1e4c5e3', 'neutron:router_id': '50457e9b-49c4-426b-bbaf-6e0b5d1ac4ea'}),), if_exists=True) {{(pid=89977) do_commit /opt/stack/data/venv/lib/python3.12/site-packages/ovsdbapp/backend/ovs_idl/transaction.py:89}}
Jun 15 20:00:13.067790 np0000002891 devstack@neutron-api.service[89977]: DEBUG ovsdbapp.backend.ovs_idl.transaction [None req-13df0b7b-6ed6-4dc1-9ffe-9fafd4b7e089 None None] Running txn n=1 command(idx=1): HAChassisGroupAddChassisCommand(_result=None, hcg=neutron-235b47e9-a9a5-40c1-8a7b-ae16d1e4c5e3, chassis=51b8d207-e31b-4041-b903-d7337e82d7b5, priority=1, columns={}) {{(pid=89977) do_commit /opt/stack/data/venv/lib/python3.12/site-packages/ovsdbapp/backend/ovs_idl/transaction.py:89}}
Jun 15 20:00:13.068081 np0000002891 devstack@neutron-api.service[89977]: DEBUG ovsdbapp.backend.ovs_idl.transaction [None req-13df0b7b-6ed6-4dc1-9ffe-9fafd4b7e089 None None] Transaction caused no change {{(pid=89977) do_commit /opt/stack/data/venv/lib/python3.12/site-packages/ovsdbapp/backend/ovs_idl/transaction.py:129}}
Jun 15 20:00:13.121361 np0000002891 devstack@neutron-api.service[89977]: DEBUG ovsdbapp.backend.ovs_idl.transaction [None req-13df0b7b-6ed6-4dc1-9ffe-9fafd4b7e089 None None] Running txn n=1 command(idx=0): CheckRevisionNumberCommand(_result=None, name=lrp-aad2fad9-9321-4bdf-bfc4-0849908f5854, resource={'id': 'aad2fad9-9321-4bdf-bfc4-0849908f5854', 'name': '', 'network_id': '235b47e9-a9a5-40c1-8a7b-ae16d1e4c5e3', 'project_id': '194d6dde96e744c3b14a9c87d241d578', 'mac_address': 'fa:16:3e:72:dc:d0', 'admin_state_up': True, 'status': 'ACTIVE', 'device_id': '50457e9b-49c4-426b-bbaf-6e0b5d1ac4ea', 'device_owner': 'network:router_interface', 'standard_attr_id': 24, 'fixed_ips': [{'subnet_id': 'cb1e5aee-4daf-441a-b49f-7f11168aa3fd', 'ip_address': 'fdb5:9c3f:40dd::1'}], 'allowed_address_pairs': [], 'extra_dhcp_opts': [], 'security_groups': [], 'description': '', 'binding:vnic_type': 'normal', 'binding:profile': {}, 'binding:host_id': '', 'binding:vif_type': 'unbound', 'binding:vif_details': {}, 'port_security_enabled': False, 'tags': [], 'created_at': '2026-06-15T20:00:03Z', 'updated_at': '2026-06-15T20:00:07Z', 'revision_number': 2, 'tenant_id': '194d6dde96e744c3b14a9c87d241d578'}, resource_type=router_ports, if_exists=True) {{(pid=89977) do_commit /opt/stack/data/venv/lib/python3.12/site-packages/ovsdbapp/backend/ovs_idl/transaction.py:89}}
Jun 15 20:00:13.121906 np0000002891 devstack@neutron-api.service[89977]: DEBUG ovsdbapp.backend.ovs_idl.transaction [None req-13df0b7b-6ed6-4dc1-9ffe-9fafd4b7e089 None None] Running txn n=1 command(idx=1): UpdateLRouterPortCommand(_result=None, name=lrp-aad2fad9-9321-4bdf-bfc4-0849908f5854, columns={'external_ids': {'neutron:revision_number': '2', 'neutron:subnet_ids': 'cb1e5aee-4daf-441a-b49f-7f11168aa3fd', 'neutron:network_name': 'neutron-235b47e9-a9a5-40c1-8a7b-ae16d1e4c5e3', 'neutron:is_ext_gw': 'False', 'neutron:router_name': 'neutron-50457e9b-49c4-426b-bbaf-6e0b5d1ac4ea'}, 'options': {}, 'networks': ['fdb5:9c3f:40dd::1/64'], 'ipv6_ra_configs': {'address_mode': 'slaac', 'send_periodic': 'true', 'mtu': '1372'}}, if_exists=False) {{(pid=89977) do_commit /opt/stack/data/venv/lib/python3.12/site-packages/ovsdbapp/backend/ovs_idl/transaction.py:89}}
Jun 15 20:00:13.122427 np0000002891 devstack@neutron-api.service[89977]: DEBUG ovsdbapp.backend.ovs_idl.transaction [None req-13df0b7b-6ed6-4dc1-9ffe-9fafd4b7e089 None None] Running txn n=1 command(idx=2): SetLRouterPortInLSwitchPortCommand(_result=None, lswitch_port=aad2fad9-9321-4bdf-bfc4-0849908f5854, lrouter_port=lrp-aad2fad9-9321-4bdf-bfc4-0849908f5854, is_gw_port=False, if_exists=True, lsp_address=router) {{(pid=89977) do_commit /opt/stack/data/venv/lib/python3.12/site-packages/ovsdbapp/backend/ovs_idl/transaction.py:89}}
Jun 15 20:00:13.122930 np0000002891 devstack@neutron-api.service[89977]: DEBUG ovsdbapp.backend.ovs_idl.transaction [None req-13df0b7b-6ed6-4dc1-9ffe-9fafd4b7e089 None None] Transaction caused no change {{(pid=89977) do_commit /opt/stack/data/venv/lib/python3.12/site-packages/ovsdbapp/backend/ovs_idl/transaction.py:129}}
Jun 15 20:00:16.892153 np0000002891 devstack@neutron-api.service[89977]: DEBUG futurist.periodics [-] Submitting periodic callback 'neutron.plugins.ml2.drivers.ovn.mech_driver.ovsdb.maintenance.HashRingHealthCheckPeriodics.touch_hash_ring_node' {{(pid=89977) _process_scheduled /opt/stack/data/venv/lib/python3.12/site-packages/futurist/periodics.py:784}}
Jun 15 20:00:16.892645 np0000002891 devstack@neutron-api.service[89977]: DEBUG neutron.plugins.ml2.drivers.ovn.mech_driver.ovsdb.maintenance [-] Touching Hash Ring node "9eeef900478c5ad49aed259bc4658a05" from periodic health check thread {{(pid=89977) touch_hash_ring_node /opt/stack/neutron/neutron/plugins/ml2/drivers/ovn/mech_driver/ovsdb/maintenance.py:1418}}
Jun 15 20:00:17.406824 np0000002891 devstack@neutron-api.service[89975]: DEBUG dbcounter [-] [89975] Writing DB stats neutron:SELECT=619,neutron:INSERT=17,neutron:DELETE=5,neutron:UPDATE=12 {{(pid=89975) stat_writer /opt/stack/data/venv/lib/python3.12/site-packages/dbcounter.py:115}}
Jun 15 20:00:17.773308 np0000002891 devstack@neutron-api.service[89975]: DEBUG futurist.periodics [-] Submitting periodic callback 'neutron.plugins.ml2.drivers.ovn.mech_driver.ovsdb.maintenance.HashRingHealthCheckPeriodics.touch_hash_ring_node' {{(pid=89975) _process_scheduled /opt/stack/data/venv/lib/python3.12/site-packages/futurist/periodics.py:784}}
Jun 15 20:00:17.773725 np0000002891 devstack@neutron-api.service[89975]: DEBUG neutron.plugins.ml2.drivers.ovn.mech_driver.ovsdb.maintenance [-] Touching Hash Ring node "c3f6d31df42856db8df6613a7605f8b3" from periodic health check thread {{(pid=89975) touch_hash_ring_node /opt/stack/neutron/neutron/plugins/ml2/drivers/ovn/mech_driver/ovsdb/maintenance.py:1418}}
Jun 15 20:00:17.786497 np0000002891 devstack@neutron-api.service[89976]: DEBUG futurist.periodics [-] Submitting periodic callback 'neutron.plugins.ml2.drivers.ovn.mech_driver.ovsdb.maintenance.HashRingHealthCheckPeriodics.touch_hash_ring_node' {{(pid=89976) _process_scheduled /opt/stack/data/venv/lib/python3.12/site-packages/futurist/periodics.py:784}}
Jun 15 20:00:17.786909 np0000002891 devstack@neutron-api.service[89976]: DEBUG neutron.plugins.ml2.drivers.ovn.mech_driver.ovsdb.maintenance [-] Touching Hash Ring node "6346483918d3539f95a64a4b8f3a1239" from periodic health check thread {{(pid=89976) touch_hash_ring_node /opt/stack/neutron/neutron/plugins/ml2/drivers/ovn/mech_driver/ovsdb/maintenance.py:1418}}
Jun 15 20:00:26.898499 np0000002891 devstack@neutron-api.service[89977]: DEBUG dbcounter [-] [89977] Writing DB stats neutron:SELECT=3187,neutron:INSERT=729,neutron:DELETE=11,neutron:UPDATE=132 {{(pid=89977) stat_writer /opt/stack/data/venv/lib/python3.12/site-packages/dbcounter.py:115}}
Jun 15 20:00:27.779359 np0000002891 devstack@neutron-api.service[89975]: DEBUG dbcounter [-] [89975] Writing DB stats neutron:UPDATE=1,neutron:SELECT=1 {{(pid=89975) stat_writer /opt/stack/data/venv/lib/python3.12/site-packages/dbcounter.py:115}}
Jun 15 20:00:27.792160 np0000002891 devstack@neutron-api.service[89976]: DEBUG dbcounter [-] [89976] Writing DB stats neutron:SELECT=2386,neutron:INSERT=56,neutron:DELETE=11,neutron:UPDATE=61 {{(pid=89976) stat_writer /opt/stack/data/venv/lib/python3.12/site-packages/dbcounter.py:115}}
Jun 15 20:00:31.892841 np0000002891 devstack@neutron-api.service[89977]: DEBUG futurist.periodics [-] Submitting periodic callback 'neutron.plugins.ml2.drivers.ovn.mech_driver.ovsdb.maintenance.HashRingHealthCheckPeriodics.touch_hash_ring_node' {{(pid=89977) _process_scheduled /opt/stack/data/venv/lib/python3.12/site-packages/futurist/periodics.py:784}}
Jun 15 20:00:31.893123 np0000002891 devstack@neutron-api.service[89977]: DEBUG neutron.plugins.ml2.drivers.ovn.mech_driver.ovsdb.maintenance [-] Touching Hash Ring node "9eeef900478c5ad49aed259bc4658a05" from periodic health check thread {{(pid=89977) touch_hash_ring_node /opt/stack/neutron/neutron/plugins/ml2/drivers/ovn/mech_driver/ovsdb/maintenance.py:1418}}
Jun 15 20:00:32.773832 np0000002891 devstack@neutron-api.service[89975]: DEBUG futurist.periodics [-] Submitting periodic callback 'neutron.plugins.ml2.drivers.ovn.mech_driver.ovsdb.maintenance.HashRingHealthCheckPeriodics.touch_hash_ring_node' {{(pid=89975) _process_scheduled /opt/stack/data/venv/lib/python3.12/site-packages/futurist/periodics.py:784}}
Jun 15 20:00:32.774185 np0000002891 devstack@neutron-api.service[89975]: DEBUG neutron.plugins.ml2.drivers.ovn.mech_driver.ovsdb.maintenance [-] Touching Hash Ring node "c3f6d31df42856db8df6613a7605f8b3" from periodic health check thread {{(pid=89975) touch_hash_ring_node /opt/stack/neutron/neutron/plugins/ml2/drivers/ovn/mech_driver/ovsdb/maintenance.py:1418}}
Jun 15 20:00:32.786973 np0000002891 devstack@neutron-api.service[89976]: DEBUG futurist.periodics [-] Submitting periodic callback 'neutron.plugins.ml2.drivers.ovn.mech_driver.ovsdb.maintenance.HashRingHealthCheckPeriodics.touch_hash_ring_node' {{(pid=89976) _process_scheduled /opt/stack/data/venv/lib/python3.12/site-packages/futurist/periodics.py:784}}
Jun 15 20:00:32.787328 np0000002891 devstack@neutron-api.service[89976]: DEBUG neutron.plugins.ml2.drivers.ovn.mech_driver.ovsdb.maintenance [-] Touching Hash Ring node "6346483918d3539f95a64a4b8f3a1239" from periodic health check thread {{(pid=89976) touch_hash_ring_node /opt/stack/neutron/neutron/plugins/ml2/drivers/ovn/mech_driver/ovsdb/maintenance.py:1418}}
Jun 15 20:00:41.900641 np0000002891 devstack@neutron-api.service[89977]: DEBUG dbcounter [-] [89977] Writing DB stats neutron:UPDATE=1,neutron:SELECT=1 {{(pid=89977) stat_writer /opt/stack/data/venv/lib/python3.12/site-packages/dbcounter.py:115}}
Jun 15 20:00:42.779854 np0000002891 devstack@neutron-api.service[89975]: DEBUG dbcounter [-] [89975] Writing DB stats neutron:UPDATE=1,neutron:SELECT=1 {{(pid=89975) stat_writer /opt/stack/data/venv/lib/python3.12/site-packages/dbcounter.py:115}}
Jun 15 20:00:42.792548 np0000002891 devstack@neutron-api.service[89976]: DEBUG dbcounter [-] [89976] Writing DB stats neutron:UPDATE=1,neutron:SELECT=1 {{(pid=89976) stat_writer /opt/stack/data/venv/lib/python3.12/site-packages/dbcounter.py:115}}
Jun 15 20:00:46.893895 np0000002891 devstack@neutron-api.service[89977]: DEBUG futurist.periodics [-] Submitting periodic callback 'neutron.plugins.ml2.drivers.ovn.mech_driver.ovsdb.maintenance.HashRingHealthCheckPeriodics.touch_hash_ring_node' {{(pid=89977) _process_scheduled /opt/stack/data/venv/lib/python3.12/site-packages/futurist/periodics.py:784}}
Jun 15 20:00:46.894202 np0000002891 devstack@neutron-api.service[89977]: DEBUG neutron.plugins.ml2.drivers.ovn.mech_driver.ovsdb.maintenance [-] Touching Hash Ring node "9eeef900478c5ad49aed259bc4658a05" from periodic health check thread {{(pid=89977) touch_hash_ring_node /opt/stack/neutron/neutron/plugins/ml2/drivers/ovn/mech_driver/ovsdb/maintenance.py:1418}}
Jun 15 20:00:47.774331 np0000002891 devstack@neutron-api.service[89975]: DEBUG futurist.periodics [-] Submitting periodic callback 'neutron.plugins.ml2.drivers.ovn.mech_driver.ovsdb.maintenance.HashRingHealthCheckPeriodics.touch_hash_ring_node' {{(pid=89975) _process_scheduled /opt/stack/data/venv/lib/python3.12/site-packages/futurist/periodics.py:784}}
Jun 15 20:00:47.774664 np0000002891 devstack@neutron-api.service[89975]: DEBUG neutron.plugins.ml2.drivers.ovn.mech_driver.ovsdb.maintenance [-] Touching Hash Ring node "c3f6d31df42856db8df6613a7605f8b3" from periodic health check thread {{(pid=89975) touch_hash_ring_node /opt/stack/neutron/neutron/plugins/ml2/drivers/ovn/mech_driver/ovsdb/maintenance.py:1418}}
Jun 15 20:00:47.787381 np0000002891 devstack@neutron-api.service[89976]: DEBUG futurist.periodics [-] Submitting periodic callback 'neutron.plugins.ml2.drivers.ovn.mech_driver.ovsdb.maintenance.HashRingHealthCheckPeriodics.touch_hash_ring_node' {{(pid=89976) _process_scheduled /opt/stack/data/venv/lib/python3.12/site-packages/futurist/periodics.py:784}}
Jun 15 20:00:47.787626 np0000002891 devstack@neutron-api.service[89976]: DEBUG neutron.plugins.ml2.drivers.ovn.mech_driver.ovsdb.maintenance [-] Touching Hash Ring node "6346483918d3539f95a64a4b8f3a1239" from periodic health check thread {{(pid=89976) touch_hash_ring_node /opt/stack/neutron/neutron/plugins/ml2/drivers/ovn/mech_driver/ovsdb/maintenance.py:1418}}
Jun 15 20:00:56.901850 np0000002891 devstack@neutron-api.service[89977]: DEBUG dbcounter [-] [89977] Writing DB stats neutron:UPDATE=1,neutron:SELECT=1 {{(pid=89977) stat_writer /opt/stack/data/venv/lib/python3.12/site-packages/dbcounter.py:115}}
Jun 15 20:00:57.781226 np0000002891 devstack@neutron-api.service[89975]: DEBUG dbcounter [-] [89975] Writing DB stats neutron:UPDATE=1,neutron:SELECT=1 {{(pid=89975) stat_writer /opt/stack/data/venv/lib/python3.12/site-packages/dbcounter.py:115}}
Jun 15 20:00:57.793690 np0000002891 devstack@neutron-api.service[89976]: DEBUG dbcounter [-] [89976] Writing DB stats neutron:UPDATE=1,neutron:SELECT=1 {{(pid=89976) stat_writer /opt/stack/data/venv/lib/python3.12/site-packages/dbcounter.py:115}}
Jun 15 20:01:01.894391 np0000002891 devstack@neutron-api.service[89977]: DEBUG futurist.periodics [-] Submitting periodic callback 'neutron.plugins.ml2.drivers.ovn.mech_driver.ovsdb.maintenance.HashRingHealthCheckPeriodics.touch_hash_ring_node' {{(pid=89977) _process_scheduled /opt/stack/data/venv/lib/python3.12/site-packages/futurist/periodics.py:784}}
Jun 15 20:01:01.894756 np0000002891 devstack@neutron-api.service[89977]: DEBUG neutron.plugins.ml2.drivers.ovn.mech_driver.ovsdb.maintenance [-] Touching Hash Ring node "9eeef900478c5ad49aed259bc4658a05" from periodic health check thread {{(pid=89977) touch_hash_ring_node /opt/stack/neutron/neutron/plugins/ml2/drivers/ovn/mech_driver/ovsdb/maintenance.py:1418}}
Jun 15 20:01:02.774744 np0000002891 devstack@neutron-api.service[89975]: DEBUG futurist.periodics [-] Submitting periodic callback 'neutron.plugins.ml2.drivers.ovn.mech_driver.ovsdb.maintenance.HashRingHealthCheckPeriodics.touch_hash_ring_node' {{(pid=89975) _process_scheduled /opt/stack/data/venv/lib/python3.12/site-packages/futurist/periodics.py:784}}
Jun 15 20:01:02.775069 np0000002891 devstack@neutron-api.service[89975]: DEBUG neutron.plugins.ml2.drivers.ovn.mech_driver.ovsdb.maintenance [-] Touching Hash Ring node "c3f6d31df42856db8df6613a7605f8b3" from periodic health check thread {{(pid=89975) touch_hash_ring_node /opt/stack/neutron/neutron/plugins/ml2/drivers/ovn/mech_driver/ovsdb/maintenance.py:1418}}
Jun 15 20:01:02.787888 np0000002891 devstack@neutron-api.service[89976]: DEBUG futurist.periodics [-] Submitting periodic callback 'neutron.plugins.ml2.drivers.ovn.mech_driver.ovsdb.maintenance.HashRingHealthCheckPeriodics.touch_hash_ring_node' {{(pid=89976) _process_scheduled /opt/stack/data/venv/lib/python3.12/site-packages/futurist/periodics.py:784}}
Jun 15 20:01:02.788203 np0000002891 devstack@neutron-api.service[89976]: DEBUG neutron.plugins.ml2.drivers.ovn.mech_driver.ovsdb.maintenance [-] Touching Hash Ring node "6346483918d3539f95a64a4b8f3a1239" from periodic health check thread {{(pid=89976) touch_hash_ring_node /opt/stack/neutron/neutron/plugins/ml2/drivers/ovn/mech_driver/ovsdb/maintenance.py:1418}}
Jun 15 20:01:05.281211 np0000002891 devstack@neutron-api.service[89976]: DEBUG neutron.api.wsgi [None req-78296bc9-a3e4-4c8d-8b36-200d05325917 admin admin] Missing Content-Type {{(pid=89976) get_content_type /opt/stack/neutron/neutron/api/wsgi.py:80}}
Jun 15 20:01:05.281601 np0000002891 devstack@neutron-api.service[89976]: DEBUG neutron.api.wsgi [None req-78296bc9-a3e4-4c8d-8b36-200d05325917 admin admin] https://10.4.3.31/networking/v2.0/extensions returned with HTTP 200 {{(pid=89976) __call__ /opt/stack/neutron/neutron/api/wsgi.py:540}}
Jun 15 20:01:05.281875 np0000002891 devstack@neutron-api.service[89976]: [pid: 89976|app: 0|req: 11/34] 10.4.3.31 () {64 vars in 1285 bytes} [Mon Jun 15 20:01:05 2026] GET /networking/v2.0/extensions => generated 15873 bytes in 3 msecs (HTTP/1.1 200) 4 headers in 159 bytes (1 switches on core 0)
Jun 15 20:01:05.527584 np0000002891 devstack@neutron-api.service[89977]: INFO neutron.pecan_wsgi.hooks.translation [None req-bd9b3722-3a8b-4b5d-98f9-543b7b19a55c admin admin] GET failed (client error): The resource could not be found.
Jun 15 20:01:05.528275 np0000002891 devstack@neutron-api.service[89977]: [pid: 89977|app: 0|req: 13/35] 10.4.3.31 () {64 vars in 1287 bytes} [Mon Jun 15 20:01:05 2026] GET /networking/v2.0/networks/public => generated 108 bytes in 7 msecs (HTTP/1.1 404) 4 headers in 164 bytes (1 switches on core 0)
Jun 15 20:01:05.568318 np0000002891 devstack@neutron-api.service[89975]: DEBUG neutron.pecan_wsgi.hooks.policy_enforcement [None req-9373eadc-553b-4440-bd0b-6c979476b6e9 admin admin] Attributes excluded by policy engine: ['standard_attr_id'] {{(pid=89975) _exclude_attributes_by_policy /opt/stack/neutron/neutron/pecan_wsgi/hooks/policy_enforcement.py:259}}
Jun 15 20:01:05.569293 np0000002891 devstack@neutron-api.service[89975]: [pid: 89975|app: 0|req: 12/36] 10.4.3.31 () {64 vars in 1302 bytes} [Mon Jun 15 20:01:05 2026] GET /networking/v2.0/networks?name=public => generated 759 bytes in 36 msecs (HTTP/1.1 200) 4 headers in 157 bytes (1 switches on core 0)
Jun 15 20:01:05.746069 np0000002891 devstack@neutron-api.service[89976]: DEBUG neutron.api.v2.base [None req-077e0303-e542-4452-aa54-a51534fddaac admin admin] Request body: {'network': {'admin_state_up': True, 'name': 'shared', 'shared': True}} {{(pid=89976) prepare_request_body /opt/stack/neutron/neutron/api/v2/base.py:727}}
Jun 15 20:01:05.757191 np0000002891 devstack@neutron-api.service[89976]: DEBUG neutron.pecan_wsgi.hooks.quota_enforcement [None req-077e0303-e542-4452-aa54-a51534fddaac admin admin] Made reservation on behalf of 194d6dde96e744c3b14a9c87d241d578 for: {'network': 1} {{(pid=89976) before /opt/stack/neutron/neutron/pecan_wsgi/hooks/quota_enforcement.py:66}}
Jun 15 20:01:05.759577 np0000002891 devstack@neutron-api.service[89976]: DEBUG neutron_lib.callbacks.manager [None req-077e0303-e542-4452-aa54-a51534fddaac admin admin] Publish callbacks ['neutron.plugins.ml2.plugin.SecurityGroupDbMixin._ensure_default_security_group_handler-169840'] for network (None), before_create {{(pid=89976) _notify_loop /opt/stack/data/venv/lib/python3.12/site-packages/neutron_lib/callbacks/manager.py:184}}
Jun 15 20:01:05.783253 np0000002891 devstack@neutron-api.service[89976]: WARNING neutron.services.revisions.revision_plugin [None req-077e0303-e542-4452-aa54-a51534fddaac admin admin] Could not find related network for resource to bump revision.
Jun 15 20:01:05.807461 np0000002891 devstack@neutron-api.service[89976]: DEBUG neutron.plugins.ml2.drivers.helpers [None req-077e0303-e542-4452-aa54-a51534fddaac admin admin] geneve segment allocate from pool success with {'geneve_vni': 60464} {{(pid=89976) allocate_partially_specified_segment /opt/stack/neutron/neutron/plugins/ml2/drivers/helpers.py:142}}
Jun 15 20:01:05.813183 np0000002891 devstack@neutron-api.service[89976]: DEBUG neutron_lib.callbacks.manager [None req-077e0303-e542-4452-aa54-a51534fddaac admin admin] Publish callbacks ['neutron.plugins.ml2.plugin.Ml2Plugin._handle_segment_change-446810'] for segment (248a02e4-9280-4376-b499-3d820d68062f), precommit_create {{(pid=89976) _notify_loop /opt/stack/data/venv/lib/python3.12/site-packages/neutron_lib/callbacks/manager.py:184}}
Jun 15 20:01:05.813331 np0000002891 devstack@neutron-api.service[89976]: INFO neutron.db.segments_db [None req-077e0303-e542-4452-aa54-a51534fddaac admin admin] Added segment 248a02e4-9280-4376-b499-3d820d68062f of type geneve for network a40e2bc9-ef4d-4f96-831c-2acb5b83de6a
Jun 15 20:01:05.824236 np0000002891 devstack@neutron-api.service[89976]: DEBUG neutron_lib.callbacks.manager [None req-077e0303-e542-4452-aa54-a51534fddaac admin admin] Publish callbacks ['neutron.services.auto_allocate.db._ensure_external_network_default_value_callback-8145193826418'] for network (a40e2bc9-ef4d-4f96-831c-2acb5b83de6a), precommit_create {{(pid=89976) _notify_loop /opt/stack/data/venv/lib/python3.12/site-packages/neutron_lib/callbacks/manager.py:184}}
Jun 15 20:01:05.833194 np0000002891 devstack@neutron-api.service[89976]: DEBUG neutron.plugins.ml2.drivers.ovn.mech_driver.mech_driver [None req-077e0303-e542-4452-aa54-a51534fddaac admin admin] Validating network segment with type geneve, segmentation ID 60464, physical network None {{(pid=89976) _validate_network_segments /opt/stack/neutron/neutron/plugins/ml2/drivers/ovn/mech_driver/mech_driver.py:643}}
Jun 15 20:01:05.833326 np0000002891 devstack@neutron-api.service[89976]: DEBUG neutron.db.ovn_revision_numbers_db [None req-077e0303-e542-4452-aa54-a51534fddaac admin admin] create_initial_revision uuid=a40e2bc9-ef4d-4f96-831c-2acb5b83de6a, type=networks, rev=-1 {{(pid=89976) create_initial_revision /opt/stack/neutron/neutron/db/ovn_revision_numbers_db.py:98}}
Jun 15 20:01:05.839199 np0000002891 devstack@neutron-api.service[89976]: DEBUG neutron_lib.callbacks.manager [None req-077e0303-e542-4452-aa54-a51534fddaac admin admin] Publish callbacks ['neutron.plugins.ml2.ovo_rpc._ObjectChangeHandler.handle_event-3012570'] for network (a40e2bc9-ef4d-4f96-831c-2acb5b83de6a), after_create {{(pid=89976) _notify_loop /opt/stack/data/venv/lib/python3.12/site-packages/neutron_lib/callbacks/manager.py:184}}
Jun 15 20:01:05.850709 np0000002891 devstack@neutron-api.service[89976]: DEBUG neutron.api.rpc.handlers.resources_rpc [None req-077e0303-e542-4452-aa54-a51534fddaac admin admin] Pushing event updated for resources: {'Network': ['ID=a40e2bc9-ef4d-4f96-831c-2acb5b83de6a,revision_number=1']} {{(pid=89976) push /opt/stack/neutron/neutron/api/rpc/handlers/resources_rpc.py:237}}
Jun 15 20:01:05.854086 np0000002891 devstack@neutron-api.service[89976]: DEBUG ovsdbapp.backend.ovs_idl.transaction [None req-eddc5a2d-e495-4fe1-8af5-da2180b85345 None None] Running txn n=1 command(idx=0): CheckLivenessCommand(_result=None) {{(pid=89976) do_commit /opt/stack/data/venv/lib/python3.12/site-packages/ovsdbapp/backend/ovs_idl/transaction.py:89}}
Jun 15 20:01:05.858965 np0000002891 devstack@neutron-api.service[89976]: DEBUG neutron.plugins.ml2.drivers.ovn.mech_driver.ovsdb.ovsdb_monitor [None req-3ea937aa-0222-40cb-bc6e-2bfdde61a23b None None] ChassisAgentWriteEvent : Matched Chassis_Private, update, None None {{(pid=89976) matches /opt/stack/neutron/neutron/plugins/ml2/drivers/ovn/mech_driver/ovsdb/ovsdb_monitor.py:64}}
Jun 15 20:01:05.859134 np0000002891 devstack@neutron-api.service[89975]: DEBUG neutron.plugins.ml2.drivers.ovn.mech_driver.ovsdb.ovsdb_monitor [None req-8e7e4138-978b-4c30-9435-8b2c94d2a422 None None] ChassisAgentWriteEvent : Matched Chassis_Private, update, None None {{(pid=89975) matches /opt/stack/neutron/neutron/plugins/ml2/drivers/ovn/mech_driver/ovsdb/ovsdb_monitor.py:64}}
Jun 15 20:01:05.859804 np0000002891 devstack@neutron-api.service[89977]: DEBUG neutron.plugins.ml2.drivers.ovn.mech_driver.ovsdb.ovsdb_monitor [None req-ede2606c-f4a9-48de-9a5b-48ec6504982c None None] ChassisAgentWriteEvent : Matched Chassis_Private, update, None None {{(pid=89977) matches /opt/stack/neutron/neutron/plugins/ml2/drivers/ovn/mech_driver/ovsdb/ovsdb_monitor.py:64}}
Jun 15 20:01:05.866811 np0000002891 devstack@neutron-api.service[89976]: DEBUG neutron.common.ovn.hash_ring_manager [None req-3ea937aa-0222-40cb-bc6e-2bfdde61a23b None None] Hash Ring loaded. 3 active nodes. 0 offline nodes {{(pid=89976) _load_hash_ring /opt/stack/neutron/neutron/common/ovn/hash_ring_manager.py:102}}
Jun 15 20:01:05.867520 np0000002891 devstack@neutron-api.service[89976]: DEBUG neutron.common.ovn.hash_ring_manager [None req-eddc5a2d-e495-4fe1-8af5-da2180b85345 None None] Hash Ring loaded. 3 active nodes. 0 offline nodes {{(pid=89976) _load_hash_ring /opt/stack/neutron/neutron/common/ovn/hash_ring_manager.py:102}}
Jun 15 20:01:05.867802 np0000002891 devstack@neutron-api.service[89977]: DEBUG neutron.common.ovn.hash_ring_manager [None req-13df0b7b-6ed6-4dc1-9ffe-9fafd4b7e089 None None] Hash Ring loaded. 3 active nodes. 0 offline nodes {{(pid=89977) _load_hash_ring /opt/stack/neutron/neutron/common/ovn/hash_ring_manager.py:102}}
Jun 15 20:01:05.867988 np0000002891 devstack@neutron-api.service[89977]: DEBUG neutron.plugins.ml2.drivers.ovn.mech_driver.ovsdb.ovsdb_monitor [None req-13df0b7b-6ed6-4dc1-9ffe-9fafd4b7e089 None None] Hash Ring: Node 9eeef900478c5ad49aed259bc4658a05 (host: np0000002891) handling event "update" for row 66e719b0-037f-432a-b368-aa9551c29006 (table: NB_Global) {{(pid=89977) notify /opt/stack/neutron/neutron/plugins/ml2/drivers/ovn/mech_driver/ovsdb/ovsdb_monitor.py:1015}}
Jun 15 20:01:05.868050 np0000002891 devstack@neutron-api.service[89976]: DEBUG neutron.plugins.ml2.drivers.ovn.mech_driver.ovsdb.ovsdb_monitor [None req-3ea937aa-0222-40cb-bc6e-2bfdde61a23b None None] ChassisOVNAgentWriteEvent : Matched Chassis_Private, update, None None {{(pid=89976) matches /opt/stack/neutron/neutron/plugins/ml2/drivers/ovn/mech_driver/ovsdb/ovsdb_monitor.py:64}}
Jun 15 20:01:05.868103 np0000002891 devstack@neutron-api.service[89975]: DEBUG neutron.common.ovn.hash_ring_manager [None req-64c10fbb-12ba-4855-8c14-047d0a210532 None None] Hash Ring loaded. 3 active nodes. 0 offline nodes {{(pid=89975) _load_hash_ring /opt/stack/neutron/neutron/common/ovn/hash_ring_manager.py:102}}
Jun 15 20:01:05.868719 np0000002891 devstack@neutron-api.service[89977]: DEBUG neutron.plugins.ml2.drivers.ovn.mech_driver.ovsdb.ovsdb_monitor [None req-13df0b7b-6ed6-4dc1-9ffe-9fafd4b7e089 None None] Hash Ring: Node 9eeef900478c5ad49aed259bc4658a05 (host: np0000002891) handling event "update" for row 66e719b0-037f-432a-b368-aa9551c29006 (table: NB_Global) {{(pid=89977) notify /opt/stack/neutron/neutron/plugins/ml2/drivers/ovn/mech_driver/ovsdb/ovsdb_monitor.py:1015}}
Jun 15 20:01:05.869324 np0000002891 devstack@neutron-api.service[89977]: DEBUG neutron.common.ovn.hash_ring_manager [None req-ede2606c-f4a9-48de-9a5b-48ec6504982c None None] Hash Ring loaded. 3 active nodes. 0 offline nodes {{(pid=89977) _load_hash_ring /opt/stack/neutron/neutron/common/ovn/hash_ring_manager.py:102}}
Jun 15 20:01:05.869472 np0000002891 devstack@neutron-api.service[89975]: DEBUG neutron.common.ovn.hash_ring_manager [None req-8e7e4138-978b-4c30-9435-8b2c94d2a422 None None] Hash Ring loaded. 3 active nodes. 0 offline nodes {{(pid=89975) _load_hash_ring /opt/stack/neutron/neutron/common/ovn/hash_ring_manager.py:102}}
Jun 15 20:01:05.869522 np0000002891 devstack@neutron-api.service[89977]: DEBUG neutron.plugins.ml2.drivers.ovn.mech_driver.ovsdb.ovsdb_monitor [None req-ede2606c-f4a9-48de-9a5b-48ec6504982c None None] Hash Ring: Node 9eeef900478c5ad49aed259bc4658a05 (host: np0000002891) handling event "update" for row a99ce3be-7196-4263-a962-73df0c02913a (table: Chassis_Private) {{(pid=89977) notify /opt/stack/neutron/neutron/plugins/ml2/drivers/ovn/mech_driver/ovsdb/ovsdb_monitor.py:1015}}
Jun 15 20:01:05.869940 np0000002891 devstack@neutron-api.service[89977]: DEBUG neutron.plugins.ml2.drivers.ovn.mech_driver.ovsdb.ovsdb_monitor [None req-13df0b7b-6ed6-4dc1-9ffe-9fafd4b7e089 None None] Hash Ring: Node 9eeef900478c5ad49aed259bc4658a05 (host: np0000002891) handling event "update" for row 66e719b0-037f-432a-b368-aa9551c29006 (table: NB_Global) {{(pid=89977) notify /opt/stack/neutron/neutron/plugins/ml2/drivers/ovn/mech_driver/ovsdb/ovsdb_monitor.py:1015}}
Jun 15 20:01:05.870848 np0000002891 devstack@neutron-api.service[89977]: DEBUG neutron.plugins.ml2.drivers.ovn.mech_driver.ovsdb.ovsdb_monitor [None req-ede2606c-f4a9-48de-9a5b-48ec6504982c None None] ChassisOVNAgentWriteEvent : Matched Chassis_Private, update, None None {{(pid=89977) matches /opt/stack/neutron/neutron/plugins/ml2/drivers/ovn/mech_driver/ovsdb/ovsdb_monitor.py:64}}
Jun 15 20:01:05.871096 np0000002891 devstack@neutron-api.service[89977]: DEBUG neutron.plugins.ml2.drivers.ovn.mech_driver.ovsdb.ovsdb_monitor [None req-ede2606c-f4a9-48de-9a5b-48ec6504982c None None] Hash Ring: Node 9eeef900478c5ad49aed259bc4658a05 (host: np0000002891) handling event "update" for row a99ce3be-7196-4263-a962-73df0c02913a (table: Chassis_Private) {{(pid=89977) notify /opt/stack/neutron/neutron/plugins/ml2/drivers/ovn/mech_driver/ovsdb/ovsdb_monitor.py:1015}}
Jun 15 20:01:05.871342 np0000002891 devstack@neutron-api.service[89975]: DEBUG neutron.plugins.ml2.drivers.ovn.mech_driver.ovsdb.ovsdb_monitor [None req-8e7e4138-978b-4c30-9435-8b2c94d2a422 None None] ChassisOVNAgentWriteEvent : Matched Chassis_Private, update, None None {{(pid=89975) matches /opt/stack/neutron/neutron/plugins/ml2/drivers/ovn/mech_driver/ovsdb/ovsdb_monitor.py:64}}
Jun 15 20:01:05.871516 np0000002891 devstack@neutron-api.service[89977]: DEBUG neutron.plugins.ml2.drivers.ovn.mech_driver.ovsdb.ovsdb_monitor [None req-13df0b7b-6ed6-4dc1-9ffe-9fafd4b7e089 None None] Hash Ring: Node 9eeef900478c5ad49aed259bc4658a05 (host: np0000002891) handling event "update" for row 66e719b0-037f-432a-b368-aa9551c29006 (table: NB_Global) {{(pid=89977) notify /opt/stack/neutron/neutron/plugins/ml2/drivers/ovn/mech_driver/ovsdb/ovsdb_monitor.py:1015}}
Jun 15 20:01:05.872322 np0000002891 devstack@neutron-api.service[89976]: DEBUG neutron.api.rpc.callbacks.version_manager [None req-077e0303-e542-4452-aa54-a51534fddaac admin admin] Tracked resource versions report:
Jun 15 20:01:05.872322 np0000002891 devstack@neutron-api.service[89976]: pushed versions:
Jun 15 20:01:05.872322 np0000002891 devstack@neutron-api.service[89976]: { 'AddressGroup': {'1.2'},
Jun 15 20:01:05.872322 np0000002891 devstack@neutron-api.service[89976]: 'Agent': {'1.1'},
Jun 15 20:01:05.872322 np0000002891 devstack@neutron-api.service[89976]: 'ConntrackHelper': {'1.0'},
Jun 15 20:01:05.872322 np0000002891 devstack@neutron-api.service[89976]: 'LocalIPAssociation': {'1.0'},
Jun 15 20:01:05.872322 np0000002891 devstack@neutron-api.service[89976]: 'Log': {'1.0'},
Jun 15 20:01:05.872322 np0000002891 devstack@neutron-api.service[89976]: 'NDPProxy': {'1.0'},
Jun 15 20:01:05.872322 np0000002891 devstack@neutron-api.service[89976]: 'Network': {'1.3'},
Jun 15 20:01:05.872322 np0000002891 devstack@neutron-api.service[89976]: 'Port': {'1.11'},
Jun 15 20:01:05.872322 np0000002891 devstack@neutron-api.service[89976]: 'PortForwarding': {'1.3'},
Jun 15 20:01:05.872322 np0000002891 devstack@neutron-api.service[89976]: 'QosPolicy': {'1.10'},
Jun 15 20:01:05.872322 np0000002891 devstack@neutron-api.service[89976]: 'SecurityGroup': {'1.6'},
Jun 15 20:01:05.872322 np0000002891 devstack@neutron-api.service[89976]: 'SecurityGroupRule': {'1.3'},
Jun 15 20:01:05.872322 np0000002891 devstack@neutron-api.service[89976]: 'SubPort': {'1.0'},
Jun 15 20:01:05.872322 np0000002891 devstack@neutron-api.service[89976]: 'Subnet': {'1.2'},
Jun 15 20:01:05.872322 np0000002891 devstack@neutron-api.service[89976]: 'Trunk': {'1.1'}}
Jun 15 20:01:05.872322 np0000002891 devstack@neutron-api.service[89976]: consumer versions:
Jun 15 20:01:05.872322 np0000002891 devstack@neutron-api.service[89976]: { OVN Neutron agent@np0000002891: {},
Jun 15 20:01:05.872322 np0000002891 devstack@neutron-api.service[89976]: OVN Controller Gateway agent@np0000002891: {}}
Jun 15 20:01:05.872322 np0000002891 devstack@neutron-api.service[89976]: {{(pid=89976) report /opt/stack/neutron/neutron/api/rpc/callbacks/version_manager.py:183}}
Jun 15 20:01:05.879317 np0000002891 devstack@neutron-api.service[89976]: DEBUG ovsdbapp.backend.ovs_idl.transaction [None req-eddc5a2d-e495-4fe1-8af5-da2180b85345 None None] Running txn n=1 command(idx=0): AddNetworkCommand(_result=None, network_uuid=a40e2bc9-ef4d-4f96-831c-2acb5b83de6a, may_exist=True, columns={'external_ids': {'neutron:network_name': 'shared', 'neutron:mtu': '1372', 'neutron:revision_number': '1', 'neutron:availability_zone_hints': '', 'neutron:provnet-network-type': 'geneve'}, 'other_config': {'mcast_snoop': 'false', 'mcast_flood_unregistered': 'false', 'vlan-passthru': 'false'}}) {{(pid=89976) do_commit /opt/stack/data/venv/lib/python3.12/site-packages/ovsdbapp/backend/ovs_idl/transaction.py:89}}
Jun 15 20:01:05.881309 np0000002891 devstack@neutron-api.service[89976]: DEBUG neutron.plugins.ml2.drivers.ovn.mech_driver.ovsdb.ovsdb_monitor [None req-eddc5a2d-e495-4fe1-8af5-da2180b85345 None None] Hash Ring: Node 6346483918d3539f95a64a4b8f3a1239 (host: np0000002891) handling event "create" for row a40e2bc9-ef4d-4f96-831c-2acb5b83de6a (table: Logical_Switch) {{(pid=89976) notify /opt/stack/neutron/neutron/plugins/ml2/drivers/ovn/mech_driver/ovsdb/ovsdb_monitor.py:1015}}
Jun 15 20:01:05.883687 np0000002891 devstack@neutron-api.service[89977]: DEBUG neutron.plugins.ml2.drivers.ovn.mech_driver.ovsdb.ovsdb_monitor [None req-ede2606c-f4a9-48de-9a5b-48ec6504982c None None] Hash Ring: Node 9eeef900478c5ad49aed259bc4658a05 (host: np0000002891) handling event "create" for row 336ef0b4-97d2-4b01-8bd6-6ba1758df71c (table: Datapath_Binding) {{(pid=89977) notify /opt/stack/neutron/neutron/plugins/ml2/drivers/ovn/mech_driver/ovsdb/ovsdb_monitor.py:1015}}
Jun 15 20:01:05.899207 np0000002891 devstack@neutron-api.service[89976]: INFO neutron.db.ovn_revision_numbers_db [None req-077e0303-e542-4452-aa54-a51534fddaac admin admin] Successfully bumped revision number for resource a40e2bc9-ef4d-4f96-831c-2acb5b83de6a (type: networks) to 1
Jun 15 20:01:05.910008 np0000002891 devstack@neutron-api.service[89976]: DEBUG neutron_lib.callbacks.manager [None req-077e0303-e542-4452-aa54-a51534fddaac admin admin] Publish callbacks ['neutron.plugins.ml2.plugin.SecurityGroupDbMixin._ensure_default_security_group_handler-169840'] for port (None), before_create {{(pid=89976) _notify_loop /opt/stack/data/venv/lib/python3.12/site-packages/neutron_lib/callbacks/manager.py:184}}
Jun 15 20:01:05.964573 np0000002891 devstack@neutron-api.service[89976]: DEBUG neutron_lib.callbacks.manager [None req-077e0303-e542-4452-aa54-a51534fddaac admin admin] Publish callbacks ['neutron.plugins.ml2.drivers.ovn.mech_driver.mech_driver.OVNMechanismDriver._validate_allowed_address_pairs-259817'] for allowed_address_pair (f876f15d-9df5-4297-ac47-61c8ce8452f4), before_create {{(pid=89976) _notify_loop /opt/stack/data/venv/lib/python3.12/site-packages/neutron_lib/callbacks/manager.py:184}}
Jun 15 20:01:05.965239 np0000002891 devstack@neutron-api.service[89976]: DEBUG neutron_lib.callbacks.manager [None req-077e0303-e542-4452-aa54-a51534fddaac admin admin] Publish callbacks [] for port (f876f15d-9df5-4297-ac47-61c8ce8452f4), precommit_create {{(pid=89976) _notify_loop /opt/stack/data/venv/lib/python3.12/site-packages/neutron_lib/callbacks/manager.py:184}}
Jun 15 20:01:05.965399 np0000002891 devstack@neutron-api.service[89976]: DEBUG neutron.plugins.ml2.drivers.ovn.mech_driver.mech_driver [None req-077e0303-e542-4452-aa54-a51534fddaac admin admin] No provisioning block for port f876f15d-9df5-4297-ac47-61c8ce8452f4 since it does not have a host {{(pid=89976) _is_port_provisioning_required /opt/stack/neutron/neutron/plugins/ml2/drivers/ovn/mech_driver/mech_driver.py:896}}
Jun 15 20:01:05.965507 np0000002891 devstack@neutron-api.service[89976]: DEBUG neutron.db.ovn_revision_numbers_db [None req-077e0303-e542-4452-aa54-a51534fddaac admin admin] create_initial_revision uuid=f876f15d-9df5-4297-ac47-61c8ce8452f4, type=ports, rev=-1 {{(pid=89976) create_initial_revision /opt/stack/neutron/neutron/db/ovn_revision_numbers_db.py:98}}
Jun 15 20:01:05.988896 np0000002891 devstack@neutron-api.service[89976]: DEBUG neutron_lib.callbacks.manager [None req-077e0303-e542-4452-aa54-a51534fddaac admin admin] Publish callbacks ['neutron.plugins.ml2.ovo_rpc._ObjectChangeHandler.handle_event-3012565'] for port (f876f15d-9df5-4297-ac47-61c8ce8452f4), after_create {{(pid=89976) _notify_loop /opt/stack/data/venv/lib/python3.12/site-packages/neutron_lib/callbacks/manager.py:184}}
Jun 15 20:01:06.012223 np0000002891 devstack@neutron-api.service[89976]: DEBUG neutron.api.rpc.handlers.resources_rpc [None req-077e0303-e542-4452-aa54-a51534fddaac admin admin] Pushing event updated for resources: {'Port': ['ID=f876f15d-9df5-4297-ac47-61c8ce8452f4,revision_number=1']} {{(pid=89976) push /opt/stack/neutron/neutron/api/rpc/handlers/resources_rpc.py:237}}
Jun 15 20:01:06.016900 np0000002891 devstack@neutron-api.service[89976]: DEBUG neutron.plugins.ml2.drivers.ovn.mech_driver.ovsdb.commands [None req-077e0303-e542-4452-aa54-a51534fddaac admin admin] Converting tag [] to a tag_request {{(pid=89976) _tag_column_to_tag_request /opt/stack/neutron/neutron/plugins/ml2/drivers/ovn/mech_driver/ovsdb/commands.py:205}}
