Jul 03 04:15:03.463306 np0000004364 nova-scheduler[96268]: DEBUG cotyledon.oslo_config_glue [-] profiler.connection_string = messaging:// {{(pid=96268) log_opt_values /opt/stack/data/venv/lib/python3.12/site-packages/oslo_config/cfg.py:3253}}
Jul 03 04:15:03.463306 np0000004364 nova-scheduler[96268]: DEBUG cotyledon.oslo_config_glue [-] profiler.enabled = False {{(pid=96268) log_opt_values /opt/stack/data/venv/lib/python3.12/site-packages/oslo_config/cfg.py:3253}}
Jul 03 04:15:03.463306 np0000004364 nova-scheduler[96268]: DEBUG cotyledon.oslo_config_glue [-] profiler.es_doc_type = notification {{(pid=96268) log_opt_values /opt/stack/data/venv/lib/python3.12/site-packages/oslo_config/cfg.py:3253}}
Jul 03 04:15:03.463306 np0000004364 nova-scheduler[96268]: DEBUG cotyledon.oslo_config_glue [-] profiler.es_scroll_size = 10000 {{(pid=96268) log_opt_values /opt/stack/data/venv/lib/python3.12/site-packages/oslo_config/cfg.py:3253}}
Jul 03 04:15:03.463306 np0000004364 nova-scheduler[96268]: DEBUG cotyledon.oslo_config_glue [-] profiler.es_scroll_time = 2m {{(pid=96268) log_opt_values /opt/stack/data/venv/lib/python3.12/site-packages/oslo_config/cfg.py:3253}}
Jul 03 04:15:03.463306 np0000004364 nova-scheduler[96268]: DEBUG cotyledon.oslo_config_glue [-] profiler.filter_error_trace = False {{(pid=96268) log_opt_values /opt/stack/data/venv/lib/python3.12/site-packages/oslo_config/cfg.py:3253}}
Jul 03 04:15:03.463306 np0000004364 nova-scheduler[96268]: DEBUG cotyledon.oslo_config_glue [-] profiler.hmac_keys = **** {{(pid=96268) log_opt_values /opt/stack/data/venv/lib/python3.12/site-packages/oslo_config/cfg.py:3253}}
Jul 03 04:15:03.463642 np0000004364 nova-scheduler[96268]: DEBUG cotyledon.oslo_config_glue [-] profiler.sentinel_service_name = mymaster {{(pid=96268) log_opt_values /opt/stack/data/venv/lib/python3.12/site-packages/oslo_config/cfg.py:3253}}
Jul 03 04:15:03.463642 np0000004364 nova-scheduler[96268]: DEBUG cotyledon.oslo_config_glue [-] profiler.socket_timeout = 0.1 {{(pid=96268) log_opt_values /opt/stack/data/venv/lib/python3.12/site-packages/oslo_config/cfg.py:3253}}
Jul 03 04:15:03.463642 np0000004364 nova-scheduler[96268]: DEBUG cotyledon.oslo_config_glue [-] profiler.trace_requests = False {{(pid=96268) log_opt_values /opt/stack/data/venv/lib/python3.12/site-packages/oslo_config/cfg.py:3253}}
Jul 03 04:15:03.463642 np0000004364 nova-scheduler[96268]: DEBUG cotyledon.oslo_config_glue [-] profiler.trace_sqlalchemy = False {{(pid=96268) log_opt_values /opt/stack/data/venv/lib/python3.12/site-packages/oslo_config/cfg.py:3253}}
Jul 03 04:15:03.463642 np0000004364 nova-scheduler[96268]: DEBUG cotyledon.oslo_config_glue [-] profiler_jaeger.process_tags = {} {{(pid=96268) log_opt_values /opt/stack/data/venv/lib/python3.12/site-packages/oslo_config/cfg.py:3253}}
Jul 03 04:15:03.463642 np0000004364 nova-scheduler[96268]: DEBUG cotyledon.oslo_config_glue [-] profiler_jaeger.service_name_prefix = None {{(pid=96268) log_opt_values /opt/stack/data/venv/lib/python3.12/site-packages/oslo_config/cfg.py:3253}}
Jul 03 04:15:03.463642 np0000004364 nova-scheduler[96268]: DEBUG cotyledon.oslo_config_glue [-] profiler_otlp.service_name_prefix = None {{(pid=96268) log_opt_values /opt/stack/data/venv/lib/python3.12/site-packages/oslo_config/cfg.py:3253}}
Jul 03 04:15:03.463866 np0000004364 nova-scheduler[96262]: DEBUG oslo_db.sqlalchemy.engines [None req-c764531f-3819-424f-9463-5c2c1a7c8507 None None] MySQL server mode set to STRICT_TRANS_TABLES,STRICT_ALL_TABLES,NO_ZERO_IN_DATE,NO_ZERO_DATE,ERROR_FOR_DIVISION_BY_ZERO,TRADITIONAL,NO_ENGINE_SUBSTITUTION {{(pid=96262) _check_effective_sql_mode /opt/stack/data/venv/lib/python3.12/site-packages/oslo_db/sqlalchemy/engines.py:325}}
Jul 03 04:15:03.463913 np0000004364 nova-scheduler[96268]: DEBUG cotyledon.oslo_config_glue [-] oslo_messaging_rabbit.amqp_auto_delete = False {{(pid=96268) log_opt_values /opt/stack/data/venv/lib/python3.12/site-packages/oslo_config/cfg.py:3253}}
Jul 03 04:15:03.463913 np0000004364 nova-scheduler[96268]: DEBUG cotyledon.oslo_config_glue [-] oslo_messaging_rabbit.amqp_durable_queues = False {{(pid=96268) log_opt_values /opt/stack/data/venv/lib/python3.12/site-packages/oslo_config/cfg.py:3253}}
Jul 03 04:15:03.463913 np0000004364 nova-scheduler[96268]: DEBUG cotyledon.oslo_config_glue [-] oslo_messaging_rabbit.conn_pool_min_size = 2 {{(pid=96268) log_opt_values /opt/stack/data/venv/lib/python3.12/site-packages/oslo_config/cfg.py:3253}}
Jul 03 04:15:03.463913 np0000004364 nova-scheduler[96268]: DEBUG cotyledon.oslo_config_glue [-] oslo_messaging_rabbit.conn_pool_ttl = 1200 {{(pid=96268) log_opt_values /opt/stack/data/venv/lib/python3.12/site-packages/oslo_config/cfg.py:3253}}
Jul 03 04:15:03.463913 np0000004364 nova-scheduler[96268]: DEBUG cotyledon.oslo_config_glue [-] oslo_messaging_rabbit.direct_mandatory_flag = True {{(pid=96268) log_opt_values /opt/stack/data/venv/lib/python3.12/site-packages/oslo_config/cfg.py:3253}}
Jul 03 04:15:03.463913 np0000004364 nova-scheduler[96268]: DEBUG cotyledon.oslo_config_glue [-] oslo_messaging_rabbit.enable_cancel_on_failover = False {{(pid=96268) log_opt_values /opt/stack/data/venv/lib/python3.12/site-packages/oslo_config/cfg.py:3253}}
Jul 03 04:15:03.463913 np0000004364 nova-scheduler[96268]: DEBUG cotyledon.oslo_config_glue [-] oslo_messaging_rabbit.heartbeat_rate = 3 {{(pid=96268) log_opt_values /opt/stack/data/venv/lib/python3.12/site-packages/oslo_config/cfg.py:3253}}
Jul 03 04:15:03.463913 np0000004364 nova-scheduler[96268]: DEBUG cotyledon.oslo_config_glue [-] oslo_messaging_rabbit.heartbeat_timeout_threshold = 60 {{(pid=96268) log_opt_values /opt/stack/data/venv/lib/python3.12/site-packages/oslo_config/cfg.py:3253}}
Jul 03 04:15:03.463913 np0000004364 nova-scheduler[96268]: DEBUG cotyledon.oslo_config_glue [-] oslo_messaging_rabbit.hostname = np0000004364 {{(pid=96268) log_opt_values /opt/stack/data/venv/lib/python3.12/site-packages/oslo_config/cfg.py:3253}}
Jul 03 04:15:03.464194 np0000004364 nova-scheduler[96268]: DEBUG cotyledon.oslo_config_glue [-] oslo_messaging_rabbit.kombu_compression = None {{(pid=96268) log_opt_values /opt/stack/data/venv/lib/python3.12/site-packages/oslo_config/cfg.py:3253}}
Jul 03 04:15:03.464194 np0000004364 nova-scheduler[96268]: DEBUG cotyledon.oslo_config_glue [-] oslo_messaging_rabbit.kombu_failover_strategy = round-robin {{(pid=96268) log_opt_values /opt/stack/data/venv/lib/python3.12/site-packages/oslo_config/cfg.py:3253}}
Jul 03 04:15:03.464194 np0000004364 nova-scheduler[96268]: DEBUG cotyledon.oslo_config_glue [-] oslo_messaging_rabbit.kombu_missing_consumer_retry_timeout = 60 {{(pid=96268) log_opt_values /opt/stack/data/venv/lib/python3.12/site-packages/oslo_config/cfg.py:3253}}
Jul 03 04:15:03.464194 np0000004364 nova-scheduler[96268]: DEBUG cotyledon.oslo_config_glue [-] oslo_messaging_rabbit.kombu_reconnect_delay = 1.0 {{(pid=96268) log_opt_values /opt/stack/data/venv/lib/python3.12/site-packages/oslo_config/cfg.py:3253}}
Jul 03 04:15:03.464194 np0000004364 nova-scheduler[96268]: DEBUG cotyledon.oslo_config_glue [-] oslo_messaging_rabbit.kombu_reconnect_splay = 0.0 {{(pid=96268) log_opt_values /opt/stack/data/venv/lib/python3.12/site-packages/oslo_config/cfg.py:3253}}
Jul 03 04:15:03.464194 np0000004364 nova-scheduler[96268]: DEBUG cotyledon.oslo_config_glue [-] oslo_messaging_rabbit.processname = nova-scheduler {{(pid=96268) log_opt_values /opt/stack/data/venv/lib/python3.12/site-packages/oslo_config/cfg.py:3253}}
Jul 03 04:15:03.464194 np0000004364 nova-scheduler[96268]: DEBUG cotyledon.oslo_config_glue [-] oslo_messaging_rabbit.rabbit_ha_queues = False {{(pid=96268) log_opt_values /opt/stack/data/venv/lib/python3.12/site-packages/oslo_config/cfg.py:3253}}
Jul 03 04:15:03.464194 np0000004364 nova-scheduler[96268]: DEBUG cotyledon.oslo_config_glue [-] oslo_messaging_rabbit.rabbit_interval_max = 30 {{(pid=96268) log_opt_values /opt/stack/data/venv/lib/python3.12/site-packages/oslo_config/cfg.py:3253}}
Jul 03 04:15:03.464194 np0000004364 nova-scheduler[96268]: DEBUG cotyledon.oslo_config_glue [-] oslo_messaging_rabbit.rabbit_login_method = AMQPLAIN {{(pid=96268) log_opt_values /opt/stack/data/venv/lib/python3.12/site-packages/oslo_config/cfg.py:3253}}
Jul 03 04:15:03.464497 np0000004364 nova-scheduler[96268]: DEBUG cotyledon.oslo_config_glue [-] oslo_messaging_rabbit.rabbit_qos_prefetch_count = 0 {{(pid=96268) log_opt_values /opt/stack/data/venv/lib/python3.12/site-packages/oslo_config/cfg.py:3253}}
Jul 03 04:15:03.464497 np0000004364 nova-scheduler[96268]: DEBUG cotyledon.oslo_config_glue [-] oslo_messaging_rabbit.rabbit_quorum_delivery_limit = 0 {{(pid=96268) log_opt_values /opt/stack/data/venv/lib/python3.12/site-packages/oslo_config/cfg.py:3253}}
Jul 03 04:15:03.464497 np0000004364 nova-scheduler[96268]: DEBUG cotyledon.oslo_config_glue [-] oslo_messaging_rabbit.rabbit_quorum_max_memory_bytes = 0 {{(pid=96268) log_opt_values /opt/stack/data/venv/lib/python3.12/site-packages/oslo_config/cfg.py:3253}}
Jul 03 04:15:03.464497 np0000004364 nova-scheduler[96268]: DEBUG cotyledon.oslo_config_glue [-] oslo_messaging_rabbit.rabbit_quorum_max_memory_length = 0 {{(pid=96268) log_opt_values /opt/stack/data/venv/lib/python3.12/site-packages/oslo_config/cfg.py:3253}}
Jul 03 04:15:03.464497 np0000004364 nova-scheduler[96268]: DEBUG cotyledon.oslo_config_glue [-] oslo_messaging_rabbit.rabbit_quorum_queue = False {{(pid=96268) log_opt_values /opt/stack/data/venv/lib/python3.12/site-packages/oslo_config/cfg.py:3253}}
Jul 03 04:15:03.464497 np0000004364 nova-scheduler[96268]: DEBUG cotyledon.oslo_config_glue [-] oslo_messaging_rabbit.rabbit_retry_backoff = 2 {{(pid=96268) log_opt_values /opt/stack/data/venv/lib/python3.12/site-packages/oslo_config/cfg.py:3253}}
Jul 03 04:15:03.464497 np0000004364 nova-scheduler[96268]: DEBUG cotyledon.oslo_config_glue [-] oslo_messaging_rabbit.rabbit_retry_interval = 1 {{(pid=96268) log_opt_values /opt/stack/data/venv/lib/python3.12/site-packages/oslo_config/cfg.py:3253}}
Jul 03 04:15:03.464497 np0000004364 nova-scheduler[96268]: DEBUG cotyledon.oslo_config_glue [-] oslo_messaging_rabbit.rabbit_stream_fanout = False {{(pid=96268) log_opt_values /opt/stack/data/venv/lib/python3.12/site-packages/oslo_config/cfg.py:3253}}
Jul 03 04:15:03.464698 np0000004364 nova-scheduler[96268]: DEBUG cotyledon.oslo_config_glue [-] oslo_messaging_rabbit.rabbit_transient_queues_ttl = 1800 {{(pid=96268) log_opt_values /opt/stack/data/venv/lib/python3.12/site-packages/oslo_config/cfg.py:3253}}
Jul 03 04:15:03.464698 np0000004364 nova-scheduler[96268]: DEBUG cotyledon.oslo_config_glue [-] oslo_messaging_rabbit.rabbit_transient_quorum_queue = False {{(pid=96268) log_opt_values /opt/stack/data/venv/lib/python3.12/site-packages/oslo_config/cfg.py:3253}}
Jul 03 04:15:03.464698 np0000004364 nova-scheduler[96268]: DEBUG cotyledon.oslo_config_glue [-] oslo_messaging_rabbit.rpc_conn_pool_size = 30 {{(pid=96268) log_opt_values /opt/stack/data/venv/lib/python3.12/site-packages/oslo_config/cfg.py:3253}}
Jul 03 04:15:03.464698 np0000004364 nova-scheduler[96268]: DEBUG cotyledon.oslo_config_glue [-] oslo_messaging_rabbit.ssl = False {{(pid=96268) log_opt_values /opt/stack/data/venv/lib/python3.12/site-packages/oslo_config/cfg.py:3253}}
Jul 03 04:15:03.464698 np0000004364 nova-scheduler[96268]: DEBUG cotyledon.oslo_config_glue [-] oslo_messaging_rabbit.ssl_ca_file = {{(pid=96268) log_opt_values /opt/stack/data/venv/lib/python3.12/site-packages/oslo_config/cfg.py:3253}}
Jul 03 04:15:03.464698 np0000004364 nova-scheduler[96268]: DEBUG cotyledon.oslo_config_glue [-] oslo_messaging_rabbit.ssl_cert_file = {{(pid=96268) log_opt_values /opt/stack/data/venv/lib/python3.12/site-packages/oslo_config/cfg.py:3253}}
Jul 03 04:15:03.464698 np0000004364 nova-scheduler[96268]: DEBUG cotyledon.oslo_config_glue [-] oslo_messaging_rabbit.ssl_enforce_fips_mode = False {{(pid=96268) log_opt_values /opt/stack/data/venv/lib/python3.12/site-packages/oslo_config/cfg.py:3253}}
Jul 03 04:15:03.464698 np0000004364 nova-scheduler[96268]: DEBUG cotyledon.oslo_config_glue [-] oslo_messaging_rabbit.ssl_enforce_hostname_verification = True {{(pid=96268) log_opt_values /opt/stack/data/venv/lib/python3.12/site-packages/oslo_config/cfg.py:3253}}
Jul 03 04:15:03.464698 np0000004364 nova-scheduler[96268]: DEBUG cotyledon.oslo_config_glue [-] oslo_messaging_rabbit.ssl_key_file = {{(pid=96268) log_opt_values /opt/stack/data/venv/lib/python3.12/site-packages/oslo_config/cfg.py:3253}}
Jul 03 04:15:03.464932 np0000004364 nova-scheduler[96268]: DEBUG cotyledon.oslo_config_glue [-] oslo_messaging_rabbit.ssl_version = {{(pid=96268) log_opt_values /opt/stack/data/venv/lib/python3.12/site-packages/oslo_config/cfg.py:3253}}
Jul 03 04:15:03.464932 np0000004364 nova-scheduler[96268]: DEBUG cotyledon.oslo_config_glue [-] oslo_messaging_rabbit.use_queue_manager = False {{(pid=96268) log_opt_values /opt/stack/data/venv/lib/python3.12/site-packages/oslo_config/cfg.py:3253}}
Jul 03 04:15:03.464932 np0000004364 nova-scheduler[96268]: DEBUG cotyledon.oslo_config_glue [-] oslo_messaging_notifications.driver = ['messagingv2'] {{(pid=96268) log_opt_values /opt/stack/data/venv/lib/python3.12/site-packages/oslo_config/cfg.py:3253}}
Jul 03 04:15:03.464932 np0000004364 nova-scheduler[96268]: DEBUG cotyledon.oslo_config_glue [-] oslo_messaging_notifications.retry = -1 {{(pid=96268) log_opt_values /opt/stack/data/venv/lib/python3.12/site-packages/oslo_config/cfg.py:3253}}
Jul 03 04:15:03.464932 np0000004364 nova-scheduler[96268]: DEBUG cotyledon.oslo_config_glue [-] oslo_messaging_notifications.topics = ['notifications'] {{(pid=96268) log_opt_values /opt/stack/data/venv/lib/python3.12/site-packages/oslo_config/cfg.py:3253}}
Jul 03 04:15:03.464932 np0000004364 nova-scheduler[96268]: DEBUG cotyledon.oslo_config_glue [-] oslo_messaging_notifications.transport_url = **** {{(pid=96268) log_opt_values /opt/stack/data/venv/lib/python3.12/site-packages/oslo_config/cfg.py:3253}}
Jul 03 04:15:03.464932 np0000004364 nova-scheduler[96268]: DEBUG cotyledon.oslo_config_glue [-] oslo_limit.auth_section = None {{(pid=96268) log_opt_values /opt/stack/data/venv/lib/python3.12/site-packages/oslo_config/cfg.py:3253}}
Jul 03 04:15:03.464932 np0000004364 nova-scheduler[96268]: DEBUG cotyledon.oslo_config_glue [-] oslo_limit.auth_type = None {{(pid=96268) log_opt_values /opt/stack/data/venv/lib/python3.12/site-packages/oslo_config/cfg.py:3253}}
Jul 03 04:15:03.464932 np0000004364 nova-scheduler[96268]: DEBUG cotyledon.oslo_config_glue [-] oslo_limit.cafile = None {{(pid=96268) log_opt_values /opt/stack/data/venv/lib/python3.12/site-packages/oslo_config/cfg.py:3253}}
Jul 03 04:15:03.465188 np0000004364 nova-scheduler[96268]: DEBUG cotyledon.oslo_config_glue [-] oslo_limit.certfile = None {{(pid=96268) log_opt_values /opt/stack/data/venv/lib/python3.12/site-packages/oslo_config/cfg.py:3253}}
Jul 03 04:15:03.465230 np0000004364 nova-scheduler[96266]: DEBUG oslo_db.sqlalchemy.engines [None req-22781418-bc67-4d5a-98a2-804472a88d6d None None] MySQL server mode set to STRICT_TRANS_TABLES,STRICT_ALL_TABLES,NO_ZERO_IN_DATE,NO_ZERO_DATE,ERROR_FOR_DIVISION_BY_ZERO,TRADITIONAL,NO_ENGINE_SUBSTITUTION {{(pid=96266) _check_effective_sql_mode /opt/stack/data/venv/lib/python3.12/site-packages/oslo_db/sqlalchemy/engines.py:325}}
Jul 03 04:15:03.465272 np0000004364 nova-scheduler[96268]: DEBUG cotyledon.oslo_config_glue [-] oslo_limit.collect_timing = False {{(pid=96268) log_opt_values /opt/stack/data/venv/lib/python3.12/site-packages/oslo_config/cfg.py:3253}}
Jul 03 04:15:03.465272 np0000004364 nova-scheduler[96268]: DEBUG cotyledon.oslo_config_glue [-] oslo_limit.connect_retries = None {{(pid=96268) log_opt_values /opt/stack/data/venv/lib/python3.12/site-packages/oslo_config/cfg.py:3253}}
Jul 03 04:15:03.465272 np0000004364 nova-scheduler[96268]: DEBUG cotyledon.oslo_config_glue [-] oslo_limit.connect_retry_delay = None {{(pid=96268) log_opt_values /opt/stack/data/venv/lib/python3.12/site-packages/oslo_config/cfg.py:3253}}
Jul 03 04:15:03.465272 np0000004364 nova-scheduler[96268]: DEBUG cotyledon.oslo_config_glue [-] oslo_limit.endpoint_id = None {{(pid=96268) log_opt_values /opt/stack/data/venv/lib/python3.12/site-packages/oslo_config/cfg.py:3253}}
Jul 03 04:15:03.465272 np0000004364 nova-scheduler[96268]: DEBUG cotyledon.oslo_config_glue [-] oslo_limit.endpoint_interface = public {{(pid=96268) log_opt_values /opt/stack/data/venv/lib/python3.12/site-packages/oslo_config/cfg.py:3253}}
Jul 03 04:15:03.465272 np0000004364 nova-scheduler[96268]: DEBUG cotyledon.oslo_config_glue [-] oslo_limit.endpoint_override = None {{(pid=96268) log_opt_values /opt/stack/data/venv/lib/python3.12/site-packages/oslo_config/cfg.py:3253}}
Jul 03 04:15:03.465272 np0000004364 nova-scheduler[96268]: DEBUG cotyledon.oslo_config_glue [-] oslo_limit.endpoint_region_name = None {{(pid=96268) log_opt_values /opt/stack/data/venv/lib/python3.12/site-packages/oslo_config/cfg.py:3253}}
Jul 03 04:15:03.465272 np0000004364 nova-scheduler[96268]: DEBUG cotyledon.oslo_config_glue [-] oslo_limit.endpoint_service_name = None {{(pid=96268) log_opt_values /opt/stack/data/venv/lib/python3.12/site-packages/oslo_config/cfg.py:3253}}
Jul 03 04:15:03.465272 np0000004364 nova-scheduler[96268]: DEBUG cotyledon.oslo_config_glue [-] oslo_limit.endpoint_service_type = None {{(pid=96268) log_opt_values /opt/stack/data/venv/lib/python3.12/site-packages/oslo_config/cfg.py:3253}}
Jul 03 04:15:03.465575 np0000004364 nova-scheduler[96268]: DEBUG cotyledon.oslo_config_glue [-] oslo_limit.insecure = False {{(pid=96268) log_opt_values /opt/stack/data/venv/lib/python3.12/site-packages/oslo_config/cfg.py:3253}}
Jul 03 04:15:03.465575 np0000004364 nova-scheduler[96268]: DEBUG cotyledon.oslo_config_glue [-] oslo_limit.keyfile = None {{(pid=96268) log_opt_values /opt/stack/data/venv/lib/python3.12/site-packages/oslo_config/cfg.py:3253}}
Jul 03 04:15:03.465575 np0000004364 nova-scheduler[96268]: DEBUG cotyledon.oslo_config_glue [-] oslo_limit.max_version = None {{(pid=96268) log_opt_values /opt/stack/data/venv/lib/python3.12/site-packages/oslo_config/cfg.py:3253}}
Jul 03 04:15:03.465575 np0000004364 nova-scheduler[96268]: DEBUG cotyledon.oslo_config_glue [-] oslo_limit.min_version = None {{(pid=96268) log_opt_values /opt/stack/data/venv/lib/python3.12/site-packages/oslo_config/cfg.py:3253}}
Jul 03 04:15:03.465575 np0000004364 nova-scheduler[96268]: DEBUG cotyledon.oslo_config_glue [-] oslo_limit.region_name = None {{(pid=96268) log_opt_values /opt/stack/data/venv/lib/python3.12/site-packages/oslo_config/cfg.py:3253}}
Jul 03 04:15:03.465575 np0000004364 nova-scheduler[96268]: DEBUG cotyledon.oslo_config_glue [-] oslo_limit.retriable_status_codes = None {{(pid=96268) log_opt_values /opt/stack/data/venv/lib/python3.12/site-packages/oslo_config/cfg.py:3253}}
Jul 03 04:15:03.465575 np0000004364 nova-scheduler[96268]: DEBUG cotyledon.oslo_config_glue [-] oslo_limit.service_name = None {{(pid=96268) log_opt_values /opt/stack/data/venv/lib/python3.12/site-packages/oslo_config/cfg.py:3253}}
Jul 03 04:15:03.465575 np0000004364 nova-scheduler[96268]: DEBUG cotyledon.oslo_config_glue [-] oslo_limit.service_type = None {{(pid=96268) log_opt_values /opt/stack/data/venv/lib/python3.12/site-packages/oslo_config/cfg.py:3253}}
Jul 03 04:15:03.465575 np0000004364 nova-scheduler[96268]: DEBUG cotyledon.oslo_config_glue [-] oslo_limit.split_loggers = False {{(pid=96268) log_opt_values /opt/stack/data/venv/lib/python3.12/site-packages/oslo_config/cfg.py:3253}}
Jul 03 04:15:03.465918 np0000004364 nova-scheduler[96268]: DEBUG cotyledon.oslo_config_glue [-] oslo_limit.status_code_retries = None {{(pid=96268) log_opt_values /opt/stack/data/venv/lib/python3.12/site-packages/oslo_config/cfg.py:3253}}
Jul 03 04:15:03.465918 np0000004364 nova-scheduler[96268]: DEBUG cotyledon.oslo_config_glue [-] oslo_limit.status_code_retry_delay = None {{(pid=96268) log_opt_values /opt/stack/data/venv/lib/python3.12/site-packages/oslo_config/cfg.py:3253}}
Jul 03 04:15:03.465918 np0000004364 nova-scheduler[96268]: DEBUG cotyledon.oslo_config_glue [-] oslo_limit.timeout = None {{(pid=96268) log_opt_values /opt/stack/data/venv/lib/python3.12/site-packages/oslo_config/cfg.py:3253}}
Jul 03 04:15:03.465918 np0000004364 nova-scheduler[96268]: DEBUG cotyledon.oslo_config_glue [-] oslo_limit.valid_interfaces = None {{(pid=96268) log_opt_values /opt/stack/data/venv/lib/python3.12/site-packages/oslo_config/cfg.py:3253}}
Jul 03 04:15:03.465918 np0000004364 nova-scheduler[96268]: DEBUG cotyledon.oslo_config_glue [-] oslo_limit.version = None {{(pid=96268) log_opt_values /opt/stack/data/venv/lib/python3.12/site-packages/oslo_config/cfg.py:3253}}
Jul 03 04:15:03.465918 np0000004364 nova-scheduler[96268]: DEBUG cotyledon.oslo_config_glue [-] oslo_reports.file_event_handler = None {{(pid=96268) log_opt_values /opt/stack/data/venv/lib/python3.12/site-packages/oslo_config/cfg.py:3253}}
Jul 03 04:15:03.465918 np0000004364 nova-scheduler[96268]: DEBUG cotyledon.oslo_config_glue [-] oslo_reports.file_event_handler_interval = 1 {{(pid=96268) log_opt_values /opt/stack/data/venv/lib/python3.12/site-packages/oslo_config/cfg.py:3253}}
Jul 03 04:15:03.465918 np0000004364 nova-scheduler[96268]: DEBUG cotyledon.oslo_config_glue [-] oslo_reports.log_dir = None {{(pid=96268) log_opt_values /opt/stack/data/venv/lib/python3.12/site-packages/oslo_config/cfg.py:3253}}
Jul 03 04:15:03.465918 np0000004364 nova-scheduler[96268]: DEBUG cotyledon.oslo_config_glue [-] ******************************************************************************** {{(pid=96268) log_opt_values /opt/stack/data/venv/lib/python3.12/site-packages/oslo_config/cfg.py:3260}}
Jul 03 04:15:03.466200 np0000004364 nova-scheduler[96268]: DEBUG cotyledon._service_worker [-] Run service ServiceWrapper(3) [96268] {{(pid=96268) wait_forever /opt/stack/data/venv/lib/python3.12/site-packages/cotyledon/_service_worker.py:218}}
Jul 03 04:15:03.466200 np0000004364 nova-scheduler[96268]: INFO nova.service [-] Starting scheduler node (version 33.1.0)
Jul 03 04:15:03.466200 np0000004364 nova-scheduler[96268]: INFO dbcounter [None req-11cb1145-748f-4d35-9463-5312ca7c66da None None] Registered counter for database nova_cell0
Jul 03 04:15:03.468434 np0000004364 nova-scheduler[96266]: DEBUG dbcounter [-] [96266] Writer thread running {{(pid=96266) stat_writer /opt/stack/data/venv/lib/python3.12/site-packages/dbcounter.py:102}}
Jul 03 04:15:03.472710 np0000004364 nova-scheduler[96264]: DEBUG nova.service [None req-40792725-064b-4930-9e02-311056476e42 None None] Creating RPC server for service: nova-scheduler on topic: scheduler {{(pid=96264) start /opt/stack/nova/nova/service.py:196}}
Jul 03 04:15:03.473818 np0000004364 nova-scheduler[96262]: DEBUG dbcounter [-] [96262] Writer thread running {{(pid=96262) stat_writer /opt/stack/data/venv/lib/python3.12/site-packages/dbcounter.py:102}}
Jul 03 04:15:03.477659 np0000004364 nova-scheduler[96262]: DEBUG nova.service [None req-c764531f-3819-424f-9463-5c2c1a7c8507 None None] Creating RPC server for service: nova-scheduler on topic: scheduler {{(pid=96262) start /opt/stack/nova/nova/service.py:196}}
Jul 03 04:15:03.488036 np0000004364 nova-scheduler[96266]: DEBUG nova.service [None req-22781418-bc67-4d5a-98a2-804472a88d6d None None] Creating RPC server for service: nova-scheduler on topic: scheduler {{(pid=96266) start /opt/stack/nova/nova/service.py:196}}
Jul 03 04:15:03.504542 np0000004364 nova-scheduler[96264]: DEBUG nova.service [None req-40792725-064b-4930-9e02-311056476e42 None None] Join ServiceGroup membership for this service scheduler {{(pid=96264) start /opt/stack/nova/nova/service.py:222}}
Jul 03 04:15:03.504701 np0000004364 nova-scheduler[96264]: DEBUG nova.servicegroup.drivers.db [None req-40792725-064b-4930-9e02-311056476e42 None None] DB_Driver: join new ServiceGroup member np0000004364 to the scheduler group, service = {{(pid=96264) join /opt/stack/nova/nova/servicegroup/drivers/db.py:44}}
Jul 03 04:15:03.507016 np0000004364 nova-scheduler[96262]: DEBUG nova.service [None req-c764531f-3819-424f-9463-5c2c1a7c8507 None None] Join ServiceGroup membership for this service scheduler {{(pid=96262) start /opt/stack/nova/nova/service.py:222}}
Jul 03 04:15:03.507552 np0000004364 nova-scheduler[96262]: DEBUG nova.servicegroup.drivers.db [None req-c764531f-3819-424f-9463-5c2c1a7c8507 None None] DB_Driver: join new ServiceGroup member np0000004364 to the scheduler group, service = {{(pid=96262) join /opt/stack/nova/nova/servicegroup/drivers/db.py:44}}
Jul 03 04:15:03.508046 np0000004364 nova-scheduler[96266]: DEBUG nova.service [None req-22781418-bc67-4d5a-98a2-804472a88d6d None None] Join ServiceGroup membership for this service scheduler {{(pid=96266) start /opt/stack/nova/nova/service.py:222}}
Jul 03 04:15:03.508299 np0000004364 nova-scheduler[96266]: DEBUG nova.servicegroup.drivers.db [None req-22781418-bc67-4d5a-98a2-804472a88d6d None None] DB_Driver: join new ServiceGroup member np0000004364 to the scheduler group, service = {{(pid=96266) join /opt/stack/nova/nova/servicegroup/drivers/db.py:44}}
Jul 03 04:15:03.509515 np0000004364 nova-scheduler[96268]: DEBUG oslo_db.sqlalchemy.engines [None req-11cb1145-748f-4d35-9463-5312ca7c66da None None] MySQL server mode set to STRICT_TRANS_TABLES,STRICT_ALL_TABLES,NO_ZERO_IN_DATE,NO_ZERO_DATE,ERROR_FOR_DIVISION_BY_ZERO,TRADITIONAL,NO_ENGINE_SUBSTITUTION {{(pid=96268) _check_effective_sql_mode /opt/stack/data/venv/lib/python3.12/site-packages/oslo_db/sqlalchemy/engines.py:325}}
Jul 03 04:15:03.519478 np0000004364 nova-scheduler[96268]: DEBUG dbcounter [-] [96268] Writer thread running {{(pid=96268) stat_writer /opt/stack/data/venv/lib/python3.12/site-packages/dbcounter.py:102}}
Jul 03 04:15:03.522949 np0000004364 nova-scheduler[96268]: DEBUG nova.service [None req-11cb1145-748f-4d35-9463-5312ca7c66da None None] Creating RPC server for service: nova-scheduler on topic: scheduler {{(pid=96268) start /opt/stack/nova/nova/service.py:196}}
Jul 03 04:15:03.543352 np0000004364 nova-scheduler[96268]: DEBUG nova.service [None req-11cb1145-748f-4d35-9463-5312ca7c66da None None] Join ServiceGroup membership for this service scheduler {{(pid=96268) start /opt/stack/nova/nova/service.py:222}}
Jul 03 04:15:03.543352 np0000004364 nova-scheduler[96268]: DEBUG nova.servicegroup.drivers.db [None req-11cb1145-748f-4d35-9463-5312ca7c66da None None] DB_Driver: join new ServiceGroup member np0000004364 to the scheduler group, service = {{(pid=96268) join /opt/stack/nova/nova/servicegroup/drivers/db.py:44}}
Jul 03 04:15:07.511080 np0000004364 nova-scheduler[96266]: DEBUG oslo.service.backend._threading.loopingcall [None req-f32fd35f-fc83-43f1-aeb0-502fe6f5ea6e None None] Dynamic interval looping call 'nova.service.Service.periodic_tasks' sleeping for 60.00 seconds {{(pid=96266) _run_loop /opt/stack/data/venv/lib/python3.12/site-packages/oslo_service/backend/_threading/loopingcall.py:125}}
Jul 03 04:15:08.517016 np0000004364 nova-scheduler[96264]: DEBUG oslo.service.backend._threading.loopingcall [-] Fixed interval looping call 'nova.servicegroup.drivers.db.DbDriver._report_state' sleeping for 119.99 seconds {{(pid=96264) _run_loop /opt/stack/data/venv/lib/python3.12/site-packages/oslo_service/backend/_threading/loopingcall.py:125}}
Jul 03 04:15:08.520357 np0000004364 nova-scheduler[96266]: DEBUG oslo.service.backend._threading.loopingcall [-] Fixed interval looping call 'nova.servicegroup.drivers.db.DbDriver._report_state' sleeping for 119.99 seconds {{(pid=96266) _run_loop /opt/stack/data/venv/lib/python3.12/site-packages/oslo_service/backend/_threading/loopingcall.py:125}}
Jul 03 04:15:08.520564 np0000004364 nova-scheduler[96262]: DEBUG oslo.service.backend._threading.loopingcall [-] Fixed interval looping call 'nova.servicegroup.drivers.db.DbDriver._report_state' sleeping for 119.99 seconds {{(pid=96262) _run_loop /opt/stack/data/venv/lib/python3.12/site-packages/oslo_service/backend/_threading/loopingcall.py:125}}
Jul 03 04:15:08.553666 np0000004364 nova-scheduler[96268]: DEBUG oslo.service.backend._threading.loopingcall [-] Fixed interval looping call 'nova.servicegroup.drivers.db.DbDriver._report_state' sleeping for 119.99 seconds {{(pid=96268) _run_loop /opt/stack/data/venv/lib/python3.12/site-packages/oslo_service/backend/_threading/loopingcall.py:125}}
Jul 03 04:15:12.063986 np0000004364 nova-scheduler[95067]: DEBUG dbcounter [-] [95067] Writing DB stats nova_api:SELECT=3 {{(pid=95067) stat_writer /opt/stack/data/venv/lib/python3.12/site-packages/dbcounter.py:115}}
Jul 03 04:15:12.203657 np0000004364 nova-scheduler[95067]: DEBUG dbcounter [-] [95067] Writing DB stats nova_cell0:SELECT=1 {{(pid=95067) stat_writer /opt/stack/data/venv/lib/python3.12/site-packages/dbcounter.py:115}}
Jul 03 04:15:12.208607 np0000004364 nova-scheduler[95067]: DEBUG dbcounter [-] [95067] Writing DB stats nova_cell1:SELECT=1 {{(pid=95067) stat_writer /opt/stack/data/venv/lib/python3.12/site-packages/dbcounter.py:115}}
Jul 03 04:15:18.513581 np0000004364 nova-scheduler[96264]: DEBUG dbcounter [-] [96264] Writing DB stats nova_cell0:SELECT=4,nova_cell0:INSERT=1,nova_cell0:UPDATE=1 {{(pid=96264) stat_writer /opt/stack/data/venv/lib/python3.12/site-packages/dbcounter.py:115}}
Jul 03 04:15:18.516559 np0000004364 nova-scheduler[96266]: DEBUG dbcounter [-] [96266] Writing DB stats nova_cell0:SELECT=4,nova_cell0:INSERT=1,nova_cell0:UPDATE=1 {{(pid=96266) stat_writer /opt/stack/data/venv/lib/python3.12/site-packages/dbcounter.py:115}}
Jul 03 04:15:18.517604 np0000004364 nova-scheduler[96262]: DEBUG dbcounter [-] [96262] Writing DB stats nova_cell0:SELECT=3 {{(pid=96262) stat_writer /opt/stack/data/venv/lib/python3.12/site-packages/dbcounter.py:115}}
Jul 03 04:15:18.549834 np0000004364 nova-scheduler[96268]: DEBUG dbcounter [-] [96268] Writing DB stats nova_cell0:SELECT=3 {{(pid=96268) stat_writer /opt/stack/data/venv/lib/python3.12/site-packages/dbcounter.py:115}}
Jul 03 04:15:29.509824 np0000004364 nova-scheduler[96262]: DEBUG oslo.service.backend._threading.loopingcall [None req-2e4f1b34-caf4-413e-887a-bcb134694d53 None None] Dynamic interval looping call 'nova.service.Service.periodic_tasks' sleeping for 60.00 seconds {{(pid=96262) _run_loop /opt/stack/data/venv/lib/python3.12/site-packages/oslo_service/backend/_threading/loopingcall.py:125}}
Jul 03 04:16:00.544949 np0000004364 nova-scheduler[96268]: DEBUG oslo.service.backend._threading.loopingcall [None req-ca56c6db-0db0-4a1f-9e38-498ffae78ba2 None None] Dynamic interval looping call 'nova.service.Service.periodic_tasks' sleeping for 60.00 seconds {{(pid=96268) _run_loop /opt/stack/data/venv/lib/python3.12/site-packages/oslo_service/backend/_threading/loopingcall.py:125}}
Jul 03 04:16:02.506400 np0000004364 nova-scheduler[96264]: DEBUG oslo.service.backend._threading.loopingcall [None req-f26966ed-f97d-4c0d-a1c7-b1e86da1047a None None] Dynamic interval looping call 'nova.service.Service.periodic_tasks' sleeping for 60.00 seconds {{(pid=96264) _run_loop /opt/stack/data/venv/lib/python3.12/site-packages/oslo_service/backend/_threading/loopingcall.py:125}}
Jul 03 04:16:07.511628 np0000004364 nova-scheduler[96266]: DEBUG oslo.service.backend._threading.loopingcall [None req-f32fd35f-fc83-43f1-aeb0-502fe6f5ea6e None None] Dynamic interval looping call 'nova.service.Service.periodic_tasks' sleeping for 60.00 seconds {{(pid=96266) _run_loop /opt/stack/data/venv/lib/python3.12/site-packages/oslo_service/backend/_threading/loopingcall.py:125}}
Jul 03 04:16:29.510275 np0000004364 nova-scheduler[96262]: DEBUG oslo.service.backend._threading.loopingcall [None req-2e4f1b34-caf4-413e-887a-bcb134694d53 None None] Dynamic interval looping call 'nova.service.Service.periodic_tasks' sleeping for 60.00 seconds {{(pid=96262) _run_loop /opt/stack/data/venv/lib/python3.12/site-packages/oslo_service/backend/_threading/loopingcall.py:125}}
Jul 03 04:17:00.561076 np0000004364 nova-scheduler[96268]: DEBUG oslo.service.backend._threading.loopingcall [None req-ca56c6db-0db0-4a1f-9e38-498ffae78ba2 None None] Dynamic interval looping call 'nova.service.Service.periodic_tasks' sleeping for 60.00 seconds {{(pid=96268) _run_loop /opt/stack/data/venv/lib/python3.12/site-packages/oslo_service/backend/_threading/loopingcall.py:125}}
Jul 03 04:17:02.506872 np0000004364 nova-scheduler[96264]: DEBUG oslo.service.backend._threading.loopingcall [None req-f26966ed-f97d-4c0d-a1c7-b1e86da1047a None None] Dynamic interval looping call 'nova.service.Service.periodic_tasks' sleeping for 60.00 seconds {{(pid=96264) _run_loop /opt/stack/data/venv/lib/python3.12/site-packages/oslo_service/backend/_threading/loopingcall.py:125}}
Jul 03 04:17:07.512149 np0000004364 nova-scheduler[96266]: DEBUG oslo.service.backend._threading.loopingcall [None req-f32fd35f-fc83-43f1-aeb0-502fe6f5ea6e None None] Dynamic interval looping call 'nova.service.Service.periodic_tasks' sleeping for 60.00 seconds {{(pid=96266) _run_loop /opt/stack/data/venv/lib/python3.12/site-packages/oslo_service/backend/_threading/loopingcall.py:125}}
Jul 03 04:17:08.515685 np0000004364 nova-scheduler[96264]: DEBUG oslo.service.backend._threading.loopingcall [-] Fixed interval looping call 'nova.servicegroup.drivers.db.DbDriver._report_state' sleeping for 119.99 seconds {{(pid=96264) _run_loop /opt/stack/data/venv/lib/python3.12/site-packages/oslo_service/backend/_threading/loopingcall.py:125}}
Jul 03 04:17:08.520096 np0000004364 nova-scheduler[96266]: DEBUG oslo.service.backend._threading.loopingcall [-] Fixed interval looping call 'nova.servicegroup.drivers.db.DbDriver._report_state' sleeping for 119.99 seconds {{(pid=96266) _run_loop /opt/stack/data/venv/lib/python3.12/site-packages/oslo_service/backend/_threading/loopingcall.py:125}}
Jul 03 04:17:08.523203 np0000004364 nova-scheduler[96262]: DEBUG oslo.service.backend._threading.loopingcall [-] Fixed interval looping call 'nova.servicegroup.drivers.db.DbDriver._report_state' sleeping for 119.99 seconds {{(pid=96262) _run_loop /opt/stack/data/venv/lib/python3.12/site-packages/oslo_service/backend/_threading/loopingcall.py:125}}
Jul 03 04:17:08.547145 np0000004364 nova-scheduler[96268]: DEBUG oslo.service.backend._threading.loopingcall [-] Fixed interval looping call 'nova.servicegroup.drivers.db.DbDriver._report_state' sleeping for 120.00 seconds {{(pid=96268) _run_loop /opt/stack/data/venv/lib/python3.12/site-packages/oslo_service/backend/_threading/loopingcall.py:125}}
Jul 03 04:17:18.510993 np0000004364 nova-scheduler[96264]: DEBUG dbcounter [-] [96264] Writing DB stats nova_cell0:SELECT=1,nova_cell0:UPDATE=1 {{(pid=96264) stat_writer /opt/stack/data/venv/lib/python3.12/site-packages/dbcounter.py:115}}
Jul 03 04:17:18.518992 np0000004364 nova-scheduler[96266]: DEBUG dbcounter [-] [96266] Writing DB stats nova_cell0:SELECT=1,nova_cell0:UPDATE=1 {{(pid=96266) stat_writer /opt/stack/data/venv/lib/python3.12/site-packages/dbcounter.py:115}}
Jul 03 04:17:18.521604 np0000004364 nova-scheduler[96262]: DEBUG dbcounter [-] [96262] Writing DB stats nova_cell0:SELECT=1,nova_cell0:UPDATE=1 {{(pid=96262) stat_writer /opt/stack/data/venv/lib/python3.12/site-packages/dbcounter.py:115}}
Jul 03 04:17:18.545825 np0000004364 nova-scheduler[96268]: DEBUG dbcounter [-] [96268] Writing DB stats nova_cell0:SELECT=1 {{(pid=96268) stat_writer /opt/stack/data/venv/lib/python3.12/site-packages/dbcounter.py:115}}
Jul 03 04:17:29.511198 np0000004364 nova-scheduler[96262]: DEBUG oslo.service.backend._threading.loopingcall [None req-2e4f1b34-caf4-413e-887a-bcb134694d53 None None] Dynamic interval looping call 'nova.service.Service.periodic_tasks' sleeping for 60.00 seconds {{(pid=96262) _run_loop /opt/stack/data/venv/lib/python3.12/site-packages/oslo_service/backend/_threading/loopingcall.py:125}}
Jul 03 04:17:29.524856 np0000004364 nova-scheduler[96264]: DEBUG nova.scheduler.manager [None req-91031512-ea66-4032-86ce-06c3ccba9de5 tempest-ServerBootFromVolumeStableRescueTest-1451627323 tempest-ServerBootFromVolumeStableRescueTest-1451627323-project-member] Starting to schedule for instances: ['b5ee81e7-eef9-4b72-a375-30801621eafc'] {{(pid=96264) select_destinations /opt/stack/nova/nova/scheduler/manager.py:209}}
Jul 03 04:17:29.526699 np0000004364 nova-scheduler[96264]: DEBUG nova.scheduler.request_filter [None req-91031512-ea66-4032-86ce-06c3ccba9de5 tempest-ServerBootFromVolumeStableRescueTest-1451627323 tempest-ServerBootFromVolumeStableRescueTest-1451627323-project-member] compute_status_filter request filter added forbidden trait COMPUTE_STATUS_DISABLED {{(pid=96264) compute_status_filter /opt/stack/nova/nova/scheduler/request_filter.py:253}}
Jul 03 04:17:29.526944 np0000004364 nova-scheduler[96264]: DEBUG nova.scheduler.request_filter [None req-91031512-ea66-4032-86ce-06c3ccba9de5 tempest-ServerBootFromVolumeStableRescueTest-1451627323 tempest-ServerBootFromVolumeStableRescueTest-1451627323-project-member] Request filter 'compute_status_filter' took 0.0 seconds {{(pid=96264) wrapper /opt/stack/nova/nova/scheduler/request_filter.py:46}}
Jul 03 04:17:29.527495 np0000004364 nova-scheduler[96264]: DEBUG nova.scheduler.request_filter [None req-91031512-ea66-4032-86ce-06c3ccba9de5 tempest-ServerBootFromVolumeStableRescueTest-1451627323 tempest-ServerBootFromVolumeStableRescueTest-1451627323-project-member] Request filter 'accelerators_filter' took 0.0 seconds {{(pid=96264) wrapper /opt/stack/nova/nova/scheduler/request_filter.py:46}}
Jul 03 04:17:29.527811 np0000004364 nova-scheduler[96264]: DEBUG nova.scheduler.request_filter [None req-91031512-ea66-4032-86ce-06c3ccba9de5 tempest-ServerBootFromVolumeStableRescueTest-1451627323 tempest-ServerBootFromVolumeStableRescueTest-1451627323-project-member] Request filter 'packed_virtqueue_filter' took 0.0 seconds {{(pid=96264) wrapper /opt/stack/nova/nova/scheduler/request_filter.py:46}}
Jul 03 04:17:29.528135 np0000004364 nova-scheduler[96264]: DEBUG nova.scheduler.request_filter [None req-91031512-ea66-4032-86ce-06c3ccba9de5 tempest-ServerBootFromVolumeStableRescueTest-1451627323 tempest-ServerBootFromVolumeStableRescueTest-1451627323-project-member] Request filter 'remote_managed_ports_filter' took 0.0 seconds {{(pid=96264) wrapper /opt/stack/nova/nova/scheduler/request_filter.py:46}}
Jul 03 04:17:29.528376 np0000004364 nova-scheduler[96264]: DEBUG nova.scheduler.request_filter [None req-91031512-ea66-4032-86ce-06c3ccba9de5 tempest-ServerBootFromVolumeStableRescueTest-1451627323 tempest-ServerBootFromVolumeStableRescueTest-1451627323-project-member] ephemeral_encryption_filter skipped {{(pid=96264) ephemeral_encryption_filter /opt/stack/nova/nova/scheduler/request_filter.py:426}}
Jul 03 04:17:29.528589 np0000004364 nova-scheduler[96264]: DEBUG nova.scheduler.request_filter [None req-91031512-ea66-4032-86ce-06c3ccba9de5 tempest-ServerBootFromVolumeStableRescueTest-1451627323 tempest-ServerBootFromVolumeStableRescueTest-1451627323-project-member] virtio_sound_filter skipped {{(pid=96264) virtio_sound_filter /opt/stack/nova/nova/scheduler/request_filter.py:460}}
Jul 03 04:17:29.528757 np0000004364 nova-scheduler[96264]: DEBUG nova.scheduler.request_filter [None req-91031512-ea66-4032-86ce-06c3ccba9de5 tempest-ServerBootFromVolumeStableRescueTest-1451627323 tempest-ServerBootFromVolumeStableRescueTest-1451627323-project-member] tpm_secret_security_filter skipped {{(pid=96264) tpm_secret_security_filter /opt/stack/nova/nova/scheduler/request_filter.py:477}}
Jul 03 04:17:30.202197 np0000004364 nova-scheduler[96264]: INFO nova.utils [None req-91031512-ea66-4032-86ce-06c3ccba9de5 tempest-ServerBootFromVolumeStableRescueTest-1451627323 tempest-ServerBootFromVolumeStableRescueTest-1451627323-project-member] The cell worker thread pool ForkProcess-2.cell_worker is initialized
Jul 03 04:17:30.202644 np0000004364 nova-scheduler[96264]: DEBUG oslo_concurrency.lockutils [None req-91031512-ea66-4032-86ce-06c3ccba9de5 tempest-ServerBootFromVolumeStableRescueTest-1451627323 tempest-ServerBootFromVolumeStableRescueTest-1451627323-project-member] Acquiring lock "8367bf1e-5d43-4b42-b1bb-4721729a5378" by "nova.context.set_target_cell..get_or_set_cached_cell_and_set_connections" {{(pid=96264) inner /opt/stack/data/venv/lib/python3.12/site-packages/oslo_concurrency/lockutils.py:511}}
Jul 03 04:17:30.202644 np0000004364 nova-scheduler[96264]: DEBUG oslo_concurrency.lockutils [None req-91031512-ea66-4032-86ce-06c3ccba9de5 tempest-ServerBootFromVolumeStableRescueTest-1451627323 tempest-ServerBootFromVolumeStableRescueTest-1451627323-project-member] Lock "8367bf1e-5d43-4b42-b1bb-4721729a5378" acquired by "nova.context.set_target_cell..get_or_set_cached_cell_and_set_connections" :: waited 0.000s {{(pid=96264) inner /opt/stack/data/venv/lib/python3.12/site-packages/oslo_concurrency/lockutils.py:524}}
Jul 03 04:17:30.206651 np0000004364 nova-scheduler[96264]: DEBUG oslo_concurrency.lockutils [None req-91031512-ea66-4032-86ce-06c3ccba9de5 tempest-ServerBootFromVolumeStableRescueTest-1451627323 tempest-ServerBootFromVolumeStableRescueTest-1451627323-project-member] Lock "8367bf1e-5d43-4b42-b1bb-4721729a5378" "released" by "nova.context.set_target_cell..get_or_set_cached_cell_and_set_connections" :: held 0.004s {{(pid=96264) inner /opt/stack/data/venv/lib/python3.12/site-packages/oslo_concurrency/lockutils.py:543}}
Jul 03 04:17:30.209246 np0000004364 nova-scheduler[96264]: INFO dbcounter [None req-91031512-ea66-4032-86ce-06c3ccba9de5 tempest-ServerBootFromVolumeStableRescueTest-1451627323 tempest-ServerBootFromVolumeStableRescueTest-1451627323-project-member] Registered counter for database nova_cell1
Jul 03 04:17:30.250466 np0000004364 nova-scheduler[96264]: DEBUG oslo_db.sqlalchemy.engines [None req-91031512-ea66-4032-86ce-06c3ccba9de5 tempest-ServerBootFromVolumeStableRescueTest-1451627323 tempest-ServerBootFromVolumeStableRescueTest-1451627323-project-member] MySQL server mode set to STRICT_TRANS_TABLES,STRICT_ALL_TABLES,NO_ZERO_IN_DATE,NO_ZERO_DATE,ERROR_FOR_DIVISION_BY_ZERO,TRADITIONAL,NO_ENGINE_SUBSTITUTION {{(pid=96264) _check_effective_sql_mode /opt/stack/data/venv/lib/python3.12/site-packages/oslo_db/sqlalchemy/engines.py:325}}
Jul 03 04:17:30.257395 np0000004364 nova-scheduler[96264]: DEBUG dbcounter [-] [96264] Writer thread running {{(pid=96264) stat_writer /opt/stack/data/venv/lib/python3.12/site-packages/dbcounter.py:102}}
Jul 03 04:17:30.272313 np0000004364 nova-scheduler[96264]: DEBUG oslo_db.sqlalchemy.engines [None req-91031512-ea66-4032-86ce-06c3ccba9de5 tempest-ServerBootFromVolumeStableRescueTest-1451627323 tempest-ServerBootFromVolumeStableRescueTest-1451627323-project-member] Parent process 95067 forked (96264) with an open database connection, which is being discarded and recreated. {{(pid=96264) checkout /opt/stack/data/venv/lib/python3.12/site-packages/oslo_db/sqlalchemy/engines.py:402}}
Jul 03 04:17:30.325715 np0000004364 nova-scheduler[96264]: DEBUG dbcounter [-] [96264] Writer thread running {{(pid=96264) stat_writer /opt/stack/data/venv/lib/python3.12/site-packages/dbcounter.py:102}}
Jul 03 04:17:30.329847 np0000004364 nova-scheduler[96264]: DEBUG oslo_concurrency.lockutils [None req-91031512-ea66-4032-86ce-06c3ccba9de5 tempest-ServerBootFromVolumeStableRescueTest-1451627323 tempest-ServerBootFromVolumeStableRescueTest-1451627323-project-member] Acquiring lock "8367bf1e-5d43-4b42-b1bb-4721729a5378" by "nova.context.set_target_cell..get_or_set_cached_cell_and_set_connections" {{(pid=96264) inner /opt/stack/data/venv/lib/python3.12/site-packages/oslo_concurrency/lockutils.py:511}}
Jul 03 04:17:30.330127 np0000004364 nova-scheduler[96264]: DEBUG oslo_concurrency.lockutils [None req-91031512-ea66-4032-86ce-06c3ccba9de5 tempest-ServerBootFromVolumeStableRescueTest-1451627323 tempest-ServerBootFromVolumeStableRescueTest-1451627323-project-member] Lock "8367bf1e-5d43-4b42-b1bb-4721729a5378" acquired by "nova.context.set_target_cell..get_or_set_cached_cell_and_set_connections" :: waited 0.000s {{(pid=96264) inner /opt/stack/data/venv/lib/python3.12/site-packages/oslo_concurrency/lockutils.py:524}}
Jul 03 04:17:30.330334 np0000004364 nova-scheduler[96264]: DEBUG oslo_concurrency.lockutils [None req-91031512-ea66-4032-86ce-06c3ccba9de5 tempest-ServerBootFromVolumeStableRescueTest-1451627323 tempest-ServerBootFromVolumeStableRescueTest-1451627323-project-member] Lock "8367bf1e-5d43-4b42-b1bb-4721729a5378" "released" by "nova.context.set_target_cell..get_or_set_cached_cell_and_set_connections" :: held 0.000s {{(pid=96264) inner /opt/stack/data/venv/lib/python3.12/site-packages/oslo_concurrency/lockutils.py:543}}
Jul 03 04:17:30.334003 np0000004364 nova-scheduler[96264]: DEBUG oslo_concurrency.lockutils [None req-91031512-ea66-4032-86ce-06c3ccba9de5 tempest-ServerBootFromVolumeStableRescueTest-1451627323 tempest-ServerBootFromVolumeStableRescueTest-1451627323-project-member] Acquiring lock "np0000004364-np0000004364" by "nova.scheduler.host_manager.HostState.update.._locked_update" {{(pid=96264) inner /opt/stack/data/venv/lib/python3.12/site-packages/oslo_concurrency/lockutils.py:511}}
Jul 03 04:17:30.334143 np0000004364 nova-scheduler[96264]: DEBUG oslo_concurrency.lockutils [None req-91031512-ea66-4032-86ce-06c3ccba9de5 tempest-ServerBootFromVolumeStableRescueTest-1451627323 tempest-ServerBootFromVolumeStableRescueTest-1451627323-project-member] Lock "np0000004364-np0000004364" acquired by "nova.scheduler.host_manager.HostState.update.._locked_update" :: waited 0.000s {{(pid=96264) inner /opt/stack/data/venv/lib/python3.12/site-packages/oslo_concurrency/lockutils.py:524}}
Jul 03 04:17:30.335821 np0000004364 nova-scheduler[96264]: DEBUG nova.scheduler.host_manager [None req-91031512-ea66-4032-86ce-06c3ccba9de5 tempest-ServerBootFromVolumeStableRescueTest-1451627323 tempest-ServerBootFromVolumeStableRescueTest-1451627323-project-member] Update host state from compute node: ComputeNode(cpu_allocation_ratio=4.0,cpu_info='{"arch": "x86_64", "model": "EPYC-Milan", "vendor": "AMD", "topology": {"cells": 1, "sockets": 16, "cores": 1, "threads": 1}, "maxphysaddr": {"mode": "emulate", "bits": 40}, "features": ["pni", "fsrm", "wbnoinvd", "mtrr", "xsavec", "pae", "pse", "xsaves", "rdtscp", "virt-ssbd", "bmi2", "sse", "fsgsbase", "cx16", "abm", "invpcid", "sse4a", "spec-ctrl", "vmcb-clean", "fxsr", "tsc", "stibp-always-on", "amd-stibp", "svm", "umip", "3dnowprefetch", "ssbd", "xsaveerptr", "mds-no", "lm", "msr", "topoext", "bmi1", "adx", "clzero", "pat", "clflushopt", "fma", "pause-filter", "pdpe1gb", "pschange-mc-no", "smep", "mmxext", "movbe", "lfence-always-serializing", "mmx", "v-vmsave-vmload", "lbrv", "cmp_legacy", "mce", "pse36", "no-nested-data-bp", "npt", "svme-addr-chk", "fpu", "misalignsse", "amd-ssbd", "vme", "pfthreshold", "sep", "mca", "pge", "rdpid", "ssse3", "vaes", "pku", "amd-psfd", "nx", "clflush", "rdrand", "popcnt", "null-sel-clr-base", "xgetbv1", "perfctr_core", "ibrs", "sse4.1", "erms", "vpclmulqdq", "rdctl-no", "aes", "gds-no", "xsaveopt", "rdseed", "arch-capabilities", "sse4.2", "xsave", "syscall", "sha-ni", "vgif", "nrip-save", "tsc_adjust", "lahf_lm", "f16c", "fxsr_opt", "skip-l1dfl-vmentry", "cr8legacy", "ibpb", "tsc-scale", "avx2", "pcid", "pclmuldq", "apic", "hypervisor", "avx", "de", "sse2", "arat", "cmov", "tsc-deadline", "x2apic", "stibp", "flushbyasid", "clwb", "osvw", "smap", "cx8"]}',created_at=2026-07-03T04:15:28Z,current_workload=0,deleted=False,deleted_at=None,disk_allocation_ratio=1.0,disk_available_least=75,free_disk_gb=95,free_ram_mb=63789,host='np0000004364',host_ip=10.4.3.253,hypervisor_hostname='np0000004364',hypervisor_type='QEMU',hypervisor_version=8002002,id=1,local_gb=95,local_gb_used=0,mapped=1,memory_mb=64301,memory_mb_used=512,metrics='[]',numa_topology='{"nova_object.name": "NUMATopology", "nova_object.namespace": "nova", "nova_object.version": "1.2", "nova_object.data": {"cells": [{"nova_object.name": "NUMACell", "nova_object.namespace": "nova", "nova_object.version": "1.5", "nova_object.data": {"id": 0, "cpuset": [0, 1, 2, 3, 4, 5, 6, 7, 8, 9, 10, 11, 12, 13, 14, 15], "pcpuset": [0, 1, 2, 3, 4, 5, 6, 7, 8, 9, 10, 11, 12, 13, 14, 15], "memory": 64301, "cpu_usage": 0, "memory_usage": 0, "pinned_cpus": [], "siblings": [[6], [12], [2], [15], [5], [11], [8], [14], [4], [1], [7], [10], [0], [13], [3], [9]], "mempages": [{"nova_object.name": "NUMAPagesTopology", "nova_object.namespace": "nova", "nova_object.version": "1.1", "nova_object.data": {"size_kb": 4, "total": 16461068, "used": 0, "reserved": 0}, "nova_object.changes": ["reserved", "size_kb", "total", "used"]}, {"nova_object.name": "NUMAPagesTopology", "nova_object.namespace": "nova", "nova_object.version": "1.1", "nova_object.data": {"size_kb": 2048, "total": 0, "used": 0, "reserved": 0}, "nova_object.changes": ["reserved", "size_kb", "total", "used"]}, {"nova_object.name": "NUMAPagesTopology", "nova_object.namespace": "nova", "nova_object.version": "1.1", "nova_object.data": {"size_kb": 1048576, "total": 0, "used": 0, "reserved": 0}, "nova_object.changes": ["reserved", "size_kb", "total", "used"]}], "network_metadata": {"nova_object.name": "NetworkMetadata", "nova_object.namespace": "nova", "nova_object.version": "1.0", "nova_object.data": {"physnets": [], "tunneled": false}, "nova_object.changes": ["physnets", "tunneled"]}, "socket": null}, "nova_object.changes": ["mempages", "pinned_cpus", "network_metadata", "memory_usage", "id", "pcpuset", "socket", "cpu_usage", "siblings", "cpuset", "memory"]}]}, "nova_object.changes": ["cells"]}',pci_device_pools=PciDevicePoolList,ram_allocation_ratio=1.0,running_vms=0,service_id=2,stats={failed_builds='0',uptime=' 04:17:14 up 25 min, 2 users, load average: 1.59, 1.50, 0.87
