Jun 09 08:32:40.033229 np0000002429 systemd[1]: Starting devstack@n-api-meta.service - Devstack devstack@n-api-meta.service...
Jun 09 08:32:40.038417 np0000002429 devstack@n-api-meta.service[94981]: [uWSGI] getting INI configuration from /etc/nova/nova-metadata-uwsgi.ini
Jun 09 08:32:40.045306 np0000002429 devstack@n-api-meta.service[94981]: *** Starting uWSGI 2.0.24-debian (64bit) on [Tue Jun 9 08:32:40 2026] ***
Jun 09 08:32:40.045306 np0000002429 devstack@n-api-meta.service[94981]: compiled with version: 13.2.0 on 17 April 2024 16:23:48
Jun 09 08:32:40.045306 np0000002429 devstack@n-api-meta.service[94981]: os: Linux-6.8.0-100-generic #100-Ubuntu SMP PREEMPT_DYNAMIC Tue Jan 13 16:40:06 UTC 2026
Jun 09 08:32:40.045306 np0000002429 devstack@n-api-meta.service[94981]: nodename: np0000002429
Jun 09 08:32:40.045306 np0000002429 devstack@n-api-meta.service[94981]: machine: x86_64
Jun 09 08:32:40.045306 np0000002429 devstack@n-api-meta.service[94981]: clock source: unix
Jun 09 08:32:40.045306 np0000002429 devstack@n-api-meta.service[94981]: pcre jit disabled
Jun 09 08:32:40.045306 np0000002429 devstack@n-api-meta.service[94981]: detected number of CPU cores: 12
Jun 09 08:32:40.045306 np0000002429 devstack@n-api-meta.service[94981]: current working directory: /
Jun 09 08:32:40.045306 np0000002429 devstack@n-api-meta.service[94981]: detected binary path: /usr/bin/uwsgi-core
Jun 09 08:32:40.045306 np0000002429 devstack@n-api-meta.service[94981]: your processes number limit is 95969
Jun 09 08:32:40.045306 np0000002429 devstack@n-api-meta.service[94981]: your memory page size is 4096 bytes
Jun 09 08:32:40.045598 np0000002429 devstack@n-api-meta.service[94981]: detected max file descriptor number: 2048
Jun 09 08:32:40.045598 np0000002429 devstack@n-api-meta.service[94981]: lock engine: pthread robust mutexes
Jun 09 08:32:40.045598 np0000002429 devstack@n-api-meta.service[94981]: thunder lock: enabled
Jun 09 08:32:40.045801 np0000002429 devstack@n-api-meta.service[94981]: uWSGI http bound on 0.0.0.0:8775 fd 5
Jun 09 08:32:40.045828 np0000002429 devstack@n-api-meta.service[94981]: uwsgi socket 0 bound to TCP address 127.0.0.1:46787 (port auto-assigned) fd 4
Jun 09 08:32:40.045904 np0000002429 devstack@n-api-meta.service[94981]: Python version: 3.12.3 (main, Mar 23 2026, 19:04:32) [GCC 13.3.0]
Jun 09 08:32:40.045904 np0000002429 devstack@n-api-meta.service[94981]: PEP 405 virtualenv detected: /opt/stack/data/venv
Jun 09 08:32:40.045904 np0000002429 devstack@n-api-meta.service[94981]: Set PythonHome to /opt/stack/data/venv
Jun 09 08:32:40.080226 np0000002429 devstack@n-api-meta.service[94981]: Python main interpreter initialized at 0x706d850a3668
Jun 09 08:32:40.080226 np0000002429 devstack@n-api-meta.service[94981]: python threads support enabled
Jun 09 08:32:40.080226 np0000002429 devstack@n-api-meta.service[94981]: your server socket listen backlog is limited to 100 connections
Jun 09 08:32:40.080226 np0000002429 devstack@n-api-meta.service[94981]: your mercy for graceful operations on workers is 80 seconds
Jun 09 08:32:40.080745 np0000002429 devstack@n-api-meta.service[94981]: mapped 537436 bytes (524 KB) for 3 cores
Jun 09 08:32:40.080900 np0000002429 devstack@n-api-meta.service[94981]: *** Operational MODE: preforking ***
Jun 09 08:32:40.081123 np0000002429 devstack@n-api-meta.service[94981]: *** uWSGI is running in multiple interpreter mode ***
Jun 09 08:32:40.081123 np0000002429 devstack@n-api-meta.service[94981]: spawned uWSGI master process (pid: 94981)
Jun 09 08:32:40.081279 np0000002429 systemd[1]: Started devstack@n-api-meta.service - Devstack devstack@n-api-meta.service.
Jun 09 08:32:40.081887 np0000002429 devstack@n-api-meta.service[94981]: spawned uWSGI worker 1 (pid: 94983, cores: 1)
Jun 09 08:32:40.082372 np0000002429 devstack@n-api-meta.service[94981]: spawned uWSGI worker 2 (pid: 94984, cores: 1)
Jun 09 08:32:40.083606 np0000002429 devstack@n-api-meta.service[94981]: spawned uWSGI worker 3 (pid: 94985, cores: 1)
Jun 09 08:32:40.083606 np0000002429 devstack@n-api-meta.service[94981]: spawned uWSGI http 1 (pid: 94986)
Jun 09 08:32:40.083606 np0000002429 devstack@n-api-meta.service[94981]: running "unix_signal:15 gracefully_kill_them_all" (master-start)...
Jun 09 08:32:41.629178 np0000002429 devstack@n-api-meta.service[94983]: INFO dbcounter [None req-a5e1a7e9-c624-44e7-8ca1-32b9986c57c6 None None] Registered counter for database nova_api
Jun 09 08:32:41.649827 np0000002429 devstack@n-api-meta.service[94985]: INFO dbcounter [None req-be2ba403-6434-4d54-92c0-31e9d089d5c6 None None] Registered counter for database nova_api
Jun 09 08:32:41.665679 np0000002429 devstack@n-api-meta.service[94984]: INFO dbcounter [None req-cdec3099-60f1-4d7e-a601-5027cceef154 None None] Registered counter for database nova_api
Jun 09 08:32:41.670198 np0000002429 devstack@n-api-meta.service[94983]: DEBUG oslo_db.sqlalchemy.engines [None req-a5e1a7e9-c624-44e7-8ca1-32b9986c57c6 None None] MySQL server mode set to STRICT_TRANS_TABLES,STRICT_ALL_TABLES,NO_ZERO_IN_DATE,NO_ZERO_DATE,ERROR_FOR_DIVISION_BY_ZERO,TRADITIONAL,NO_ENGINE_SUBSTITUTION {{(pid=94983) _check_effective_sql_mode /opt/stack/data/venv/lib/python3.12/site-packages/oslo_db/sqlalchemy/engines.py:325}}
Jun 09 08:32:41.690084 np0000002429 devstack@n-api-meta.service[94985]: DEBUG oslo_db.sqlalchemy.engines [None req-be2ba403-6434-4d54-92c0-31e9d089d5c6 None None] MySQL server mode set to STRICT_TRANS_TABLES,STRICT_ALL_TABLES,NO_ZERO_IN_DATE,NO_ZERO_DATE,ERROR_FOR_DIVISION_BY_ZERO,TRADITIONAL,NO_ENGINE_SUBSTITUTION {{(pid=94985) _check_effective_sql_mode /opt/stack/data/venv/lib/python3.12/site-packages/oslo_db/sqlalchemy/engines.py:325}}
Jun 09 08:32:41.698035 np0000002429 devstack@n-api-meta.service[94983]: DEBUG dbcounter [-] [94983] Writer thread running {{(pid=94983) stat_writer /opt/stack/data/venv/lib/python3.12/site-packages/dbcounter.py:102}}
Jun 09 08:32:41.701095 np0000002429 devstack@n-api-meta.service[94983]: DEBUG nova.context [None req-a5e1a7e9-c624-44e7-8ca1-32b9986c57c6 None None] Found 2 cells: 00000000-0000-0000-0000-000000000000(cell0),7eedca5c-a380-4e62-9fd3-e9e656b0b77b(cell1) {{(pid=94983) load_cells /opt/stack/nova/nova/context.py:509}}
Jun 09 08:32:41.701391 np0000002429 devstack@n-api-meta.service[94983]: INFO nova.utils [None req-a5e1a7e9-c624-44e7-8ca1-32b9986c57c6 None None] The cell worker thread pool MainProcess.cell_worker is initialized
Jun 09 08:32:41.702957 np0000002429 devstack@n-api-meta.service[94983]: DEBUG oslo_concurrency.lockutils [None req-a5e1a7e9-c624-44e7-8ca1-32b9986c57c6 None None] Acquiring lock "00000000-0000-0000-0000-000000000000" by "nova.context.set_target_cell..get_or_set_cached_cell_and_set_connections" {{(pid=94983) inner /opt/stack/data/venv/lib/python3.12/site-packages/oslo_concurrency/lockutils.py:511}}
Jun 09 08:32:41.703104 np0000002429 devstack@n-api-meta.service[94983]: DEBUG oslo_concurrency.lockutils [None req-a5e1a7e9-c624-44e7-8ca1-32b9986c57c6 None None] Lock "00000000-0000-0000-0000-000000000000" acquired by "nova.context.set_target_cell..get_or_set_cached_cell_and_set_connections" :: waited 0.000s {{(pid=94983) inner /opt/stack/data/venv/lib/python3.12/site-packages/oslo_concurrency/lockutils.py:524}}
Jun 09 08:32:41.703443 np0000002429 devstack@n-api-meta.service[94983]: DEBUG oslo_concurrency.lockutils [None req-a5e1a7e9-c624-44e7-8ca1-32b9986c57c6 None None] Lock "00000000-0000-0000-0000-000000000000" "released" by "nova.context.set_target_cell..get_or_set_cached_cell_and_set_connections" :: held 0.000s {{(pid=94983) inner /opt/stack/data/venv/lib/python3.12/site-packages/oslo_concurrency/lockutils.py:543}}
Jun 09 08:32:41.704020 np0000002429 devstack@n-api-meta.service[94983]: DEBUG oslo_concurrency.lockutils [None req-a5e1a7e9-c624-44e7-8ca1-32b9986c57c6 None None] Acquiring lock "7eedca5c-a380-4e62-9fd3-e9e656b0b77b" by "nova.context.set_target_cell..get_or_set_cached_cell_and_set_connections" {{(pid=94983) inner /opt/stack/data/venv/lib/python3.12/site-packages/oslo_concurrency/lockutils.py:511}}
Jun 09 08:32:41.705224 np0000002429 devstack@n-api-meta.service[94983]: INFO dbcounter [None req-a5e1a7e9-c624-44e7-8ca1-32b9986c57c6 None None] Registered counter for database nova_cell0
Jun 09 08:32:41.705953 np0000002429 devstack@n-api-meta.service[94984]: DEBUG oslo_db.sqlalchemy.engines [None req-cdec3099-60f1-4d7e-a601-5027cceef154 None None] MySQL server mode set to STRICT_TRANS_TABLES,STRICT_ALL_TABLES,NO_ZERO_IN_DATE,NO_ZERO_DATE,ERROR_FOR_DIVISION_BY_ZERO,TRADITIONAL,NO_ENGINE_SUBSTITUTION {{(pid=94984) _check_effective_sql_mode /opt/stack/data/venv/lib/python3.12/site-packages/oslo_db/sqlalchemy/engines.py:325}}
Jun 09 08:32:41.706151 np0000002429 devstack@n-api-meta.service[94983]: DEBUG oslo_concurrency.lockutils [None req-a5e1a7e9-c624-44e7-8ca1-32b9986c57c6 None None] Lock "7eedca5c-a380-4e62-9fd3-e9e656b0b77b" acquired by "nova.context.set_target_cell..get_or_set_cached_cell_and_set_connections" :: waited 0.001s {{(pid=94983) inner /opt/stack/data/venv/lib/python3.12/site-packages/oslo_concurrency/lockutils.py:524}}
Jun 09 08:32:41.707549 np0000002429 devstack@n-api-meta.service[94983]: DEBUG oslo_concurrency.lockutils [None req-a5e1a7e9-c624-44e7-8ca1-32b9986c57c6 None None] Lock "7eedca5c-a380-4e62-9fd3-e9e656b0b77b" "released" by "nova.context.set_target_cell..get_or_set_cached_cell_and_set_connections" :: held 0.002s {{(pid=94983) inner /opt/stack/data/venv/lib/python3.12/site-packages/oslo_concurrency/lockutils.py:543}}
Jun 09 08:32:41.708536 np0000002429 devstack@n-api-meta.service[94983]: INFO dbcounter [None req-a5e1a7e9-c624-44e7-8ca1-32b9986c57c6 None None] Registered counter for database nova_cell1
Jun 09 08:32:41.722050 np0000002429 devstack@n-api-meta.service[94985]: DEBUG dbcounter [-] [94985] Writer thread running {{(pid=94985) stat_writer /opt/stack/data/venv/lib/python3.12/site-packages/dbcounter.py:102}}
Jun 09 08:32:41.724370 np0000002429 devstack@n-api-meta.service[94985]: DEBUG nova.context [None req-be2ba403-6434-4d54-92c0-31e9d089d5c6 None None] Found 2 cells: 00000000-0000-0000-0000-000000000000(cell0),7eedca5c-a380-4e62-9fd3-e9e656b0b77b(cell1) {{(pid=94985) load_cells /opt/stack/nova/nova/context.py:509}}
Jun 09 08:32:41.724620 np0000002429 devstack@n-api-meta.service[94985]: INFO nova.utils [None req-be2ba403-6434-4d54-92c0-31e9d089d5c6 None None] The cell worker thread pool MainProcess.cell_worker is initialized
Jun 09 08:32:41.726565 np0000002429 devstack@n-api-meta.service[94985]: DEBUG oslo_concurrency.lockutils [None req-be2ba403-6434-4d54-92c0-31e9d089d5c6 None None] Acquiring lock "00000000-0000-0000-0000-000000000000" by "nova.context.set_target_cell..get_or_set_cached_cell_and_set_connections" {{(pid=94985) inner /opt/stack/data/venv/lib/python3.12/site-packages/oslo_concurrency/lockutils.py:511}}
Jun 09 08:32:41.727445 np0000002429 devstack@n-api-meta.service[94985]: DEBUG oslo_concurrency.lockutils [None req-be2ba403-6434-4d54-92c0-31e9d089d5c6 None None] Lock "00000000-0000-0000-0000-000000000000" acquired by "nova.context.set_target_cell..get_or_set_cached_cell_and_set_connections" :: waited 0.000s {{(pid=94985) inner /opt/stack/data/venv/lib/python3.12/site-packages/oslo_concurrency/lockutils.py:524}}
Jun 09 08:32:41.727445 np0000002429 devstack@n-api-meta.service[94985]: DEBUG oslo_concurrency.lockutils [None req-be2ba403-6434-4d54-92c0-31e9d089d5c6 None None] Lock "00000000-0000-0000-0000-000000000000" "released" by "nova.context.set_target_cell..get_or_set_cached_cell_and_set_connections" :: held 0.000s {{(pid=94985) inner /opt/stack/data/venv/lib/python3.12/site-packages/oslo_concurrency/lockutils.py:543}}
Jun 09 08:32:41.727912 np0000002429 devstack@n-api-meta.service[94985]: DEBUG oslo_concurrency.lockutils [None req-be2ba403-6434-4d54-92c0-31e9d089d5c6 None None] Acquiring lock "7eedca5c-a380-4e62-9fd3-e9e656b0b77b" by "nova.context.set_target_cell..get_or_set_cached_cell_and_set_connections" {{(pid=94985) inner /opt/stack/data/venv/lib/python3.12/site-packages/oslo_concurrency/lockutils.py:511}}
Jun 09 08:32:41.729120 np0000002429 devstack@n-api-meta.service[94985]: DEBUG oslo_concurrency.lockutils [None req-be2ba403-6434-4d54-92c0-31e9d089d5c6 None None] Lock "7eedca5c-a380-4e62-9fd3-e9e656b0b77b" acquired by "nova.context.set_target_cell..get_or_set_cached_cell_and_set_connections" :: waited 0.000s {{(pid=94985) inner /opt/stack/data/venv/lib/python3.12/site-packages/oslo_concurrency/lockutils.py:524}}
Jun 09 08:32:41.729220 np0000002429 devstack@n-api-meta.service[94985]: DEBUG oslo_concurrency.lockutils [None req-be2ba403-6434-4d54-92c0-31e9d089d5c6 None None] Lock "7eedca5c-a380-4e62-9fd3-e9e656b0b77b" "released" by "nova.context.set_target_cell..get_or_set_cached_cell_and_set_connections" :: held 0.001s {{(pid=94985) inner /opt/stack/data/venv/lib/python3.12/site-packages/oslo_concurrency/lockutils.py:543}}
Jun 09 08:32:41.730970 np0000002429 devstack@n-api-meta.service[94985]: INFO dbcounter [None req-be2ba403-6434-4d54-92c0-31e9d089d5c6 None None] Registered counter for database nova_cell0
Jun 09 08:32:41.733032 np0000002429 devstack@n-api-meta.service[94984]: DEBUG dbcounter [-] [94984] Writer thread running {{(pid=94984) stat_writer /opt/stack/data/venv/lib/python3.12/site-packages/dbcounter.py:102}}
Jun 09 08:32:41.733610 np0000002429 devstack@n-api-meta.service[94985]: INFO dbcounter [None req-be2ba403-6434-4d54-92c0-31e9d089d5c6 None None] Registered counter for database nova_cell1
Jun 09 08:32:41.735515 np0000002429 devstack@n-api-meta.service[94984]: DEBUG nova.context [None req-cdec3099-60f1-4d7e-a601-5027cceef154 None None] Found 2 cells: 00000000-0000-0000-0000-000000000000(cell0),7eedca5c-a380-4e62-9fd3-e9e656b0b77b(cell1) {{(pid=94984) load_cells /opt/stack/nova/nova/context.py:509}}
Jun 09 08:32:41.735686 np0000002429 devstack@n-api-meta.service[94984]: INFO nova.utils [None req-cdec3099-60f1-4d7e-a601-5027cceef154 None None] The cell worker thread pool MainProcess.cell_worker is initialized
Jun 09 08:32:41.737220 np0000002429 devstack@n-api-meta.service[94984]: DEBUG oslo_concurrency.lockutils [None req-cdec3099-60f1-4d7e-a601-5027cceef154 None None] Acquiring lock "00000000-0000-0000-0000-000000000000" by "nova.context.set_target_cell..get_or_set_cached_cell_and_set_connections" {{(pid=94984) inner /opt/stack/data/venv/lib/python3.12/site-packages/oslo_concurrency/lockutils.py:511}}
Jun 09 08:32:41.737361 np0000002429 devstack@n-api-meta.service[94984]: DEBUG oslo_concurrency.lockutils [None req-cdec3099-60f1-4d7e-a601-5027cceef154 None None] Lock "00000000-0000-0000-0000-000000000000" acquired by "nova.context.set_target_cell..get_or_set_cached_cell_and_set_connections" :: waited 0.000s {{(pid=94984) inner /opt/stack/data/venv/lib/python3.12/site-packages/oslo_concurrency/lockutils.py:524}}
Jun 09 08:32:41.737670 np0000002429 devstack@n-api-meta.service[94984]: DEBUG oslo_concurrency.lockutils [None req-cdec3099-60f1-4d7e-a601-5027cceef154 None None] Lock "00000000-0000-0000-0000-000000000000" "released" by "nova.context.set_target_cell..get_or_set_cached_cell_and_set_connections" :: held 0.000s {{(pid=94984) inner /opt/stack/data/venv/lib/python3.12/site-packages/oslo_concurrency/lockutils.py:543}}
Jun 09 08:32:41.739086 np0000002429 devstack@n-api-meta.service[94984]: DEBUG oslo_concurrency.lockutils [None req-cdec3099-60f1-4d7e-a601-5027cceef154 None None] Acquiring lock "7eedca5c-a380-4e62-9fd3-e9e656b0b77b" by "nova.context.set_target_cell..get_or_set_cached_cell_and_set_connections" {{(pid=94984) inner /opt/stack/data/venv/lib/python3.12/site-packages/oslo_concurrency/lockutils.py:511}}
Jun 09 08:32:41.739337 np0000002429 devstack@n-api-meta.service[94984]: DEBUG oslo_concurrency.lockutils [None req-cdec3099-60f1-4d7e-a601-5027cceef154 None None] Lock "7eedca5c-a380-4e62-9fd3-e9e656b0b77b" acquired by "nova.context.set_target_cell..get_or_set_cached_cell_and_set_connections" :: waited 0.001s {{(pid=94984) inner /opt/stack/data/venv/lib/python3.12/site-packages/oslo_concurrency/lockutils.py:524}}
Jun 09 08:32:41.742713 np0000002429 devstack@n-api-meta.service[94984]: INFO dbcounter [None req-cdec3099-60f1-4d7e-a601-5027cceef154 None None] Registered counter for database nova_cell0
Jun 09 08:32:41.742713 np0000002429 devstack@n-api-meta.service[94984]: DEBUG oslo_concurrency.lockutils [None req-cdec3099-60f1-4d7e-a601-5027cceef154 None None] Lock "7eedca5c-a380-4e62-9fd3-e9e656b0b77b" "released" by "nova.context.set_target_cell..get_or_set_cached_cell_and_set_connections" :: held 0.001s {{(pid=94984) inner /opt/stack/data/venv/lib/python3.12/site-packages/oslo_concurrency/lockutils.py:543}}
Jun 09 08:32:41.743545 np0000002429 devstack@n-api-meta.service[94984]: INFO dbcounter [None req-cdec3099-60f1-4d7e-a601-5027cceef154 None None] Registered counter for database nova_cell1
Jun 09 08:32:41.748286 np0000002429 devstack@n-api-meta.service[94983]: DEBUG oslo_db.sqlalchemy.engines [None req-a5e1a7e9-c624-44e7-8ca1-32b9986c57c6 None None] MySQL server mode set to STRICT_TRANS_TABLES,STRICT_ALL_TABLES,NO_ZERO_IN_DATE,NO_ZERO_DATE,ERROR_FOR_DIVISION_BY_ZERO,TRADITIONAL,NO_ENGINE_SUBSTITUTION {{(pid=94983) _check_effective_sql_mode /opt/stack/data/venv/lib/python3.12/site-packages/oslo_db/sqlalchemy/engines.py:325}}
Jun 09 08:32:41.752912 np0000002429 devstack@n-api-meta.service[94983]: DEBUG oslo_db.sqlalchemy.engines [None req-a5e1a7e9-c624-44e7-8ca1-32b9986c57c6 None None] MySQL server mode set to STRICT_TRANS_TABLES,STRICT_ALL_TABLES,NO_ZERO_IN_DATE,NO_ZERO_DATE,ERROR_FOR_DIVISION_BY_ZERO,TRADITIONAL,NO_ENGINE_SUBSTITUTION {{(pid=94983) _check_effective_sql_mode /opt/stack/data/venv/lib/python3.12/site-packages/oslo_db/sqlalchemy/engines.py:325}}
Jun 09 08:32:41.783278 np0000002429 devstack@n-api-meta.service[94985]: DEBUG oslo_db.sqlalchemy.engines [None req-be2ba403-6434-4d54-92c0-31e9d089d5c6 None None] MySQL server mode set to STRICT_TRANS_TABLES,STRICT_ALL_TABLES,NO_ZERO_IN_DATE,NO_ZERO_DATE,ERROR_FOR_DIVISION_BY_ZERO,TRADITIONAL,NO_ENGINE_SUBSTITUTION {{(pid=94985) _check_effective_sql_mode /opt/stack/data/venv/lib/python3.12/site-packages/oslo_db/sqlalchemy/engines.py:325}}
Jun 09 08:32:41.796627 np0000002429 devstack@n-api-meta.service[94984]: DEBUG oslo_db.sqlalchemy.engines [None req-cdec3099-60f1-4d7e-a601-5027cceef154 None None] MySQL server mode set to STRICT_TRANS_TABLES,STRICT_ALL_TABLES,NO_ZERO_IN_DATE,NO_ZERO_DATE,ERROR_FOR_DIVISION_BY_ZERO,TRADITIONAL,NO_ENGINE_SUBSTITUTION {{(pid=94984) _check_effective_sql_mode /opt/stack/data/venv/lib/python3.12/site-packages/oslo_db/sqlalchemy/engines.py:325}}
Jun 09 08:32:41.798231 np0000002429 devstack@n-api-meta.service[94985]: DEBUG oslo_db.sqlalchemy.engines [None req-be2ba403-6434-4d54-92c0-31e9d089d5c6 None None] MySQL server mode set to STRICT_TRANS_TABLES,STRICT_ALL_TABLES,NO_ZERO_IN_DATE,NO_ZERO_DATE,ERROR_FOR_DIVISION_BY_ZERO,TRADITIONAL,NO_ENGINE_SUBSTITUTION {{(pid=94985) _check_effective_sql_mode /opt/stack/data/venv/lib/python3.12/site-packages/oslo_db/sqlalchemy/engines.py:325}}
Jun 09 08:32:41.844116 np0000002429 devstack@n-api-meta.service[94983]: DEBUG dbcounter [-] [94983] Writer thread running {{(pid=94983) stat_writer /opt/stack/data/venv/lib/python3.12/site-packages/dbcounter.py:102}}
Jun 09 08:32:41.845275 np0000002429 devstack@n-api-meta.service[94983]: DEBUG dbcounter [-] [94983] Writer thread running {{(pid=94983) stat_writer /opt/stack/data/venv/lib/python3.12/site-packages/dbcounter.py:102}}
Jun 09 08:32:41.848529 np0000002429 devstack@n-api-meta.service[94983]: INFO dbcounter [None req-a5e1a7e9-c624-44e7-8ca1-32b9986c57c6 None None] Registered counter for database nova_cell0
Jun 09 08:32:41.862705 np0000002429 devstack@n-api-meta.service[94985]: DEBUG dbcounter [-] [94985] Writer thread running {{(pid=94985) stat_writer /opt/stack/data/venv/lib/python3.12/site-packages/dbcounter.py:102}}
Jun 09 08:32:41.867809 np0000002429 devstack@n-api-meta.service[94985]: DEBUG dbcounter [-] [94985] Writer thread running {{(pid=94985) stat_writer /opt/stack/data/venv/lib/python3.12/site-packages/dbcounter.py:102}}
Jun 09 08:32:41.872630 np0000002429 devstack@n-api-meta.service[94985]: INFO dbcounter [None req-be2ba403-6434-4d54-92c0-31e9d089d5c6 None None] Registered counter for database nova_cell0
Jun 09 08:32:41.881703 np0000002429 devstack@n-api-meta.service[94984]: DEBUG dbcounter [-] [94984] Writer thread running {{(pid=94984) stat_writer /opt/stack/data/venv/lib/python3.12/site-packages/dbcounter.py:102}}
Jun 09 08:32:41.883995 np0000002429 devstack@n-api-meta.service[94983]: DEBUG oslo_db.sqlalchemy.engines [None req-a5e1a7e9-c624-44e7-8ca1-32b9986c57c6 None None] MySQL server mode set to STRICT_TRANS_TABLES,STRICT_ALL_TABLES,NO_ZERO_IN_DATE,NO_ZERO_DATE,ERROR_FOR_DIVISION_BY_ZERO,TRADITIONAL,NO_ENGINE_SUBSTITUTION {{(pid=94983) _check_effective_sql_mode /opt/stack/data/venv/lib/python3.12/site-packages/oslo_db/sqlalchemy/engines.py:325}}
Jun 09 08:32:41.887419 np0000002429 devstack@n-api-meta.service[94984]: DEBUG oslo_db.sqlalchemy.engines [None req-cdec3099-60f1-4d7e-a601-5027cceef154 None None] MySQL server mode set to STRICT_TRANS_TABLES,STRICT_ALL_TABLES,NO_ZERO_IN_DATE,NO_ZERO_DATE,ERROR_FOR_DIVISION_BY_ZERO,TRADITIONAL,NO_ENGINE_SUBSTITUTION {{(pid=94984) _check_effective_sql_mode /opt/stack/data/venv/lib/python3.12/site-packages/oslo_db/sqlalchemy/engines.py:325}}
Jun 09 08:32:41.891653 np0000002429 devstack@n-api-meta.service[94983]: DEBUG dbcounter [-] [94983] Writer thread running {{(pid=94983) stat_writer /opt/stack/data/venv/lib/python3.12/site-packages/dbcounter.py:102}}
Jun 09 08:32:41.893045 np0000002429 devstack@n-api-meta.service[94984]: DEBUG dbcounter [-] [94984] Writer thread running {{(pid=94984) stat_writer /opt/stack/data/venv/lib/python3.12/site-packages/dbcounter.py:102}}
Jun 09 08:32:41.896343 np0000002429 devstack@n-api-meta.service[94984]: INFO dbcounter [None req-cdec3099-60f1-4d7e-a601-5027cceef154 None None] Registered counter for database nova_cell0
Jun 09 08:32:41.909668 np0000002429 devstack@n-api-meta.service[94985]: DEBUG oslo_db.sqlalchemy.engines [None req-be2ba403-6434-4d54-92c0-31e9d089d5c6 None None] MySQL server mode set to STRICT_TRANS_TABLES,STRICT_ALL_TABLES,NO_ZERO_IN_DATE,NO_ZERO_DATE,ERROR_FOR_DIVISION_BY_ZERO,TRADITIONAL,NO_ENGINE_SUBSTITUTION {{(pid=94985) _check_effective_sql_mode /opt/stack/data/venv/lib/python3.12/site-packages/oslo_db/sqlalchemy/engines.py:325}}
Jun 09 08:32:41.915735 np0000002429 devstack@n-api-meta.service[94985]: DEBUG dbcounter [-] [94985] Writer thread running {{(pid=94985) stat_writer /opt/stack/data/venv/lib/python3.12/site-packages/dbcounter.py:102}}
Jun 09 08:32:41.929817 np0000002429 devstack@n-api-meta.service[94983]: WARNING nova.api.metadata.handler [None req-a5e1a7e9-c624-44e7-8ca1-32b9986c57c6 None None] metadata_proxy_shared_secret is not configured, the metadata information returned by the proxy cannot be trusted
Jun 09 08:32:41.930527 np0000002429 devstack@n-api-meta.service[94984]: DEBUG oslo_db.sqlalchemy.engines [None req-cdec3099-60f1-4d7e-a601-5027cceef154 None None] MySQL server mode set to STRICT_TRANS_TABLES,STRICT_ALL_TABLES,NO_ZERO_IN_DATE,NO_ZERO_DATE,ERROR_FOR_DIVISION_BY_ZERO,TRADITIONAL,NO_ENGINE_SUBSTITUTION {{(pid=94984) _check_effective_sql_mode /opt/stack/data/venv/lib/python3.12/site-packages/oslo_db/sqlalchemy/engines.py:325}}
Jun 09 08:32:41.932418 np0000002429 devstack@n-api-meta.service[94983]: DEBUG nova.api.openstack.wsgi_app [None req-a5e1a7e9-c624-44e7-8ca1-32b9986c57c6 None None] ******************************************************************************** {{(pid=94983) log_opt_values /opt/stack/data/venv/lib/python3.12/site-packages/oslo_config/cfg.py:3229}}
Jun 09 08:32:41.932536 np0000002429 devstack@n-api-meta.service[94983]: DEBUG nova.api.openstack.wsgi_app [None req-a5e1a7e9-c624-44e7-8ca1-32b9986c57c6 None None] Configuration options gathered from: {{(pid=94983) log_opt_values /opt/stack/data/venv/lib/python3.12/site-packages/oslo_config/cfg.py:3230}}
Jun 09 08:32:41.932632 np0000002429 devstack@n-api-meta.service[94983]: DEBUG nova.api.openstack.wsgi_app [None req-a5e1a7e9-c624-44e7-8ca1-32b9986c57c6 None None] command line args: [] {{(pid=94983) log_opt_values /opt/stack/data/venv/lib/python3.12/site-packages/oslo_config/cfg.py:3231}}
Jun 09 08:32:41.932779 np0000002429 devstack@n-api-meta.service[94983]: DEBUG nova.api.openstack.wsgi_app [None req-a5e1a7e9-c624-44e7-8ca1-32b9986c57c6 None None] config files: ['/etc/nova/api-paste.ini', '/etc/nova/nova.conf'] {{(pid=94983) log_opt_values /opt/stack/data/venv/lib/python3.12/site-packages/oslo_config/cfg.py:3232}}
Jun 09 08:32:41.932903 np0000002429 devstack@n-api-meta.service[94983]: DEBUG nova.api.openstack.wsgi_app [None req-a5e1a7e9-c624-44e7-8ca1-32b9986c57c6 None None] ================================================================================ {{(pid=94983) log_opt_values /opt/stack/data/venv/lib/python3.12/site-packages/oslo_config/cfg.py:3237}}
Jun 09 08:32:41.933076 np0000002429 devstack@n-api-meta.service[94983]: DEBUG nova.api.openstack.wsgi_app [None req-a5e1a7e9-c624-44e7-8ca1-32b9986c57c6 None None] allow_resize_to_same_host = True {{(pid=94983) log_opt_values /opt/stack/data/venv/lib/python3.12/site-packages/oslo_config/cfg.py:3245}}
Jun 09 08:32:41.933196 np0000002429 devstack@n-api-meta.service[94983]: DEBUG nova.api.openstack.wsgi_app [None req-a5e1a7e9-c624-44e7-8ca1-32b9986c57c6 None None] arq_binding_timeout = 300 {{(pid=94983) log_opt_values /opt/stack/data/venv/lib/python3.12/site-packages/oslo_config/cfg.py:3245}}
Jun 09 08:32:41.933316 np0000002429 devstack@n-api-meta.service[94983]: DEBUG nova.api.openstack.wsgi_app [None req-a5e1a7e9-c624-44e7-8ca1-32b9986c57c6 None None] block_device_allocate_retries = 60 {{(pid=94983) log_opt_values /opt/stack/data/venv/lib/python3.12/site-packages/oslo_config/cfg.py:3245}}
Jun 09 08:32:41.933429 np0000002429 devstack@n-api-meta.service[94983]: DEBUG nova.api.openstack.wsgi_app [None req-a5e1a7e9-c624-44e7-8ca1-32b9986c57c6 None None] block_device_allocate_retries_interval = 3 {{(pid=94983) log_opt_values /opt/stack/data/venv/lib/python3.12/site-packages/oslo_config/cfg.py:3245}}
Jun 09 08:32:41.933542 np0000002429 devstack@n-api-meta.service[94983]: DEBUG nova.api.openstack.wsgi_app [None req-a5e1a7e9-c624-44e7-8ca1-32b9986c57c6 None None] cell_worker_thread_pool_size = 5 {{(pid=94983) log_opt_values /opt/stack/data/venv/lib/python3.12/site-packages/oslo_config/cfg.py:3245}}
Jun 09 08:32:41.933662 np0000002429 devstack@n-api-meta.service[94983]: DEBUG nova.api.openstack.wsgi_app [None req-a5e1a7e9-c624-44e7-8ca1-32b9986c57c6 None None] cert = self.pem {{(pid=94983) log_opt_values /opt/stack/data/venv/lib/python3.12/site-packages/oslo_config/cfg.py:3245}}
Jun 09 08:32:41.933782 np0000002429 devstack@n-api-meta.service[94983]: DEBUG nova.api.openstack.wsgi_app [None req-a5e1a7e9-c624-44e7-8ca1-32b9986c57c6 None None] compute_driver = libvirt.LibvirtDriver {{(pid=94983) log_opt_values /opt/stack/data/venv/lib/python3.12/site-packages/oslo_config/cfg.py:3245}}
Jun 09 08:32:41.933948 np0000002429 devstack@n-api-meta.service[94983]: DEBUG nova.api.openstack.wsgi_app [None req-a5e1a7e9-c624-44e7-8ca1-32b9986c57c6 None None] compute_monitors = [] {{(pid=94983) log_opt_values /opt/stack/data/venv/lib/python3.12/site-packages/oslo_config/cfg.py:3245}}
Jun 09 08:32:41.934065 np0000002429 devstack@n-api-meta.service[94983]: DEBUG nova.api.openstack.wsgi_app [None req-a5e1a7e9-c624-44e7-8ca1-32b9986c57c6 None None] config_dir = [] {{(pid=94983) log_opt_values /opt/stack/data/venv/lib/python3.12/site-packages/oslo_config/cfg.py:3245}}
Jun 09 08:32:41.934194 np0000002429 devstack@n-api-meta.service[94983]: DEBUG nova.api.openstack.wsgi_app [None req-a5e1a7e9-c624-44e7-8ca1-32b9986c57c6 None None] config_drive_format = iso9660 {{(pid=94983) log_opt_values /opt/stack/data/venv/lib/python3.12/site-packages/oslo_config/cfg.py:3245}}
Jun 09 08:32:41.934290 np0000002429 devstack@n-api-meta.service[94983]: DEBUG nova.api.openstack.wsgi_app [None req-a5e1a7e9-c624-44e7-8ca1-32b9986c57c6 None None] config_file = ['/etc/nova/api-paste.ini', '/etc/nova/nova.conf'] {{(pid=94983) log_opt_values /opt/stack/data/venv/lib/python3.12/site-packages/oslo_config/cfg.py:3245}}
Jun 09 08:32:41.934410 np0000002429 devstack@n-api-meta.service[94983]: DEBUG nova.api.openstack.wsgi_app [None req-a5e1a7e9-c624-44e7-8ca1-32b9986c57c6 None None] config_source = [] {{(pid=94983) log_opt_values /opt/stack/data/venv/lib/python3.12/site-packages/oslo_config/cfg.py:3245}}
Jun 09 08:32:41.934518 np0000002429 devstack@n-api-meta.service[94983]: DEBUG nova.api.openstack.wsgi_app [None req-a5e1a7e9-c624-44e7-8ca1-32b9986c57c6 None None] console_host = np0000002429 {{(pid=94983) log_opt_values /opt/stack/data/venv/lib/python3.12/site-packages/oslo_config/cfg.py:3245}}
Jun 09 08:32:41.934634 np0000002429 devstack@n-api-meta.service[94983]: DEBUG nova.api.openstack.wsgi_app [None req-a5e1a7e9-c624-44e7-8ca1-32b9986c57c6 None None] control_exchange = nova {{(pid=94983) log_opt_values /opt/stack/data/venv/lib/python3.12/site-packages/oslo_config/cfg.py:3245}}
Jun 09 08:32:41.934745 np0000002429 devstack@n-api-meta.service[94983]: DEBUG nova.api.openstack.wsgi_app [None req-a5e1a7e9-c624-44e7-8ca1-32b9986c57c6 None None] cpu_allocation_ratio = None {{(pid=94983) log_opt_values /opt/stack/data/venv/lib/python3.12/site-packages/oslo_config/cfg.py:3245}}
Jun 09 08:32:41.934988 np0000002429 devstack@n-api-meta.service[94983]: DEBUG nova.api.openstack.wsgi_app [None req-a5e1a7e9-c624-44e7-8ca1-32b9986c57c6 None None] daemon = False {{(pid=94983) log_opt_values /opt/stack/data/venv/lib/python3.12/site-packages/oslo_config/cfg.py:3245}}
Jun 09 08:32:41.935117 np0000002429 devstack@n-api-meta.service[94983]: DEBUG nova.api.openstack.wsgi_app [None req-a5e1a7e9-c624-44e7-8ca1-32b9986c57c6 None None] debug = True {{(pid=94983) log_opt_values /opt/stack/data/venv/lib/python3.12/site-packages/oslo_config/cfg.py:3245}}
Jun 09 08:32:41.935234 np0000002429 devstack@n-api-meta.service[94983]: DEBUG nova.api.openstack.wsgi_app [None req-a5e1a7e9-c624-44e7-8ca1-32b9986c57c6 None None] default_access_ip_network_name = None {{(pid=94983) log_opt_values /opt/stack/data/venv/lib/python3.12/site-packages/oslo_config/cfg.py:3245}}
Jun 09 08:32:41.935353 np0000002429 devstack@n-api-meta.service[94983]: DEBUG nova.api.openstack.wsgi_app [None req-a5e1a7e9-c624-44e7-8ca1-32b9986c57c6 None None] default_availability_zone = nova {{(pid=94983) log_opt_values /opt/stack/data/venv/lib/python3.12/site-packages/oslo_config/cfg.py:3245}}
Jun 09 08:32:41.935473 np0000002429 devstack@n-api-meta.service[94983]: DEBUG nova.api.openstack.wsgi_app [None req-a5e1a7e9-c624-44e7-8ca1-32b9986c57c6 None None] default_ephemeral_format = ext4 {{(pid=94983) log_opt_values /opt/stack/data/venv/lib/python3.12/site-packages/oslo_config/cfg.py:3245}}
Jun 09 08:32:41.935589 np0000002429 devstack@n-api-meta.service[94983]: DEBUG nova.api.openstack.wsgi_app [None req-a5e1a7e9-c624-44e7-8ca1-32b9986c57c6 None None] default_green_pool_size = 1000 {{(pid=94983) log_opt_values /opt/stack/data/venv/lib/python3.12/site-packages/oslo_config/cfg.py:3245}}
Jun 09 08:32:41.935795 np0000002429 devstack@n-api-meta.service[94983]: DEBUG nova.api.openstack.wsgi_app [None req-a5e1a7e9-c624-44e7-8ca1-32b9986c57c6 None None] default_log_levels = ['amqp=WARN', 'boto=WARN', 'sqlalchemy=WARN', 'suds=INFO', 'oslo.messaging=INFO', 'oslo_messaging=INFO', 'iso8601=WARN', 'requests.packages.urllib3.connectionpool=WARN', 'urllib3.connectionpool=WARN', 'websocket=WARN', 'requests.packages.urllib3.util.retry=WARN', 'urllib3.util.retry=WARN', 'keystonemiddleware=WARN', 'routes.middleware=WARN', 'stevedore=WARN', 'taskflow=WARN', 'keystoneauth=WARN', 'oslo.cache=INFO', 'oslo_policy=INFO', 'dogpile.core.dogpile=INFO', 'glanceclient=WARN', 'oslo.privsep.daemon=INFO'] {{(pid=94983) log_opt_values /opt/stack/data/venv/lib/python3.12/site-packages/oslo_config/cfg.py:3245}}
Jun 09 08:32:41.935955 np0000002429 devstack@n-api-meta.service[94983]: DEBUG nova.api.openstack.wsgi_app [None req-a5e1a7e9-c624-44e7-8ca1-32b9986c57c6 None None] default_schedule_zone = None {{(pid=94983) log_opt_values /opt/stack/data/venv/lib/python3.12/site-packages/oslo_config/cfg.py:3245}}
Jun 09 08:32:41.936073 np0000002429 devstack@n-api-meta.service[94983]: DEBUG nova.api.openstack.wsgi_app [None req-a5e1a7e9-c624-44e7-8ca1-32b9986c57c6 None None] default_thread_pool_size = 10 {{(pid=94983) log_opt_values /opt/stack/data/venv/lib/python3.12/site-packages/oslo_config/cfg.py:3245}}
Jun 09 08:32:41.936232 np0000002429 devstack@n-api-meta.service[94983]: DEBUG nova.api.openstack.wsgi_app [None req-a5e1a7e9-c624-44e7-8ca1-32b9986c57c6 None None] disk_allocation_ratio = None {{(pid=94983) log_opt_values /opt/stack/data/venv/lib/python3.12/site-packages/oslo_config/cfg.py:3245}}
Jun 09 08:32:41.936399 np0000002429 devstack@n-api-meta.service[94983]: DEBUG nova.api.openstack.wsgi_app [None req-a5e1a7e9-c624-44e7-8ca1-32b9986c57c6 None None] enable_new_services = True {{(pid=94983) log_opt_values /opt/stack/data/venv/lib/python3.12/site-packages/oslo_config/cfg.py:3245}}
Jun 09 08:32:41.936571 np0000002429 devstack@n-api-meta.service[94983]: DEBUG nova.api.openstack.wsgi_app [None req-a5e1a7e9-c624-44e7-8ca1-32b9986c57c6 None None] flat_injected = False {{(pid=94983) log_opt_values /opt/stack/data/venv/lib/python3.12/site-packages/oslo_config/cfg.py:3245}}
Jun 09 08:32:41.936621 np0000002429 devstack@n-api-meta.service[94984]: DEBUG dbcounter [-] [94984] Writer thread running {{(pid=94984) stat_writer /opt/stack/data/venv/lib/python3.12/site-packages/dbcounter.py:102}}
Jun 09 08:32:41.936749 np0000002429 devstack@n-api-meta.service[94983]: DEBUG nova.api.openstack.wsgi_app [None req-a5e1a7e9-c624-44e7-8ca1-32b9986c57c6 None None] force_config_drive = True {{(pid=94983) log_opt_values /opt/stack/data/venv/lib/python3.12/site-packages/oslo_config/cfg.py:3245}}
Jun 09 08:32:41.936951 np0000002429 devstack@n-api-meta.service[94983]: DEBUG nova.api.openstack.wsgi_app [None req-a5e1a7e9-c624-44e7-8ca1-32b9986c57c6 None None] force_raw_images = True {{(pid=94983) log_opt_values /opt/stack/data/venv/lib/python3.12/site-packages/oslo_config/cfg.py:3245}}
Jun 09 08:32:41.937117 np0000002429 devstack@n-api-meta.service[94983]: DEBUG nova.api.openstack.wsgi_app [None req-a5e1a7e9-c624-44e7-8ca1-32b9986c57c6 None None] graceful_shutdown_timeout = 5 {{(pid=94983) log_opt_values /opt/stack/data/venv/lib/python3.12/site-packages/oslo_config/cfg.py:3245}}
Jun 09 08:32:41.937266 np0000002429 devstack@n-api-meta.service[94983]: DEBUG nova.api.openstack.wsgi_app [None req-a5e1a7e9-c624-44e7-8ca1-32b9986c57c6 None None] heal_instance_info_cache_interval = -1 {{(pid=94983) log_opt_values /opt/stack/data/venv/lib/python3.12/site-packages/oslo_config/cfg.py:3245}}
Jun 09 08:32:41.937466 np0000002429 devstack@n-api-meta.service[94983]: DEBUG nova.api.openstack.wsgi_app [None req-a5e1a7e9-c624-44e7-8ca1-32b9986c57c6 None None] host = np0000002429 {{(pid=94983) log_opt_values /opt/stack/data/venv/lib/python3.12/site-packages/oslo_config/cfg.py:3245}}
Jun 09 08:32:41.937595 np0000002429 devstack@n-api-meta.service[94983]: DEBUG nova.api.openstack.wsgi_app [None req-a5e1a7e9-c624-44e7-8ca1-32b9986c57c6 None None] initial_cpu_allocation_ratio = 4.0 {{(pid=94983) log_opt_values /opt/stack/data/venv/lib/python3.12/site-packages/oslo_config/cfg.py:3245}}
Jun 09 08:32:41.937741 np0000002429 devstack@n-api-meta.service[94983]: DEBUG nova.api.openstack.wsgi_app [None req-a5e1a7e9-c624-44e7-8ca1-32b9986c57c6 None None] initial_disk_allocation_ratio = 1.0 {{(pid=94983) log_opt_values /opt/stack/data/venv/lib/python3.12/site-packages/oslo_config/cfg.py:3245}}
Jun 09 08:32:41.937907 np0000002429 devstack@n-api-meta.service[94983]: DEBUG nova.api.openstack.wsgi_app [None req-a5e1a7e9-c624-44e7-8ca1-32b9986c57c6 None None] initial_ram_allocation_ratio = 1.0 {{(pid=94983) log_opt_values /opt/stack/data/venv/lib/python3.12/site-packages/oslo_config/cfg.py:3245}}
Jun 09 08:32:41.938137 np0000002429 devstack@n-api-meta.service[94983]: DEBUG nova.api.openstack.wsgi_app [None req-a5e1a7e9-c624-44e7-8ca1-32b9986c57c6 None None] injected_network_template = /opt/stack/nova/nova/virt/interfaces.template {{(pid=94983) log_opt_values /opt/stack/data/venv/lib/python3.12/site-packages/oslo_config/cfg.py:3245}}
Jun 09 08:32:41.938320 np0000002429 devstack@n-api-meta.service[94983]: DEBUG nova.api.openstack.wsgi_app [None req-a5e1a7e9-c624-44e7-8ca1-32b9986c57c6 None None] instance_build_timeout = 0 {{(pid=94983) log_opt_values /opt/stack/data/venv/lib/python3.12/site-packages/oslo_config/cfg.py:3245}}
Jun 09 08:32:41.938486 np0000002429 devstack@n-api-meta.service[94983]: DEBUG nova.api.openstack.wsgi_app [None req-a5e1a7e9-c624-44e7-8ca1-32b9986c57c6 None None] instance_delete_interval = 300 {{(pid=94983) log_opt_values /opt/stack/data/venv/lib/python3.12/site-packages/oslo_config/cfg.py:3245}}
Jun 09 08:32:41.938650 np0000002429 devstack@n-api-meta.service[94983]: DEBUG nova.api.openstack.wsgi_app [None req-a5e1a7e9-c624-44e7-8ca1-32b9986c57c6 None None] instance_format = [instance: %(uuid)s] {{(pid=94983) log_opt_values /opt/stack/data/venv/lib/python3.12/site-packages/oslo_config/cfg.py:3245}}
Jun 09 08:32:41.938807 np0000002429 devstack@n-api-meta.service[94983]: DEBUG nova.api.openstack.wsgi_app [None req-a5e1a7e9-c624-44e7-8ca1-32b9986c57c6 None None] instance_name_template = instance-%08x {{(pid=94983) log_opt_values /opt/stack/data/venv/lib/python3.12/site-packages/oslo_config/cfg.py:3245}}
Jun 09 08:32:41.938993 np0000002429 devstack@n-api-meta.service[94983]: DEBUG nova.api.openstack.wsgi_app [None req-a5e1a7e9-c624-44e7-8ca1-32b9986c57c6 None None] instance_usage_audit = False {{(pid=94983) log_opt_values /opt/stack/data/venv/lib/python3.12/site-packages/oslo_config/cfg.py:3245}}
Jun 09 08:32:41.939122 np0000002429 devstack@n-api-meta.service[94983]: DEBUG nova.api.openstack.wsgi_app [None req-a5e1a7e9-c624-44e7-8ca1-32b9986c57c6 None None] instance_usage_audit_period = month {{(pid=94983) log_opt_values /opt/stack/data/venv/lib/python3.12/site-packages/oslo_config/cfg.py:3245}}
Jun 09 08:32:41.939163 np0000002429 devstack@n-api-meta.service[94985]: WARNING nova.api.metadata.handler [None req-be2ba403-6434-4d54-92c0-31e9d089d5c6 None None] metadata_proxy_shared_secret is not configured, the metadata information returned by the proxy cannot be trusted
Jun 09 08:32:41.939241 np0000002429 devstack@n-api-meta.service[94983]: DEBUG nova.api.openstack.wsgi_app [None req-a5e1a7e9-c624-44e7-8ca1-32b9986c57c6 None None] instance_uuid_format = [instance: %(uuid)s] {{(pid=94983) log_opt_values /opt/stack/data/venv/lib/python3.12/site-packages/oslo_config/cfg.py:3245}}
Jun 09 08:32:41.939357 np0000002429 devstack@n-api-meta.service[94983]: DEBUG nova.api.openstack.wsgi_app [None req-a5e1a7e9-c624-44e7-8ca1-32b9986c57c6 None None] instances_path = /opt/stack/data/nova/instances {{(pid=94983) log_opt_values /opt/stack/data/venv/lib/python3.12/site-packages/oslo_config/cfg.py:3245}}
Jun 09 08:32:41.939474 np0000002429 devstack@n-api-meta.service[94983]: DEBUG nova.api.openstack.wsgi_app [None req-a5e1a7e9-c624-44e7-8ca1-32b9986c57c6 None None] internal_service_availability_zone = internal {{(pid=94983) log_opt_values /opt/stack/data/venv/lib/python3.12/site-packages/oslo_config/cfg.py:3245}}
Jun 09 08:32:41.939620 np0000002429 devstack@n-api-meta.service[94983]: DEBUG nova.api.openstack.wsgi_app [None req-a5e1a7e9-c624-44e7-8ca1-32b9986c57c6 None None] key = None {{(pid=94983) log_opt_values /opt/stack/data/venv/lib/python3.12/site-packages/oslo_config/cfg.py:3245}}
Jun 09 08:32:41.939751 np0000002429 devstack@n-api-meta.service[94983]: DEBUG nova.api.openstack.wsgi_app [None req-a5e1a7e9-c624-44e7-8ca1-32b9986c57c6 None None] live_migration_retry_count = 30 {{(pid=94983) log_opt_values /opt/stack/data/venv/lib/python3.12/site-packages/oslo_config/cfg.py:3245}}
Jun 09 08:32:41.939911 np0000002429 devstack@n-api-meta.service[94983]: DEBUG nova.api.openstack.wsgi_app [None req-a5e1a7e9-c624-44e7-8ca1-32b9986c57c6 None None] log_color = False {{(pid=94983) log_opt_values /opt/stack/data/venv/lib/python3.12/site-packages/oslo_config/cfg.py:3245}}
Jun 09 08:32:41.940049 np0000002429 devstack@n-api-meta.service[94983]: DEBUG nova.api.openstack.wsgi_app [None req-a5e1a7e9-c624-44e7-8ca1-32b9986c57c6 None None] log_config_append = None {{(pid=94983) log_opt_values /opt/stack/data/venv/lib/python3.12/site-packages/oslo_config/cfg.py:3245}}
Jun 09 08:32:41.940168 np0000002429 devstack@n-api-meta.service[94983]: DEBUG nova.api.openstack.wsgi_app [None req-a5e1a7e9-c624-44e7-8ca1-32b9986c57c6 None None] log_date_format = %Y-%m-%d %H:%M:%S {{(pid=94983) log_opt_values /opt/stack/data/venv/lib/python3.12/site-packages/oslo_config/cfg.py:3245}}
Jun 09 08:32:41.940280 np0000002429 devstack@n-api-meta.service[94983]: DEBUG nova.api.openstack.wsgi_app [None req-a5e1a7e9-c624-44e7-8ca1-32b9986c57c6 None None] log_dir = None {{(pid=94983) log_opt_values /opt/stack/data/venv/lib/python3.12/site-packages/oslo_config/cfg.py:3245}}
Jun 09 08:32:41.940389 np0000002429 devstack@n-api-meta.service[94983]: DEBUG nova.api.openstack.wsgi_app [None req-a5e1a7e9-c624-44e7-8ca1-32b9986c57c6 None None] log_file = None {{(pid=94983) log_opt_values /opt/stack/data/venv/lib/python3.12/site-packages/oslo_config/cfg.py:3245}}
Jun 09 08:32:41.940477 np0000002429 devstack@n-api-meta.service[94983]: DEBUG nova.api.openstack.wsgi_app [None req-a5e1a7e9-c624-44e7-8ca1-32b9986c57c6 None None] log_options = True {{(pid=94983) log_opt_values /opt/stack/data/venv/lib/python3.12/site-packages/oslo_config/cfg.py:3245}}
Jun 09 08:32:41.940619 np0000002429 devstack@n-api-meta.service[94983]: DEBUG nova.api.openstack.wsgi_app [None req-a5e1a7e9-c624-44e7-8ca1-32b9986c57c6 None None] log_rotate_interval = 1 {{(pid=94983) log_opt_values /opt/stack/data/venv/lib/python3.12/site-packages/oslo_config/cfg.py:3245}}
Jun 09 08:32:41.940742 np0000002429 devstack@n-api-meta.service[94983]: DEBUG nova.api.openstack.wsgi_app [None req-a5e1a7e9-c624-44e7-8ca1-32b9986c57c6 None None] log_rotate_interval_type = days {{(pid=94983) log_opt_values /opt/stack/data/venv/lib/python3.12/site-packages/oslo_config/cfg.py:3245}}
Jun 09 08:32:41.940864 np0000002429 devstack@n-api-meta.service[94983]: DEBUG nova.api.openstack.wsgi_app [None req-a5e1a7e9-c624-44e7-8ca1-32b9986c57c6 None None] log_rotation_type = none {{(pid=94983) log_opt_values /opt/stack/data/venv/lib/python3.12/site-packages/oslo_config/cfg.py:3245}}
Jun 09 08:32:41.940992 np0000002429 devstack@n-api-meta.service[94983]: DEBUG nova.api.openstack.wsgi_app [None req-a5e1a7e9-c624-44e7-8ca1-32b9986c57c6 None None] logging_context_format_string = %(color)s%(levelname)s %(name)s [%(global_request_id)s %(request_id)s %(project_name)s %(user_name)s%(color)s] %(instance)s%(color)s%(message)s {{(pid=94983) log_opt_values /opt/stack/data/venv/lib/python3.12/site-packages/oslo_config/cfg.py:3245}}
Jun 09 08:32:41.941103 np0000002429 devstack@n-api-meta.service[94983]: DEBUG nova.api.openstack.wsgi_app [None req-a5e1a7e9-c624-44e7-8ca1-32b9986c57c6 None None] logging_debug_format_suffix = {{(pid=%(process)d) %(funcName)s %(pathname)s:%(lineno)d}} {{(pid=94983) log_opt_values /opt/stack/data/venv/lib/python3.12/site-packages/oslo_config/cfg.py:3245}}
Jun 09 08:32:41.941205 np0000002429 devstack@n-api-meta.service[94983]: DEBUG nova.api.openstack.wsgi_app [None req-a5e1a7e9-c624-44e7-8ca1-32b9986c57c6 None None] logging_default_format_string = %(color)s%(levelname)s %(name)s [-%(color)s] %(instance)s%(color)s%(message)s {{(pid=94983) log_opt_values /opt/stack/data/venv/lib/python3.12/site-packages/oslo_config/cfg.py:3245}}
Jun 09 08:32:41.941324 np0000002429 devstack@n-api-meta.service[94983]: DEBUG nova.api.openstack.wsgi_app [None req-a5e1a7e9-c624-44e7-8ca1-32b9986c57c6 None None] logging_exception_prefix = ERROR %(name)s %(instance)s {{(pid=94983) log_opt_values /opt/stack/data/venv/lib/python3.12/site-packages/oslo_config/cfg.py:3245}}
Jun 09 08:32:41.941413 np0000002429 devstack@n-api-meta.service[94983]: DEBUG nova.api.openstack.wsgi_app [None req-a5e1a7e9-c624-44e7-8ca1-32b9986c57c6 None None] logging_user_identity_format = %(user)s %(project)s %(domain)s %(system_scope)s %(user_domain)s %(project_domain)s {{(pid=94983) log_opt_values /opt/stack/data/venv/lib/python3.12/site-packages/oslo_config/cfg.py:3245}}
Jun 09 08:32:41.941526 np0000002429 devstack@n-api-meta.service[94983]: DEBUG nova.api.openstack.wsgi_app [None req-a5e1a7e9-c624-44e7-8ca1-32b9986c57c6 None None] long_rpc_timeout = 1800 {{(pid=94983) log_opt_values /opt/stack/data/venv/lib/python3.12/site-packages/oslo_config/cfg.py:3245}}
Jun 09 08:32:41.941669 np0000002429 devstack@n-api-meta.service[94983]: DEBUG nova.api.openstack.wsgi_app [None req-a5e1a7e9-c624-44e7-8ca1-32b9986c57c6 None None] manager_shutdown_timeout = 160 {{(pid=94983) log_opt_values /opt/stack/data/venv/lib/python3.12/site-packages/oslo_config/cfg.py:3245}}
Jun 09 08:32:41.941811 np0000002429 devstack@n-api-meta.service[94983]: DEBUG nova.api.openstack.wsgi_app [None req-a5e1a7e9-c624-44e7-8ca1-32b9986c57c6 None None] max_concurrent_builds = 10 {{(pid=94983) log_opt_values /opt/stack/data/venv/lib/python3.12/site-packages/oslo_config/cfg.py:3245}}
Jun 09 08:32:41.941972 np0000002429 devstack@n-api-meta.service[94983]: DEBUG nova.api.openstack.wsgi_app [None req-a5e1a7e9-c624-44e7-8ca1-32b9986c57c6 None None] max_concurrent_live_migrations = 1 {{(pid=94983) log_opt_values /opt/stack/data/venv/lib/python3.12/site-packages/oslo_config/cfg.py:3245}}
Jun 09 08:32:41.942085 np0000002429 devstack@n-api-meta.service[94983]: DEBUG nova.api.openstack.wsgi_app [None req-a5e1a7e9-c624-44e7-8ca1-32b9986c57c6 None None] max_concurrent_snapshots = 5 {{(pid=94983) log_opt_values /opt/stack/data/venv/lib/python3.12/site-packages/oslo_config/cfg.py:3245}}
Jun 09 08:32:41.942194 np0000002429 devstack@n-api-meta.service[94983]: DEBUG nova.api.openstack.wsgi_app [None req-a5e1a7e9-c624-44e7-8ca1-32b9986c57c6 None None] max_local_block_devices = 3 {{(pid=94983) log_opt_values /opt/stack/data/venv/lib/python3.12/site-packages/oslo_config/cfg.py:3245}}
Jun 09 08:32:41.942301 np0000002429 devstack@n-api-meta.service[94983]: DEBUG nova.api.openstack.wsgi_app [None req-a5e1a7e9-c624-44e7-8ca1-32b9986c57c6 None None] max_logfile_count = 30 {{(pid=94983) log_opt_values /opt/stack/data/venv/lib/python3.12/site-packages/oslo_config/cfg.py:3245}}
Jun 09 08:32:41.942340 np0000002429 devstack@n-api-meta.service[94985]: DEBUG nova.api.openstack.wsgi_app [None req-be2ba403-6434-4d54-92c0-31e9d089d5c6 None None] ******************************************************************************** {{(pid=94985) log_opt_values /opt/stack/data/venv/lib/python3.12/site-packages/oslo_config/cfg.py:3229}}
Jun 09 08:32:41.942410 np0000002429 devstack@n-api-meta.service[94983]: DEBUG nova.api.openstack.wsgi_app [None req-a5e1a7e9-c624-44e7-8ca1-32b9986c57c6 None None] max_logfile_size_mb = 200 {{(pid=94983) log_opt_values /opt/stack/data/venv/lib/python3.12/site-packages/oslo_config/cfg.py:3245}}
Jun 09 08:32:41.942448 np0000002429 devstack@n-api-meta.service[94985]: DEBUG nova.api.openstack.wsgi_app [None req-be2ba403-6434-4d54-92c0-31e9d089d5c6 None None] Configuration options gathered from: {{(pid=94985) log_opt_values /opt/stack/data/venv/lib/python3.12/site-packages/oslo_config/cfg.py:3230}}
Jun 09 08:32:41.942516 np0000002429 devstack@n-api-meta.service[94983]: DEBUG nova.api.openstack.wsgi_app [None req-a5e1a7e9-c624-44e7-8ca1-32b9986c57c6 None None] maximum_instance_delete_attempts = 5 {{(pid=94983) log_opt_values /opt/stack/data/venv/lib/python3.12/site-packages/oslo_config/cfg.py:3245}}
Jun 09 08:32:41.942558 np0000002429 devstack@n-api-meta.service[94985]: DEBUG nova.api.openstack.wsgi_app [None req-be2ba403-6434-4d54-92c0-31e9d089d5c6 None None] command line args: [] {{(pid=94985) log_opt_values /opt/stack/data/venv/lib/python3.12/site-packages/oslo_config/cfg.py:3231}}
Jun 09 08:32:41.942659 np0000002429 devstack@n-api-meta.service[94983]: DEBUG nova.api.openstack.wsgi_app [None req-a5e1a7e9-c624-44e7-8ca1-32b9986c57c6 None None] migrate_max_retries = -1 {{(pid=94983) log_opt_values /opt/stack/data/venv/lib/python3.12/site-packages/oslo_config/cfg.py:3245}}
Jun 09 08:32:41.942703 np0000002429 devstack@n-api-meta.service[94985]: DEBUG nova.api.openstack.wsgi_app [None req-be2ba403-6434-4d54-92c0-31e9d089d5c6 None None] config files: ['/etc/nova/api-paste.ini', '/etc/nova/nova.conf'] {{(pid=94985) log_opt_values /opt/stack/data/venv/lib/python3.12/site-packages/oslo_config/cfg.py:3232}}
Jun 09 08:32:41.942783 np0000002429 devstack@n-api-meta.service[94983]: DEBUG nova.api.openstack.wsgi_app [None req-a5e1a7e9-c624-44e7-8ca1-32b9986c57c6 None None] mkisofs_cmd = genisoimage {{(pid=94983) log_opt_values /opt/stack/data/venv/lib/python3.12/site-packages/oslo_config/cfg.py:3245}}
Jun 09 08:32:41.942808 np0000002429 devstack@n-api-meta.service[94985]: DEBUG nova.api.openstack.wsgi_app [None req-be2ba403-6434-4d54-92c0-31e9d089d5c6 None None] ================================================================================ {{(pid=94985) log_opt_values /opt/stack/data/venv/lib/python3.12/site-packages/oslo_config/cfg.py:3237}}
Jun 09 08:32:41.943017 np0000002429 devstack@n-api-meta.service[94983]: DEBUG nova.api.openstack.wsgi_app [None req-a5e1a7e9-c624-44e7-8ca1-32b9986c57c6 None None] my_block_storage_ip = 10.4.3.12 {{(pid=94983) log_opt_values /opt/stack/data/venv/lib/python3.12/site-packages/oslo_config/cfg.py:3245}}
