Jun 09 08:32:41.431349 np0000002429 nova-scheduler[95604]: DEBUG cotyledon.oslo_config_glue [-] oslo_limit.endpoint_interface = public {{(pid=95604) log_opt_values /opt/stack/data/venv/lib/python3.12/site-packages/oslo_config/cfg.py:3256}}
Jun 09 08:32:41.431349 np0000002429 nova-scheduler[95604]: DEBUG cotyledon.oslo_config_glue [-] oslo_limit.endpoint_override = None {{(pid=95604) log_opt_values /opt/stack/data/venv/lib/python3.12/site-packages/oslo_config/cfg.py:3256}}
Jun 09 08:32:41.431349 np0000002429 nova-scheduler[95604]: DEBUG cotyledon.oslo_config_glue [-] oslo_limit.endpoint_region_name = None {{(pid=95604) log_opt_values /opt/stack/data/venv/lib/python3.12/site-packages/oslo_config/cfg.py:3256}}
Jun 09 08:32:41.431349 np0000002429 nova-scheduler[95604]: DEBUG cotyledon.oslo_config_glue [-] oslo_limit.endpoint_service_name = None {{(pid=95604) log_opt_values /opt/stack/data/venv/lib/python3.12/site-packages/oslo_config/cfg.py:3256}}
Jun 09 08:32:41.431349 np0000002429 nova-scheduler[95604]: DEBUG cotyledon.oslo_config_glue [-] oslo_limit.endpoint_service_type = None {{(pid=95604) log_opt_values /opt/stack/data/venv/lib/python3.12/site-packages/oslo_config/cfg.py:3256}}
Jun 09 08:32:41.431349 np0000002429 nova-scheduler[95604]: DEBUG cotyledon.oslo_config_glue [-] oslo_limit.insecure = False {{(pid=95604) log_opt_values /opt/stack/data/venv/lib/python3.12/site-packages/oslo_config/cfg.py:3256}}
Jun 09 08:32:41.431349 np0000002429 nova-scheduler[95604]: DEBUG cotyledon.oslo_config_glue [-] oslo_limit.keyfile = None {{(pid=95604) log_opt_values /opt/stack/data/venv/lib/python3.12/site-packages/oslo_config/cfg.py:3256}}
Jun 09 08:32:41.431349 np0000002429 nova-scheduler[95604]: DEBUG cotyledon.oslo_config_glue [-] oslo_limit.max_version = None {{(pid=95604) log_opt_values /opt/stack/data/venv/lib/python3.12/site-packages/oslo_config/cfg.py:3256}}
Jun 09 08:32:41.431511 np0000002429 nova-scheduler[95604]: DEBUG cotyledon.oslo_config_glue [-] oslo_limit.min_version = None {{(pid=95604) log_opt_values /opt/stack/data/venv/lib/python3.12/site-packages/oslo_config/cfg.py:3256}}
Jun 09 08:32:41.431511 np0000002429 nova-scheduler[95604]: DEBUG cotyledon.oslo_config_glue [-] oslo_limit.region_name = None {{(pid=95604) log_opt_values /opt/stack/data/venv/lib/python3.12/site-packages/oslo_config/cfg.py:3256}}
Jun 09 08:32:41.431511 np0000002429 nova-scheduler[95604]: DEBUG cotyledon.oslo_config_glue [-] oslo_limit.retriable_status_codes = None {{(pid=95604) log_opt_values /opt/stack/data/venv/lib/python3.12/site-packages/oslo_config/cfg.py:3256}}
Jun 09 08:32:41.431511 np0000002429 nova-scheduler[95604]: DEBUG cotyledon.oslo_config_glue [-] oslo_limit.service_name = None {{(pid=95604) log_opt_values /opt/stack/data/venv/lib/python3.12/site-packages/oslo_config/cfg.py:3256}}
Jun 09 08:32:41.431511 np0000002429 nova-scheduler[95604]: DEBUG cotyledon.oslo_config_glue [-] oslo_limit.service_type = None {{(pid=95604) log_opt_values /opt/stack/data/venv/lib/python3.12/site-packages/oslo_config/cfg.py:3256}}
Jun 09 08:32:41.431511 np0000002429 nova-scheduler[95604]: DEBUG cotyledon.oslo_config_glue [-] oslo_limit.split_loggers = False {{(pid=95604) log_opt_values /opt/stack/data/venv/lib/python3.12/site-packages/oslo_config/cfg.py:3256}}
Jun 09 08:32:41.431511 np0000002429 nova-scheduler[95604]: DEBUG cotyledon.oslo_config_glue [-] oslo_limit.status_code_retries = None {{(pid=95604) log_opt_values /opt/stack/data/venv/lib/python3.12/site-packages/oslo_config/cfg.py:3256}}
Jun 09 08:32:41.431511 np0000002429 nova-scheduler[95604]: DEBUG cotyledon.oslo_config_glue [-] oslo_limit.status_code_retry_delay = None {{(pid=95604) log_opt_values /opt/stack/data/venv/lib/python3.12/site-packages/oslo_config/cfg.py:3256}}
Jun 09 08:32:41.431511 np0000002429 nova-scheduler[95604]: DEBUG cotyledon.oslo_config_glue [-] oslo_limit.timeout = None {{(pid=95604) log_opt_values /opt/stack/data/venv/lib/python3.12/site-packages/oslo_config/cfg.py:3256}}
Jun 09 08:32:41.431678 np0000002429 nova-scheduler[95604]: DEBUG cotyledon.oslo_config_glue [-] oslo_limit.valid_interfaces = None {{(pid=95604) log_opt_values /opt/stack/data/venv/lib/python3.12/site-packages/oslo_config/cfg.py:3256}}
Jun 09 08:32:41.431678 np0000002429 nova-scheduler[95604]: DEBUG cotyledon.oslo_config_glue [-] oslo_limit.version = None {{(pid=95604) log_opt_values /opt/stack/data/venv/lib/python3.12/site-packages/oslo_config/cfg.py:3256}}
Jun 09 08:32:41.431678 np0000002429 nova-scheduler[95604]: DEBUG cotyledon.oslo_config_glue [-] oslo_reports.file_event_handler = None {{(pid=95604) log_opt_values /opt/stack/data/venv/lib/python3.12/site-packages/oslo_config/cfg.py:3256}}
Jun 09 08:32:41.431678 np0000002429 nova-scheduler[95604]: DEBUG cotyledon.oslo_config_glue [-] oslo_reports.file_event_handler_interval = 1 {{(pid=95604) log_opt_values /opt/stack/data/venv/lib/python3.12/site-packages/oslo_config/cfg.py:3256}}
Jun 09 08:32:41.431678 np0000002429 nova-scheduler[95604]: DEBUG cotyledon.oslo_config_glue [-] oslo_reports.log_dir = None {{(pid=95604) log_opt_values /opt/stack/data/venv/lib/python3.12/site-packages/oslo_config/cfg.py:3256}}
Jun 09 08:32:41.431678 np0000002429 nova-scheduler[95604]: DEBUG cotyledon.oslo_config_glue [-] ******************************************************************************** {{(pid=95604) log_opt_values /opt/stack/data/venv/lib/python3.12/site-packages/oslo_config/cfg.py:3263}}
Jun 09 08:32:41.431678 np0000002429 nova-scheduler[95604]: DEBUG cotyledon._service_worker [-] Run service ServiceWrapper(2) [95604] {{(pid=95604) wait_forever /opt/stack/data/venv/lib/python3.12/site-packages/cotyledon/_service_worker.py:218}}
Jun 09 08:32:41.431678 np0000002429 nova-scheduler[95604]: INFO nova.service [-] Starting scheduler node (version 33.1.0)
Jun 09 08:32:41.431678 np0000002429 nova-scheduler[95604]: INFO dbcounter [None req-af0ecda9-355c-4d36-9390-066a29a69261 None None] Registered counter for database nova_cell0
Jun 09 08:32:41.436762 np0000002429 nova-scheduler[95562]: DEBUG oslo_db.sqlalchemy.engines [None req-30b51b36-dc99-40e5-b6ac-8482d2d67f47 None None] MySQL server mode set to STRICT_TRANS_TABLES,STRICT_ALL_TABLES,NO_ZERO_IN_DATE,NO_ZERO_DATE,ERROR_FOR_DIVISION_BY_ZERO,TRADITIONAL,NO_ENGINE_SUBSTITUTION {{(pid=95562) _check_effective_sql_mode /opt/stack/data/venv/lib/python3.12/site-packages/oslo_db/sqlalchemy/engines.py:325}}
Jun 09 08:32:41.445962 np0000002429 nova-scheduler[95562]: DEBUG dbcounter [-] [95562] Writer thread running {{(pid=95562) stat_writer /opt/stack/data/venv/lib/python3.12/site-packages/dbcounter.py:102}}
Jun 09 08:32:41.455039 np0000002429 nova-scheduler[95564]: DEBUG oslo_db.sqlalchemy.engines [None req-7459fa28-1180-4972-9991-5ce1b0502dfb None None] MySQL server mode set to STRICT_TRANS_TABLES,STRICT_ALL_TABLES,NO_ZERO_IN_DATE,NO_ZERO_DATE,ERROR_FOR_DIVISION_BY_ZERO,TRADITIONAL,NO_ENGINE_SUBSTITUTION {{(pid=95564) _check_effective_sql_mode /opt/stack/data/venv/lib/python3.12/site-packages/oslo_db/sqlalchemy/engines.py:325}}
Jun 09 08:32:41.463474 np0000002429 nova-scheduler[95604]: DEBUG oslo_db.sqlalchemy.engines [None req-af0ecda9-355c-4d36-9390-066a29a69261 None None] MySQL server mode set to STRICT_TRANS_TABLES,STRICT_ALL_TABLES,NO_ZERO_IN_DATE,NO_ZERO_DATE,ERROR_FOR_DIVISION_BY_ZERO,TRADITIONAL,NO_ENGINE_SUBSTITUTION {{(pid=95604) _check_effective_sql_mode /opt/stack/data/venv/lib/python3.12/site-packages/oslo_db/sqlalchemy/engines.py:325}}
Jun 09 08:32:41.463963 np0000002429 nova-scheduler[95564]: DEBUG dbcounter [-] [95564] Writer thread running {{(pid=95564) stat_writer /opt/stack/data/venv/lib/python3.12/site-packages/dbcounter.py:102}}
Jun 09 08:32:41.468281 np0000002429 nova-scheduler[95562]: DEBUG nova.service [None req-30b51b36-dc99-40e5-b6ac-8482d2d67f47 None None] Creating RPC server for service: nova-scheduler on topic: scheduler {{(pid=95562) start /opt/stack/nova/nova/service.py:195}}
Jun 09 08:32:41.475015 np0000002429 nova-scheduler[95604]: DEBUG dbcounter [-] [95604] Writer thread running {{(pid=95604) stat_writer /opt/stack/data/venv/lib/python3.12/site-packages/dbcounter.py:102}}
Jun 09 08:32:41.477560 np0000002429 nova-scheduler[95564]: DEBUG nova.service [None req-7459fa28-1180-4972-9991-5ce1b0502dfb None None] Creating RPC server for service: nova-scheduler on topic: scheduler {{(pid=95564) start /opt/stack/nova/nova/service.py:195}}
Jun 09 08:32:41.478098 np0000002429 nova-scheduler[95604]: DEBUG nova.service [None req-af0ecda9-355c-4d36-9390-066a29a69261 None None] Creating RPC server for service: nova-scheduler on topic: scheduler {{(pid=95604) start /opt/stack/nova/nova/service.py:195}}
Jun 09 08:32:41.513080 np0000002429 nova-scheduler[95562]: DEBUG nova.service [None req-30b51b36-dc99-40e5-b6ac-8482d2d67f47 None None] Join ServiceGroup membership for this service scheduler {{(pid=95562) start /opt/stack/nova/nova/service.py:221}}
Jun 09 08:32:41.513194 np0000002429 nova-scheduler[95562]: DEBUG nova.servicegroup.drivers.db [None req-30b51b36-dc99-40e5-b6ac-8482d2d67f47 None None] DB_Driver: join new ServiceGroup member np0000002429 to the scheduler group, service = {{(pid=95562) join /opt/stack/nova/nova/servicegroup/drivers/db.py:44}}
Jun 09 08:32:41.514140 np0000002429 nova-scheduler[95604]: DEBUG nova.service [None req-af0ecda9-355c-4d36-9390-066a29a69261 None None] Join ServiceGroup membership for this service scheduler {{(pid=95604) start /opt/stack/nova/nova/service.py:221}}
Jun 09 08:32:41.514479 np0000002429 nova-scheduler[95604]: DEBUG nova.servicegroup.drivers.db [None req-af0ecda9-355c-4d36-9390-066a29a69261 None None] DB_Driver: join new ServiceGroup member np0000002429 to the scheduler group, service = {{(pid=95604) join /opt/stack/nova/nova/servicegroup/drivers/db.py:44}}
Jun 09 08:32:41.520268 np0000002429 nova-scheduler[95564]: DEBUG nova.service [None req-7459fa28-1180-4972-9991-5ce1b0502dfb None None] Join ServiceGroup membership for this service scheduler {{(pid=95564) start /opt/stack/nova/nova/service.py:221}}
Jun 09 08:32:41.520509 np0000002429 nova-scheduler[95564]: DEBUG nova.servicegroup.drivers.db [None req-7459fa28-1180-4972-9991-5ce1b0502dfb None None] DB_Driver: join new ServiceGroup member np0000002429 to the scheduler group, service = {{(pid=95564) join /opt/stack/nova/nova/servicegroup/drivers/db.py:44}}
Jun 09 08:32:46.525927 np0000002429 nova-scheduler[95562]: DEBUG oslo.service.backend._threading.loopingcall [-] Fixed interval looping call 'nova.servicegroup.drivers.db.DbDriver._report_state' sleeping for 119.99 seconds {{(pid=95562) _run_loop /opt/stack/data/venv/lib/python3.12/site-packages/oslo_service/backend/_threading/loopingcall.py:125}}
Jun 09 08:32:46.527150 np0000002429 nova-scheduler[95564]: DEBUG oslo.service.backend._threading.loopingcall [-] Fixed interval looping call 'nova.servicegroup.drivers.db.DbDriver._report_state' sleeping for 119.99 seconds {{(pid=95564) _run_loop /opt/stack/data/venv/lib/python3.12/site-packages/oslo_service/backend/_threading/loopingcall.py:125}}
Jun 09 08:32:46.527375 np0000002429 nova-scheduler[95604]: DEBUG oslo.service.backend._threading.loopingcall [-] Fixed interval looping call 'nova.servicegroup.drivers.db.DbDriver._report_state' sleeping for 119.99 seconds {{(pid=95604) _run_loop /opt/stack/data/venv/lib/python3.12/site-packages/oslo_service/backend/_threading/loopingcall.py:125}}
Jun 09 08:32:50.080076 np0000002429 nova-scheduler[94355]: DEBUG dbcounter [-] [94355] Writing DB stats nova_api:SELECT=3 {{(pid=94355) stat_writer /opt/stack/data/venv/lib/python3.12/site-packages/dbcounter.py:115}}
Jun 09 08:32:50.207851 np0000002429 nova-scheduler[94355]: DEBUG dbcounter [-] [94355] Writing DB stats nova_cell0:SELECT=1 {{(pid=94355) stat_writer /opt/stack/data/venv/lib/python3.12/site-packages/dbcounter.py:115}}
Jun 09 08:32:50.213270 np0000002429 nova-scheduler[94355]: DEBUG dbcounter [-] [94355] Writing DB stats nova_cell1:SELECT=1 {{(pid=94355) stat_writer /opt/stack/data/venv/lib/python3.12/site-packages/dbcounter.py:115}}
Jun 09 08:32:56.527873 np0000002429 nova-scheduler[95564]: DEBUG dbcounter [-] [95564] Writing DB stats nova_cell0:SELECT=4,nova_cell0:INSERT=1 {{(pid=95564) stat_writer /opt/stack/data/venv/lib/python3.12/site-packages/dbcounter.py:115}}
Jun 09 08:32:56.528146 np0000002429 nova-scheduler[95562]: DEBUG dbcounter [-] [95562] Writing DB stats nova_cell0:SELECT=4,nova_cell0:INSERT=1,nova_cell0:UPDATE=1 {{(pid=95562) stat_writer /opt/stack/data/venv/lib/python3.12/site-packages/dbcounter.py:115}}
Jun 09 08:32:56.528352 np0000002429 nova-scheduler[95604]: DEBUG dbcounter [-] [95604] Writing DB stats nova_cell0:SELECT=3,nova_cell0:UPDATE=1 {{(pid=95604) stat_writer /opt/stack/data/venv/lib/python3.12/site-packages/dbcounter.py:115}}
Jun 09 08:33:14.522279 np0000002429 nova-scheduler[95564]: DEBUG oslo.service.backend._threading.loopingcall [None req-12d19393-6f37-4d98-9393-42a618cd034b None None] Dynamic interval looping call 'nova.service.Service.periodic_tasks' sleeping for 60.00 seconds {{(pid=95564) _run_loop /opt/stack/data/venv/lib/python3.12/site-packages/oslo_service/backend/_threading/loopingcall.py:125}}
Jun 09 08:33:16.516431 np0000002429 nova-scheduler[95604]: DEBUG oslo.service.backend._threading.loopingcall [None req-ebdbc35a-a9a0-4f70-8e71-e2aee766c071 None None] Dynamic interval looping call 'nova.service.Service.periodic_tasks' sleeping for 60.00 seconds {{(pid=95604) _run_loop /opt/stack/data/venv/lib/python3.12/site-packages/oslo_service/backend/_threading/loopingcall.py:125}}
Jun 09 08:33:28.515132 np0000002429 nova-scheduler[95562]: DEBUG oslo.service.backend._threading.loopingcall [None req-9d34b391-3637-45a9-8131-1c49314025a6 None None] Dynamic interval looping call 'nova.service.Service.periodic_tasks' sleeping for 60.00 seconds {{(pid=95562) _run_loop /opt/stack/data/venv/lib/python3.12/site-packages/oslo_service/backend/_threading/loopingcall.py:125}}
Jun 09 08:34:14.522762 np0000002429 nova-scheduler[95564]: DEBUG oslo.service.backend._threading.loopingcall [None req-12d19393-6f37-4d98-9393-42a618cd034b None None] Dynamic interval looping call 'nova.service.Service.periodic_tasks' sleeping for 60.00 seconds {{(pid=95564) _run_loop /opt/stack/data/venv/lib/python3.12/site-packages/oslo_service/backend/_threading/loopingcall.py:125}}
Jun 09 08:34:16.516903 np0000002429 nova-scheduler[95604]: DEBUG oslo.service.backend._threading.loopingcall [None req-ebdbc35a-a9a0-4f70-8e71-e2aee766c071 None None] Dynamic interval looping call 'nova.service.Service.periodic_tasks' sleeping for 60.00 seconds {{(pid=95604) _run_loop /opt/stack/data/venv/lib/python3.12/site-packages/oslo_service/backend/_threading/loopingcall.py:125}}
Jun 09 08:34:28.515552 np0000002429 nova-scheduler[95562]: DEBUG oslo.service.backend._threading.loopingcall [None req-9d34b391-3637-45a9-8131-1c49314025a6 None None] Dynamic interval looping call 'nova.service.Service.periodic_tasks' sleeping for 60.00 seconds {{(pid=95562) _run_loop /opt/stack/data/venv/lib/python3.12/site-packages/oslo_service/backend/_threading/loopingcall.py:125}}
Jun 09 08:34:46.525285 np0000002429 nova-scheduler[95562]: DEBUG oslo.service.backend._threading.loopingcall [-] Fixed interval looping call 'nova.servicegroup.drivers.db.DbDriver._report_state' sleeping for 119.99 seconds {{(pid=95562) _run_loop /opt/stack/data/venv/lib/python3.12/site-packages/oslo_service/backend/_threading/loopingcall.py:125}}
Jun 09 08:34:46.525750 np0000002429 nova-scheduler[95604]: DEBUG oslo.service.backend._threading.loopingcall [-] Fixed interval looping call 'nova.servicegroup.drivers.db.DbDriver._report_state' sleeping for 119.99 seconds {{(pid=95604) _run_loop /opt/stack/data/venv/lib/python3.12/site-packages/oslo_service/backend/_threading/loopingcall.py:125}}
Jun 09 08:34:46.526251 np0000002429 nova-scheduler[95564]: DEBUG oslo.service.backend._threading.loopingcall [-] Fixed interval looping call 'nova.servicegroup.drivers.db.DbDriver._report_state' sleeping for 119.99 seconds {{(pid=95564) _run_loop /opt/stack/data/venv/lib/python3.12/site-packages/oslo_service/backend/_threading/loopingcall.py:125}}
Jun 09 08:34:56.517999 np0000002429 nova-scheduler[95562]: DEBUG dbcounter [-] [95562] Writing DB stats nova_cell0:SELECT=1,nova_cell0:UPDATE=1 {{(pid=95562) stat_writer /opt/stack/data/venv/lib/python3.12/site-packages/dbcounter.py:115}}
Jun 09 08:34:56.520556 np0000002429 nova-scheduler[95604]: DEBUG dbcounter [-] [95604] Writing DB stats nova_cell0:SELECT=1,nova_cell0:UPDATE=1 {{(pid=95604) stat_writer /opt/stack/data/venv/lib/python3.12/site-packages/dbcounter.py:115}}
Jun 09 08:34:56.522521 np0000002429 nova-scheduler[95564]: DEBUG dbcounter [-] [95564] Writing DB stats nova_cell0:SELECT=1,nova_cell0:UPDATE=1 {{(pid=95564) stat_writer /opt/stack/data/venv/lib/python3.12/site-packages/dbcounter.py:115}}
Jun 09 08:35:14.523178 np0000002429 nova-scheduler[95564]: DEBUG oslo.service.backend._threading.loopingcall [None req-12d19393-6f37-4d98-9393-42a618cd034b None None] Dynamic interval looping call 'nova.service.Service.periodic_tasks' sleeping for 60.00 seconds {{(pid=95564) _run_loop /opt/stack/data/venv/lib/python3.12/site-packages/oslo_service/backend/_threading/loopingcall.py:125}}
Jun 09 08:35:15.664748 np0000002429 nova-scheduler[95562]: DEBUG nova.scheduler.manager [None req-9ea12698-a3b5-452d-b524-9d257b125f4d tempest-DeleteServersTestJSON-984431064 tempest-DeleteServersTestJSON-984431064-project-member] Starting to schedule for instances: ['5265b77b-1877-43a1-8ad8-ec9d3138e8e5'] {{(pid=95562) select_destinations /opt/stack/nova/nova/scheduler/manager.py:210}}
Jun 09 08:35:15.665394 np0000002429 nova-scheduler[95562]: DEBUG nova.scheduler.request_filter [None req-9ea12698-a3b5-452d-b524-9d257b125f4d tempest-DeleteServersTestJSON-984431064 tempest-DeleteServersTestJSON-984431064-project-member] compute_status_filter request filter added forbidden trait COMPUTE_STATUS_DISABLED {{(pid=95562) compute_status_filter /opt/stack/nova/nova/scheduler/request_filter.py:253}}
Jun 09 08:35:15.665493 np0000002429 nova-scheduler[95562]: DEBUG nova.scheduler.request_filter [None req-9ea12698-a3b5-452d-b524-9d257b125f4d tempest-DeleteServersTestJSON-984431064 tempest-DeleteServersTestJSON-984431064-project-member] Request filter 'compute_status_filter' took 0.0 seconds {{(pid=95562) wrapper /opt/stack/nova/nova/scheduler/request_filter.py:46}}
Jun 09 08:35:15.665674 np0000002429 nova-scheduler[95562]: DEBUG nova.scheduler.request_filter [None req-9ea12698-a3b5-452d-b524-9d257b125f4d tempest-DeleteServersTestJSON-984431064 tempest-DeleteServersTestJSON-984431064-project-member] Request filter 'accelerators_filter' took 0.0 seconds {{(pid=95562) wrapper /opt/stack/nova/nova/scheduler/request_filter.py:46}}
Jun 09 08:35:15.665831 np0000002429 nova-scheduler[95562]: DEBUG nova.scheduler.request_filter [None req-9ea12698-a3b5-452d-b524-9d257b125f4d tempest-DeleteServersTestJSON-984431064 tempest-DeleteServersTestJSON-984431064-project-member] Request filter 'packed_virtqueue_filter' took 0.0 seconds {{(pid=95562) wrapper /opt/stack/nova/nova/scheduler/request_filter.py:46}}
Jun 09 08:35:15.666093 np0000002429 nova-scheduler[95562]: DEBUG nova.scheduler.request_filter [None req-9ea12698-a3b5-452d-b524-9d257b125f4d tempest-DeleteServersTestJSON-984431064 tempest-DeleteServersTestJSON-984431064-project-member] Request filter 'remote_managed_ports_filter' took 0.0 seconds {{(pid=95562) wrapper /opt/stack/nova/nova/scheduler/request_filter.py:46}}
Jun 09 08:35:15.666234 np0000002429 nova-scheduler[95562]: DEBUG nova.scheduler.request_filter [None req-9ea12698-a3b5-452d-b524-9d257b125f4d tempest-DeleteServersTestJSON-984431064 tempest-DeleteServersTestJSON-984431064-project-member] ephemeral_encryption_filter skipped {{(pid=95562) ephemeral_encryption_filter /opt/stack/nova/nova/scheduler/request_filter.py:426}}
Jun 09 08:35:15.666354 np0000002429 nova-scheduler[95562]: DEBUG nova.scheduler.request_filter [None req-9ea12698-a3b5-452d-b524-9d257b125f4d tempest-DeleteServersTestJSON-984431064 tempest-DeleteServersTestJSON-984431064-project-member] virtio_sound_filter skipped {{(pid=95562) virtio_sound_filter /opt/stack/nova/nova/scheduler/request_filter.py:460}}
Jun 09 08:35:15.666462 np0000002429 nova-scheduler[95562]: DEBUG nova.scheduler.request_filter [None req-9ea12698-a3b5-452d-b524-9d257b125f4d tempest-DeleteServersTestJSON-984431064 tempest-DeleteServersTestJSON-984431064-project-member] tpm_secret_security_filter skipped {{(pid=95562) tpm_secret_security_filter /opt/stack/nova/nova/scheduler/request_filter.py:477}}
Jun 09 08:35:16.090167 np0000002429 nova-scheduler[95562]: INFO nova.utils [None req-9ea12698-a3b5-452d-b524-9d257b125f4d tempest-DeleteServersTestJSON-984431064 tempest-DeleteServersTestJSON-984431064-project-member] The cell worker thread pool ForkProcess-1.cell_worker is initialized
Jun 09 08:35:16.090483 np0000002429 nova-scheduler[95562]: DEBUG oslo_concurrency.lockutils [None req-9ea12698-a3b5-452d-b524-9d257b125f4d tempest-DeleteServersTestJSON-984431064 tempest-DeleteServersTestJSON-984431064-project-member] Acquiring lock "7eedca5c-a380-4e62-9fd3-e9e656b0b77b" by "nova.context.set_target_cell..get_or_set_cached_cell_and_set_connections" {{(pid=95562) inner /opt/stack/data/venv/lib/python3.12/site-packages/oslo_concurrency/lockutils.py:511}}
Jun 09 08:35:16.090691 np0000002429 nova-scheduler[95562]: DEBUG oslo_concurrency.lockutils [None req-9ea12698-a3b5-452d-b524-9d257b125f4d tempest-DeleteServersTestJSON-984431064 tempest-DeleteServersTestJSON-984431064-project-member] Lock "7eedca5c-a380-4e62-9fd3-e9e656b0b77b" acquired by "nova.context.set_target_cell..get_or_set_cached_cell_and_set_connections" :: waited 0.000s {{(pid=95562) inner /opt/stack/data/venv/lib/python3.12/site-packages/oslo_concurrency/lockutils.py:524}}
Jun 09 08:35:16.092229 np0000002429 nova-scheduler[95562]: DEBUG oslo_concurrency.lockutils [None req-9ea12698-a3b5-452d-b524-9d257b125f4d tempest-DeleteServersTestJSON-984431064 tempest-DeleteServersTestJSON-984431064-project-member] Lock "7eedca5c-a380-4e62-9fd3-e9e656b0b77b" "released" by "nova.context.set_target_cell..get_or_set_cached_cell_and_set_connections" :: held 0.001s {{(pid=95562) inner /opt/stack/data/venv/lib/python3.12/site-packages/oslo_concurrency/lockutils.py:543}}
Jun 09 08:35:16.094257 np0000002429 nova-scheduler[95562]: INFO dbcounter [None req-9ea12698-a3b5-452d-b524-9d257b125f4d tempest-DeleteServersTestJSON-984431064 tempest-DeleteServersTestJSON-984431064-project-member] Registered counter for database nova_cell1
Jun 09 08:35:16.129329 np0000002429 nova-scheduler[95562]: DEBUG oslo_db.sqlalchemy.engines [None req-9ea12698-a3b5-452d-b524-9d257b125f4d tempest-DeleteServersTestJSON-984431064 tempest-DeleteServersTestJSON-984431064-project-member] MySQL server mode set to STRICT_TRANS_TABLES,STRICT_ALL_TABLES,NO_ZERO_IN_DATE,NO_ZERO_DATE,ERROR_FOR_DIVISION_BY_ZERO,TRADITIONAL,NO_ENGINE_SUBSTITUTION {{(pid=95562) _check_effective_sql_mode /opt/stack/data/venv/lib/python3.12/site-packages/oslo_db/sqlalchemy/engines.py:325}}
Jun 09 08:35:16.134018 np0000002429 nova-scheduler[95562]: DEBUG dbcounter [-] [95562] Writer thread running {{(pid=95562) stat_writer /opt/stack/data/venv/lib/python3.12/site-packages/dbcounter.py:102}}
Jun 09 08:35:16.143767 np0000002429 nova-scheduler[95562]: DEBUG oslo_db.sqlalchemy.engines [None req-9ea12698-a3b5-452d-b524-9d257b125f4d tempest-DeleteServersTestJSON-984431064 tempest-DeleteServersTestJSON-984431064-project-member] Parent process 94355 forked (95562) with an open database connection, which is being discarded and recreated. {{(pid=95562) checkout /opt/stack/data/venv/lib/python3.12/site-packages/oslo_db/sqlalchemy/engines.py:402}}
Jun 09 08:35:16.183627 np0000002429 nova-scheduler[95562]: DEBUG dbcounter [-] [95562] Writer thread running {{(pid=95562) stat_writer /opt/stack/data/venv/lib/python3.12/site-packages/dbcounter.py:102}}
Jun 09 08:35:16.186442 np0000002429 nova-scheduler[95562]: DEBUG oslo_concurrency.lockutils [None req-9ea12698-a3b5-452d-b524-9d257b125f4d tempest-DeleteServersTestJSON-984431064 tempest-DeleteServersTestJSON-984431064-project-member] Acquiring lock "7eedca5c-a380-4e62-9fd3-e9e656b0b77b" by "nova.context.set_target_cell..get_or_set_cached_cell_and_set_connections" {{(pid=95562) inner /opt/stack/data/venv/lib/python3.12/site-packages/oslo_concurrency/lockutils.py:511}}
Jun 09 08:35:16.186706 np0000002429 nova-scheduler[95562]: DEBUG oslo_concurrency.lockutils [None req-9ea12698-a3b5-452d-b524-9d257b125f4d tempest-DeleteServersTestJSON-984431064 tempest-DeleteServersTestJSON-984431064-project-member] Lock "7eedca5c-a380-4e62-9fd3-e9e656b0b77b" acquired by "nova.context.set_target_cell..get_or_set_cached_cell_and_set_connections" :: waited 0.000s {{(pid=95562) inner /opt/stack/data/venv/lib/python3.12/site-packages/oslo_concurrency/lockutils.py:524}}
Jun 09 08:35:16.186957 np0000002429 nova-scheduler[95562]: DEBUG oslo_concurrency.lockutils [None req-9ea12698-a3b5-452d-b524-9d257b125f4d tempest-DeleteServersTestJSON-984431064 tempest-DeleteServersTestJSON-984431064-project-member] Lock "7eedca5c-a380-4e62-9fd3-e9e656b0b77b" "released" by "nova.context.set_target_cell..get_or_set_cached_cell_and_set_connections" :: held 0.000s {{(pid=95562) inner /opt/stack/data/venv/lib/python3.12/site-packages/oslo_concurrency/lockutils.py:543}}
Jun 09 08:35:16.189909 np0000002429 nova-scheduler[95562]: DEBUG oslo_concurrency.lockutils [None req-9ea12698-a3b5-452d-b524-9d257b125f4d tempest-DeleteServersTestJSON-984431064 tempest-DeleteServersTestJSON-984431064-project-member] Acquiring lock "('np0000002429', 'np0000002429')" by "nova.scheduler.host_manager.HostState.update.._locked_update" {{(pid=95562) inner /opt/stack/data/venv/lib/python3.12/site-packages/oslo_concurrency/lockutils.py:511}}
Jun 09 08:35:16.190097 np0000002429 nova-scheduler[95562]: DEBUG oslo_concurrency.lockutils [None req-9ea12698-a3b5-452d-b524-9d257b125f4d tempest-DeleteServersTestJSON-984431064 tempest-DeleteServersTestJSON-984431064-project-member] Lock "('np0000002429', 'np0000002429')" acquired by "nova.scheduler.host_manager.HostState.update.._locked_update" :: waited 0.000s {{(pid=95562) inner /opt/stack/data/venv/lib/python3.12/site-packages/oslo_concurrency/lockutils.py:524}}
Jun 09 08:35:16.191441 np0000002429 nova-scheduler[95562]: DEBUG nova.scheduler.host_manager [None req-9ea12698-a3b5-452d-b524-9d257b125f4d tempest-DeleteServersTestJSON-984431064 tempest-DeleteServersTestJSON-984431064-project-member] Update host state from compute node: ComputeNode(cpu_allocation_ratio=4.0,cpu_info='{"arch": "x86_64", "model": "EPYC-Milan", "vendor": "AMD", "topology": {"cells": 1, "sockets": 12, "cores": 1, "threads": 1}, "maxphysaddr": {"mode": "emulate", "bits": 40}, "features": ["lfence-always-serializing", "smap", "wbnoinvd", "invpcid", "clflushopt", "perfctr_core", "nx", "sse4.2", "hypervisor", "rdpid", "xsaves", "ssse3", "3dnowprefetch", "vaes", "nrip-save", "topoext", "adx", "avx2", "flushbyasid", "no-nested-data-bp", "pse36", "spec-ctrl", "ssbd", "xgetbv1", "avx", "sse", "de", "xsavec", "pse", "fxsr", "mmx", "rdctl-no", "pat", "xsaveopt", "apic", "lbrv", "mmxext", "rdrand", "vmcb-clean", "pni", "pclmuldq", "smep", "pschange-mc-no", "virt-ssbd", "cx16", "amd-ssbd", "fma", "cmov", "movbe", "sse4a", "xsaveerptr", "svm", "sep", "arch-capabilities", "popcnt", "erms", "vme", "lahf_lm", "sse4.1", "fsgsbase", "pae", "lm", "pku", "tsc_adjust", "pcid", "msr", "v-vmsave-vmload", "bmi2", "vpclmulqdq", "cx8", "ibpb", "ibrs", "cmp_legacy", "clzero", "tsc", "f16c", "pfthreshold", "amd-stibp", "aes", "mca", "mds-no", "rdtscp", "pause-filter", "clflush", "npt", "sse2", "cr8legacy", "clwb", "tsc-scale", "gds-no", "mce", "xsave", "amd-psfd", "stibp", "osvw", "pge", "stibp-always-on", "tsc-deadline", "syscall", "mtrr", "misalignsse", "fsrm", "arat", "sha-ni", "rdseed", "bmi1", "pdpe1gb", "skip-l1dfl-vmentry", "abm", "fpu", "vgif", "null-sel-clr-base", "x2apic", "umip", "svme-addr-chk", "fxsr_opt"]}',created_at=2026-06-09T08:33:06Z,current_workload=0,deleted=False,deleted_at=None,disk_allocation_ratio=1.0,disk_available_least=74,free_disk_gb=95,free_ram_mb=23518,host='np0000002429',host_ip=10.4.3.12,hypervisor_hostname='np0000002429',hypervisor_type='QEMU',hypervisor_version=8002002,id=1,local_gb=95,local_gb_used=0,mapped=1,memory_mb=24030,memory_mb_used=512,metrics='[]',numa_topology='{"nova_object.name": "NUMATopology", "nova_object.namespace": "nova", "nova_object.version": "1.2", "nova_object.data": {"cells": [{"nova_object.name": "NUMACell", "nova_object.namespace": "nova", "nova_object.version": "1.5", "nova_object.data": {"id": 0, "cpuset": [0, 1, 2, 3, 4, 5, 6, 7, 8, 9, 10, 11], "pcpuset": [0, 1, 2, 3, 4, 5, 6, 7, 8, 9, 10, 11], "memory": 24030, "cpu_usage": 0, "memory_usage": 0, "pinned_cpus": [], "siblings": [[6], [2], [5], [11], [8], [4], [1], [7], [10], [0], [3], [9]], "mempages": [{"nova_object.name": "NUMAPagesTopology", "nova_object.namespace": "nova", "nova_object.version": "1.1", "nova_object.data": {"size_kb": 4, "total": 6151799, "used": 0, "reserved": 0}, "nova_object.changes": ["used", "total", "reserved", "size_kb"]}, {"nova_object.name": "NUMAPagesTopology", "nova_object.namespace": "nova", "nova_object.version": "1.1", "nova_object.data": {"size_kb": 2048, "total": 0, "used": 0, "reserved": 0}, "nova_object.changes": ["used", "total", "reserved", "size_kb"]}, {"nova_object.name": "NUMAPagesTopology", "nova_object.namespace": "nova", "nova_object.version": "1.1", "nova_object.data": {"size_kb": 1048576, "total": 0, "used": 0, "reserved": 0}, "nova_object.changes": ["used", "total", "reserved", "size_kb"]}], "network_metadata": {"nova_object.name": "NetworkMetadata", "nova_object.namespace": "nova", "nova_object.version": "1.0", "nova_object.data": {"physnets": [], "tunneled": false}, "nova_object.changes": ["tunneled", "physnets"]}, "socket": null}, "nova_object.changes": ["network_metadata", "memory", "pinned_cpus", "siblings", "cpu_usage", "mempages", "id", "socket", "pcpuset", "memory_usage", "cpuset"]}]}, "nova_object.changes": ["cells"]}',pci_device_pools=PciDevicePoolList,ram_allocation_ratio=1.0,running_vms=0,service_id=2,stats={failed_builds='0',uptime=' 08:34:51 up 26 min, 2 users, load average: 1.07, 1.35, 0.77
Jun 09 08:35:16.191441 np0000002429 nova-scheduler[95562]: '},supported_hv_specs=[HVSpec,HVSpec,HVSpec,HVSpec,HVSpec,HVSpec,HVSpec,HVSpec,HVSpec,HVSpec,HVSpec,HVSpec,HVSpec,HVSpec,HVSpec,HVSpec,HVSpec,HVSpec,HVSpec,HVSpec,HVSpec,HVSpec,HVSpec,HVSpec,HVSpec],updated_at=2026-06-09T08:34:53Z,uuid=c3cb69a3-9aac-45bf-9f3f-f8744594158c,vcpus=12,vcpus_used=0) {{(pid=95562) _locked_update /opt/stack/nova/nova/scheduler/host_manager.py:168}}
Jun 09 08:35:16.192236 np0000002429 nova-scheduler[95562]: DEBUG nova.scheduler.host_manager [None req-9ea12698-a3b5-452d-b524-9d257b125f4d tempest-DeleteServersTestJSON-984431064 tempest-DeleteServersTestJSON-984431064-project-member] Update host state with aggregates: [] {{(pid=95562) _locked_update /opt/stack/nova/nova/scheduler/host_manager.py:171}}
Jun 09 08:35:16.192524 np0000002429 nova-scheduler[95562]: DEBUG nova.scheduler.host_manager [None req-9ea12698-a3b5-452d-b524-9d257b125f4d tempest-DeleteServersTestJSON-984431064 tempest-DeleteServersTestJSON-984431064-project-member] Update host state with service dict: {'id': 2, 'uuid': '79cef7b6-e385-463d-972a-5ccb8e68ec85', 'host': 'np0000002429', 'binary': 'nova-compute', 'topic': 'compute', 'report_count': 2, 'disabled': False, 'disabled_reason': None, 'last_seen_up': datetime.datetime(2026, 6, 9, 8, 35, 14, tzinfo=datetime.timezone.utc), 'forced_down': False, 'version': 72, 'created_at': datetime.datetime(2026, 6, 9, 8, 33, 4, tzinfo=datetime.timezone.utc), 'updated_at': datetime.datetime(2026, 6, 9, 8, 35, 14, tzinfo=datetime.timezone.utc), 'deleted_at': None, 'deleted': False} {{(pid=95562) _locked_update /opt/stack/nova/nova/scheduler/host_manager.py:174}}
Jun 09 08:35:16.192689 np0000002429 nova-scheduler[95562]: DEBUG nova.scheduler.host_manager [None req-9ea12698-a3b5-452d-b524-9d257b125f4d tempest-DeleteServersTestJSON-984431064 tempest-DeleteServersTestJSON-984431064-project-member] Update host state with instances: [] {{(pid=95562) _locked_update /opt/stack/nova/nova/scheduler/host_manager.py:177}}
Jun 09 08:35:16.192850 np0000002429 nova-scheduler[95562]: DEBUG oslo_concurrency.lockutils [None req-9ea12698-a3b5-452d-b524-9d257b125f4d tempest-DeleteServersTestJSON-984431064 tempest-DeleteServersTestJSON-984431064-project-member] Lock "('np0000002429', 'np0000002429')" "released" by "nova.scheduler.host_manager.HostState.update.._locked_update" :: held 0.003s {{(pid=95562) inner /opt/stack/data/venv/lib/python3.12/site-packages/oslo_concurrency/lockutils.py:543}}
Jun 09 08:35:16.193288 np0000002429 nova-scheduler[95562]: DEBUG nova.filters [None req-9ea12698-a3b5-452d-b524-9d257b125f4d tempest-DeleteServersTestJSON-984431064 tempest-DeleteServersTestJSON-984431064-project-member] Starting with 1 host(s) {{(pid=95562) get_filtered_objects /opt/stack/nova/nova/filters.py:70}}
Jun 09 08:35:16.193520 np0000002429 nova-scheduler[95562]: DEBUG nova.filters [None req-9ea12698-a3b5-452d-b524-9d257b125f4d tempest-DeleteServersTestJSON-984431064 tempest-DeleteServersTestJSON-984431064-project-member] Filter ComputeFilter returned 1 host(s) {{(pid=95562) get_filtered_objects /opt/stack/nova/nova/filters.py:102}}
Jun 09 08:35:16.193711 np0000002429 nova-scheduler[95562]: DEBUG nova.filters [None req-9ea12698-a3b5-452d-b524-9d257b125f4d tempest-DeleteServersTestJSON-984431064 tempest-DeleteServersTestJSON-984431064-project-member] Filter ComputeCapabilitiesFilter returned 1 host(s) {{(pid=95562) get_filtered_objects /opt/stack/nova/nova/filters.py:102}}
Jun 09 08:35:16.193961 np0000002429 nova-scheduler[95562]: DEBUG nova.filters [None req-9ea12698-a3b5-452d-b524-9d257b125f4d tempest-DeleteServersTestJSON-984431064 tempest-DeleteServersTestJSON-984431064-project-member] Filter ImagePropertiesFilter returned 1 host(s) {{(pid=95562) get_filtered_objects /opt/stack/nova/nova/filters.py:102}}
Jun 09 08:35:16.194141 np0000002429 nova-scheduler[95562]: DEBUG nova.filters [None req-9ea12698-a3b5-452d-b524-9d257b125f4d tempest-DeleteServersTestJSON-984431064 tempest-DeleteServersTestJSON-984431064-project-member] Filter ServerGroupAntiAffinityFilter returned 1 host(s) {{(pid=95562) get_filtered_objects /opt/stack/nova/nova/filters.py:102}}
Jun 09 08:35:16.194329 np0000002429 nova-scheduler[95562]: DEBUG nova.filters [None req-9ea12698-a3b5-452d-b524-9d257b125f4d tempest-DeleteServersTestJSON-984431064 tempest-DeleteServersTestJSON-984431064-project-member] Filter ServerGroupAffinityFilter returned 1 host(s) {{(pid=95562) get_filtered_objects /opt/stack/nova/nova/filters.py:102}}
Jun 09 08:35:16.194468 np0000002429 nova-scheduler[95562]: DEBUG nova.filters [None req-9ea12698-a3b5-452d-b524-9d257b125f4d tempest-DeleteServersTestJSON-984431064 tempest-DeleteServersTestJSON-984431064-project-member] Filter SameHostFilter returned 1 host(s) {{(pid=95562) get_filtered_objects /opt/stack/nova/nova/filters.py:102}}
Jun 09 08:35:16.194624 np0000002429 nova-scheduler[95562]: DEBUG nova.filters [None req-9ea12698-a3b5-452d-b524-9d257b125f4d tempest-DeleteServersTestJSON-984431064 tempest-DeleteServersTestJSON-984431064-project-member] Filter DifferentHostFilter returned 1 host(s) {{(pid=95562) get_filtered_objects /opt/stack/nova/nova/filters.py:102}}
Jun 09 08:35:16.194845 np0000002429 nova-scheduler[95562]: DEBUG nova.scheduler.manager [None req-9ea12698-a3b5-452d-b524-9d257b125f4d tempest-DeleteServersTestJSON-984431064 tempest-DeleteServersTestJSON-984431064-project-member] Filtered [(np0000002429, np0000002429) ram: 23518MB disk: 75776MB io_ops: 0 instances: 0, allocation_candidates: 1] {{(pid=95562) _get_sorted_hosts /opt/stack/nova/nova/scheduler/manager.py:743}}
Jun 09 08:35:16.195090 np0000002429 nova-scheduler[95562]: DEBUG nova.scheduler.manager [None req-9ea12698-a3b5-452d-b524-9d257b125f4d tempest-DeleteServersTestJSON-984431064 tempest-DeleteServersTestJSON-984431064-project-member] Weighed [WeighedHost [host: (np0000002429, np0000002429) ram: 23518MB disk: 75776MB io_ops: 0 instances: 0, allocation_candidates: 1, weight: 0.0]] {{(pid=95562) _get_sorted_hosts /opt/stack/nova/nova/scheduler/manager.py:765}}
Jun 09 08:35:16.195315 np0000002429 nova-scheduler[95562]: DEBUG nova.scheduler.utils [None req-9ea12698-a3b5-452d-b524-9d257b125f4d tempest-DeleteServersTestJSON-984431064 tempest-DeleteServersTestJSON-984431064-project-member] Attempting to claim resources in the placement API for instance 5265b77b-1877-43a1-8ad8-ec9d3138e8e5 {{(pid=95562) claim_resources /opt/stack/nova/nova/scheduler/utils.py:1345}}
Jun 09 08:35:16.325474 np0000002429 nova-scheduler[95562]: DEBUG nova.scheduler.manager [None req-9ea12698-a3b5-452d-b524-9d257b125f4d tempest-DeleteServersTestJSON-984431064 tempest-DeleteServersTestJSON-984431064-project-member] [instance: 5265b77b-1877-43a1-8ad8-ec9d3138e8e5] Selected host: (np0000002429, np0000002429) ram: 23518MB disk: 75776MB io_ops: 0 instances: 0, allocation_candidates: 1 {{(pid=95562) _consume_selected_host /opt/stack/nova/nova/scheduler/manager.py:625}}
Jun 09 08:35:16.325731 np0000002429 nova-scheduler[95562]: DEBUG oslo_concurrency.lockutils [None req-9ea12698-a3b5-452d-b524-9d257b125f4d tempest-DeleteServersTestJSON-984431064 tempest-DeleteServersTestJSON-984431064-project-member] Acquiring lock "('np0000002429', 'np0000002429')" by "nova.scheduler.host_manager.HostState.consume_from_request.._locked" {{(pid=95562) inner /opt/stack/data/venv/lib/python3.12/site-packages/oslo_concurrency/lockutils.py:511}}
Jun 09 08:35:16.325954 np0000002429 nova-scheduler[95562]: DEBUG oslo_concurrency.lockutils [None req-9ea12698-a3b5-452d-b524-9d257b125f4d tempest-DeleteServersTestJSON-984431064 tempest-DeleteServersTestJSON-984431064-project-member] Lock "('np0000002429', 'np0000002429')" acquired by "nova.scheduler.host_manager.HostState.consume_from_request.._locked" :: waited 0.000s {{(pid=95562) inner /opt/stack/data/venv/lib/python3.12/site-packages/oslo_concurrency/lockutils.py:524}}
Jun 09 08:35:16.326148 np0000002429 nova-scheduler[95562]: DEBUG oslo_concurrency.lockutils [None req-9ea12698-a3b5-452d-b524-9d257b125f4d tempest-DeleteServersTestJSON-984431064 tempest-DeleteServersTestJSON-984431064-project-member] Lock "('np0000002429', 'np0000002429')" "released" by "nova.scheduler.host_manager.HostState.consume_from_request.._locked" :: held 0.000s {{(pid=95562) inner /opt/stack/data/venv/lib/python3.12/site-packages/oslo_concurrency/lockutils.py:543}}
Jun 09 08:35:16.518385 np0000002429 nova-scheduler[95604]: DEBUG oslo.service.backend._threading.loopingcall [None req-ebdbc35a-a9a0-4f70-8e71-e2aee766c071 None None] Dynamic interval looping call 'nova.service.Service.periodic_tasks' sleeping for 60.00 seconds {{(pid=95604) _run_loop /opt/stack/data/venv/lib/python3.12/site-packages/oslo_service/backend/_threading/loopingcall.py:125}}
Jun 09 08:35:20.926615 np0000002429 nova-scheduler[95604]: DEBUG nova.scheduler.manager [None req-cd7747b2-5b3f-4969-bc73-6fb4e1e03021 tempest-ServerActionsTestOtherA-616552708 tempest-ServerActionsTestOtherA-616552708-project-member] Starting to schedule for instances: ['1c36e807-068e-409e-88f9-a7c8fb8ae824'] {{(pid=95604) select_destinations /opt/stack/nova/nova/scheduler/manager.py:210}}
Jun 09 08:35:20.927940 np0000002429 nova-scheduler[95604]: DEBUG nova.scheduler.request_filter [None req-cd7747b2-5b3f-4969-bc73-6fb4e1e03021 tempest-ServerActionsTestOtherA-616552708 tempest-ServerActionsTestOtherA-616552708-project-member] compute_status_filter request filter added forbidden trait COMPUTE_STATUS_DISABLED {{(pid=95604) compute_status_filter /opt/stack/nova/nova/scheduler/request_filter.py:253}}
Jun 09 08:35:20.928076 np0000002429 nova-scheduler[95604]: DEBUG nova.scheduler.request_filter [None req-cd7747b2-5b3f-4969-bc73-6fb4e1e03021 tempest-ServerActionsTestOtherA-616552708 tempest-ServerActionsTestOtherA-616552708-project-member] Request filter 'compute_status_filter' took 0.0 seconds {{(pid=95604) wrapper /opt/stack/nova/nova/scheduler/request_filter.py:46}}
Jun 09 08:35:20.928441 np0000002429 nova-scheduler[95604]: DEBUG nova.scheduler.request_filter [None req-cd7747b2-5b3f-4969-bc73-6fb4e1e03021 tempest-ServerActionsTestOtherA-616552708 tempest-ServerActionsTestOtherA-616552708-project-member] Request filter 'accelerators_filter' took 0.0 seconds {{(pid=95604) wrapper /opt/stack/nova/nova/scheduler/request_filter.py:46}}
Jun 09 08:35:20.928679 np0000002429 nova-scheduler[95604]: DEBUG nova.scheduler.request_filter [None req-cd7747b2-5b3f-4969-bc73-6fb4e1e03021 tempest-ServerActionsTestOtherA-616552708 tempest-ServerActionsTestOtherA-616552708-project-member] Request filter 'packed_virtqueue_filter' took 0.0 seconds {{(pid=95604) wrapper /opt/stack/nova/nova/scheduler/request_filter.py:46}}
Jun 09 08:35:20.929026 np0000002429 nova-scheduler[95604]: DEBUG nova.scheduler.request_filter [None req-cd7747b2-5b3f-4969-bc73-6fb4e1e03021 tempest-ServerActionsTestOtherA-616552708 tempest-ServerActionsTestOtherA-616552708-project-member] Request filter 'remote_managed_ports_filter' took 0.0 seconds {{(pid=95604) wrapper /opt/stack/nova/nova/scheduler/request_filter.py:46}}
Jun 09 08:35:20.929228 np0000002429 nova-scheduler[95604]: DEBUG nova.scheduler.request_filter [None req-cd7747b2-5b3f-4969-bc73-6fb4e1e03021 tempest-ServerActionsTestOtherA-616552708 tempest-ServerActionsTestOtherA-616552708-project-member] ephemeral_encryption_filter skipped {{(pid=95604) ephemeral_encryption_filter /opt/stack/nova/nova/scheduler/request_filter.py:426}}
Jun 09 08:35:20.929736 np0000002429 nova-scheduler[95604]: DEBUG nova.scheduler.request_filter [None req-cd7747b2-5b3f-4969-bc73-6fb4e1e03021 tempest-ServerActionsTestOtherA-616552708 tempest-ServerActionsTestOtherA-616552708-project-member] virtio_sound_filter skipped {{(pid=95604) virtio_sound_filter /opt/stack/nova/nova/scheduler/request_filter.py:460}}
Jun 09 08:35:20.930015 np0000002429 nova-scheduler[95604]: DEBUG nova.scheduler.request_filter [None req-cd7747b2-5b3f-4969-bc73-6fb4e1e03021 tempest-ServerActionsTestOtherA-616552708 tempest-ServerActionsTestOtherA-616552708-project-member] tpm_secret_security_filter skipped {{(pid=95604) tpm_secret_security_filter /opt/stack/nova/nova/scheduler/request_filter.py:477}}
Jun 09 08:35:21.050845 np0000002429 nova-scheduler[95604]: INFO nova.utils [None req-cd7747b2-5b3f-4969-bc73-6fb4e1e03021 tempest-ServerActionsTestOtherA-616552708 tempest-ServerActionsTestOtherA-616552708-project-member] The cell worker thread pool ForkProcess-3.cell_worker is initialized
Jun 09 08:35:21.051341 np0000002429 nova-scheduler[95604]: DEBUG oslo_concurrency.lockutils [None req-cd7747b2-5b3f-4969-bc73-6fb4e1e03021 tempest-ServerActionsTestOtherA-616552708 tempest-ServerActionsTestOtherA-616552708-project-member] Acquiring lock "7eedca5c-a380-4e62-9fd3-e9e656b0b77b" by "nova.context.set_target_cell..get_or_set_cached_cell_and_set_connections" {{(pid=95604) inner /opt/stack/data/venv/lib/python3.12/site-packages/oslo_concurrency/lockutils.py:511}}
Jun 09 08:35:21.051515 np0000002429 nova-scheduler[95604]: DEBUG oslo_concurrency.lockutils [None req-cd7747b2-5b3f-4969-bc73-6fb4e1e03021 tempest-ServerActionsTestOtherA-616552708 tempest-ServerActionsTestOtherA-616552708-project-member] Lock "7eedca5c-a380-4e62-9fd3-e9e656b0b77b" acquired by "nova.context.set_target_cell..get_or_set_cached_cell_and_set_connections" :: waited 0.000s {{(pid=95604) inner /opt/stack/data/venv/lib/python3.12/site-packages/oslo_concurrency/lockutils.py:524}}
Jun 09 08:35:21.053762 np0000002429 nova-scheduler[95604]: DEBUG oslo_concurrency.lockutils [None req-cd7747b2-5b3f-4969-bc73-6fb4e1e03021 tempest-ServerActionsTestOtherA-616552708 tempest-ServerActionsTestOtherA-616552708-project-member] Lock "7eedca5c-a380-4e62-9fd3-e9e656b0b77b" "released" by "nova.context.set_target_cell..get_or_set_cached_cell_and_set_connections" :: held 0.002s {{(pid=95604) inner /opt/stack/data/venv/lib/python3.12/site-packages/oslo_concurrency/lockutils.py:543}}
Jun 09 08:35:21.055595 np0000002429 nova-scheduler[95604]: INFO dbcounter [None req-cd7747b2-5b3f-4969-bc73-6fb4e1e03021 tempest-ServerActionsTestOtherA-616552708 tempest-ServerActionsTestOtherA-616552708-project-member] Registered counter for database nova_cell1
Jun 09 08:35:21.091720 np0000002429 nova-scheduler[95564]: DEBUG nova.scheduler.manager [None req-74fce6cc-6471-4a10-a2c4-9979f9b08982 tempest-AttachVolumeTestJSON-1027520224 tempest-AttachVolumeTestJSON-1027520224-project-member] Starting to schedule for instances: ['ce452ffd-0fc5-44b7-b186-7d1fca33b8de'] {{(pid=95564) select_destinations /opt/stack/nova/nova/scheduler/manager.py:210}}
Jun 09 08:35:21.093890 np0000002429 nova-scheduler[95564]: DEBUG nova.scheduler.request_filter [None req-74fce6cc-6471-4a10-a2c4-9979f9b08982 tempest-AttachVolumeTestJSON-1027520224 tempest-AttachVolumeTestJSON-1027520224-project-member] compute_status_filter request filter added forbidden trait COMPUTE_STATUS_DISABLED {{(pid=95564) compute_status_filter /opt/stack/nova/nova/scheduler/request_filter.py:253}}
Jun 09 08:35:21.093890 np0000002429 nova-scheduler[95564]: DEBUG nova.scheduler.request_filter [None req-74fce6cc-6471-4a10-a2c4-9979f9b08982 tempest-AttachVolumeTestJSON-1027520224 tempest-AttachVolumeTestJSON-1027520224-project-member] Request filter 'compute_status_filter' took 0.0 seconds {{(pid=95564) wrapper /opt/stack/nova/nova/scheduler/request_filter.py:46}}
Jun 09 08:35:21.093890 np0000002429 nova-scheduler[95564]: DEBUG nova.scheduler.request_filter [None req-74fce6cc-6471-4a10-a2c4-9979f9b08982 tempest-AttachVolumeTestJSON-1027520224 tempest-AttachVolumeTestJSON-1027520224-project-member] Request filter 'accelerators_filter' took 0.0 seconds {{(pid=95564) wrapper /opt/stack/nova/nova/scheduler/request_filter.py:46}}
Jun 09 08:35:21.093890 np0000002429 nova-scheduler[95564]: DEBUG nova.scheduler.request_filter [None req-74fce6cc-6471-4a10-a2c4-9979f9b08982 tempest-AttachVolumeTestJSON-1027520224 tempest-AttachVolumeTestJSON-1027520224-project-member] Request filter 'packed_virtqueue_filter' took 0.0 seconds {{(pid=95564) wrapper /opt/stack/nova/nova/scheduler/request_filter.py:46}}
Jun 09 08:35:21.093890 np0000002429 nova-scheduler[95564]: DEBUG nova.scheduler.request_filter [None req-74fce6cc-6471-4a10-a2c4-9979f9b08982 tempest-AttachVolumeTestJSON-1027520224 tempest-AttachVolumeTestJSON-1027520224-project-member] Request filter 'remote_managed_ports_filter' took 0.0 seconds {{(pid=95564) wrapper /opt/stack/nova/nova/scheduler/request_filter.py:46}}
Jun 09 08:35:21.093890 np0000002429 nova-scheduler[95564]: DEBUG nova.scheduler.request_filter [None req-74fce6cc-6471-4a10-a2c4-9979f9b08982 tempest-AttachVolumeTestJSON-1027520224 tempest-AttachVolumeTestJSON-1027520224-project-member] ephemeral_encryption_filter skipped {{(pid=95564) ephemeral_encryption_filter /opt/stack/nova/nova/scheduler/request_filter.py:426}}
Jun 09 08:35:21.093890 np0000002429 nova-scheduler[95564]: DEBUG nova.scheduler.request_filter [None req-74fce6cc-6471-4a10-a2c4-9979f9b08982 tempest-AttachVolumeTestJSON-1027520224 tempest-AttachVolumeTestJSON-1027520224-project-member] virtio_sound_filter skipped {{(pid=95564) virtio_sound_filter /opt/stack/nova/nova/scheduler/request_filter.py:460}}
Jun 09 08:35:21.093890 np0000002429 nova-scheduler[95564]: DEBUG nova.scheduler.request_filter [None req-74fce6cc-6471-4a10-a2c4-9979f9b08982 tempest-AttachVolumeTestJSON-1027520224 tempest-AttachVolumeTestJSON-1027520224-project-member] tpm_secret_security_filter skipped {{(pid=95564) tpm_secret_security_filter /opt/stack/nova/nova/scheduler/request_filter.py:477}}
Jun 09 08:35:21.103516 np0000002429 nova-scheduler[95604]: DEBUG oslo_db.sqlalchemy.engines [None req-cd7747b2-5b3f-4969-bc73-6fb4e1e03021 tempest-ServerActionsTestOtherA-616552708 tempest-ServerActionsTestOtherA-616552708-project-member] MySQL server mode set to STRICT_TRANS_TABLES,STRICT_ALL_TABLES,NO_ZERO_IN_DATE,NO_ZERO_DATE,ERROR_FOR_DIVISION_BY_ZERO,TRADITIONAL,NO_ENGINE_SUBSTITUTION {{(pid=95604) _check_effective_sql_mode /opt/stack/data/venv/lib/python3.12/site-packages/oslo_db/sqlalchemy/engines.py:325}}
Jun 09 08:35:21.109029 np0000002429 nova-scheduler[95604]: DEBUG dbcounter [-] [95604] Writer thread running {{(pid=95604) stat_writer /opt/stack/data/venv/lib/python3.12/site-packages/dbcounter.py:102}}
Jun 09 08:35:21.163599 np0000002429 nova-scheduler[95604]: DEBUG dbcounter [-] [95604] Writer thread running {{(pid=95604) stat_writer /opt/stack/data/venv/lib/python3.12/site-packages/dbcounter.py:102}}
Jun 09 08:35:21.166837 np0000002429 nova-scheduler[95604]: DEBUG oslo_concurrency.lockutils [None req-cd7747b2-5b3f-4969-bc73-6fb4e1e03021 tempest-ServerActionsTestOtherA-616552708 tempest-ServerActionsTestOtherA-616552708-project-member] Acquiring lock "7eedca5c-a380-4e62-9fd3-e9e656b0b77b" by "nova.context.set_target_cell..get_or_set_cached_cell_and_set_connections" {{(pid=95604) inner /opt/stack/data/venv/lib/python3.12/site-packages/oslo_concurrency/lockutils.py:511}}
Jun 09 08:35:21.167450 np0000002429 nova-scheduler[95604]: DEBUG oslo_concurrency.lockutils [None req-cd7747b2-5b3f-4969-bc73-6fb4e1e03021 tempest-ServerActionsTestOtherA-616552708 tempest-ServerActionsTestOtherA-616552708-project-member] Lock "7eedca5c-a380-4e62-9fd3-e9e656b0b77b" acquired by "nova.context.set_target_cell..get_or_set_cached_cell_and_set_connections" :: waited 0.000s {{(pid=95604) inner /opt/stack/data/venv/lib/python3.12/site-packages/oslo_concurrency/lockutils.py:524}}
