Jun 09 08:32:18.093238 np0000002429 devstack@neutron-api.service[89887]: DEBUG neutron.common.ovn.hash_ring_manager [None req-d9482229-1da0-43e8-8e31-b79e2bed5bc8 None None] Allow caching, nodes 3>=3 {{(pid=89887) _wait_startup_before_caching /opt/stack/neutron/neutron/common/ovn/hash_ring_manager.py:65}}
Jun 09 08:32:18.094318 np0000002429 devstack@neutron-api.service[89886]: INFO neutron.plugins.ml2.drivers.ovn.mech_driver.mech_driver [None req-71045f2d-2438-41b0-bea3-a444c3cc2af6 None None] WorkerService process has finished the post initialization
Jun 09 08:32:18.095002 np0000002429 devstack@neutron-api.service[89886]: DEBUG oslo_concurrency.processutils [None req-71045f2d-2438-41b0-bea3-a444c3cc2af6 None None] Running cmd (subprocess): ovsdb-client transact ssl:10.4.3.12:6641 --timeout 180 -p /opt/stack/data/CA/int-ca/private/devstack-cert.key -c /opt/stack/data/CA/int-ca/devstack-cert.crt -C /opt/stack/data/CA/int-ca/ca-chain.pem ["OVN_Northbound", {"op": "wait", "timeout": 0, "table": "Port_Group", "where": [["name", "==", "pvlan_pg_drop"]], "until": "==", "rows": []}, {"op": "insert", "table": "ACL", "row": {"action": "drop", "direction": "to-lport", "match": "outport == @pvlan_pg_drop && ip", "priority": 1010}, "uuid-name": "pvlandroptoport"}, {"op": "insert", "table": "ACL", "row": {"action": "drop", "direction": "from-lport", "match": "inport == @pvlan_pg_drop && ip", "priority": 1010}, "uuid-name": "pvlandropfromport"}, {"op": "insert", "table": "Port_Group", "row": {"name": "pvlan_pg_drop", "acls": ["set", [["named-uuid", "pvlandroptoport"], ["named-uuid", "pvlandropfromport"]]]}}] {{(pid=89886) execute /opt/stack/data/venv/lib/python3.12/site-packages/oslo_concurrency/processutils.py:440}}
Jun 09 08:32:18.095002 np0000002429 devstack@neutron-api.service[89886]: INFO neutron.plugins.ml2.drivers.ovn.mech_driver.ovsdb.extensions.qos [-] Starting OVNClientQosExtension
Jun 09 08:32:18.095002 np0000002429 devstack@neutron-api.service[89886]: INFO neutron.plugins.ml2.drivers.ovn.mech_driver.ovsdb.extensions.placement [-] Starting OVNClientPlacementExtension
Jun 09 08:32:18.097737 np0000002429 devstack@neutron-api.service[89887]: DEBUG neutron.common.ovn.hash_ring_manager [None req-d9482229-1da0-43e8-8e31-b79e2bed5bc8 None None] Hash Ring loaded. 3 active nodes. 0 offline nodes {{(pid=89887) _load_hash_ring /opt/stack/neutron/neutron/common/ovn/hash_ring_manager.py:102}}
Jun 09 08:32:18.098073 np0000002429 devstack@neutron-api.service[89887]: DEBUG neutron.plugins.ml2.drivers.ovn.mech_driver.ovsdb.ovsdb_monitor [None req-d9482229-1da0-43e8-8e31-b79e2bed5bc8 None None] ChassisOVNAgentWriteEvent : Matched Chassis_Private, create, None None {{(pid=89887) matches /opt/stack/neutron/neutron/plugins/ml2/drivers/ovn/mech_driver/ovsdb/ovsdb_monitor.py:64}}
Jun 09 08:32:18.098276 np0000002429 devstack@neutron-api.service[89887]: DEBUG neutron.plugins.ml2.drivers.ovn.mech_driver.ovsdb.ovsdb_monitor [None req-d9482229-1da0-43e8-8e31-b79e2bed5bc8 None None] ChassisAgentWriteEvent : Matched Chassis_Private, create, None None {{(pid=89887) matches /opt/stack/neutron/neutron/plugins/ml2/drivers/ovn/mech_driver/ovsdb/ovsdb_monitor.py:64}}
Jun 09 08:32:18.098645 np0000002429 devstack@neutron-api.service[89887]: DEBUG neutron.plugins.ml2.drivers.ovn.mech_driver.ovsdb.ovsdb_monitor [None req-d9482229-1da0-43e8-8e31-b79e2bed5bc8 None None] Hash Ring: Node 9c56badc15bd528eb3181ae81a9f0af7 (host: np0000002429) handling event "create" for row feaf9584-9afb-43f8-bd0e-871b9d0330e6 (table: Chassis_Private) {{(pid=89887) notify /opt/stack/neutron/neutron/plugins/ml2/drivers/ovn/mech_driver/ovsdb/ovsdb_monitor.py:1015}}
Jun 09 08:32:18.100694 np0000002429 devstack@neutron-api.service[89887]: INFO neutron.plugins.ml2.drivers.ovn.mech_driver.mech_driver [None req-d9482229-1da0-43e8-8e31-b79e2bed5bc8 None None] WorkerService process has finished the post initialization
Jun 09 08:32:18.101106 np0000002429 devstack@neutron-api.service[89887]: DEBUG oslo_concurrency.processutils [None req-d9482229-1da0-43e8-8e31-b79e2bed5bc8 None None] Running cmd (subprocess): ovsdb-client transact ssl:10.4.3.12:6641 --timeout 180 -p /opt/stack/data/CA/int-ca/private/devstack-cert.key -c /opt/stack/data/CA/int-ca/devstack-cert.crt -C /opt/stack/data/CA/int-ca/ca-chain.pem ["OVN_Northbound", {"op": "wait", "timeout": 0, "table": "Port_Group", "where": [["name", "==", "pvlan_pg_drop"]], "until": "==", "rows": []}, {"op": "insert", "table": "ACL", "row": {"action": "drop", "direction": "to-lport", "match": "outport == @pvlan_pg_drop && ip", "priority": 1010}, "uuid-name": "pvlandroptoport"}, {"op": "insert", "table": "ACL", "row": {"action": "drop", "direction": "from-lport", "match": "inport == @pvlan_pg_drop && ip", "priority": 1010}, "uuid-name": "pvlandropfromport"}, {"op": "insert", "table": "Port_Group", "row": {"name": "pvlan_pg_drop", "acls": ["set", [["named-uuid", "pvlandroptoport"], ["named-uuid", "pvlandropfromport"]]]}}] {{(pid=89887) execute /opt/stack/data/venv/lib/python3.12/site-packages/oslo_concurrency/processutils.py:440}}
Jun 09 08:32:18.122729 np0000002429 devstack@neutron-api.service[89886]: DEBUG oslo_concurrency.processutils [None req-71045f2d-2438-41b0-bea3-a444c3cc2af6 None None] CMD "ovsdb-client transact ssl:10.4.3.12:6641 --timeout 180 -p /opt/stack/data/CA/int-ca/private/devstack-cert.key -c /opt/stack/data/CA/int-ca/devstack-cert.crt -C /opt/stack/data/CA/int-ca/ca-chain.pem ["OVN_Northbound", {"op": "wait", "timeout": 0, "table": "Port_Group", "where": [["name", "==", "pvlan_pg_drop"]], "until": "==", "rows": []}, {"op": "insert", "table": "ACL", "row": {"action": "drop", "direction": "to-lport", "match": "outport == @pvlan_pg_drop && ip", "priority": 1010}, "uuid-name": "pvlandroptoport"}, {"op": "insert", "table": "ACL", "row": {"action": "drop", "direction": "from-lport", "match": "inport == @pvlan_pg_drop && ip", "priority": 1010}, "uuid-name": "pvlandropfromport"}, {"op": "insert", "table": "Port_Group", "row": {"name": "pvlan_pg_drop", "acls": ["set", [["named-uuid", "pvlandroptoport"], ["named-uuid", "pvlandropfromport"]]]}}]" returned: 0 in 0.028s {{(pid=89886) execute /opt/stack/data/venv/lib/python3.12/site-packages/oslo_concurrency/processutils.py:468}}
Jun 09 08:32:18.124767 np0000002429 devstack@neutron-api.service[89886]: WSGI app 0 (mountpoint='') ready in 6 seconds on interpreter 0x762bc3aa3668 pid: 89886 (default app)
Jun 09 08:32:18.129103 np0000002429 devstack@neutron-api.service[89887]: DEBUG oslo_concurrency.processutils [None req-d9482229-1da0-43e8-8e31-b79e2bed5bc8 None None] CMD "ovsdb-client transact ssl:10.4.3.12:6641 --timeout 180 -p /opt/stack/data/CA/int-ca/private/devstack-cert.key -c /opt/stack/data/CA/int-ca/devstack-cert.crt -C /opt/stack/data/CA/int-ca/ca-chain.pem ["OVN_Northbound", {"op": "wait", "timeout": 0, "table": "Port_Group", "where": [["name", "==", "pvlan_pg_drop"]], "until": "==", "rows": []}, {"op": "insert", "table": "ACL", "row": {"action": "drop", "direction": "to-lport", "match": "outport == @pvlan_pg_drop && ip", "priority": 1010}, "uuid-name": "pvlandroptoport"}, {"op": "insert", "table": "ACL", "row": {"action": "drop", "direction": "from-lport", "match": "inport == @pvlan_pg_drop && ip", "priority": 1010}, "uuid-name": "pvlandropfromport"}, {"op": "insert", "table": "Port_Group", "row": {"name": "pvlan_pg_drop", "acls": ["set", [["named-uuid", "pvlandroptoport"], ["named-uuid", "pvlandropfromport"]]]}}]" returned: 0 in 0.028s {{(pid=89887) execute /opt/stack/data/venv/lib/python3.12/site-packages/oslo_concurrency/processutils.py:468}}
Jun 09 08:32:18.131709 np0000002429 devstack@neutron-api.service[89887]: WSGI app 0 (mountpoint='') ready in 6 seconds on interpreter 0x762bc3aa3668 pid: 89887 (default app)
Jun 09 08:32:19.618791 np0000002429 devstack@neutron-api.service[89886]: DEBUG neutron.plugins.ml2.drivers.ovn.mech_driver.ovsdb.ovsdb_monitor [-] Hash Ring: Node 8e32dc3a84a2539e837f2f8b67f15be0 (host: np0000002429) handling event "update" for row 2ae4c05b-957f-4b5f-b73c-d7405968b020 (table: Connection) {{(pid=89886) notify /opt/stack/neutron/neutron/plugins/ml2/drivers/ovn/mech_driver/ovsdb/ovsdb_monitor.py:1015}}
Jun 09 08:32:19.621072 np0000002429 devstack@neutron-api.service[89885]: DEBUG neutron.common.ovn.hash_ring_manager [-] Allow caching, nodes 3>=3 {{(pid=89885) _wait_startup_before_caching /opt/stack/neutron/neutron/common/ovn/hash_ring_manager.py:65}}
Jun 09 08:32:19.621957 np0000002429 devstack@neutron-api.service[89885]: DEBUG neutron.plugins.ml2.drivers.ovn.mech_driver.ovsdb.ovsdb_monitor [-] Hash Ring: Node 0013e5bc048650648c3dff67a87c0d1e (host: np0000002429) handling event "update" for row 2ae4c05b-957f-4b5f-b73c-d7405968b020 (table: Connection) {{(pid=89885) notify /opt/stack/neutron/neutron/plugins/ml2/drivers/ovn/mech_driver/ovsdb/ovsdb_monitor.py:1015}}
Jun 09 08:32:21.787618 np0000002429 devstack@neutron-api.service[89885]: DEBUG neutron.api.wsgi [None req-9e8300fe-20fa-4f23-9a7b-a74469a7b7d0 admin admin] Missing Content-Type {{(pid=89885) get_content_type /opt/stack/neutron/neutron/api/wsgi.py:80}}
Jun 09 08:32:21.788083 np0000002429 devstack@neutron-api.service[89885]: DEBUG neutron.api.wsgi [None req-9e8300fe-20fa-4f23-9a7b-a74469a7b7d0 admin admin] https://10.4.3.12/networking/v2.0/extensions returned with HTTP 200 {{(pid=89885) __call__ /opt/stack/neutron/neutron/api/wsgi.py:540}}
Jun 09 08:32:21.788264 np0000002429 devstack@neutron-api.service[89885]: [pid: 89885|app: 0|req: 2/2] 10.4.3.12 () {64 vars in 1285 bytes} [Tue Jun 9 08:32:21 2026] GET /networking/v2.0/extensions => generated 15873 bytes in 549 msecs (HTTP/1.1 200) 4 headers in 159 bytes (1 switches on core 0)
Jun 09 08:32:22.147404 np0000002429 devstack@neutron-api.service[89886]: DEBUG neutron.api.v2.base [None req-d18653da-8d95-4dbf-aa6b-c9250b339e0c admin admin] Request body: {'subnetpool': {'shared': True, 'default_prefixlen': 26, 'is_default': True, 'name': 'shared-default-subnetpool-v4', 'prefixes': ['10.1.0.0/20']}} {{(pid=89886) prepare_request_body /opt/stack/neutron/neutron/api/v2/base.py:727}}
Jun 09 08:32:22.327683 np0000002429 devstack@neutron-api.service[89886]: DEBUG neutron.policy [None req-d18653da-8d95-4dbf-aa6b-c9250b339e0c admin admin] Loaded default policies from ['neutron'] under neutron.policies entry points {{(pid=89886) register_rules /opt/stack/neutron/neutron/policy.py:65}}
Jun 09 08:32:22.445866 np0000002429 devstack@neutron-api.service[89886]: DEBUG neutron_lib.callbacks.manager [None req-d18653da-8d95-4dbf-aa6b-c9250b339e0c admin admin] Publish callbacks ['neutron.objects.securitygroup.RbacNeutronDbObjectMixin.validate_rbac_policy_change-2462721979365', 'neutron.objects.address_group.RbacNeutronDbObjectMixin.validate_rbac_policy_change-2462722026001', 'neutron.objects.network.RbacNeutronDbObjectMixin.validate_rbac_policy_change-2462722007702', 'neutron.objects.qos.policy.RbacNeutronDbObjectMixin.validate_rbac_policy_change-2462721921421', 'neutron.objects.subnetpool.RbacNeutronDbObjectMixin.validate_rbac_policy_change-2462721914732', 'neutron.objects.address_scope.RbacNeutronDbObjectMixin.validate_rbac_policy_change-2462721915901', 'neutron.plugins.ml2.plugin.External_net_db_mixin._process_ext_policy_create-232080', 'neutron.plugins.ml2.plugin.NeutronDbPluginV2.validate_network_rbac_policy_change-243508'] for rbac-policy (None), before_create {{(pid=89886) _notify_loop /opt/stack/data/venv/lib/python3.12/site-packages/neutron_lib/callbacks/manager.py:184}}
Jun 09 08:32:22.479163 np0000002429 devstack@neutron-api.service[89886]: DEBUG neutron_lib.callbacks.manager [None req-d18653da-8d95-4dbf-aa6b-c9250b339e0c admin admin] Publish callbacks [] for subnetpool (None), before_response {{(pid=89886) _notify_loop /opt/stack/data/venv/lib/python3.12/site-packages/neutron_lib/callbacks/manager.py:184}}
Jun 09 08:32:22.479797 np0000002429 devstack@neutron-api.service[89886]: [pid: 89886|app: 0|req: 1/3] 10.4.3.12 () {68 vars in 1329 bytes} [Tue Jun 9 08:32:22 2026] POST /networking/v2.0/subnetpools => generated 533 bytes in 419 msecs (HTTP/1.1 201) 4 headers in 162 bytes (1 switches on core 0)
Jun 09 08:32:22.767072 np0000002429 devstack@neutron-api.service[89887]: DEBUG neutron.api.v2.base [None req-d401ebb7-2096-4563-b82f-586a06af16bb admin admin] Request body: {'subnetpool': {'shared': True, 'default_prefixlen': 64, 'is_default': True, 'name': 'shared-default-subnetpool-v6', 'prefixes': ['fda2:53b1:b87d::/56']}} {{(pid=89887) prepare_request_body /opt/stack/neutron/neutron/api/v2/base.py:727}}
Jun 09 08:32:22.923393 np0000002429 devstack@neutron-api.service[89887]: DEBUG neutron.policy [None req-d401ebb7-2096-4563-b82f-586a06af16bb admin admin] Loaded default policies from ['neutron'] under neutron.policies entry points {{(pid=89887) register_rules /opt/stack/neutron/neutron/policy.py:65}}
Jun 09 08:32:23.037543 np0000002429 devstack@neutron-api.service[89887]: DEBUG neutron_lib.callbacks.manager [None req-d401ebb7-2096-4563-b82f-586a06af16bb admin admin] Publish callbacks ['neutron.objects.securitygroup.RbacNeutronDbObjectMixin.validate_rbac_policy_change-2462721852487', 'neutron.objects.address_group.RbacNeutronDbObjectMixin.validate_rbac_policy_change-2462721846503', 'neutron.objects.network.RbacNeutronDbObjectMixin.validate_rbac_policy_change-2462721954809', 'neutron.objects.qos.policy.RbacNeutronDbObjectMixin.validate_rbac_policy_change-2462721962534', 'neutron.objects.subnetpool.RbacNeutronDbObjectMixin.validate_rbac_policy_change-2462721943098', 'neutron.objects.address_scope.RbacNeutronDbObjectMixin.validate_rbac_policy_change-2462721945162', 'neutron.plugins.ml2.plugin.External_net_db_mixin._process_ext_policy_create-1089259', 'neutron.plugins.ml2.plugin.NeutronDbPluginV2.validate_network_rbac_policy_change-1092495'] for rbac-policy (None), before_create {{(pid=89887) _notify_loop /opt/stack/data/venv/lib/python3.12/site-packages/neutron_lib/callbacks/manager.py:184}}
Jun 09 08:32:23.069555 np0000002429 devstack@neutron-api.service[89887]: DEBUG neutron_lib.callbacks.manager [None req-d401ebb7-2096-4563-b82f-586a06af16bb admin admin] Publish callbacks [] for subnetpool (None), before_response {{(pid=89887) _notify_loop /opt/stack/data/venv/lib/python3.12/site-packages/neutron_lib/callbacks/manager.py:184}}
Jun 09 08:32:23.070113 np0000002429 devstack@neutron-api.service[89887]: [pid: 89887|app: 0|req: 1/4] 10.4.3.12 () {68 vars in 1329 bytes} [Tue Jun 9 08:32:22 2026] POST /networking/v2.0/subnetpools => generated 543 bytes in 387 msecs (HTTP/1.1 201) 4 headers in 162 bytes (1 switches on core 0)
Jun 09 08:32:23.270006 np0000002429 devstack@neutron-api.service[89885]: DEBUG neutron.api.v2.base [None req-cd3081da-4b2c-4d76-94f6-70ff9c1ff9e4 admin admin] Request body: {'network': {'name': 'private', 'admin_state_up': True}} {{(pid=89885) prepare_request_body /opt/stack/neutron/neutron/api/v2/base.py:727}}
Jun 09 08:32:23.293280 np0000002429 devstack@neutron-api.service[89885]: DEBUG neutron.pecan_wsgi.hooks.quota_enforcement [None req-cd3081da-4b2c-4d76-94f6-70ff9c1ff9e4 admin admin] Made reservation on behalf of 0eea8ba2931748bda3399672c81d4a84 for: {'network': 1} {{(pid=89885) before /opt/stack/neutron/neutron/pecan_wsgi/hooks/quota_enforcement.py:66}}
Jun 09 08:32:23.447413 np0000002429 devstack@neutron-api.service[89885]: DEBUG neutron.policy [None req-cd3081da-4b2c-4d76-94f6-70ff9c1ff9e4 admin admin] Loaded default policies from ['neutron'] under neutron.policies entry points {{(pid=89885) register_rules /opt/stack/neutron/neutron/policy.py:65}}
Jun 09 08:32:23.528264 np0000002429 devstack@neutron-api.service[89885]: DEBUG neutron_lib.callbacks.manager [None req-cd3081da-4b2c-4d76-94f6-70ff9c1ff9e4 admin admin] Publish callbacks ['neutron.plugins.ml2.plugin.SecurityGroupDbMixin._ensure_default_security_group_handler-10609'] for network (None), before_create {{(pid=89885) _notify_loop /opt/stack/data/venv/lib/python3.12/site-packages/neutron_lib/callbacks/manager.py:184}}
Jun 09 08:32:23.544253 np0000002429 devstack@neutron-api.service[89885]: DEBUG neutron_lib.callbacks.manager [None req-cd3081da-4b2c-4d76-94f6-70ff9c1ff9e4 admin admin] Publish callbacks [] for security_group (None), before_create {{(pid=89885) _notify_loop /opt/stack/data/venv/lib/python3.12/site-packages/neutron_lib/callbacks/manager.py:184}}
Jun 09 08:32:23.623479 np0000002429 devstack@neutron-api.service[89885]: DEBUG neutron_lib.callbacks.manager [None req-cd3081da-4b2c-4d76-94f6-70ff9c1ff9e4 admin admin] Publish callbacks ['neutron.plugins.ml2.drivers.ovn.mech_driver.mech_driver.OVNMechanismDriver._create_security_group_precommit-2546310'] for security_group (fb95f88f-c76c-4ba2-82ca-f59b5321326b), precommit_create {{(pid=89885) _notify_loop /opt/stack/data/venv/lib/python3.12/site-packages/neutron_lib/callbacks/manager.py:184}}
Jun 09 08:32:23.623621 np0000002429 devstack@neutron-api.service[89885]: DEBUG neutron.db.ovn_revision_numbers_db [None req-cd3081da-4b2c-4d76-94f6-70ff9c1ff9e4 admin admin] create_initial_revision uuid=fb95f88f-c76c-4ba2-82ca-f59b5321326b, type=security_groups, rev=-1 {{(pid=89885) create_initial_revision /opt/stack/neutron/neutron/db/ovn_revision_numbers_db.py:98}}
Jun 09 08:32:23.625637 np0000002429 devstack@neutron-api.service[89885]: DEBUG neutron.db.ovn_revision_numbers_db [None req-cd3081da-4b2c-4d76-94f6-70ff9c1ff9e4 admin admin] create_initial_revision uuid=4a188cd3-c03d-45b3-8230-83f639e0253d, type=security_group_rules, rev=-1 {{(pid=89885) create_initial_revision /opt/stack/neutron/neutron/db/ovn_revision_numbers_db.py:98}}
Jun 09 08:32:23.626559 np0000002429 devstack@neutron-api.service[89885]: DEBUG neutron.db.ovn_revision_numbers_db [None req-cd3081da-4b2c-4d76-94f6-70ff9c1ff9e4 admin admin] create_initial_revision uuid=7ac007c6-b051-493f-bb7c-d87b982cbf9e, type=security_group_rules, rev=-1 {{(pid=89885) create_initial_revision /opt/stack/neutron/neutron/db/ovn_revision_numbers_db.py:98}}
Jun 09 08:32:23.627376 np0000002429 devstack@neutron-api.service[89885]: DEBUG neutron.db.ovn_revision_numbers_db [None req-cd3081da-4b2c-4d76-94f6-70ff9c1ff9e4 admin admin] create_initial_revision uuid=8a5a3ec2-336d-4cc1-b352-51683bb6ea79, type=security_group_rules, rev=-1 {{(pid=89885) create_initial_revision /opt/stack/neutron/neutron/db/ovn_revision_numbers_db.py:98}}
Jun 09 08:32:23.628229 np0000002429 devstack@neutron-api.service[89885]: DEBUG neutron.db.ovn_revision_numbers_db [None req-cd3081da-4b2c-4d76-94f6-70ff9c1ff9e4 admin admin] create_initial_revision uuid=f182ab1a-51cf-493b-a3dd-56eddb5aa85a, type=security_group_rules, rev=-1 {{(pid=89885) create_initial_revision /opt/stack/neutron/neutron/db/ovn_revision_numbers_db.py:98}}
Jun 09 08:32:23.631399 np0000002429 devstack@neutron-api.service[89885]: DEBUG neutron_lib.callbacks.manager [None req-cd3081da-4b2c-4d76-94f6-70ff9c1ff9e4 admin admin] Publish callbacks ['neutron.plugins.ml2.drivers.ovn.mech_driver.mech_driver.OVNMechanismDriver._create_security_group-2546320', 'neutron.plugins.ml2.ovo_rpc._ObjectChangeHandler.handle_event-8125915'] for security_group (fb95f88f-c76c-4ba2-82ca-f59b5321326b), after_create {{(pid=89885) _notify_loop /opt/stack/data/venv/lib/python3.12/site-packages/neutron_lib/callbacks/manager.py:184}}
Jun 09 08:32:23.632509 np0000002429 devstack@neutron-api.service[89885]: DEBUG ovsdbapp.backend.ovs_idl.transaction [-] Running txn n=1 command(idx=0): PgAddCommand(_result=None, name=pg_fb95f88f_c76c_4ba2_82ca_f59b5321326b, may_exist=False, columns={'acls': [], 'external_ids': {'neutron:security_group_id': 'fb95f88f-c76c-4ba2-82ca-f59b5321326b'}}) {{(pid=89885) do_commit /opt/stack/data/venv/lib/python3.12/site-packages/ovsdbapp/backend/ovs_idl/transaction.py:89}}
Jun 09 08:32:23.633294 np0000002429 devstack@neutron-api.service[89885]: DEBUG ovsdbapp.backend.ovs_idl.transaction [-] Running txn n=1 command(idx=1): PgAclAddCommand(_result=None, entity=pg_fb95f88f_c76c_4ba2_82ca_f59b5321326b, direction=to-lport, priority=1002, match=outport == @pg_fb95f88f_c76c_4ba2_82ca_f59b5321326b && ip6 && ip6.src == $pg_fb95f88f_c76c_4ba2_82ca_f59b5321326b_ip6, action=allow-related, log=False, may_exist=True, severity=[], name=[], meter=[], external_ids={'neutron:security_group_rule_id': '4a188cd3-c03d-45b3-8230-83f639e0253d'}) {{(pid=89885) do_commit /opt/stack/data/venv/lib/python3.12/site-packages/ovsdbapp/backend/ovs_idl/transaction.py:89}}
Jun 09 08:32:23.633677 np0000002429 devstack@neutron-api.service[89885]: DEBUG ovsdbapp.backend.ovs_idl.transaction [-] Running txn n=1 command(idx=2): PgAclAddCommand(_result=None, entity=pg_fb95f88f_c76c_4ba2_82ca_f59b5321326b, direction=to-lport, priority=1002, match=outport == @pg_fb95f88f_c76c_4ba2_82ca_f59b5321326b && ip4 && ip4.src == $pg_fb95f88f_c76c_4ba2_82ca_f59b5321326b_ip4, action=allow-related, log=False, may_exist=True, severity=[], name=[], meter=[], external_ids={'neutron:security_group_rule_id': '7ac007c6-b051-493f-bb7c-d87b982cbf9e'}) {{(pid=89885) do_commit /opt/stack/data/venv/lib/python3.12/site-packages/ovsdbapp/backend/ovs_idl/transaction.py:89}}
Jun 09 08:32:23.633973 np0000002429 devstack@neutron-api.service[89885]: DEBUG ovsdbapp.backend.ovs_idl.transaction [-] Running txn n=1 command(idx=3): PgAclAddCommand(_result=None, entity=pg_fb95f88f_c76c_4ba2_82ca_f59b5321326b, direction=from-lport, priority=1002, match=inport == @pg_fb95f88f_c76c_4ba2_82ca_f59b5321326b && ip6, action=allow-related, log=False, may_exist=True, severity=[], name=[], meter=[], external_ids={'neutron:security_group_rule_id': '8a5a3ec2-336d-4cc1-b352-51683bb6ea79'}) {{(pid=89885) do_commit /opt/stack/data/venv/lib/python3.12/site-packages/ovsdbapp/backend/ovs_idl/transaction.py:89}}
Jun 09 08:32:23.634263 np0000002429 devstack@neutron-api.service[89885]: DEBUG ovsdbapp.backend.ovs_idl.transaction [-] Running txn n=1 command(idx=4): PgAclAddCommand(_result=None, entity=pg_fb95f88f_c76c_4ba2_82ca_f59b5321326b, direction=from-lport, priority=1002, match=inport == @pg_fb95f88f_c76c_4ba2_82ca_f59b5321326b && ip4, action=allow-related, log=False, may_exist=True, severity=[], name=[], meter=[], external_ids={'neutron:security_group_rule_id': 'f182ab1a-51cf-493b-a3dd-56eddb5aa85a'}) {{(pid=89885) do_commit /opt/stack/data/venv/lib/python3.12/site-packages/ovsdbapp/backend/ovs_idl/transaction.py:89}}
Jun 09 08:32:23.638258 np0000002429 devstack@neutron-api.service[89885]: DEBUG neutron.plugins.ml2.drivers.ovn.mech_driver.ovsdb.ovsdb_monitor [-] Hash Ring: Node 0013e5bc048650648c3dff67a87c0d1e (host: np0000002429) handling event "create" for row 188f3f26-34fd-4b2f-8a90-945f3db4035f (table: ACL) {{(pid=89885) notify /opt/stack/neutron/neutron/plugins/ml2/drivers/ovn/mech_driver/ovsdb/ovsdb_monitor.py:1015}}
Jun 09 08:32:23.638258 np0000002429 devstack@neutron-api.service[89885]: DEBUG neutron.plugins.ml2.drivers.ovn.mech_driver.ovsdb.ovsdb_monitor [-] Hash Ring: Node 0013e5bc048650648c3dff67a87c0d1e (host: np0000002429) handling event "create" for row 86f2ba5e-b8dd-4729-9308-bd8bcffadf41 (table: ACL) {{(pid=89885) notify /opt/stack/neutron/neutron/plugins/ml2/drivers/ovn/mech_driver/ovsdb/ovsdb_monitor.py:1015}}
Jun 09 08:32:23.638258 np0000002429 devstack@neutron-api.service[89885]: DEBUG neutron.plugins.ml2.drivers.ovn.mech_driver.ovsdb.ovsdb_monitor [-] Hash Ring: Node 0013e5bc048650648c3dff67a87c0d1e (host: np0000002429) handling event "create" for row 8a25b3f2-9456-4a9c-9288-8e6580c156c7 (table: ACL) {{(pid=89885) notify /opt/stack/neutron/neutron/plugins/ml2/drivers/ovn/mech_driver/ovsdb/ovsdb_monitor.py:1015}}
Jun 09 08:32:23.638500 np0000002429 devstack@neutron-api.service[89885]: DEBUG neutron.plugins.ml2.drivers.ovn.mech_driver.ovsdb.ovsdb_monitor [-] Hash Ring: Node 0013e5bc048650648c3dff67a87c0d1e (host: np0000002429) handling event "create" for row ec149620-57c5-4b10-a989-09088dfbc478 (table: ACL) {{(pid=89885) notify /opt/stack/neutron/neutron/plugins/ml2/drivers/ovn/mech_driver/ovsdb/ovsdb_monitor.py:1015}}
Jun 09 08:32:23.638500 np0000002429 devstack@neutron-api.service[89885]: DEBUG neutron.plugins.ml2.drivers.ovn.mech_driver.ovsdb.ovsdb_monitor [-] Hash Ring: Node 0013e5bc048650648c3dff67a87c0d1e (host: np0000002429) handling event "create" for row 4b446fb2-d615-4e7d-8341-a942367b2991 (table: Port_Group) {{(pid=89885) notify /opt/stack/neutron/neutron/plugins/ml2/drivers/ovn/mech_driver/ovsdb/ovsdb_monitor.py:1015}}
Jun 09 08:32:23.638664 np0000002429 devstack@neutron-api.service[89886]: DEBUG neutron.plugins.ml2.drivers.ovn.mech_driver.ovsdb.ovsdb_monitor [-] Hash Ring: Node 8e32dc3a84a2539e837f2f8b67f15be0 (host: np0000002429) handling event "create" for row 188f3f26-34fd-4b2f-8a90-945f3db4035f (table: ACL) {{(pid=89886) notify /opt/stack/neutron/neutron/plugins/ml2/drivers/ovn/mech_driver/ovsdb/ovsdb_monitor.py:1015}}
Jun 09 08:32:23.639038 np0000002429 devstack@neutron-api.service[89886]: DEBUG neutron.plugins.ml2.drivers.ovn.mech_driver.ovsdb.ovsdb_monitor [-] Hash Ring: Node 8e32dc3a84a2539e837f2f8b67f15be0 (host: np0000002429) handling event "create" for row 4b446fb2-d615-4e7d-8341-a942367b2991 (table: Port_Group) {{(pid=89886) notify /opt/stack/neutron/neutron/plugins/ml2/drivers/ovn/mech_driver/ovsdb/ovsdb_monitor.py:1015}}
Jun 09 08:32:23.639698 np0000002429 devstack@neutron-api.service[89887]: DEBUG neutron.plugins.ml2.drivers.ovn.mech_driver.ovsdb.ovsdb_monitor [-] Hash Ring: Node 9c56badc15bd528eb3181ae81a9f0af7 (host: np0000002429) handling event "create" for row 86f2ba5e-b8dd-4729-9308-bd8bcffadf41 (table: ACL) {{(pid=89887) notify /opt/stack/neutron/neutron/plugins/ml2/drivers/ovn/mech_driver/ovsdb/ovsdb_monitor.py:1015}}
Jun 09 08:32:23.639994 np0000002429 devstack@neutron-api.service[89887]: DEBUG neutron.plugins.ml2.drivers.ovn.mech_driver.ovsdb.ovsdb_monitor [-] Hash Ring: Node 9c56badc15bd528eb3181ae81a9f0af7 (host: np0000002429) handling event "create" for row ec149620-57c5-4b10-a989-09088dfbc478 (table: ACL) {{(pid=89887) notify /opt/stack/neutron/neutron/plugins/ml2/drivers/ovn/mech_driver/ovsdb/ovsdb_monitor.py:1015}}
Jun 09 08:32:23.658193 np0000002429 devstack@neutron-api.service[89885]: INFO neutron.db.ovn_revision_numbers_db [None req-cd3081da-4b2c-4d76-94f6-70ff9c1ff9e4 admin admin] Successfully bumped revision number for resource fb95f88f-c76c-4ba2-82ca-f59b5321326b (type: security_groups) to 1
Jun 09 08:32:23.670770 np0000002429 devstack@neutron-api.service[89885]: INFO neutron.db.ovn_revision_numbers_db [None req-cd3081da-4b2c-4d76-94f6-70ff9c1ff9e4 admin admin] Successfully bumped revision number for resource 4a188cd3-c03d-45b3-8230-83f639e0253d (type: security_group_rules) to 0
Jun 09 08:32:23.678576 np0000002429 devstack@neutron-api.service[89885]: INFO neutron.db.ovn_revision_numbers_db [None req-cd3081da-4b2c-4d76-94f6-70ff9c1ff9e4 admin admin] Successfully bumped revision number for resource 7ac007c6-b051-493f-bb7c-d87b982cbf9e (type: security_group_rules) to 0
Jun 09 08:32:23.686043 np0000002429 devstack@neutron-api.service[89885]: INFO neutron.db.ovn_revision_numbers_db [None req-cd3081da-4b2c-4d76-94f6-70ff9c1ff9e4 admin admin] Successfully bumped revision number for resource 8a5a3ec2-336d-4cc1-b352-51683bb6ea79 (type: security_group_rules) to 0
Jun 09 08:32:23.693785 np0000002429 devstack@neutron-api.service[89885]: INFO neutron.db.ovn_revision_numbers_db [None req-cd3081da-4b2c-4d76-94f6-70ff9c1ff9e4 admin admin] Successfully bumped revision number for resource f182ab1a-51cf-493b-a3dd-56eddb5aa85a (type: security_group_rules) to 0
Jun 09 08:32:23.711735 np0000002429 devstack@neutron-api.service[89885]: DEBUG neutron.api.rpc.handlers.resources_rpc [None req-cd3081da-4b2c-4d76-94f6-70ff9c1ff9e4 admin admin] Pushing event updated for resources: {'SecurityGroup': ['ID=fb95f88f-c76c-4ba2-82ca-f59b5321326b,revision_number=1']} {{(pid=89885) push /opt/stack/neutron/neutron/api/rpc/handlers/resources_rpc.py:237}}
Jun 09 08:32:23.717576 np0000002429 devstack@neutron-api.service[89885]: DEBUG ovsdbapp.backend.ovs_idl.transaction [-] Running txn n=1 command(idx=0): CheckLivenessCommand(_result=None) {{(pid=89885) do_commit /opt/stack/data/venv/lib/python3.12/site-packages/ovsdbapp/backend/ovs_idl/transaction.py:89}}
Jun 09 08:32:23.719216 np0000002429 devstack@neutron-api.service[89885]: DEBUG neutron.plugins.ml2.drivers.ovn.mech_driver.ovsdb.ovsdb_monitor [-] Hash Ring: Node 0013e5bc048650648c3dff67a87c0d1e (host: np0000002429) handling event "update" for row 79a2c8f3-8289-4913-a09a-fd025e5a2a42 (table: NB_Global) {{(pid=89885) notify /opt/stack/neutron/neutron/plugins/ml2/drivers/ovn/mech_driver/ovsdb/ovsdb_monitor.py:1015}}
Jun 09 08:32:23.719499 np0000002429 devstack@neutron-api.service[89886]: DEBUG neutron.plugins.ml2.drivers.ovn.mech_driver.ovsdb.ovsdb_monitor [-] Hash Ring: Node 8e32dc3a84a2539e837f2f8b67f15be0 (host: np0000002429) handling event "update" for row 79a2c8f3-8289-4913-a09a-fd025e5a2a42 (table: NB_Global) {{(pid=89886) notify /opt/stack/neutron/neutron/plugins/ml2/drivers/ovn/mech_driver/ovsdb/ovsdb_monitor.py:1015}}
Jun 09 08:32:23.719962 np0000002429 devstack@neutron-api.service[89885]: DEBUG neutron.plugins.ml2.drivers.ovn.mech_driver.ovsdb.ovsdb_monitor [-] Hash Ring: Node 0013e5bc048650648c3dff67a87c0d1e (host: np0000002429) handling event "update" for row 79a2c8f3-8289-4913-a09a-fd025e5a2a42 (table: NB_Global) {{(pid=89885) notify /opt/stack/neutron/neutron/plugins/ml2/drivers/ovn/mech_driver/ovsdb/ovsdb_monitor.py:1015}}
Jun 09 08:32:23.720503 np0000002429 devstack@neutron-api.service[89885]: DEBUG neutron.plugins.ml2.drivers.ovn.mech_driver.ovsdb.ovsdb_monitor [-] Hash Ring: Node 0013e5bc048650648c3dff67a87c0d1e (host: np0000002429) handling event "update" for row 79a2c8f3-8289-4913-a09a-fd025e5a2a42 (table: NB_Global) {{(pid=89885) notify /opt/stack/neutron/neutron/plugins/ml2/drivers/ovn/mech_driver/ovsdb/ovsdb_monitor.py:1015}}
Jun 09 08:32:23.720806 np0000002429 devstack@neutron-api.service[89886]: DEBUG neutron.plugins.ml2.drivers.ovn.mech_driver.ovsdb.ovsdb_monitor [-] Hash Ring: Node 8e32dc3a84a2539e837f2f8b67f15be0 (host: np0000002429) handling event "update" for row 79a2c8f3-8289-4913-a09a-fd025e5a2a42 (table: NB_Global) {{(pid=89886) notify /opt/stack/neutron/neutron/plugins/ml2/drivers/ovn/mech_driver/ovsdb/ovsdb_monitor.py:1015}}
Jun 09 08:32:23.722594 np0000002429 devstack@neutron-api.service[89886]: DEBUG neutron.plugins.ml2.drivers.ovn.mech_driver.ovsdb.ovsdb_monitor [-] ChassisAgentWriteEvent : Matched Chassis_Private, update, None None {{(pid=89886) matches /opt/stack/neutron/neutron/plugins/ml2/drivers/ovn/mech_driver/ovsdb/ovsdb_monitor.py:64}}
Jun 09 08:32:23.722666 np0000002429 devstack@neutron-api.service[89885]: DEBUG neutron.api.rpc.callbacks.version_manager [None req-cd3081da-4b2c-4d76-94f6-70ff9c1ff9e4 admin admin] Tracked resource versions report:
Jun 09 08:32:23.722666 np0000002429 devstack@neutron-api.service[89885]: pushed versions:
Jun 09 08:32:23.722666 np0000002429 devstack@neutron-api.service[89885]: { 'AddressGroup': {'1.2'},
Jun 09 08:32:23.722666 np0000002429 devstack@neutron-api.service[89885]: 'Agent': {'1.1'},
Jun 09 08:32:23.722666 np0000002429 devstack@neutron-api.service[89885]: 'ConntrackHelper': {'1.0'},
Jun 09 08:32:23.722666 np0000002429 devstack@neutron-api.service[89885]: 'LocalIPAssociation': {'1.0'},
Jun 09 08:32:23.722666 np0000002429 devstack@neutron-api.service[89885]: 'Log': {'1.0'},
Jun 09 08:32:23.722666 np0000002429 devstack@neutron-api.service[89885]: 'NDPProxy': {'1.0'},
Jun 09 08:32:23.722666 np0000002429 devstack@neutron-api.service[89885]: 'Network': {'1.3'},
Jun 09 08:32:23.722666 np0000002429 devstack@neutron-api.service[89885]: 'Port': {'1.11'},
Jun 09 08:32:23.722666 np0000002429 devstack@neutron-api.service[89885]: 'PortForwarding': {'1.3'},
Jun 09 08:32:23.722666 np0000002429 devstack@neutron-api.service[89885]: 'QosPolicy': {'1.10'},
Jun 09 08:32:23.722666 np0000002429 devstack@neutron-api.service[89885]: 'SecurityGroup': {'1.6'},
Jun 09 08:32:23.722666 np0000002429 devstack@neutron-api.service[89885]: 'SecurityGroupRule': {'1.3'},
Jun 09 08:32:23.722666 np0000002429 devstack@neutron-api.service[89885]: 'SubPort': {'1.0'},
Jun 09 08:32:23.722666 np0000002429 devstack@neutron-api.service[89885]: 'Subnet': {'1.2'},
Jun 09 08:32:23.722666 np0000002429 devstack@neutron-api.service[89885]: 'Trunk': {'1.1'}}
Jun 09 08:32:23.722666 np0000002429 devstack@neutron-api.service[89885]: consumer versions:
Jun 09 08:32:23.722666 np0000002429 devstack@neutron-api.service[89885]: {}
Jun 09 08:32:23.722666 np0000002429 devstack@neutron-api.service[89885]: {{(pid=89885) report /opt/stack/neutron/neutron/api/rpc/callbacks/version_manager.py:183}}
Jun 09 08:32:23.723201 np0000002429 devstack@neutron-api.service[89887]: DEBUG neutron.plugins.ml2.drivers.ovn.mech_driver.ovsdb.ovsdb_monitor [-] ChassisAgentWriteEvent : Matched Chassis_Private, update, None None {{(pid=89887) matches /opt/stack/neutron/neutron/plugins/ml2/drivers/ovn/mech_driver/ovsdb/ovsdb_monitor.py:64}}
Jun 09 08:32:23.723267 np0000002429 devstack@neutron-api.service[89886]: DEBUG neutron.plugins.ml2.drivers.ovn.mech_driver.ovsdb.ovsdb_monitor [-] Hash Ring: Node 8e32dc3a84a2539e837f2f8b67f15be0 (host: np0000002429) handling event "update" for row 79a2c8f3-8289-4913-a09a-fd025e5a2a42 (table: NB_Global) {{(pid=89886) notify /opt/stack/neutron/neutron/plugins/ml2/drivers/ovn/mech_driver/ovsdb/ovsdb_monitor.py:1015}}
Jun 09 08:32:23.723481 np0000002429 devstack@neutron-api.service[89887]: DEBUG neutron.plugins.ml2.drivers.ovn.mech_driver.ovsdb.ovsdb_monitor [-] Hash Ring: Node 9c56badc15bd528eb3181ae81a9f0af7 (host: np0000002429) handling event "update" for row feaf9584-9afb-43f8-bd0e-871b9d0330e6 (table: Chassis_Private) {{(pid=89887) notify /opt/stack/neutron/neutron/plugins/ml2/drivers/ovn/mech_driver/ovsdb/ovsdb_monitor.py:1015}}
Jun 09 08:32:23.724294 np0000002429 devstack@neutron-api.service[89886]: DEBUG neutron.plugins.ml2.drivers.ovn.mech_driver.ovsdb.ovsdb_monitor [-] Hash Ring: Node 8e32dc3a84a2539e837f2f8b67f15be0 (host: np0000002429) handling event "update" for row 79a2c8f3-8289-4913-a09a-fd025e5a2a42 (table: NB_Global) {{(pid=89886) notify /opt/stack/neutron/neutron/plugins/ml2/drivers/ovn/mech_driver/ovsdb/ovsdb_monitor.py:1015}}
Jun 09 08:32:23.726336 np0000002429 devstack@neutron-api.service[89887]: DEBUG neutron.plugins.ml2.drivers.ovn.mech_driver.ovsdb.ovsdb_monitor [-] ChassisOVNAgentWriteEvent : Matched Chassis_Private, update, None None {{(pid=89887) matches /opt/stack/neutron/neutron/plugins/ml2/drivers/ovn/mech_driver/ovsdb/ovsdb_monitor.py:64}}
Jun 09 08:32:23.726557 np0000002429 devstack@neutron-api.service[89886]: DEBUG neutron.plugins.ml2.drivers.ovn.mech_driver.ovsdb.ovsdb_monitor [-] ChassisOVNAgentWriteEvent : Matched Chassis_Private, update, None None {{(pid=89886) matches /opt/stack/neutron/neutron/plugins/ml2/drivers/ovn/mech_driver/ovsdb/ovsdb_monitor.py:64}}
Jun 09 08:32:23.726640 np0000002429 devstack@neutron-api.service[89887]: DEBUG neutron.plugins.ml2.drivers.ovn.mech_driver.ovsdb.ovsdb_monitor [-] Hash Ring: Node 9c56badc15bd528eb3181ae81a9f0af7 (host: np0000002429) handling event "update" for row feaf9584-9afb-43f8-bd0e-871b9d0330e6 (table: Chassis_Private) {{(pid=89887) notify /opt/stack/neutron/neutron/plugins/ml2/drivers/ovn/mech_driver/ovsdb/ovsdb_monitor.py:1015}}
Jun 09 08:32:23.727386 np0000002429 devstack@neutron-api.service[89885]: DEBUG neutron.plugins.ml2.drivers.ovn.mech_driver.ovsdb.ovsdb_monitor [-] ChassisAgentWriteEvent : Matched Chassis_Private, update, None None {{(pid=89885) matches /opt/stack/neutron/neutron/plugins/ml2/drivers/ovn/mech_driver/ovsdb/ovsdb_monitor.py:64}}
Jun 09 08:32:23.730023 np0000002429 devstack@neutron-api.service[89885]: DEBUG neutron.plugins.ml2.drivers.ovn.mech_driver.ovsdb.ovsdb_monitor [-] Hash Ring: Node 0013e5bc048650648c3dff67a87c0d1e (host: np0000002429) handling event "update" for row 79a2c8f3-8289-4913-a09a-fd025e5a2a42 (table: NB_Global) {{(pid=89885) notify /opt/stack/neutron/neutron/plugins/ml2/drivers/ovn/mech_driver/ovsdb/ovsdb_monitor.py:1015}}
Jun 09 08:32:23.733458 np0000002429 devstack@neutron-api.service[89885]: DEBUG neutron.common.ovn.hash_ring_manager [-] Allow caching, nodes 3>=3 {{(pid=89885) _wait_startup_before_caching /opt/stack/neutron/neutron/common/ovn/hash_ring_manager.py:65}}
Jun 09 08:32:23.733595 np0000002429 devstack@neutron-api.service[89885]: DEBUG neutron.plugins.ml2.drivers.ovn.mech_driver.ovsdb.ovsdb_monitor [-] Hash Ring: Node 0013e5bc048650648c3dff67a87c0d1e (host: np0000002429) handling event "update" for row feaf9584-9afb-43f8-bd0e-871b9d0330e6 (table: Chassis_Private) {{(pid=89885) notify /opt/stack/neutron/neutron/plugins/ml2/drivers/ovn/mech_driver/ovsdb/ovsdb_monitor.py:1015}}
Jun 09 08:32:23.735349 np0000002429 devstack@neutron-api.service[89885]: DEBUG neutron.plugins.ml2.drivers.ovn.mech_driver.ovsdb.ovsdb_monitor [-] ChassisOVNAgentWriteEvent : Matched Chassis_Private, update, None None {{(pid=89885) matches /opt/stack/neutron/neutron/plugins/ml2/drivers/ovn/mech_driver/ovsdb/ovsdb_monitor.py:64}}
Jun 09 08:32:23.735662 np0000002429 devstack@neutron-api.service[89885]: DEBUG neutron.plugins.ml2.drivers.ovn.mech_driver.ovsdb.ovsdb_monitor [-] Hash Ring: Node 0013e5bc048650648c3dff67a87c0d1e (host: np0000002429) handling event "update" for row feaf9584-9afb-43f8-bd0e-871b9d0330e6 (table: Chassis_Private) {{(pid=89885) notify /opt/stack/neutron/neutron/plugins/ml2/drivers/ovn/mech_driver/ovsdb/ovsdb_monitor.py:1015}}
Jun 09 08:32:23.767653 np0000002429 devstack@neutron-api.service[89885]: DEBUG neutron.plugins.ml2.drivers.helpers [None req-cd3081da-4b2c-4d76-94f6-70ff9c1ff9e4 admin admin] geneve segment allocate from pool success with {'geneve_vni': 65477} {{(pid=89885) allocate_partially_specified_segment /opt/stack/neutron/neutron/plugins/ml2/drivers/helpers.py:142}}
Jun 09 08:32:23.779204 np0000002429 devstack@neutron-api.service[89885]: DEBUG neutron_lib.callbacks.manager [None req-cd3081da-4b2c-4d76-94f6-70ff9c1ff9e4 admin admin] Publish callbacks ['neutron.services.segments.db._add_segment_host_mapping_for_segment-8120639107002', 'neutron.plugins.ml2.plugin.Ml2Plugin._handle_segment_change-1863359'] for segment (4aa79c7d-71e0-448b-8e76-c6ed13fbfbcf), precommit_create {{(pid=89885) _notify_loop /opt/stack/data/venv/lib/python3.12/site-packages/neutron_lib/callbacks/manager.py:184}}
Jun 09 08:32:23.779421 np0000002429 devstack@neutron-api.service[89885]: INFO neutron.db.segments_db [None req-cd3081da-4b2c-4d76-94f6-70ff9c1ff9e4 admin admin] Added segment 4aa79c7d-71e0-448b-8e76-c6ed13fbfbcf of type geneve for network 55d74945-d7e7-4ccd-8174-d1799649af07
Jun 09 08:32:23.814978 np0000002429 devstack@neutron-api.service[89885]: DEBUG neutron_lib.callbacks.manager [None req-cd3081da-4b2c-4d76-94f6-70ff9c1ff9e4 admin admin] Publish callbacks ['neutron.services.auto_allocate.db._ensure_external_network_default_value_callback-8120637452552'] for network (55d74945-d7e7-4ccd-8174-d1799649af07), precommit_create {{(pid=89885) _notify_loop /opt/stack/data/venv/lib/python3.12/site-packages/neutron_lib/callbacks/manager.py:184}}
Jun 09 08:32:23.831289 np0000002429 devstack@neutron-api.service[89885]: DEBUG neutron.plugins.ml2.drivers.ovn.mech_driver.mech_driver [None req-cd3081da-4b2c-4d76-94f6-70ff9c1ff9e4 admin admin] Validating network segment with type geneve, segmentation ID 65477, physical network None {{(pid=89885) _validate_network_segments /opt/stack/neutron/neutron/plugins/ml2/drivers/ovn/mech_driver/mech_driver.py:643}}
Jun 09 08:32:23.831451 np0000002429 devstack@neutron-api.service[89885]: DEBUG neutron.db.ovn_revision_numbers_db [None req-cd3081da-4b2c-4d76-94f6-70ff9c1ff9e4 admin admin] create_initial_revision uuid=55d74945-d7e7-4ccd-8174-d1799649af07, type=networks, rev=-1 {{(pid=89885) create_initial_revision /opt/stack/neutron/neutron/db/ovn_revision_numbers_db.py:98}}
Jun 09 08:32:23.844673 np0000002429 devstack@neutron-api.service[89885]: DEBUG neutron_lib.callbacks.manager [None req-cd3081da-4b2c-4d76-94f6-70ff9c1ff9e4 admin admin] Publish callbacks ['neutron.plugins.ml2.ovo_rpc._ObjectChangeHandler.handle_event-8125918'] for network (55d74945-d7e7-4ccd-8174-d1799649af07), after_create {{(pid=89885) _notify_loop /opt/stack/data/venv/lib/python3.12/site-packages/neutron_lib/callbacks/manager.py:184}}
Jun 09 08:32:23.886286 np0000002429 devstack@neutron-api.service[89885]: DEBUG neutron.api.rpc.handlers.resources_rpc [None req-cd3081da-4b2c-4d76-94f6-70ff9c1ff9e4 admin admin] Pushing event updated for resources: {'Network': ['ID=55d74945-d7e7-4ccd-8174-d1799649af07,revision_number=1']} {{(pid=89885) push /opt/stack/neutron/neutron/api/rpc/handlers/resources_rpc.py:237}}
Jun 09 08:32:23.892933 np0000002429 devstack@neutron-api.service[89885]: DEBUG ovsdbapp.backend.ovs_idl.transaction [-] Running txn n=1 command(idx=0): AddNetworkCommand(_result=None, network_uuid=55d74945-d7e7-4ccd-8174-d1799649af07, may_exist=True, columns={'external_ids': {'neutron:network_name': 'private', 'neutron:mtu': '1372', 'neutron:revision_number': '1', 'neutron:availability_zone_hints': '', 'neutron:provnet-network-type': 'geneve'}, 'other_config': {'mcast_snoop': 'false', 'mcast_flood_unregistered': 'false', 'vlan-passthru': 'false'}}) {{(pid=89885) do_commit /opt/stack/data/venv/lib/python3.12/site-packages/ovsdbapp/backend/ovs_idl/transaction.py:89}}
Jun 09 08:32:23.893104 np0000002429 devstack@neutron-api.service[89885]: DEBUG neutron.common.ovn.utils [-] OVS persist_uuid supported=True {{(pid=89885) ovs_persist_uuid_supported /opt/stack/neutron/neutron/common/ovn/utils.py:1544}}
Jun 09 08:32:23.895327 np0000002429 devstack@neutron-api.service[89887]: DEBUG neutron.plugins.ml2.drivers.ovn.mech_driver.ovsdb.ovsdb_monitor [-] Hash Ring: Node 9c56badc15bd528eb3181ae81a9f0af7 (host: np0000002429) handling event "create" for row 55d74945-d7e7-4ccd-8174-d1799649af07 (table: Logical_Switch) {{(pid=89887) notify /opt/stack/neutron/neutron/plugins/ml2/drivers/ovn/mech_driver/ovsdb/ovsdb_monitor.py:1015}}
Jun 09 08:32:23.895736 np0000002429 devstack@neutron-api.service[89885]: DEBUG neutron.plugins.ml2.drivers.ovn.mech_driver.ovsdb.ovsdb_monitor [-] Hash Ring: Node 0013e5bc048650648c3dff67a87c0d1e (host: np0000002429) handling event "create" for row 55d74945-d7e7-4ccd-8174-d1799649af07 (table: Logical_Switch) {{(pid=89885) notify /opt/stack/neutron/neutron/plugins/ml2/drivers/ovn/mech_driver/ovsdb/ovsdb_monitor.py:1015}}
Jun 09 08:32:23.898801 np0000002429 devstack@neutron-api.service[89887]: DEBUG neutron.plugins.ml2.drivers.ovn.mech_driver.ovsdb.ovsdb_monitor [-] Hash Ring: Node 9c56badc15bd528eb3181ae81a9f0af7 (host: np0000002429) handling event "create" for row d1742087-a270-44fe-adb4-5983db308b1d (table: Datapath_Binding) {{(pid=89887) notify /opt/stack/neutron/neutron/plugins/ml2/drivers/ovn/mech_driver/ovsdb/ovsdb_monitor.py:1015}}
Jun 09 08:32:23.906244 np0000002429 devstack@neutron-api.service[89885]: DEBUG neutron.plugins.ml2.drivers.ovn.mech_driver.ovsdb.ovsdb_monitor [-] Hash Ring: Node 0013e5bc048650648c3dff67a87c0d1e (host: np0000002429) handling event "create" for row d1742087-a270-44fe-adb4-5983db308b1d (table: Datapath_Binding) {{(pid=89885) notify /opt/stack/neutron/neutron/plugins/ml2/drivers/ovn/mech_driver/ovsdb/ovsdb_monitor.py:1015}}
Jun 09 08:32:23.920869 np0000002429 devstack@neutron-api.service[89885]: INFO neutron.db.ovn_revision_numbers_db [None req-cd3081da-4b2c-4d76-94f6-70ff9c1ff9e4 admin admin] Successfully bumped revision number for resource 55d74945-d7e7-4ccd-8174-d1799649af07 (type: networks) to 1
Jun 09 08:32:23.973568 np0000002429 devstack@neutron-api.service[89885]: DEBUG neutron_lib.callbacks.manager [None req-cd3081da-4b2c-4d76-94f6-70ff9c1ff9e4 admin admin] Publish callbacks ['neutron.plugins.ml2.plugin.SecurityGroupDbMixin._ensure_default_security_group_handler-10609'] for port (None), before_create {{(pid=89885) _notify_loop /opt/stack/data/venv/lib/python3.12/site-packages/neutron_lib/callbacks/manager.py:184}}
Jun 09 08:32:24.060244 np0000002429 devstack@neutron-api.service[89885]: DEBUG neutron_lib.callbacks.manager [None req-cd3081da-4b2c-4d76-94f6-70ff9c1ff9e4 admin admin] Publish callbacks ['neutron.plugins.ml2.drivers.ovn.mech_driver.mech_driver.OVNMechanismDriver._validate_allowed_address_pairs-2546238'] for allowed_address_pair (b03c43d2-4a04-41df-9b02-28cfc307a985), before_create {{(pid=89885) _notify_loop /opt/stack/data/venv/lib/python3.12/site-packages/neutron_lib/callbacks/manager.py:184}}
Jun 09 08:32:24.060676 np0000002429 devstack@neutron-api.service[89885]: DEBUG neutron_lib.callbacks.manager [None req-cd3081da-4b2c-4d76-94f6-70ff9c1ff9e4 admin admin] Publish callbacks [] for port (b03c43d2-4a04-41df-9b02-28cfc307a985), precommit_create {{(pid=89885) _notify_loop /opt/stack/data/venv/lib/python3.12/site-packages/neutron_lib/callbacks/manager.py:184}}
Jun 09 08:32:24.060843 np0000002429 devstack@neutron-api.service[89885]: DEBUG neutron.plugins.ml2.drivers.ovn.mech_driver.mech_driver [None req-cd3081da-4b2c-4d76-94f6-70ff9c1ff9e4 admin admin] No provisioning block for port b03c43d2-4a04-41df-9b02-28cfc307a985 since it does not have a host {{(pid=89885) _is_port_provisioning_required /opt/stack/neutron/neutron/plugins/ml2/drivers/ovn/mech_driver/mech_driver.py:896}}
Jun 09 08:32:24.060974 np0000002429 devstack@neutron-api.service[89885]: DEBUG neutron.db.ovn_revision_numbers_db [None req-cd3081da-4b2c-4d76-94f6-70ff9c1ff9e4 admin admin] create_initial_revision uuid=b03c43d2-4a04-41df-9b02-28cfc307a985, type=ports, rev=-1 {{(pid=89885) create_initial_revision /opt/stack/neutron/neutron/db/ovn_revision_numbers_db.py:98}}
Jun 09 08:32:24.107332 np0000002429 devstack@neutron-api.service[89885]: DEBUG neutron_lib.callbacks.manager [None req-cd3081da-4b2c-4d76-94f6-70ff9c1ff9e4 admin admin] Publish callbacks ['neutron.plugins.ml2.ovo_rpc._ObjectChangeHandler.handle_event-312798'] for port (b03c43d2-4a04-41df-9b02-28cfc307a985), after_create {{(pid=89885) _notify_loop /opt/stack/data/venv/lib/python3.12/site-packages/neutron_lib/callbacks/manager.py:184}}
Jun 09 08:32:24.170428 np0000002429 devstack@neutron-api.service[89885]: DEBUG neutron.api.rpc.handlers.resources_rpc [None req-cd3081da-4b2c-4d76-94f6-70ff9c1ff9e4 admin admin] Pushing event updated for resources: {'Port': ['ID=b03c43d2-4a04-41df-9b02-28cfc307a985,revision_number=1']} {{(pid=89885) push /opt/stack/neutron/neutron/api/rpc/handlers/resources_rpc.py:237}}
Jun 09 08:32:24.199531 np0000002429 devstack@neutron-api.service[89885]: DEBUG ovsdbapp.backend.ovs_idl.transaction [-] Running txn n=1 command(idx=0): AddLSwitchPortCommand(_result=None, lport=b03c43d2-4a04-41df-9b02-28cfc307a985, lswitch=neutron-55d74945-d7e7-4ccd-8174-d1799649af07, may_exist=True, network_uuid=55d74945-d7e7-4ccd-8174-d1799649af07, columns={'addresses': ['fa:16:3e:09:4d:58'], 'external_ids': {'neutron:port_name': '', 'neutron:device_id': 'ovnmeta-55d74945-d7e7-4ccd-8174-d1799649af07', 'neutron:project_id': '0eea8ba2931748bda3399672c81d4a84', 'neutron:cidrs': '', 'neutron:device_owner': 'network:distributed', 'neutron:subnet_pool_addr_scope4': '', 'neutron:subnet_pool_addr_scope6': '', 'neutron:network_name': 'neutron-55d74945-d7e7-4ccd-8174-d1799649af07', 'neutron:security_group_ids': '', 'neutron:revision_number': '1', 'neutron:vnic_type': 'normal', 'neutron:port_capabilities': '', 'neutron:mtu': '1372'}, 'parent_name': [], 'tag': [], 'enabled': True, 'options': {}, 'type': 'localport', 'port_security': [], 'dhcpv4_options': [], 'dhcpv6_options': []}) {{(pid=89885) do_commit /opt/stack/data/venv/lib/python3.12/site-packages/ovsdbapp/backend/ovs_idl/transaction.py:89}}
Jun 09 08:32:24.200049 np0000002429 devstack@neutron-api.service[89885]: DEBUG ovsdbapp.backend.ovs_idl.transaction [-] Running txn n=1 command(idx=1): QoSDelCommand(_result=None, switch=neutron-55d74945-d7e7-4ccd-8174-d1799649af07, conditions=[('direction', '=', 'to-lport'), ('priority', '=', 2002), ('match', '=', 'outport == "b03c43d2-4a04-41df-9b02-28cfc307a985"')], if_exists=True) {{(pid=89885) do_commit /opt/stack/data/venv/lib/python3.12/site-packages/ovsdbapp/backend/ovs_idl/transaction.py:89}}
Jun 09 08:32:24.200208 np0000002429 devstack@neutron-api.service[89885]: DEBUG ovsdbapp.backend.ovs_idl.transaction [-] Running txn n=1 command(idx=2): QoSDelCommand(_result=None, switch=neutron-55d74945-d7e7-4ccd-8174-d1799649af07, conditions=[('direction', '=', 'from-lport'), ('priority', '=', 2002), ('match', '=', 'inport == "b03c43d2-4a04-41df-9b02-28cfc307a985"')], if_exists=True) {{(pid=89885) do_commit /opt/stack/data/venv/lib/python3.12/site-packages/ovsdbapp/backend/ovs_idl/transaction.py:89}}
Jun 09 08:32:24.202382 np0000002429 devstack@neutron-api.service[89885]: DEBUG neutron.plugins.ml2.drivers.ovn.mech_driver.ovsdb.ovsdb_monitor [-] Hash Ring: Node 0013e5bc048650648c3dff67a87c0d1e (host: np0000002429) handling event "update" for row 55d74945-d7e7-4ccd-8174-d1799649af07 (table: Logical_Switch) {{(pid=89885) notify /opt/stack/neutron/neutron/plugins/ml2/drivers/ovn/mech_driver/ovsdb/ovsdb_monitor.py:1015}}
Jun 09 08:32:24.202452 np0000002429 devstack@neutron-api.service[89887]: DEBUG neutron.plugins.ml2.drivers.ovn.mech_driver.ovsdb.ovsdb_monitor [-] Hash Ring: Node 9c56badc15bd528eb3181ae81a9f0af7 (host: np0000002429) handling event "update" for row 55d74945-d7e7-4ccd-8174-d1799649af07 (table: Logical_Switch) {{(pid=89887) notify /opt/stack/neutron/neutron/plugins/ml2/drivers/ovn/mech_driver/ovsdb/ovsdb_monitor.py:1015}}
