Jun 15 07:56:32.068901 np0000002831 devstack@c-api.service[99166]: DEBUG cinder.api.extensions [-] Ext updated: 2014-12-31T00:00:00+00:00 {{(pid=99166) _check_extension /opt/stack/cinder/cinder/api/extensions.py:178}}
Jun 15 07:56:32.068939 np0000002831 devstack@c-api.service[99166]: DEBUG cinder.api.extensions [-] Loaded extension: os-snapshot-manage {{(pid=99166) register /opt/stack/cinder/cinder/api/extensions.py:135}}
Jun 15 07:56:32.068987 np0000002831 devstack@c-api.service[99166]: DEBUG cinder.api.extensions [-] Loading extension cinder.api.contrib.snapshot_actions.Snapshot_actions {{(pid=99166) load_extension /opt/stack/cinder/cinder/api/extensions.py:194}}
Jun 15 07:56:32.069592 np0000002831 devstack@c-api.service[99166]: DEBUG cinder.api.extensions [-] Calling extension factory cinder.api.contrib.snapshot_actions.Snapshot_actions {{(pid=99166) load_extension /opt/stack/cinder/cinder/api/extensions.py:200}}
Jun 15 07:56:32.069674 np0000002831 devstack@c-api.service[99166]: DEBUG cinder.api.extensions [-] Ext name: SnapshotActions {{(pid=99166) _check_extension /opt/stack/cinder/cinder/api/extensions.py:174}}
Jun 15 07:56:32.069724 np0000002831 devstack@c-api.service[99166]: DEBUG cinder.api.extensions [-] Ext alias: os-snapshot-actions {{(pid=99166) _check_extension /opt/stack/cinder/cinder/api/extensions.py:175}}
Jun 15 07:56:32.069779 np0000002831 devstack@c-api.service[99166]: DEBUG cinder.api.extensions [-] Ext description: Enable snapshot manager actions. {{(pid=99166) _check_extension /opt/stack/cinder/cinder/api/extensions.py:176}}
Jun 15 07:56:32.069849 np0000002831 devstack@c-api.service[99166]: DEBUG cinder.api.extensions [-] Ext updated: 2013-07-16T00:00:00+00:00 {{(pid=99166) _check_extension /opt/stack/cinder/cinder/api/extensions.py:178}}
Jun 15 07:56:32.069877 np0000002831 devstack@c-api.service[99166]: DEBUG cinder.api.extensions [-] Loaded extension: os-snapshot-actions {{(pid=99166) register /opt/stack/cinder/cinder/api/extensions.py:135}}
Jun 15 07:56:32.069994 np0000002831 devstack@c-api.service[99166]: DEBUG cinder.api.extensions [-] Loading extension cinder.api.contrib.volume_mig_status_attribute.Volume_mig_status_attribute {{(pid=99166) load_extension /opt/stack/cinder/cinder/api/extensions.py:194}}
Jun 15 07:56:32.070223 np0000002831 devstack@c-api.service[99166]: DEBUG cinder.api.extensions [-] Calling extension factory cinder.api.contrib.volume_mig_status_attribute.Volume_mig_status_attribute {{(pid=99166) load_extension /opt/stack/cinder/cinder/api/extensions.py:200}}
Jun 15 07:56:32.070312 np0000002831 devstack@c-api.service[99166]: DEBUG cinder.api.extensions [-] Ext name: VolumeMigStatusAttribute {{(pid=99166) _check_extension /opt/stack/cinder/cinder/api/extensions.py:174}}
Jun 15 07:56:32.070375 np0000002831 devstack@c-api.service[99166]: DEBUG cinder.api.extensions [-] Ext alias: os-vol-mig-status-attr {{(pid=99166) _check_extension /opt/stack/cinder/cinder/api/extensions.py:175}}
Jun 15 07:56:32.070464 np0000002831 devstack@c-api.service[99166]: DEBUG cinder.api.extensions [-] Ext description: Expose migration_status as an attribute of a volume. {{(pid=99166) _check_extension /opt/stack/cinder/cinder/api/extensions.py:176}}
Jun 15 07:56:32.070557 np0000002831 devstack@c-api.service[99166]: DEBUG cinder.api.extensions [-] Ext updated: 2013-08-08T00:00:00+00:00 {{(pid=99166) _check_extension /opt/stack/cinder/cinder/api/extensions.py:178}}
Jun 15 07:56:32.070609 np0000002831 devstack@c-api.service[99166]: DEBUG cinder.api.extensions [-] Loaded extension: os-vol-mig-status-attr {{(pid=99166) register /opt/stack/cinder/cinder/api/extensions.py:135}}
Jun 15 07:56:32.070681 np0000002831 devstack@c-api.service[99166]: DEBUG cinder.api.extensions [-] Loading extension cinder.api.contrib.volume_transfer.Volume_transfer {{(pid=99166) load_extension /opt/stack/cinder/cinder/api/extensions.py:194}}
Jun 15 07:56:32.070739 np0000002831 devstack@c-api.service[99166]: DEBUG cinder.api.extensions [-] Calling extension factory cinder.api.contrib.volume_transfer.Volume_transfer {{(pid=99166) load_extension /opt/stack/cinder/cinder/api/extensions.py:200}}
Jun 15 07:56:32.070796 np0000002831 devstack@c-api.service[99166]: DEBUG cinder.api.extensions [-] Ext name: VolumeTransfer {{(pid=99166) _check_extension /opt/stack/cinder/cinder/api/extensions.py:174}}
Jun 15 07:56:32.070843 np0000002831 devstack@c-api.service[99166]: DEBUG cinder.api.extensions [-] Ext alias: os-volume-transfer {{(pid=99166) _check_extension /opt/stack/cinder/cinder/api/extensions.py:175}}
Jun 15 07:56:32.070906 np0000002831 devstack@c-api.service[99166]: DEBUG cinder.api.extensions [-] Ext description: Volume transfer management support. {{(pid=99166) _check_extension /opt/stack/cinder/cinder/api/extensions.py:176}}
Jun 15 07:56:32.070970 np0000002831 devstack@c-api.service[99166]: DEBUG cinder.api.extensions [-] Ext updated: 2013-05-29T00:00:00+00:00 {{(pid=99166) _check_extension /opt/stack/cinder/cinder/api/extensions.py:178}}
Jun 15 07:56:32.071084 np0000002831 devstack@c-api.service[99166]: DEBUG cinder.api.extensions [-] Loaded extension: os-volume-transfer {{(pid=99166) register /opt/stack/cinder/cinder/api/extensions.py:135}}
Jun 15 07:56:32.071084 np0000002831 devstack@c-api.service[99166]: DEBUG cinder.api.extensions [-] Loading extension cinder.api.contrib.hosts.Hosts {{(pid=99166) load_extension /opt/stack/cinder/cinder/api/extensions.py:194}}
Jun 15 07:56:32.071621 np0000002831 devstack@c-api.service[99166]: DEBUG cinder.api.extensions [-] Calling extension factory cinder.api.contrib.hosts.Hosts {{(pid=99166) load_extension /opt/stack/cinder/cinder/api/extensions.py:200}}
Jun 15 07:56:32.071695 np0000002831 devstack@c-api.service[99166]: DEBUG cinder.api.extensions [-] Ext name: Hosts {{(pid=99166) _check_extension /opt/stack/cinder/cinder/api/extensions.py:174}}
Jun 15 07:56:32.071762 np0000002831 devstack@c-api.service[99166]: DEBUG cinder.api.extensions [-] Ext alias: os-hosts {{(pid=99166) _check_extension /opt/stack/cinder/cinder/api/extensions.py:175}}
Jun 15 07:56:32.071807 np0000002831 devstack@c-api.service[99166]: DEBUG cinder.api.extensions [-] Ext description: Admin-only host administration. {{(pid=99166) _check_extension /opt/stack/cinder/cinder/api/extensions.py:176}}
Jun 15 07:56:32.071859 np0000002831 devstack@c-api.service[99166]: DEBUG cinder.api.extensions [-] Ext updated: 2011-06-29T00:00:00+00:00 {{(pid=99166) _check_extension /opt/stack/cinder/cinder/api/extensions.py:178}}
Jun 15 07:56:32.071906 np0000002831 devstack@c-api.service[99166]: DEBUG cinder.api.extensions [-] Loaded extension: os-hosts {{(pid=99166) register /opt/stack/cinder/cinder/api/extensions.py:135}}
Jun 15 07:56:32.071955 np0000002831 devstack@c-api.service[99166]: DEBUG cinder.api.extensions [-] Loading extension cinder.api.contrib.volume_type_access.Volume_type_access {{(pid=99166) load_extension /opt/stack/cinder/cinder/api/extensions.py:194}}
Jun 15 07:56:32.072552 np0000002831 devstack@c-api.service[99166]: DEBUG cinder.api.extensions [-] Calling extension factory cinder.api.contrib.volume_type_access.Volume_type_access {{(pid=99166) load_extension /opt/stack/cinder/cinder/api/extensions.py:200}}
Jun 15 07:56:32.072552 np0000002831 devstack@c-api.service[99166]: DEBUG cinder.api.extensions [-] Ext name: VolumeTypeAccess {{(pid=99166) _check_extension /opt/stack/cinder/cinder/api/extensions.py:174}}
Jun 15 07:56:32.072723 np0000002831 devstack@c-api.service[99166]: DEBUG cinder.api.extensions [-] Ext alias: os-volume-type-access {{(pid=99166) _check_extension /opt/stack/cinder/cinder/api/extensions.py:175}}
Jun 15 07:56:32.072723 np0000002831 devstack@c-api.service[99166]: DEBUG cinder.api.extensions [-] Ext description: Volume type access support. {{(pid=99166) _check_extension /opt/stack/cinder/cinder/api/extensions.py:176}}
Jun 15 07:56:32.072770 np0000002831 devstack@c-api.service[99166]: DEBUG cinder.api.extensions [-] Ext updated: 2014-06-26T00:00:00Z {{(pid=99166) _check_extension /opt/stack/cinder/cinder/api/extensions.py:178}}
Jun 15 07:56:32.072794 np0000002831 devstack@c-api.service[99166]: DEBUG cinder.api.extensions [-] Loaded extension: os-volume-type-access {{(pid=99166) register /opt/stack/cinder/cinder/api/extensions.py:135}}
Jun 15 07:56:32.072875 np0000002831 devstack@c-api.service[99166]: DEBUG cinder.api.extensions [-] Loading extension cinder.api.contrib.availability_zones.Availability_zones {{(pid=99166) load_extension /opt/stack/cinder/cinder/api/extensions.py:194}}
Jun 15 07:56:32.073292 np0000002831 devstack@c-api.service[99166]: DEBUG cinder.api.extensions [-] Calling extension factory cinder.api.contrib.availability_zones.Availability_zones {{(pid=99166) load_extension /opt/stack/cinder/cinder/api/extensions.py:200}}
Jun 15 07:56:32.073357 np0000002831 devstack@c-api.service[99166]: DEBUG cinder.api.extensions [-] Ext name: AvailabilityZones {{(pid=99166) _check_extension /opt/stack/cinder/cinder/api/extensions.py:174}}
Jun 15 07:56:32.073420 np0000002831 devstack@c-api.service[99166]: DEBUG cinder.api.extensions [-] Ext alias: os-availability-zone {{(pid=99166) _check_extension /opt/stack/cinder/cinder/api/extensions.py:175}}
Jun 15 07:56:32.073485 np0000002831 devstack@c-api.service[99166]: DEBUG cinder.api.extensions [-] Ext description: Describe Availability Zones. {{(pid=99166) _check_extension /opt/stack/cinder/cinder/api/extensions.py:176}}
Jun 15 07:56:32.073579 np0000002831 devstack@c-api.service[99166]: DEBUG cinder.api.extensions [-] Ext updated: 2013-06-27T00:00:00+00:00 {{(pid=99166) _check_extension /opt/stack/cinder/cinder/api/extensions.py:178}}
Jun 15 07:56:32.073615 np0000002831 devstack@c-api.service[99166]: DEBUG cinder.api.extensions [-] Loaded extension: os-availability-zone {{(pid=99166) register /opt/stack/cinder/cinder/api/extensions.py:135}}
Jun 15 07:56:32.073655 np0000002831 devstack@c-api.service[99166]: DEBUG cinder.api.extensions [-] Loading extension cinder.api.contrib.quota_classes.Quota_classes {{(pid=99166) load_extension /opt/stack/cinder/cinder/api/extensions.py:194}}
Jun 15 07:56:32.074099 np0000002831 devstack@c-api.service[99166]: DEBUG cinder.api.extensions [-] Calling extension factory cinder.api.contrib.quota_classes.Quota_classes {{(pid=99166) load_extension /opt/stack/cinder/cinder/api/extensions.py:200}}
Jun 15 07:56:32.074163 np0000002831 devstack@c-api.service[99166]: DEBUG cinder.api.extensions [-] Ext name: QuotaClasses {{(pid=99166) _check_extension /opt/stack/cinder/cinder/api/extensions.py:174}}
Jun 15 07:56:32.074223 np0000002831 devstack@c-api.service[99166]: DEBUG cinder.api.extensions [-] Ext alias: os-quota-class-sets {{(pid=99166) _check_extension /opt/stack/cinder/cinder/api/extensions.py:175}}
Jun 15 07:56:32.074304 np0000002831 devstack@c-api.service[99166]: DEBUG cinder.api.extensions [-] Ext description: Quota classes management support. {{(pid=99166) _check_extension /opt/stack/cinder/cinder/api/extensions.py:176}}
Jun 15 07:56:32.074352 np0000002831 devstack@c-api.service[99166]: DEBUG cinder.api.extensions [-] Ext updated: 2012-03-12T00:00:00+00:00 {{(pid=99166) _check_extension /opt/stack/cinder/cinder/api/extensions.py:178}}
Jun 15 07:56:32.074409 np0000002831 devstack@c-api.service[99166]: DEBUG cinder.api.extensions [-] Loaded extension: os-quota-class-sets {{(pid=99166) register /opt/stack/cinder/cinder/api/extensions.py:135}}
Jun 15 07:56:32.074463 np0000002831 devstack@c-api.service[99166]: DEBUG cinder.api.extensions [-] Loading extension cinder.api.contrib.scheduler_hints.Scheduler_hints {{(pid=99166) load_extension /opt/stack/cinder/cinder/api/extensions.py:194}}
Jun 15 07:56:32.074577 np0000002831 devstack@c-api.service[99166]: DEBUG cinder.api.extensions [-] Calling extension factory cinder.api.contrib.scheduler_hints.Scheduler_hints {{(pid=99166) load_extension /opt/stack/cinder/cinder/api/extensions.py:200}}
Jun 15 07:56:32.074631 np0000002831 devstack@c-api.service[99166]: DEBUG cinder.api.extensions [-] Ext name: SchedulerHints {{(pid=99166) _check_extension /opt/stack/cinder/cinder/api/extensions.py:174}}
Jun 15 07:56:32.074690 np0000002831 devstack@c-api.service[99166]: DEBUG cinder.api.extensions [-] Ext alias: OS-SCH-HNT {{(pid=99166) _check_extension /opt/stack/cinder/cinder/api/extensions.py:175}}
Jun 15 07:56:32.074744 np0000002831 devstack@c-api.service[99166]: DEBUG cinder.api.extensions [-] Ext description: Pass arbitrary key/value pairs to the scheduler. {{(pid=99166) _check_extension /opt/stack/cinder/cinder/api/extensions.py:176}}
Jun 15 07:56:32.074824 np0000002831 devstack@c-api.service[99166]: DEBUG cinder.api.extensions [-] Ext updated: 2013-04-18T00:00:00+00:00 {{(pid=99166) _check_extension /opt/stack/cinder/cinder/api/extensions.py:178}}
Jun 15 07:56:32.074881 np0000002831 devstack@c-api.service[99166]: DEBUG cinder.api.extensions [-] Loaded extension: OS-SCH-HNT {{(pid=99166) register /opt/stack/cinder/cinder/api/extensions.py:135}}
Jun 15 07:56:32.074928 np0000002831 devstack@c-api.service[99166]: DEBUG cinder.api.extensions [-] Loading extension cinder.api.contrib.admin_actions.Admin_actions {{(pid=99166) load_extension /opt/stack/cinder/cinder/api/extensions.py:194}}
Jun 15 07:56:32.075749 np0000002831 devstack@c-api.service[99166]: DEBUG cinder.api.extensions [-] Calling extension factory cinder.api.contrib.admin_actions.Admin_actions {{(pid=99166) load_extension /opt/stack/cinder/cinder/api/extensions.py:200}}
Jun 15 07:56:32.075816 np0000002831 devstack@c-api.service[99166]: DEBUG cinder.api.extensions [-] Ext name: AdminActions {{(pid=99166) _check_extension /opt/stack/cinder/cinder/api/extensions.py:174}}
Jun 15 07:56:32.075957 np0000002831 devstack@c-api.service[99166]: DEBUG cinder.api.extensions [-] Ext alias: os-admin-actions {{(pid=99166) _check_extension /opt/stack/cinder/cinder/api/extensions.py:175}}
Jun 15 07:56:32.076008 np0000002831 devstack@c-api.service[99166]: DEBUG cinder.api.extensions [-] Ext description: Enable admin actions. {{(pid=99166) _check_extension /opt/stack/cinder/cinder/api/extensions.py:176}}
Jun 15 07:56:32.076067 np0000002831 devstack@c-api.service[99166]: DEBUG cinder.api.extensions [-] Ext updated: 2012-08-25T00:00:00+00:00 {{(pid=99166) _check_extension /opt/stack/cinder/cinder/api/extensions.py:178}}
Jun 15 07:56:32.076116 np0000002831 devstack@c-api.service[99166]: DEBUG cinder.api.extensions [-] Loaded extension: os-admin-actions {{(pid=99166) register /opt/stack/cinder/cinder/api/extensions.py:135}}
Jun 15 07:56:32.076179 np0000002831 devstack@c-api.service[99166]: DEBUG cinder.api.extensions [-] Loading extension cinder.api.contrib.volume_actions.Volume_actions {{(pid=99166) load_extension /opt/stack/cinder/cinder/api/extensions.py:194}}
Jun 15 07:56:32.077095 np0000002831 devstack@c-api.service[99166]: DEBUG cinder.api.extensions [-] Calling extension factory cinder.api.contrib.volume_actions.Volume_actions {{(pid=99166) load_extension /opt/stack/cinder/cinder/api/extensions.py:200}}
Jun 15 07:56:32.077095 np0000002831 devstack@c-api.service[99166]: DEBUG cinder.api.extensions [-] Ext name: VolumeActions {{(pid=99166) _check_extension /opt/stack/cinder/cinder/api/extensions.py:174}}
Jun 15 07:56:32.077267 np0000002831 devstack@c-api.service[99166]: DEBUG cinder.api.extensions [-] Ext alias: os-volume-actions {{(pid=99166) _check_extension /opt/stack/cinder/cinder/api/extensions.py:175}}
Jun 15 07:56:32.077267 np0000002831 devstack@c-api.service[99166]: DEBUG cinder.api.extensions [-] Ext description: Enable volume actions. {{(pid=99166) _check_extension /opt/stack/cinder/cinder/api/extensions.py:176}}
Jun 15 07:56:32.077346 np0000002831 devstack@c-api.service[99166]: DEBUG cinder.api.extensions [-] Ext updated: 2012-05-31T00:00:00+00:00 {{(pid=99166) _check_extension /opt/stack/cinder/cinder/api/extensions.py:178}}
Jun 15 07:56:32.077346 np0000002831 devstack@c-api.service[99166]: DEBUG cinder.api.extensions [-] Loaded extension: os-volume-actions {{(pid=99166) register /opt/stack/cinder/cinder/api/extensions.py:135}}
Jun 15 07:56:32.077413 np0000002831 devstack@c-api.service[99166]: DEBUG cinder.api.extensions [-] Loading extension cinder.api.contrib.volume_tenant_attribute.Volume_tenant_attribute {{(pid=99166) load_extension /opt/stack/cinder/cinder/api/extensions.py:194}}
Jun 15 07:56:32.077740 np0000002831 devstack@c-api.service[99166]: DEBUG cinder.api.extensions [-] Calling extension factory cinder.api.contrib.volume_tenant_attribute.Volume_tenant_attribute {{(pid=99166) load_extension /opt/stack/cinder/cinder/api/extensions.py:200}}
Jun 15 07:56:32.077815 np0000002831 devstack@c-api.service[99166]: DEBUG cinder.api.extensions [-] Ext name: VolumeTenantAttribute {{(pid=99166) _check_extension /opt/stack/cinder/cinder/api/extensions.py:174}}
Jun 15 07:56:32.077862 np0000002831 devstack@c-api.service[99166]: DEBUG cinder.api.extensions [-] Ext alias: os-vol-tenant-attr {{(pid=99166) _check_extension /opt/stack/cinder/cinder/api/extensions.py:175}}
Jun 15 07:56:32.077905 np0000002831 devstack@c-api.service[99166]: DEBUG cinder.api.extensions [-] Ext description: Expose the internal project_id as an attribute of a volume. {{(pid=99166) _check_extension /opt/stack/cinder/cinder/api/extensions.py:176}}
Jun 15 07:56:32.077974 np0000002831 devstack@c-api.service[99166]: DEBUG cinder.api.extensions [-] Ext updated: 2011-11-03T00:00:00+00:00 {{(pid=99166) _check_extension /opt/stack/cinder/cinder/api/extensions.py:178}}
Jun 15 07:56:32.078025 np0000002831 devstack@c-api.service[99166]: DEBUG cinder.api.extensions [-] Loaded extension: os-vol-tenant-attr {{(pid=99166) register /opt/stack/cinder/cinder/api/extensions.py:135}}
Jun 15 07:56:32.078076 np0000002831 devstack@c-api.service[99166]: DEBUG cinder.api.extensions [-] Loading extension cinder.api.contrib.types_manage.Types_manage {{(pid=99166) load_extension /opt/stack/cinder/cinder/api/extensions.py:194}}
Jun 15 07:56:32.078815 np0000002831 devstack@c-api.service[99166]: DEBUG cinder.api.extensions [-] Calling extension factory cinder.api.contrib.types_manage.Types_manage {{(pid=99166) load_extension /opt/stack/cinder/cinder/api/extensions.py:200}}
Jun 15 07:56:32.078886 np0000002831 devstack@c-api.service[99166]: DEBUG cinder.api.extensions [-] Ext name: TypesManage {{(pid=99166) _check_extension /opt/stack/cinder/cinder/api/extensions.py:174}}
Jun 15 07:56:32.078927 np0000002831 devstack@c-api.service[99166]: DEBUG cinder.api.extensions [-] Ext alias: os-types-manage {{(pid=99166) _check_extension /opt/stack/cinder/cinder/api/extensions.py:175}}
Jun 15 07:56:32.078965 np0000002831 devstack@c-api.service[99166]: DEBUG cinder.api.extensions [-] Ext description: Types manage support. {{(pid=99166) _check_extension /opt/stack/cinder/cinder/api/extensions.py:176}}
Jun 15 07:56:32.079045 np0000002831 devstack@c-api.service[99166]: DEBUG cinder.api.extensions [-] Ext updated: 2011-08-24T00:00:00+00:00 {{(pid=99166) _check_extension /opt/stack/cinder/cinder/api/extensions.py:178}}
Jun 15 07:56:32.079111 np0000002831 devstack@c-api.service[99166]: DEBUG cinder.api.extensions [-] Loaded extension: os-types-manage {{(pid=99166) register /opt/stack/cinder/cinder/api/extensions.py:135}}
Jun 15 07:56:32.104742 np0000002831 devstack@c-api.service[99165]: INFO dbcounter [None req-c0b9fd28-50d4-4f64-ab1a-8717b99051ad None None] Registered counter for database cinder
Jun 15 07:56:32.107742 np0000002831 devstack@c-api.service[99164]: INFO dbcounter [None req-e977e022-161d-44b2-aa58-ac2aaa48d321 None None] Registered counter for database cinder
Jun 15 07:56:32.118851 np0000002831 devstack@c-api.service[99166]: INFO dbcounter [None req-36ec943a-f216-4b80-bbe9-8d2a2a869084 None None] Registered counter for database cinder
Jun 15 07:56:32.146365 np0000002831 devstack@c-api.service[99165]: DEBUG oslo_db.sqlalchemy.engines [None req-c0b9fd28-50d4-4f64-ab1a-8717b99051ad None None] MySQL server mode set to STRICT_TRANS_TABLES,STRICT_ALL_TABLES,NO_ZERO_IN_DATE,NO_ZERO_DATE,ERROR_FOR_DIVISION_BY_ZERO,TRADITIONAL,NO_ENGINE_SUBSTITUTION {{(pid=99165) _check_effective_sql_mode /opt/stack/data/venv/lib/python3.12/site-packages/oslo_db/sqlalchemy/engines.py:325}}
Jun 15 07:56:32.150299 np0000002831 devstack@c-api.service[99164]: DEBUG oslo_db.sqlalchemy.engines [None req-e977e022-161d-44b2-aa58-ac2aaa48d321 None None] MySQL server mode set to STRICT_TRANS_TABLES,STRICT_ALL_TABLES,NO_ZERO_IN_DATE,NO_ZERO_DATE,ERROR_FOR_DIVISION_BY_ZERO,TRADITIONAL,NO_ENGINE_SUBSTITUTION {{(pid=99164) _check_effective_sql_mode /opt/stack/data/venv/lib/python3.12/site-packages/oslo_db/sqlalchemy/engines.py:325}}
Jun 15 07:56:32.160864 np0000002831 devstack@c-api.service[99166]: DEBUG oslo_db.sqlalchemy.engines [None req-36ec943a-f216-4b80-bbe9-8d2a2a869084 None None] MySQL server mode set to STRICT_TRANS_TABLES,STRICT_ALL_TABLES,NO_ZERO_IN_DATE,NO_ZERO_DATE,ERROR_FOR_DIVISION_BY_ZERO,TRADITIONAL,NO_ENGINE_SUBSTITUTION {{(pid=99166) _check_effective_sql_mode /opt/stack/data/venv/lib/python3.12/site-packages/oslo_db/sqlalchemy/engines.py:325}}
Jun 15 07:56:32.252883 np0000002831 devstack@c-api.service[99165]: DEBUG dbcounter [-] [99165] Writer thread running {{(pid=99165) stat_writer /opt/stack/data/venv/lib/python3.12/site-packages/dbcounter.py:102}}
Jun 15 07:56:32.253443 np0000002831 devstack@c-api.service[99164]: DEBUG dbcounter [-] [99164] Writer thread running {{(pid=99164) stat_writer /opt/stack/data/venv/lib/python3.12/site-packages/dbcounter.py:102}}
Jun 15 07:56:32.255631 np0000002831 devstack@c-api.service[99165]: INFO cinder.rpc [None req-c0b9fd28-50d4-4f64-ab1a-8717b99051ad None None] Automatically selected cinder-scheduler objects version 1.39 as minimum service version.
Jun 15 07:56:32.255893 np0000002831 devstack@c-api.service[99164]: INFO cinder.rpc [None req-e977e022-161d-44b2-aa58-ac2aaa48d321 None None] Automatically selected cinder-scheduler objects version 1.39 as minimum service version.
Jun 15 07:56:32.258094 np0000002831 devstack@c-api.service[99164]: INFO cinder.rpc [None req-e977e022-161d-44b2-aa58-ac2aaa48d321 None None] Automatically selected cinder-scheduler RPC version 3.12 as minimum service version.
Jun 15 07:56:32.258147 np0000002831 devstack@c-api.service[99165]: INFO cinder.rpc [None req-c0b9fd28-50d4-4f64-ab1a-8717b99051ad None None] Automatically selected cinder-scheduler RPC version 3.12 as minimum service version.
Jun 15 07:56:32.260160 np0000002831 devstack@c-api.service[99164]: INFO cinder.rpc [None req-e977e022-161d-44b2-aa58-ac2aaa48d321 None None] Automatically selected cinder-volume objects version 1.39 as minimum service version.
Jun 15 07:56:32.260405 np0000002831 devstack@c-api.service[99165]: INFO cinder.rpc [None req-c0b9fd28-50d4-4f64-ab1a-8717b99051ad None None] Automatically selected cinder-volume objects version 1.39 as minimum service version.
Jun 15 07:56:32.262070 np0000002831 devstack@c-api.service[99164]: INFO cinder.rpc [None req-e977e022-161d-44b2-aa58-ac2aaa48d321 None None] Automatically selected cinder-volume RPC version 3.20 as minimum service version.
Jun 15 07:56:32.262307 np0000002831 devstack@c-api.service[99165]: INFO cinder.rpc [None req-c0b9fd28-50d4-4f64-ab1a-8717b99051ad None None] Automatically selected cinder-volume RPC version 3.20 as minimum service version.
Jun 15 07:56:32.262360 np0000002831 devstack@c-api.service[99164]: WARNING stevedore.named [None req-e977e022-161d-44b2-aa58-ac2aaa48d321 None None] Could not load cinder.keymgr.conf_key_mgr.ConfKeyManager
Jun 15 07:56:32.262606 np0000002831 devstack@c-api.service[99164]: WARNING castellan.key_manager [None req-e977e022-161d-44b2-aa58-ac2aaa48d321 None None] Deprecation Warning : cinder.keymgr.conf_key_mgr.ConfKeyManager is not a stevedore based driver, trying to load it as a class: stevedore.exception.NoMatches: No 'castellan.drivers' driver found, looking for 'cinder.keymgr.conf_key_mgr.ConfKeyManager'
Jun 15 07:56:32.262650 np0000002831 devstack@c-api.service[99165]: WARNING stevedore.named [None req-c0b9fd28-50d4-4f64-ab1a-8717b99051ad None None] Could not load cinder.keymgr.conf_key_mgr.ConfKeyManager
Jun 15 07:56:32.262881 np0000002831 devstack@c-api.service[99165]: WARNING castellan.key_manager [None req-c0b9fd28-50d4-4f64-ab1a-8717b99051ad None None] Deprecation Warning : cinder.keymgr.conf_key_mgr.ConfKeyManager is not a stevedore based driver, trying to load it as a class: stevedore.exception.NoMatches: No 'castellan.drivers' driver found, looking for 'cinder.keymgr.conf_key_mgr.ConfKeyManager'
Jun 15 07:56:32.264166 np0000002831 devstack@c-api.service[99164]: WARNING cinder.keymgr.conf_key_mgr [None req-e977e022-161d-44b2-aa58-ac2aaa48d321 None None] This key manager is insecure and is not recommended for production deployments: stevedore.exception.NoMatches: No 'castellan.drivers' driver found, looking for 'cinder.keymgr.conf_key_mgr.ConfKeyManager'
Jun 15 07:56:32.264725 np0000002831 devstack@c-api.service[99165]: WARNING cinder.keymgr.conf_key_mgr [None req-c0b9fd28-50d4-4f64-ab1a-8717b99051ad None None] This key manager is insecure and is not recommended for production deployments: stevedore.exception.NoMatches: No 'castellan.drivers' driver found, looking for 'cinder.keymgr.conf_key_mgr.ConfKeyManager'
Jun 15 07:56:32.266652 np0000002831 devstack@c-api.service[99164]: WARNING stevedore.named [None req-e977e022-161d-44b2-aa58-ac2aaa48d321 None None] Could not load cinder.keymgr.conf_key_mgr.ConfKeyManager
Jun 15 07:56:32.266782 np0000002831 devstack@c-api.service[99164]: WARNING castellan.key_manager [None req-e977e022-161d-44b2-aa58-ac2aaa48d321 None None] Deprecation Warning : cinder.keymgr.conf_key_mgr.ConfKeyManager is not a stevedore based driver, trying to load it as a class: stevedore.exception.NoMatches: No 'castellan.drivers' driver found, looking for 'cinder.keymgr.conf_key_mgr.ConfKeyManager'
Jun 15 07:56:32.267486 np0000002831 devstack@c-api.service[99165]: WARNING stevedore.named [None req-c0b9fd28-50d4-4f64-ab1a-8717b99051ad None None] Could not load cinder.keymgr.conf_key_mgr.ConfKeyManager
Jun 15 07:56:32.267657 np0000002831 devstack@c-api.service[99165]: WARNING castellan.key_manager [None req-c0b9fd28-50d4-4f64-ab1a-8717b99051ad None None] Deprecation Warning : cinder.keymgr.conf_key_mgr.ConfKeyManager is not a stevedore based driver, trying to load it as a class: stevedore.exception.NoMatches: No 'castellan.drivers' driver found, looking for 'cinder.keymgr.conf_key_mgr.ConfKeyManager'
Jun 15 07:56:32.280058 np0000002831 devstack@c-api.service[99166]: DEBUG dbcounter [-] [99166] Writer thread running {{(pid=99166) stat_writer /opt/stack/data/venv/lib/python3.12/site-packages/dbcounter.py:102}}
Jun 15 07:56:32.283222 np0000002831 devstack@c-api.service[99166]: INFO cinder.rpc [None req-36ec943a-f216-4b80-bbe9-8d2a2a869084 None None] Automatically selected cinder-scheduler objects version 1.39 as minimum service version.
Jun 15 07:56:32.285807 np0000002831 devstack@c-api.service[99166]: INFO cinder.rpc [None req-36ec943a-f216-4b80-bbe9-8d2a2a869084 None None] Automatically selected cinder-scheduler RPC version 3.12 as minimum service version.
Jun 15 07:56:32.287904 np0000002831 devstack@c-api.service[99166]: INFO cinder.rpc [None req-36ec943a-f216-4b80-bbe9-8d2a2a869084 None None] Automatically selected cinder-volume objects version 1.39 as minimum service version.
Jun 15 07:56:32.289773 np0000002831 devstack@c-api.service[99166]: INFO cinder.rpc [None req-36ec943a-f216-4b80-bbe9-8d2a2a869084 None None] Automatically selected cinder-volume RPC version 3.20 as minimum service version.
Jun 15 07:56:32.290163 np0000002831 devstack@c-api.service[99166]: WARNING stevedore.named [None req-36ec943a-f216-4b80-bbe9-8d2a2a869084 None None] Could not load cinder.keymgr.conf_key_mgr.ConfKeyManager
Jun 15 07:56:32.290449 np0000002831 devstack@c-api.service[99166]: WARNING castellan.key_manager [None req-36ec943a-f216-4b80-bbe9-8d2a2a869084 None None] Deprecation Warning : cinder.keymgr.conf_key_mgr.ConfKeyManager is not a stevedore based driver, trying to load it as a class: stevedore.exception.NoMatches: No 'castellan.drivers' driver found, looking for 'cinder.keymgr.conf_key_mgr.ConfKeyManager'
Jun 15 07:56:32.291123 np0000002831 devstack@c-api.service[99166]: WARNING cinder.keymgr.conf_key_mgr [None req-36ec943a-f216-4b80-bbe9-8d2a2a869084 None None] This key manager is insecure and is not recommended for production deployments: stevedore.exception.NoMatches: No 'castellan.drivers' driver found, looking for 'cinder.keymgr.conf_key_mgr.ConfKeyManager'
Jun 15 07:56:32.293676 np0000002831 devstack@c-api.service[99166]: WARNING stevedore.named [None req-36ec943a-f216-4b80-bbe9-8d2a2a869084 None None] Could not load cinder.keymgr.conf_key_mgr.ConfKeyManager
Jun 15 07:56:32.293839 np0000002831 devstack@c-api.service[99166]: WARNING castellan.key_manager [None req-36ec943a-f216-4b80-bbe9-8d2a2a869084 None None] Deprecation Warning : cinder.keymgr.conf_key_mgr.ConfKeyManager is not a stevedore based driver, trying to load it as a class: stevedore.exception.NoMatches: No 'castellan.drivers' driver found, looking for 'cinder.keymgr.conf_key_mgr.ConfKeyManager'
Jun 15 07:56:32.298454 np0000002831 devstack@c-api.service[99165]: DEBUG oslo_db.sqlalchemy.engines [None req-c0b9fd28-50d4-4f64-ab1a-8717b99051ad None None] MySQL server mode set to STRICT_TRANS_TABLES,STRICT_ALL_TABLES,NO_ZERO_IN_DATE,NO_ZERO_DATE,ERROR_FOR_DIVISION_BY_ZERO,TRADITIONAL,NO_ENGINE_SUBSTITUTION {{(pid=99165) _check_effective_sql_mode /opt/stack/data/venv/lib/python3.12/site-packages/oslo_db/sqlalchemy/engines.py:325}}
Jun 15 07:56:32.300831 np0000002831 devstack@c-api.service[99165]: INFO cinder.rpc [None req-c0b9fd28-50d4-4f64-ab1a-8717b99051ad None None] Automatically selected cinder-backup objects version 1.39 as minimum service version.
Jun 15 07:56:32.300888 np0000002831 devstack@c-api.service[99164]: DEBUG oslo_db.sqlalchemy.engines [None req-e977e022-161d-44b2-aa58-ac2aaa48d321 None None] MySQL server mode set to STRICT_TRANS_TABLES,STRICT_ALL_TABLES,NO_ZERO_IN_DATE,NO_ZERO_DATE,ERROR_FOR_DIVISION_BY_ZERO,TRADITIONAL,NO_ENGINE_SUBSTITUTION {{(pid=99164) _check_effective_sql_mode /opt/stack/data/venv/lib/python3.12/site-packages/oslo_db/sqlalchemy/engines.py:325}}
Jun 15 07:56:32.302929 np0000002831 devstack@c-api.service[99165]: INFO cinder.rpc [None req-c0b9fd28-50d4-4f64-ab1a-8717b99051ad None None] Automatically selected cinder-backup RPC version 2.4 as minimum service version.
Jun 15 07:56:32.303210 np0000002831 devstack@c-api.service[99164]: INFO cinder.rpc [None req-e977e022-161d-44b2-aa58-ac2aaa48d321 None None] Automatically selected cinder-backup objects version 1.39 as minimum service version.
Jun 15 07:56:32.303304 np0000002831 devstack@c-api.service[99165]: WARNING stevedore.named [None req-c0b9fd28-50d4-4f64-ab1a-8717b99051ad None None] Could not load cinder.keymgr.conf_key_mgr.ConfKeyManager
Jun 15 07:56:32.303448 np0000002831 devstack@c-api.service[99165]: WARNING castellan.key_manager [None req-c0b9fd28-50d4-4f64-ab1a-8717b99051ad None None] Deprecation Warning : cinder.keymgr.conf_key_mgr.ConfKeyManager is not a stevedore based driver, trying to load it as a class: stevedore.exception.NoMatches: No 'castellan.drivers' driver found, looking for 'cinder.keymgr.conf_key_mgr.ConfKeyManager'
Jun 15 07:56:32.305302 np0000002831 devstack@c-api.service[99164]: INFO cinder.rpc [None req-e977e022-161d-44b2-aa58-ac2aaa48d321 None None] Automatically selected cinder-backup RPC version 2.4 as minimum service version.
Jun 15 07:56:32.305720 np0000002831 devstack@c-api.service[99164]: WARNING stevedore.named [None req-e977e022-161d-44b2-aa58-ac2aaa48d321 None None] Could not load cinder.keymgr.conf_key_mgr.ConfKeyManager
Jun 15 07:56:32.305851 np0000002831 devstack@c-api.service[99164]: WARNING castellan.key_manager [None req-e977e022-161d-44b2-aa58-ac2aaa48d321 None None] Deprecation Warning : cinder.keymgr.conf_key_mgr.ConfKeyManager is not a stevedore based driver, trying to load it as a class: stevedore.exception.NoMatches: No 'castellan.drivers' driver found, looking for 'cinder.keymgr.conf_key_mgr.ConfKeyManager'
Jun 15 07:56:32.312515 np0000002831 devstack@c-api.service[99165]: WARNING stevedore.named [None req-c0b9fd28-50d4-4f64-ab1a-8717b99051ad None None] Could not load cinder.keymgr.conf_key_mgr.ConfKeyManager
Jun 15 07:56:32.312721 np0000002831 devstack@c-api.service[99165]: WARNING castellan.key_manager [None req-c0b9fd28-50d4-4f64-ab1a-8717b99051ad None None] Deprecation Warning : cinder.keymgr.conf_key_mgr.ConfKeyManager is not a stevedore based driver, trying to load it as a class: stevedore.exception.NoMatches: No 'castellan.drivers' driver found, looking for 'cinder.keymgr.conf_key_mgr.ConfKeyManager'
Jun 15 07:56:32.314649 np0000002831 devstack@c-api.service[99164]: WARNING stevedore.named [None req-e977e022-161d-44b2-aa58-ac2aaa48d321 None None] Could not load cinder.keymgr.conf_key_mgr.ConfKeyManager
Jun 15 07:56:32.314782 np0000002831 devstack@c-api.service[99164]: WARNING castellan.key_manager [None req-e977e022-161d-44b2-aa58-ac2aaa48d321 None None] Deprecation Warning : cinder.keymgr.conf_key_mgr.ConfKeyManager is not a stevedore based driver, trying to load it as a class: stevedore.exception.NoMatches: No 'castellan.drivers' driver found, looking for 'cinder.keymgr.conf_key_mgr.ConfKeyManager'
Jun 15 07:56:32.314907 np0000002831 devstack@c-api.service[99165]: WARNING stevedore.named [None req-c0b9fd28-50d4-4f64-ab1a-8717b99051ad None None] Could not load cinder.keymgr.conf_key_mgr.ConfKeyManager
Jun 15 07:56:32.315047 np0000002831 devstack@c-api.service[99165]: WARNING castellan.key_manager [None req-c0b9fd28-50d4-4f64-ab1a-8717b99051ad None None] Deprecation Warning : cinder.keymgr.conf_key_mgr.ConfKeyManager is not a stevedore based driver, trying to load it as a class: stevedore.exception.NoMatches: No 'castellan.drivers' driver found, looking for 'cinder.keymgr.conf_key_mgr.ConfKeyManager'
Jun 15 07:56:32.316914 np0000002831 devstack@c-api.service[99164]: WARNING stevedore.named [None req-e977e022-161d-44b2-aa58-ac2aaa48d321 None None] Could not load cinder.keymgr.conf_key_mgr.ConfKeyManager
Jun 15 07:56:32.317064 np0000002831 devstack@c-api.service[99164]: WARNING castellan.key_manager [None req-e977e022-161d-44b2-aa58-ac2aaa48d321 None None] Deprecation Warning : cinder.keymgr.conf_key_mgr.ConfKeyManager is not a stevedore based driver, trying to load it as a class: stevedore.exception.NoMatches: No 'castellan.drivers' driver found, looking for 'cinder.keymgr.conf_key_mgr.ConfKeyManager'
Jun 15 07:56:32.317176 np0000002831 devstack@c-api.service[99165]: WARNING stevedore.named [None req-c0b9fd28-50d4-4f64-ab1a-8717b99051ad None None] Could not load cinder.keymgr.conf_key_mgr.ConfKeyManager
Jun 15 07:56:32.317304 np0000002831 devstack@c-api.service[99165]: WARNING castellan.key_manager [None req-c0b9fd28-50d4-4f64-ab1a-8717b99051ad None None] Deprecation Warning : cinder.keymgr.conf_key_mgr.ConfKeyManager is not a stevedore based driver, trying to load it as a class: stevedore.exception.NoMatches: No 'castellan.drivers' driver found, looking for 'cinder.keymgr.conf_key_mgr.ConfKeyManager'
Jun 15 07:56:32.319111 np0000002831 devstack@c-api.service[99164]: WARNING stevedore.named [None req-e977e022-161d-44b2-aa58-ac2aaa48d321 None None] Could not load cinder.keymgr.conf_key_mgr.ConfKeyManager
Jun 15 07:56:32.319245 np0000002831 devstack@c-api.service[99164]: WARNING castellan.key_manager [None req-e977e022-161d-44b2-aa58-ac2aaa48d321 None None] Deprecation Warning : cinder.keymgr.conf_key_mgr.ConfKeyManager is not a stevedore based driver, trying to load it as a class: stevedore.exception.NoMatches: No 'castellan.drivers' driver found, looking for 'cinder.keymgr.conf_key_mgr.ConfKeyManager'
Jun 15 07:56:32.320047 np0000002831 devstack@c-api.service[99165]: WARNING stevedore.named [None req-c0b9fd28-50d4-4f64-ab1a-8717b99051ad None None] Could not load cinder.keymgr.conf_key_mgr.ConfKeyManager
Jun 15 07:56:32.320169 np0000002831 devstack@c-api.service[99165]: WARNING castellan.key_manager [None req-c0b9fd28-50d4-4f64-ab1a-8717b99051ad None None] Deprecation Warning : cinder.keymgr.conf_key_mgr.ConfKeyManager is not a stevedore based driver, trying to load it as a class: stevedore.exception.NoMatches: No 'castellan.drivers' driver found, looking for 'cinder.keymgr.conf_key_mgr.ConfKeyManager'
Jun 15 07:56:32.322145 np0000002831 devstack@c-api.service[99164]: WARNING stevedore.named [None req-e977e022-161d-44b2-aa58-ac2aaa48d321 None None] Could not load cinder.keymgr.conf_key_mgr.ConfKeyManager
Jun 15 07:56:32.322210 np0000002831 devstack@c-api.service[99165]: WARNING stevedore.named [None req-c0b9fd28-50d4-4f64-ab1a-8717b99051ad None None] Could not load cinder.keymgr.conf_key_mgr.ConfKeyManager
Jun 15 07:56:32.322278 np0000002831 devstack@c-api.service[99165]: WARNING castellan.key_manager [None req-c0b9fd28-50d4-4f64-ab1a-8717b99051ad None None] Deprecation Warning : cinder.keymgr.conf_key_mgr.ConfKeyManager is not a stevedore based driver, trying to load it as a class: stevedore.exception.NoMatches: No 'castellan.drivers' driver found, looking for 'cinder.keymgr.conf_key_mgr.ConfKeyManager'
Jun 15 07:56:32.322320 np0000002831 devstack@c-api.service[99164]: WARNING castellan.key_manager [None req-e977e022-161d-44b2-aa58-ac2aaa48d321 None None] Deprecation Warning : cinder.keymgr.conf_key_mgr.ConfKeyManager is not a stevedore based driver, trying to load it as a class: stevedore.exception.NoMatches: No 'castellan.drivers' driver found, looking for 'cinder.keymgr.conf_key_mgr.ConfKeyManager'
Jun 15 07:56:32.324183 np0000002831 devstack@c-api.service[99165]: WARNING stevedore.named [None req-c0b9fd28-50d4-4f64-ab1a-8717b99051ad None None] Could not load cinder.keymgr.conf_key_mgr.ConfKeyManager
Jun 15 07:56:32.324643 np0000002831 devstack@c-api.service[99165]: WARNING castellan.key_manager [None req-c0b9fd28-50d4-4f64-ab1a-8717b99051ad None None] Deprecation Warning : cinder.keymgr.conf_key_mgr.ConfKeyManager is not a stevedore based driver, trying to load it as a class: stevedore.exception.NoMatches: No 'castellan.drivers' driver found, looking for 'cinder.keymgr.conf_key_mgr.ConfKeyManager'
Jun 15 07:56:32.325436 np0000002831 devstack@c-api.service[99164]: WARNING stevedore.named [None req-e977e022-161d-44b2-aa58-ac2aaa48d321 None None] Could not load cinder.keymgr.conf_key_mgr.ConfKeyManager
Jun 15 07:56:32.325615 np0000002831 devstack@c-api.service[99164]: WARNING castellan.key_manager [None req-e977e022-161d-44b2-aa58-ac2aaa48d321 None None] Deprecation Warning : cinder.keymgr.conf_key_mgr.ConfKeyManager is not a stevedore based driver, trying to load it as a class: stevedore.exception.NoMatches: No 'castellan.drivers' driver found, looking for 'cinder.keymgr.conf_key_mgr.ConfKeyManager'
Jun 15 07:56:32.325998 np0000002831 devstack@c-api.service[99166]: DEBUG oslo_db.sqlalchemy.engines [None req-36ec943a-f216-4b80-bbe9-8d2a2a869084 None None] MySQL server mode set to STRICT_TRANS_TABLES,STRICT_ALL_TABLES,NO_ZERO_IN_DATE,NO_ZERO_DATE,ERROR_FOR_DIVISION_BY_ZERO,TRADITIONAL,NO_ENGINE_SUBSTITUTION {{(pid=99166) _check_effective_sql_mode /opt/stack/data/venv/lib/python3.12/site-packages/oslo_db/sqlalchemy/engines.py:325}}
Jun 15 07:56:32.326435 np0000002831 devstack@c-api.service[99165]: WARNING stevedore.named [None req-c0b9fd28-50d4-4f64-ab1a-8717b99051ad None None] Could not load cinder.keymgr.conf_key_mgr.ConfKeyManager
Jun 15 07:56:32.326546 np0000002831 devstack@c-api.service[99165]: WARNING castellan.key_manager [None req-c0b9fd28-50d4-4f64-ab1a-8717b99051ad None None] Deprecation Warning : cinder.keymgr.conf_key_mgr.ConfKeyManager is not a stevedore based driver, trying to load it as a class: stevedore.exception.NoMatches: No 'castellan.drivers' driver found, looking for 'cinder.keymgr.conf_key_mgr.ConfKeyManager'
Jun 15 07:56:32.328665 np0000002831 devstack@c-api.service[99166]: INFO cinder.rpc [None req-36ec943a-f216-4b80-bbe9-8d2a2a869084 None None] Automatically selected cinder-backup objects version 1.39 as minimum service version.
Jun 15 07:56:32.328766 np0000002831 devstack@c-api.service[99164]: WARNING stevedore.named [None req-e977e022-161d-44b2-aa58-ac2aaa48d321 None None] Could not load cinder.keymgr.conf_key_mgr.ConfKeyManager
Jun 15 07:56:32.328925 np0000002831 devstack@c-api.service[99164]: WARNING castellan.key_manager [None req-e977e022-161d-44b2-aa58-ac2aaa48d321 None None] Deprecation Warning : cinder.keymgr.conf_key_mgr.ConfKeyManager is not a stevedore based driver, trying to load it as a class: stevedore.exception.NoMatches: No 'castellan.drivers' driver found, looking for 'cinder.keymgr.conf_key_mgr.ConfKeyManager'
Jun 15 07:56:32.329392 np0000002831 devstack@c-api.service[99165]: WARNING stevedore.named [None req-c0b9fd28-50d4-4f64-ab1a-8717b99051ad None None] Could not load cinder.keymgr.conf_key_mgr.ConfKeyManager
Jun 15 07:56:32.329555 np0000002831 devstack@c-api.service[99165]: WARNING castellan.key_manager [None req-c0b9fd28-50d4-4f64-ab1a-8717b99051ad None None] Deprecation Warning : cinder.keymgr.conf_key_mgr.ConfKeyManager is not a stevedore based driver, trying to load it as a class: stevedore.exception.NoMatches: No 'castellan.drivers' driver found, looking for 'cinder.keymgr.conf_key_mgr.ConfKeyManager'
Jun 15 07:56:32.330765 np0000002831 devstack@c-api.service[99166]: INFO cinder.rpc [None req-36ec943a-f216-4b80-bbe9-8d2a2a869084 None None] Automatically selected cinder-backup RPC version 2.4 as minimum service version.
Jun 15 07:56:32.331190 np0000002831 devstack@c-api.service[99166]: WARNING stevedore.named [None req-36ec943a-f216-4b80-bbe9-8d2a2a869084 None None] Could not load cinder.keymgr.conf_key_mgr.ConfKeyManager
Jun 15 07:56:32.331333 np0000002831 devstack@c-api.service[99166]: WARNING castellan.key_manager [None req-36ec943a-f216-4b80-bbe9-8d2a2a869084 None None] Deprecation Warning : cinder.keymgr.conf_key_mgr.ConfKeyManager is not a stevedore based driver, trying to load it as a class: stevedore.exception.NoMatches: No 'castellan.drivers' driver found, looking for 'cinder.keymgr.conf_key_mgr.ConfKeyManager'
Jun 15 07:56:32.331525 np0000002831 devstack@c-api.service[99165]: WARNING stevedore.named [None req-c0b9fd28-50d4-4f64-ab1a-8717b99051ad None None] Could not load cinder.keymgr.conf_key_mgr.ConfKeyManager
Jun 15 07:56:32.331680 np0000002831 devstack@c-api.service[99165]: WARNING castellan.key_manager [None req-c0b9fd28-50d4-4f64-ab1a-8717b99051ad None None] Deprecation Warning : cinder.keymgr.conf_key_mgr.ConfKeyManager is not a stevedore based driver, trying to load it as a class: stevedore.exception.NoMatches: No 'castellan.drivers' driver found, looking for 'cinder.keymgr.conf_key_mgr.ConfKeyManager'
Jun 15 07:56:32.332391 np0000002831 devstack@c-api.service[99165]: WARNING stevedore.named [None req-c0b9fd28-50d4-4f64-ab1a-8717b99051ad None None] Could not load cinder.keymgr.conf_key_mgr.ConfKeyManager
Jun 15 07:56:32.332547 np0000002831 devstack@c-api.service[99164]: WARNING stevedore.named [None req-e977e022-161d-44b2-aa58-ac2aaa48d321 None None] Could not load cinder.keymgr.conf_key_mgr.ConfKeyManager
Jun 15 07:56:32.332609 np0000002831 devstack@c-api.service[99165]: WARNING castellan.key_manager [None req-c0b9fd28-50d4-4f64-ab1a-8717b99051ad None None] Deprecation Warning : cinder.keymgr.conf_key_mgr.ConfKeyManager is not a stevedore based driver, trying to load it as a class: stevedore.exception.NoMatches: No 'castellan.drivers' driver found, looking for 'cinder.keymgr.conf_key_mgr.ConfKeyManager'
Jun 15 07:56:32.332712 np0000002831 devstack@c-api.service[99164]: WARNING castellan.key_manager [None req-e977e022-161d-44b2-aa58-ac2aaa48d321 None None] Deprecation Warning : cinder.keymgr.conf_key_mgr.ConfKeyManager is not a stevedore based driver, trying to load it as a class: stevedore.exception.NoMatches: No 'castellan.drivers' driver found, looking for 'cinder.keymgr.conf_key_mgr.ConfKeyManager'
Jun 15 07:56:32.334234 np0000002831 devstack@c-api.service[99165]: WARNING stevedore.named [None req-c0b9fd28-50d4-4f64-ab1a-8717b99051ad None None] Could not load cinder.keymgr.conf_key_mgr.ConfKeyManager
Jun 15 07:56:32.334404 np0000002831 devstack@c-api.service[99165]: WARNING castellan.key_manager [None req-c0b9fd28-50d4-4f64-ab1a-8717b99051ad None None] Deprecation Warning : cinder.keymgr.conf_key_mgr.ConfKeyManager is not a stevedore based driver, trying to load it as a class: stevedore.exception.NoMatches: No 'castellan.drivers' driver found, looking for 'cinder.keymgr.conf_key_mgr.ConfKeyManager'
Jun 15 07:56:32.337103 np0000002831 devstack@c-api.service[99164]: WARNING stevedore.named [None req-e977e022-161d-44b2-aa58-ac2aaa48d321 None None] Could not load cinder.keymgr.conf_key_mgr.ConfKeyManager
Jun 15 07:56:32.337237 np0000002831 devstack@c-api.service[99164]: WARNING castellan.key_manager [None req-e977e022-161d-44b2-aa58-ac2aaa48d321 None None] Deprecation Warning : cinder.keymgr.conf_key_mgr.ConfKeyManager is not a stevedore based driver, trying to load it as a class: stevedore.exception.NoMatches: No 'castellan.drivers' driver found, looking for 'cinder.keymgr.conf_key_mgr.ConfKeyManager'
Jun 15 07:56:32.338615 np0000002831 devstack@c-api.service[99165]: WARNING stevedore.named [None req-c0b9fd28-50d4-4f64-ab1a-8717b99051ad None None] Could not load cinder.keymgr.conf_key_mgr.ConfKeyManager
Jun 15 07:56:32.338740 np0000002831 devstack@c-api.service[99165]: WARNING castellan.key_manager [None req-c0b9fd28-50d4-4f64-ab1a-8717b99051ad None None] Deprecation Warning : cinder.keymgr.conf_key_mgr.ConfKeyManager is not a stevedore based driver, trying to load it as a class: stevedore.exception.NoMatches: No 'castellan.drivers' driver found, looking for 'cinder.keymgr.conf_key_mgr.ConfKeyManager'
Jun 15 07:56:32.340326 np0000002831 devstack@c-api.service[99164]: WARNING stevedore.named [None req-e977e022-161d-44b2-aa58-ac2aaa48d321 None None] Could not load cinder.keymgr.conf_key_mgr.ConfKeyManager
Jun 15 07:56:32.340544 np0000002831 devstack@c-api.service[99164]: WARNING castellan.key_manager [None req-e977e022-161d-44b2-aa58-ac2aaa48d321 None None] Deprecation Warning : cinder.keymgr.conf_key_mgr.ConfKeyManager is not a stevedore based driver, trying to load it as a class: stevedore.exception.NoMatches: No 'castellan.drivers' driver found, looking for 'cinder.keymgr.conf_key_mgr.ConfKeyManager'
Jun 15 07:56:32.340983 np0000002831 devstack@c-api.service[99166]: WARNING stevedore.named [None req-36ec943a-f216-4b80-bbe9-8d2a2a869084 None None] Could not load cinder.keymgr.conf_key_mgr.ConfKeyManager
Jun 15 07:56:32.341042 np0000002831 devstack@c-api.service[99165]: WARNING stevedore.named [None req-c0b9fd28-50d4-4f64-ab1a-8717b99051ad None None] Could not load cinder.keymgr.conf_key_mgr.ConfKeyManager
Jun 15 07:56:32.341207 np0000002831 devstack@c-api.service[99166]: WARNING castellan.key_manager [None req-36ec943a-f216-4b80-bbe9-8d2a2a869084 None None] Deprecation Warning : cinder.keymgr.conf_key_mgr.ConfKeyManager is not a stevedore based driver, trying to load it as a class: stevedore.exception.NoMatches: No 'castellan.drivers' driver found, looking for 'cinder.keymgr.conf_key_mgr.ConfKeyManager'
Jun 15 07:56:32.341264 np0000002831 devstack@c-api.service[99165]: WARNING castellan.key_manager [None req-c0b9fd28-50d4-4f64-ab1a-8717b99051ad None None] Deprecation Warning : cinder.keymgr.conf_key_mgr.ConfKeyManager is not a stevedore based driver, trying to load it as a class: stevedore.exception.NoMatches: No 'castellan.drivers' driver found, looking for 'cinder.keymgr.conf_key_mgr.ConfKeyManager'
Jun 15 07:56:32.341633 np0000002831 devstack@c-api.service[99164]: WARNING stevedore.named [None req-e977e022-161d-44b2-aa58-ac2aaa48d321 None None] Could not load cinder.keymgr.conf_key_mgr.ConfKeyManager
Jun 15 07:56:32.341822 np0000002831 devstack@c-api.service[99164]: WARNING castellan.key_manager [None req-e977e022-161d-44b2-aa58-ac2aaa48d321 None None] Deprecation Warning : cinder.keymgr.conf_key_mgr.ConfKeyManager is not a stevedore based driver, trying to load it as a class: stevedore.exception.NoMatches: No 'castellan.drivers' driver found, looking for 'cinder.keymgr.conf_key_mgr.ConfKeyManager'
Jun 15 07:56:32.342320 np0000002831 devstack@c-api.service[99165]: WARNING stevedore.named [None req-c0b9fd28-50d4-4f64-ab1a-8717b99051ad None None] Could not load cinder.keymgr.conf_key_mgr.ConfKeyManager
Jun 15 07:56:32.342442 np0000002831 devstack@c-api.service[99165]: WARNING castellan.key_manager [None req-c0b9fd28-50d4-4f64-ab1a-8717b99051ad None None] Deprecation Warning : cinder.keymgr.conf_key_mgr.ConfKeyManager is not a stevedore based driver, trying to load it as a class: stevedore.exception.NoMatches: No 'castellan.drivers' driver found, looking for 'cinder.keymgr.conf_key_mgr.ConfKeyManager'
Jun 15 07:56:32.343259 np0000002831 devstack@c-api.service[99165]: WARNING stevedore.named [None req-c0b9fd28-50d4-4f64-ab1a-8717b99051ad None None] Could not load cinder.keymgr.conf_key_mgr.ConfKeyManager
Jun 15 07:56:32.343377 np0000002831 devstack@c-api.service[99165]: WARNING castellan.key_manager [None req-c0b9fd28-50d4-4f64-ab1a-8717b99051ad None None] Deprecation Warning : cinder.keymgr.conf_key_mgr.ConfKeyManager is not a stevedore based driver, trying to load it as a class: stevedore.exception.NoMatches: No 'castellan.drivers' driver found, looking for 'cinder.keymgr.conf_key_mgr.ConfKeyManager'
Jun 15 07:56:32.343424 np0000002831 devstack@c-api.service[99166]: WARNING stevedore.named [None req-36ec943a-f216-4b80-bbe9-8d2a2a869084 None None] Could not load cinder.keymgr.conf_key_mgr.ConfKeyManager
