Jun 15 08:05:29.174090 np0000002831 devstack@g-api.service[101941]: DEBUG glance.api.middleware.version_negotiation [None req-48a6c8aa-8482-468a-9482-3017551de122 tempest-ServerBootFromVolumeStableRescueTest-1972296148 tempest-ServerBootFromVolumeStableRescueTest-1972296148-project-member] Matched version: v2 {{(pid=101941) process_request /opt/stack/glance/glance/api/middleware/version_negotiation.py:69}}
Jun 15 08:05:29.174090 np0000002831 devstack@g-api.service[101941]: DEBUG glance.api.middleware.version_negotiation [None req-48a6c8aa-8482-468a-9482-3017551de122 tempest-ServerBootFromVolumeStableRescueTest-1972296148 tempest-ServerBootFromVolumeStableRescueTest-1972296148-project-member] new path /v2/images {{(pid=101941) process_request /opt/stack/glance/glance/api/middleware/version_negotiation.py:70}}
Jun 15 08:05:29.189464 np0000002831 devstack@g-api.service[101943]: DEBUG glance.api.middleware.version_negotiation [None req-48a6c8aa-8482-468a-9482-3017551de122 tempest-ServerBootFromVolumeStableRescueTest-1972296148 tempest-ServerBootFromVolumeStableRescueTest-1972296148-project-member] Determining version of request: GET /v2/schemas/image Accept: */* {{(pid=101943) process_request /opt/stack/glance/glance/api/middleware/version_negotiation.py:44}}
Jun 15 08:05:29.189907 np0000002831 devstack@g-api.service[101943]: DEBUG glance.api.middleware.version_negotiation [None req-48a6c8aa-8482-468a-9482-3017551de122 tempest-ServerBootFromVolumeStableRescueTest-1972296148 tempest-ServerBootFromVolumeStableRescueTest-1972296148-project-member] Using url versioning {{(pid=101943) process_request /opt/stack/glance/glance/api/middleware/version_negotiation.py:57}}
Jun 15 08:05:29.189907 np0000002831 devstack@g-api.service[101943]: DEBUG glance.api.middleware.version_negotiation [None req-48a6c8aa-8482-468a-9482-3017551de122 tempest-ServerBootFromVolumeStableRescueTest-1972296148 tempest-ServerBootFromVolumeStableRescueTest-1972296148-project-member] Matched version: v2 {{(pid=101943) process_request /opt/stack/glance/glance/api/middleware/version_negotiation.py:69}}
Jun 15 08:05:29.190027 np0000002831 devstack@g-api.service[101943]: DEBUG glance.api.middleware.version_negotiation [None req-48a6c8aa-8482-468a-9482-3017551de122 tempest-ServerBootFromVolumeStableRescueTest-1972296148 tempest-ServerBootFromVolumeStableRescueTest-1972296148-project-member] new path /v2/schemas/image {{(pid=101943) process_request /opt/stack/glance/glance/api/middleware/version_negotiation.py:70}}
Jun 15 08:05:29.194007 np0000002831 devstack@g-api.service[101943]: [pid: 101943|app: 0|req: 86/263] 127.0.0.1 () {44 vars in 1051 bytes} [Mon Jun 15 08:05:29 2026] GET /v2/schemas/image => generated 6083 bytes in 5 msecs (HTTP/1.1 200) 4 headers in 158 bytes (1 switches on core 0)
Jun 15 08:05:30.146556 np0000002831 devstack@g-api.service[101941]: [pid: 101941|app: 0|req: 88/264] 127.0.0.1 () {42 vars in 782 bytes} [Mon Jun 15 08:05:29 2026] POST /v2/images => generated 647 bytes in 973 msecs (HTTP/1.1 201) 6 headers in 315 bytes (1 switches on core 0)
Jun 15 08:05:30.157463 np0000002831 devstack@g-api.service[101942]: DEBUG glance.api.middleware.version_negotiation [None req-d88a4f7f-7168-4d3d-a0fa-b362c8ef19db tempest-ServersNegativeTestJSON-819616397 tempest-ServersNegativeTestJSON-819616397-project-member] Determining version of request: PUT /v2/images/018e9895-ecbe-4849-aea5-161d3c702942/file Accept: {{(pid=101942) process_request /opt/stack/glance/glance/api/middleware/version_negotiation.py:44}}
Jun 15 08:05:30.157979 np0000002831 devstack@g-api.service[101942]: DEBUG glance.api.middleware.version_negotiation [None req-d88a4f7f-7168-4d3d-a0fa-b362c8ef19db tempest-ServersNegativeTestJSON-819616397 tempest-ServersNegativeTestJSON-819616397-project-member] Using url versioning {{(pid=101942) process_request /opt/stack/glance/glance/api/middleware/version_negotiation.py:57}}
Jun 15 08:05:30.157979 np0000002831 devstack@g-api.service[101942]: DEBUG glance.api.middleware.version_negotiation [None req-d88a4f7f-7168-4d3d-a0fa-b362c8ef19db tempest-ServersNegativeTestJSON-819616397 tempest-ServersNegativeTestJSON-819616397-project-member] Matched version: v2 {{(pid=101942) process_request /opt/stack/glance/glance/api/middleware/version_negotiation.py:69}}
Jun 15 08:05:30.158811 np0000002831 devstack@g-api.service[101942]: DEBUG glance.api.middleware.version_negotiation [None req-d88a4f7f-7168-4d3d-a0fa-b362c8ef19db tempest-ServersNegativeTestJSON-819616397 tempest-ServersNegativeTestJSON-819616397-project-member] new path /v2/images/018e9895-ecbe-4849-aea5-161d3c702942/file {{(pid=101942) process_request /opt/stack/glance/glance/api/middleware/version_negotiation.py:70}}
Jun 15 08:05:30.902397 np0000002831 devstack@g-api.service[101942]: INFO glance.api.v2.image_data [None req-1433bf0c-90f9-45da-a0df-6c088b88a337 tempest-ImageDependencyTests-182029886 tempest-ImageDependencyTests-182029886-project-member] Unable to create trust: no such option collect_timing in group [keystone_authtoken] Use the existing user token.
Jun 15 08:05:31.299683 np0000002831 devstack@g-api.service[101943]: DEBUG glance.api.middleware.version_negotiation [None req-d88a4f7f-7168-4d3d-a0fa-b362c8ef19db tempest-ServersNegativeTestJSON-819616397 tempest-ServersNegativeTestJSON-819616397-project-member] Determining version of request: GET /v2/images/b469159b-33bc-4789-9be4-84667c17b21e Accept: application/json {{(pid=101943) process_request /opt/stack/glance/glance/api/middleware/version_negotiation.py:44}}
Jun 15 08:05:31.299683 np0000002831 devstack@g-api.service[101943]: DEBUG glance.api.middleware.version_negotiation [None req-d88a4f7f-7168-4d3d-a0fa-b362c8ef19db tempest-ServersNegativeTestJSON-819616397 tempest-ServersNegativeTestJSON-819616397-project-member] Using url versioning {{(pid=101943) process_request /opt/stack/glance/glance/api/middleware/version_negotiation.py:57}}
Jun 15 08:05:31.299683 np0000002831 devstack@g-api.service[101943]: DEBUG glance.api.middleware.version_negotiation [None req-d88a4f7f-7168-4d3d-a0fa-b362c8ef19db tempest-ServersNegativeTestJSON-819616397 tempest-ServersNegativeTestJSON-819616397-project-member] Matched version: v2 {{(pid=101943) process_request /opt/stack/glance/glance/api/middleware/version_negotiation.py:69}}
Jun 15 08:05:31.300184 np0000002831 devstack@g-api.service[101943]: DEBUG glance.api.middleware.version_negotiation [None req-d88a4f7f-7168-4d3d-a0fa-b362c8ef19db tempest-ServersNegativeTestJSON-819616397 tempest-ServersNegativeTestJSON-819616397-project-member] new path /v2/images/b469159b-33bc-4789-9be4-84667c17b21e {{(pid=101943) process_request /opt/stack/glance/glance/api/middleware/version_negotiation.py:70}}
Jun 15 08:05:31.448665 np0000002831 devstack@g-api.service[101943]: [pid: 101943|app: 0|req: 87/265] 127.0.0.1 () {40 vars in 834 bytes} [Mon Jun 15 08:05:31 2026] GET /v2/images/b469159b-33bc-4789-9be4-84667c17b21e => generated 1044 bytes in 149 msecs (HTTP/1.1 200) 4 headers in 158 bytes (1 switches on core 0)
Jun 15 08:05:31.474796 np0000002831 devstack@g-api.service[101941]: DEBUG glance.api.middleware.version_negotiation [None req-1abc51b0-eda0-47ca-9f78-a00c6249cac5 tempest-ImageDependencyTests-182029886 tempest-ImageDependencyTests-182029886-project-member] Determining version of request: GET /v2/images/b469159b-33bc-4789-9be4-84667c17b21e Accept: */* {{(pid=101941) process_request /opt/stack/glance/glance/api/middleware/version_negotiation.py:44}}
Jun 15 08:05:31.475586 np0000002831 devstack@g-api.service[101941]: DEBUG glance.api.middleware.version_negotiation [None req-1abc51b0-eda0-47ca-9f78-a00c6249cac5 tempest-ImageDependencyTests-182029886 tempest-ImageDependencyTests-182029886-project-member] Using url versioning {{(pid=101941) process_request /opt/stack/glance/glance/api/middleware/version_negotiation.py:57}}
Jun 15 08:05:31.475586 np0000002831 devstack@g-api.service[101941]: DEBUG glance.api.middleware.version_negotiation [None req-1abc51b0-eda0-47ca-9f78-a00c6249cac5 tempest-ImageDependencyTests-182029886 tempest-ImageDependencyTests-182029886-project-member] Matched version: v2 {{(pid=101941) process_request /opt/stack/glance/glance/api/middleware/version_negotiation.py:69}}
Jun 15 08:05:31.475586 np0000002831 devstack@g-api.service[101941]: DEBUG glance.api.middleware.version_negotiation [None req-1abc51b0-eda0-47ca-9f78-a00c6249cac5 tempest-ImageDependencyTests-182029886 tempest-ImageDependencyTests-182029886-project-member] new path /v2/images/b469159b-33bc-4789-9be4-84667c17b21e {{(pid=101941) process_request /opt/stack/glance/glance/api/middleware/version_negotiation.py:70}}
Jun 15 08:05:31.497987 np0000002831 devstack@g-api.service[101941]: [pid: 101941|app: 0|req: 89/266] 127.0.0.1 () {44 vars in 1111 bytes} [Mon Jun 15 08:05:31 2026] GET /v2/images/b469159b-33bc-4789-9be4-84667c17b21e => generated 1044 bytes in 23 msecs (HTTP/1.1 200) 4 headers in 158 bytes (1 switches on core 0)
Jun 15 08:05:31.513842 np0000002831 devstack@g-api.service[101943]: DEBUG glance.api.middleware.version_negotiation [None req-0953cf60-3163-4cd5-a12a-3354820cb8a3 tempest-VolumesExtendTest-1375703887 tempest-VolumesExtendTest-1375703887-project-member] Determining version of request: GET /v2/schemas/image Accept: */* {{(pid=101943) process_request /opt/stack/glance/glance/api/middleware/version_negotiation.py:44}}
Jun 15 08:05:31.515264 np0000002831 devstack@g-api.service[101943]: DEBUG glance.api.middleware.version_negotiation [None req-0953cf60-3163-4cd5-a12a-3354820cb8a3 tempest-VolumesExtendTest-1375703887 tempest-VolumesExtendTest-1375703887-project-member] Using url versioning {{(pid=101943) process_request /opt/stack/glance/glance/api/middleware/version_negotiation.py:57}}
Jun 15 08:05:31.515264 np0000002831 devstack@g-api.service[101943]: DEBUG glance.api.middleware.version_negotiation [None req-0953cf60-3163-4cd5-a12a-3354820cb8a3 tempest-VolumesExtendTest-1375703887 tempest-VolumesExtendTest-1375703887-project-member] Matched version: v2 {{(pid=101943) process_request /opt/stack/glance/glance/api/middleware/version_negotiation.py:69}}
Jun 15 08:05:31.515264 np0000002831 devstack@g-api.service[101943]: DEBUG glance.api.middleware.version_negotiation [None req-0953cf60-3163-4cd5-a12a-3354820cb8a3 tempest-VolumesExtendTest-1375703887 tempest-VolumesExtendTest-1375703887-project-member] new path /v2/schemas/image {{(pid=101943) process_request /opt/stack/glance/glance/api/middleware/version_negotiation.py:70}}
Jun 15 08:05:31.523503 np0000002831 devstack@g-api.service[101943]: [pid: 101943|app: 0|req: 88/267] 127.0.0.1 () {44 vars in 1051 bytes} [Mon Jun 15 08:05:31 2026] GET /v2/schemas/image => generated 6083 bytes in 7 msecs (HTTP/1.1 200) 4 headers in 158 bytes (1 switches on core 0)
Jun 15 08:05:31.533548 np0000002831 devstack@g-api.service[101941]: DEBUG glance.api.middleware.version_negotiation [None req-b099ff4b-835e-4497-a665-7b612e192f90 tempest-VolumesExtendTest-1375703887 tempest-VolumesExtendTest-1375703887-project-member] Determining version of request: GET /v2/schemas/image Accept: */* {{(pid=101941) process_request /opt/stack/glance/glance/api/middleware/version_negotiation.py:44}}
Jun 15 08:05:31.534378 np0000002831 devstack@g-api.service[101941]: DEBUG glance.api.middleware.version_negotiation [None req-b099ff4b-835e-4497-a665-7b612e192f90 tempest-VolumesExtendTest-1375703887 tempest-VolumesExtendTest-1375703887-project-member] Using url versioning {{(pid=101941) process_request /opt/stack/glance/glance/api/middleware/version_negotiation.py:57}}
Jun 15 08:05:31.534378 np0000002831 devstack@g-api.service[101941]: DEBUG glance.api.middleware.version_negotiation [None req-b099ff4b-835e-4497-a665-7b612e192f90 tempest-VolumesExtendTest-1375703887 tempest-VolumesExtendTest-1375703887-project-member] Matched version: v2 {{(pid=101941) process_request /opt/stack/glance/glance/api/middleware/version_negotiation.py:69}}
Jun 15 08:05:31.534378 np0000002831 devstack@g-api.service[101941]: DEBUG glance.api.middleware.version_negotiation [None req-b099ff4b-835e-4497-a665-7b612e192f90 tempest-VolumesExtendTest-1375703887 tempest-VolumesExtendTest-1375703887-project-member] new path /v2/schemas/image {{(pid=101941) process_request /opt/stack/glance/glance/api/middleware/version_negotiation.py:70}}
Jun 15 08:05:31.542632 np0000002831 devstack@g-api.service[101941]: [pid: 101941|app: 0|req: 90/268] 127.0.0.1 () {44 vars in 1051 bytes} [Mon Jun 15 08:05:31 2026] GET /v2/schemas/image => generated 6083 bytes in 9 msecs (HTTP/1.1 200) 4 headers in 158 bytes (1 switches on core 0)
Jun 15 08:05:31.564131 np0000002831 devstack@g-api.service[101943]: DEBUG glance.api.middleware.version_negotiation [None req-b099ff4b-835e-4497-a665-7b612e192f90 tempest-VolumesExtendTest-1375703887 tempest-VolumesExtendTest-1375703887-project-member] Determining version of request: GET /v2/images/b469159b-33bc-4789-9be4-84667c17b21e Accept: */* {{(pid=101943) process_request /opt/stack/glance/glance/api/middleware/version_negotiation.py:44}}
Jun 15 08:05:31.564131 np0000002831 devstack@g-api.service[101943]: DEBUG glance.api.middleware.version_negotiation [None req-b099ff4b-835e-4497-a665-7b612e192f90 tempest-VolumesExtendTest-1375703887 tempest-VolumesExtendTest-1375703887-project-member] Using url versioning {{(pid=101943) process_request /opt/stack/glance/glance/api/middleware/version_negotiation.py:57}}
Jun 15 08:05:31.564637 np0000002831 devstack@g-api.service[101943]: DEBUG glance.api.middleware.version_negotiation [None req-b099ff4b-835e-4497-a665-7b612e192f90 tempest-VolumesExtendTest-1375703887 tempest-VolumesExtendTest-1375703887-project-member] Matched version: v2 {{(pid=101943) process_request /opt/stack/glance/glance/api/middleware/version_negotiation.py:69}}
Jun 15 08:05:31.564744 np0000002831 devstack@g-api.service[101943]: DEBUG glance.api.middleware.version_negotiation [None req-b099ff4b-835e-4497-a665-7b612e192f90 tempest-VolumesExtendTest-1375703887 tempest-VolumesExtendTest-1375703887-project-member] new path /v2/images/b469159b-33bc-4789-9be4-84667c17b21e {{(pid=101943) process_request /opt/stack/glance/glance/api/middleware/version_negotiation.py:70}}
Jun 15 08:05:31.587953 np0000002831 devstack@g-api.service[101943]: [pid: 101943|app: 0|req: 89/269] 127.0.0.1 () {44 vars in 1111 bytes} [Mon Jun 15 08:05:31 2026] GET /v2/images/b469159b-33bc-4789-9be4-84667c17b21e => generated 1044 bytes in 25 msecs (HTTP/1.1 200) 4 headers in 158 bytes (1 switches on core 0)
Jun 15 08:05:31.607908 np0000002831 devstack@g-api.service[101941]: DEBUG glance.api.middleware.version_negotiation [None req-b099ff4b-835e-4497-a665-7b612e192f90 tempest-VolumesExtendTest-1375703887 tempest-VolumesExtendTest-1375703887-project-member] Determining version of request: GET /v2/schemas/image Accept: */* {{(pid=101941) process_request /opt/stack/glance/glance/api/middleware/version_negotiation.py:44}}
Jun 15 08:05:31.607908 np0000002831 devstack@g-api.service[101941]: DEBUG glance.api.middleware.version_negotiation [None req-b099ff4b-835e-4497-a665-7b612e192f90 tempest-VolumesExtendTest-1375703887 tempest-VolumesExtendTest-1375703887-project-member] Using url versioning {{(pid=101941) process_request /opt/stack/glance/glance/api/middleware/version_negotiation.py:57}}
Jun 15 08:05:31.607908 np0000002831 devstack@g-api.service[101941]: DEBUG glance.api.middleware.version_negotiation [None req-b099ff4b-835e-4497-a665-7b612e192f90 tempest-VolumesExtendTest-1375703887 tempest-VolumesExtendTest-1375703887-project-member] Matched version: v2 {{(pid=101941) process_request /opt/stack/glance/glance/api/middleware/version_negotiation.py:69}}
Jun 15 08:05:31.607908 np0000002831 devstack@g-api.service[101941]: DEBUG glance.api.middleware.version_negotiation [None req-b099ff4b-835e-4497-a665-7b612e192f90 tempest-VolumesExtendTest-1375703887 tempest-VolumesExtendTest-1375703887-project-member] new path /v2/schemas/image {{(pid=101941) process_request /opt/stack/glance/glance/api/middleware/version_negotiation.py:70}}
Jun 15 08:05:31.613434 np0000002831 devstack@g-api.service[101941]: [pid: 101941|app: 0|req: 91/270] 127.0.0.1 () {44 vars in 1051 bytes} [Mon Jun 15 08:05:31 2026] GET /v2/schemas/image => generated 6083 bytes in 7 msecs (HTTP/1.1 200) 4 headers in 158 bytes (1 switches on core 0)
Jun 15 08:05:31.628369 np0000002831 devstack@g-api.service[101943]: DEBUG glance.api.middleware.version_negotiation [None req-b099ff4b-835e-4497-a665-7b612e192f90 tempest-VolumesExtendTest-1375703887 tempest-VolumesExtendTest-1375703887-project-member] Determining version of request: GET /v2/schemas/image Accept: */* {{(pid=101943) process_request /opt/stack/glance/glance/api/middleware/version_negotiation.py:44}}
Jun 15 08:05:31.628747 np0000002831 devstack@g-api.service[101943]: DEBUG glance.api.middleware.version_negotiation [None req-b099ff4b-835e-4497-a665-7b612e192f90 tempest-VolumesExtendTest-1375703887 tempest-VolumesExtendTest-1375703887-project-member] Using url versioning {{(pid=101943) process_request /opt/stack/glance/glance/api/middleware/version_negotiation.py:57}}
Jun 15 08:05:31.629030 np0000002831 devstack@g-api.service[101943]: DEBUG glance.api.middleware.version_negotiation [None req-b099ff4b-835e-4497-a665-7b612e192f90 tempest-VolumesExtendTest-1375703887 tempest-VolumesExtendTest-1375703887-project-member] Matched version: v2 {{(pid=101943) process_request /opt/stack/glance/glance/api/middleware/version_negotiation.py:69}}
Jun 15 08:05:31.629118 np0000002831 devstack@g-api.service[101943]: DEBUG glance.api.middleware.version_negotiation [None req-b099ff4b-835e-4497-a665-7b612e192f90 tempest-VolumesExtendTest-1375703887 tempest-VolumesExtendTest-1375703887-project-member] new path /v2/schemas/image {{(pid=101943) process_request /opt/stack/glance/glance/api/middleware/version_negotiation.py:70}}
Jun 15 08:05:31.635842 np0000002831 devstack@g-api.service[101943]: [pid: 101943|app: 0|req: 90/271] 127.0.0.1 () {44 vars in 1051 bytes} [Mon Jun 15 08:05:31 2026] GET /v2/schemas/image => generated 6083 bytes in 6 msecs (HTTP/1.1 200) 4 headers in 158 bytes (1 switches on core 0)
Jun 15 08:05:31.680038 np0000002831 devstack@g-api.service[101941]: DEBUG glance.api.middleware.version_negotiation [None req-b099ff4b-835e-4497-a665-7b612e192f90 tempest-VolumesExtendTest-1375703887 tempest-VolumesExtendTest-1375703887-project-member] Determining version of request: GET /v2/images/b469159b-33bc-4789-9be4-84667c17b21e Accept: */* {{(pid=101941) process_request /opt/stack/glance/glance/api/middleware/version_negotiation.py:44}}
Jun 15 08:05:31.680255 np0000002831 devstack@g-api.service[101941]: DEBUG glance.api.middleware.version_negotiation [None req-b099ff4b-835e-4497-a665-7b612e192f90 tempest-VolumesExtendTest-1375703887 tempest-VolumesExtendTest-1375703887-project-member] Using url versioning {{(pid=101941) process_request /opt/stack/glance/glance/api/middleware/version_negotiation.py:57}}
Jun 15 08:05:31.680588 np0000002831 devstack@g-api.service[101941]: DEBUG glance.api.middleware.version_negotiation [None req-b099ff4b-835e-4497-a665-7b612e192f90 tempest-VolumesExtendTest-1375703887 tempest-VolumesExtendTest-1375703887-project-member] Matched version: v2 {{(pid=101941) process_request /opt/stack/glance/glance/api/middleware/version_negotiation.py:69}}
Jun 15 08:05:31.681547 np0000002831 devstack@g-api.service[101941]: DEBUG glance.api.middleware.version_negotiation [None req-b099ff4b-835e-4497-a665-7b612e192f90 tempest-VolumesExtendTest-1375703887 tempest-VolumesExtendTest-1375703887-project-member] new path /v2/images/b469159b-33bc-4789-9be4-84667c17b21e {{(pid=101941) process_request /opt/stack/glance/glance/api/middleware/version_negotiation.py:70}}
Jun 15 08:05:31.689618 np0000002831 devstack@g-api.service[101942]: DEBUG glance.location [None req-1433bf0c-90f9-45da-a0df-6c088b88a337 tempest-ImageDependencyTests-182029886 tempest-ImageDependencyTests-182029886-project-member] Enabling in-flight format inspection for raw {{(pid=101942) set_data /opt/stack/glance/glance/location.py:616}}
Jun 15 08:05:31.689618 np0000002831 devstack@g-api.service[101942]: DEBUG glance_store.backend [None req-1433bf0c-90f9-45da-a0df-6c088b88a337 tempest-ImageDependencyTests-182029886 tempest-ImageDependencyTests-182029886-project-member] Attempting to import store swift {{(pid=101942) _load_store /opt/stack/data/venv/lib/python3.12/site-packages/glance_store/backend.py:215}}
Jun 15 08:05:31.689618 np0000002831 devstack@g-api.service[101942]: DEBUG glance_store.capabilities [None req-1433bf0c-90f9-45da-a0df-6c088b88a337 tempest-ImageDependencyTests-182029886 tempest-ImageDependencyTests-182029886-project-member] Store glance_store._drivers.swift.store.SingleTenantStore doesn't support updating dynamic storage capabilities. Please overwrite 'update_capabilities' method of the store to implement updating logics if needed. {{(pid=101942) update_capabilities /opt/stack/data/venv/lib/python3.12/site-packages/glance_store/capabilities.py:91}}
Jun 15 08:05:31.689618 np0000002831 devstack@g-api.service[101942]: DEBUG glance_store.driver [None req-1433bf0c-90f9-45da-a0df-6c088b88a337 tempest-ImageDependencyTests-182029886 tempest-ImageDependencyTests-182029886-project-member] Late loading location class glance_store._drivers.swift.store.StoreLocation {{(pid=101942) get_store_location_class /opt/stack/data/venv/lib/python3.12/site-packages/glance_store/driver.py:134}}
Jun 15 08:05:31.689618 np0000002831 devstack@g-api.service[101942]: DEBUG glance_store.location [None req-1433bf0c-90f9-45da-a0df-6c088b88a337 tempest-ImageDependencyTests-182029886 tempest-ImageDependencyTests-182029886-project-member] Registering scheme swift+https with {'store': , 'location_class': , 'store_entry': 'swift'} {{(pid=101942) register_scheme_map /opt/stack/data/venv/lib/python3.12/site-packages/glance_store/location.py:146}}
Jun 15 08:05:31.689618 np0000002831 devstack@g-api.service[101942]: DEBUG glance_store.location [None req-1433bf0c-90f9-45da-a0df-6c088b88a337 tempest-ImageDependencyTests-182029886 tempest-ImageDependencyTests-182029886-project-member] Registering scheme swift+https with {'store': , 'location_class': , 'store_entry': 'swift'} {{(pid=101942) register_scheme_map /opt/stack/data/venv/lib/python3.12/site-packages/glance_store/location.py:146}}
Jun 15 08:05:31.689618 np0000002831 devstack@g-api.service[101942]: DEBUG glance_store.location [None req-1433bf0c-90f9-45da-a0df-6c088b88a337 tempest-ImageDependencyTests-182029886 tempest-ImageDependencyTests-182029886-project-member] Registering scheme swift with {'store': , 'location_class': , 'store_entry': 'swift'} {{(pid=101942) register_scheme_map /opt/stack/data/venv/lib/python3.12/site-packages/glance_store/location.py:146}}
Jun 15 08:05:31.689618 np0000002831 devstack@g-api.service[101942]: DEBUG glance_store.location [None req-1433bf0c-90f9-45da-a0df-6c088b88a337 tempest-ImageDependencyTests-182029886 tempest-ImageDependencyTests-182029886-project-member] Registering scheme swift+https with {'store': , 'location_class': , 'store_entry': 'swift'} {{(pid=101942) register_scheme_map /opt/stack/data/venv/lib/python3.12/site-packages/glance_store/location.py:146}}
Jun 15 08:05:31.689618 np0000002831 devstack@g-api.service[101942]: DEBUG glance_store.location [None req-1433bf0c-90f9-45da-a0df-6c088b88a337 tempest-ImageDependencyTests-182029886 tempest-ImageDependencyTests-182029886-project-member] Registering scheme swift with {'store': , 'location_class': , 'store_entry': 'swift'} {{(pid=101942) register_scheme_map /opt/stack/data/venv/lib/python3.12/site-packages/glance_store/location.py:146}}
Jun 15 08:05:31.689618 np0000002831 devstack@g-api.service[101942]: DEBUG glance_store.location [None req-1433bf0c-90f9-45da-a0df-6c088b88a337 tempest-ImageDependencyTests-182029886 tempest-ImageDependencyTests-182029886-project-member] Registering scheme swift+http with {'store': , 'location_class': , 'store_entry': 'swift'} {{(pid=101942) register_scheme_map /opt/stack/data/venv/lib/python3.12/site-packages/glance_store/location.py:146}}
Jun 15 08:05:31.689618 np0000002831 devstack@g-api.service[101942]: DEBUG glance_store.location [None req-1433bf0c-90f9-45da-a0df-6c088b88a337 tempest-ImageDependencyTests-182029886 tempest-ImageDependencyTests-182029886-project-member] Registering scheme swift+https with {'store': , 'location_class': , 'store_entry': 'swift'} {{(pid=101942) register_scheme_map /opt/stack/data/venv/lib/python3.12/site-packages/glance_store/location.py:146}}
Jun 15 08:05:31.690604 np0000002831 devstack@g-api.service[101942]: DEBUG glance_store.location [None req-1433bf0c-90f9-45da-a0df-6c088b88a337 tempest-ImageDependencyTests-182029886 tempest-ImageDependencyTests-182029886-project-member] Registering scheme swift with {'store': , 'location_class': , 'store_entry': 'swift'} {{(pid=101942) register_scheme_map /opt/stack/data/venv/lib/python3.12/site-packages/glance_store/location.py:146}}
Jun 15 08:05:31.690604 np0000002831 devstack@g-api.service[101942]: DEBUG glance_store.location [None req-1433bf0c-90f9-45da-a0df-6c088b88a337 tempest-ImageDependencyTests-182029886 tempest-ImageDependencyTests-182029886-project-member] Registering scheme swift+http with {'store': , 'location_class': , 'store_entry': 'swift'} {{(pid=101942) register_scheme_map /opt/stack/data/venv/lib/python3.12/site-packages/glance_store/location.py:146}}
Jun 15 08:05:31.690604 np0000002831 devstack@g-api.service[101942]: DEBUG glance_store.location [None req-1433bf0c-90f9-45da-a0df-6c088b88a337 tempest-ImageDependencyTests-182029886 tempest-ImageDependencyTests-182029886-project-member] Registering scheme swift+config with {'store': , 'location_class': , 'store_entry': 'swift'} {{(pid=101942) register_scheme_map /opt/stack/data/venv/lib/python3.12/site-packages/glance_store/location.py:146}}
Jun 15 08:05:31.697429 np0000002831 devstack@g-api.service[101941]: [pid: 101941|app: 0|req: 92/272] 127.0.0.1 () {44 vars in 1111 bytes} [Mon Jun 15 08:05:31 2026] GET /v2/images/b469159b-33bc-4789-9be4-84667c17b21e => generated 1044 bytes in 17 msecs (HTTP/1.1 200) 4 headers in 158 bytes (1 switches on core 0)
Jun 15 08:05:31.718175 np0000002831 devstack@g-api.service[101943]: DEBUG glance.api.middleware.version_negotiation [None req-b099ff4b-835e-4497-a665-7b612e192f90 tempest-VolumesExtendTest-1375703887 tempest-VolumesExtendTest-1375703887-project-member] Determining version of request: GET /v2/schemas/image Accept: */* {{(pid=101943) process_request /opt/stack/glance/glance/api/middleware/version_negotiation.py:44}}
Jun 15 08:05:31.718357 np0000002831 devstack@g-api.service[101943]: DEBUG glance.api.middleware.version_negotiation [None req-b099ff4b-835e-4497-a665-7b612e192f90 tempest-VolumesExtendTest-1375703887 tempest-VolumesExtendTest-1375703887-project-member] Using url versioning {{(pid=101943) process_request /opt/stack/glance/glance/api/middleware/version_negotiation.py:57}}
Jun 15 08:05:31.718581 np0000002831 devstack@g-api.service[101943]: DEBUG glance.api.middleware.version_negotiation [None req-b099ff4b-835e-4497-a665-7b612e192f90 tempest-VolumesExtendTest-1375703887 tempest-VolumesExtendTest-1375703887-project-member] Matched version: v2 {{(pid=101943) process_request /opt/stack/glance/glance/api/middleware/version_negotiation.py:69}}
Jun 15 08:05:31.718828 np0000002831 devstack@g-api.service[101943]: DEBUG glance.api.middleware.version_negotiation [None req-b099ff4b-835e-4497-a665-7b612e192f90 tempest-VolumesExtendTest-1375703887 tempest-VolumesExtendTest-1375703887-project-member] new path /v2/schemas/image {{(pid=101943) process_request /opt/stack/glance/glance/api/middleware/version_negotiation.py:70}}
Jun 15 08:05:31.722456 np0000002831 devstack@g-api.service[101943]: [pid: 101943|app: 0|req: 91/273] 127.0.0.1 () {44 vars in 1051 bytes} [Mon Jun 15 08:05:31 2026] GET /v2/schemas/image => generated 6083 bytes in 4 msecs (HTTP/1.1 200) 4 headers in 158 bytes (1 switches on core 0)
Jun 15 08:05:31.990778 np0000002831 devstack@g-api.service[101942]: DEBUG swiftclient [None req-1433bf0c-90f9-45da-a0df-6c088b88a337 tempest-ImageDependencyTests-182029886 tempest-ImageDependencyTests-182029886-project-member] REQ: curl -i https://10.4.3.87:8080/v1/AUTH_2b899c9cb0594283b0dbf9bcdfb9d94d/glance -I -H "X-Auth-Token: gAAAAABqL7JL5vL3..." {{(pid=101942) http_log /opt/stack/data/venv/lib/python3.12/site-packages/swiftclient/client.py:160}}
Jun 15 08:05:31.991013 np0000002831 devstack@g-api.service[101942]: DEBUG swiftclient [None req-1433bf0c-90f9-45da-a0df-6c088b88a337 tempest-ImageDependencyTests-182029886 tempest-ImageDependencyTests-182029886-project-member] RESP STATUS: 204 No Content {{(pid=101942) http_log /opt/stack/data/venv/lib/python3.12/site-packages/swiftclient/client.py:161}}
Jun 15 08:05:31.991192 np0000002831 devstack@g-api.service[101942]: DEBUG swiftclient [None req-1433bf0c-90f9-45da-a0df-6c088b88a337 tempest-ImageDependencyTests-182029886 tempest-ImageDependencyTests-182029886-project-member] RESP HEADERS: {'Date': 'Mon, 15 Jun 2026 08:05:31 GMT', 'Server': 'Apache/2.4.58 (Ubuntu)', 'Content-Type': 'text/plain; charset=utf-8', 'X-Container-Object-Count': '5', 'X-Container-Bytes-Used': '87883776', 'X-Timestamp': '1781510208.08668', 'Last-Modified': 'Mon, 15 Jun 2026 07:56:49 GMT', 'Accept-Ranges': 'bytes', 'X-Storage-Policy': 'Policy-0', 'X-Container-Sharding': 'False', 'Vary': 'Accept', 'X-Trans-Id': 'tx36de79a792064cd095ab6-006a2fb24b', 'X-Openstack-Request-Id': 'tx36de79a792064cd095ab6-006a2fb24b', 'Connection': 'close'} {{(pid=101942) http_log /opt/stack/data/venv/lib/python3.12/site-packages/swiftclient/client.py:162}}
Jun 15 08:05:31.991358 np0000002831 devstack@g-api.service[101942]: DEBUG glance_store._drivers.swift.store [None req-1433bf0c-90f9-45da-a0df-6c088b88a337 tempest-ImageDependencyTests-182029886 tempest-ImageDependencyTests-182029886-project-member] Adding image object '018e9895-ecbe-4849-aea5-161d3c702942' to Swift {{(pid=101942) add /opt/stack/data/venv/lib/python3.12/site-packages/glance_store/_drivers/swift/store.py:970}}
Jun 15 08:05:32.001396 np0000002831 devstack@g-api.service[101942]: DEBUG oslo_utils.imageutils.format_inspector [None req-1433bf0c-90f9-45da-a0df-6c088b88a337 tempest-ImageDependencyTests-182029886 tempest-ImageDependencyTests-182029886-project-member] Format inspector for vmdk does not match, excluding from consideration (Signature KDMV not found: b'(zad') {{(pid=101942) _process_chunk /opt/stack/data/venv/lib/python3.12/site-packages/oslo_utils/imageutils/format_inspector.py:1758}}
Jun 15 08:05:32.042221 np0000002831 devstack@g-api.service[101942]: DEBUG swiftclient [None req-1433bf0c-90f9-45da-a0df-6c088b88a337 tempest-ImageDependencyTests-182029886 tempest-ImageDependencyTests-182029886-project-member] REQ: curl -i https://10.4.3.87:8080/v1/AUTH_2b899c9cb0594283b0dbf9bcdfb9d94d/glance/018e9895-ecbe-4849-aea5-161d3c702942 -X PUT -H "X-Auth-Token: gAAAAABqL7JL5vL3..." -H "Content-Length: 1024" {{(pid=101942) http_log /opt/stack/data/venv/lib/python3.12/site-packages/swiftclient/client.py:160}}
Jun 15 08:05:32.043421 np0000002831 devstack@g-api.service[101942]: DEBUG swiftclient [None req-1433bf0c-90f9-45da-a0df-6c088b88a337 tempest-ImageDependencyTests-182029886 tempest-ImageDependencyTests-182029886-project-member] RESP STATUS: 201 Created {{(pid=101942) http_log /opt/stack/data/venv/lib/python3.12/site-packages/swiftclient/client.py:161}}
Jun 15 08:05:32.043421 np0000002831 devstack@g-api.service[101942]: DEBUG swiftclient [None req-1433bf0c-90f9-45da-a0df-6c088b88a337 tempest-ImageDependencyTests-182029886 tempest-ImageDependencyTests-182029886-project-member] RESP HEADERS: {'Date': 'Mon, 15 Jun 2026 08:05:32 GMT', 'Server': 'Apache/2.4.58 (Ubuntu)', 'Content-Type': 'text/html; charset=UTF-8', 'Content-Length': '0', 'Etag': '89b380587887b287cdcbdec203119dd4', 'Last-Modified': 'Mon, 15 Jun 2026 08:05:33 GMT', 'X-Trans-Id': 'txc3982af4dbc5445a826bb-006a2fb24c', 'X-Openstack-Request-Id': 'txc3982af4dbc5445a826bb-006a2fb24c', 'Connection': 'close'} {{(pid=101942) http_log /opt/stack/data/venv/lib/python3.12/site-packages/swiftclient/client.py:162}}
Jun 15 08:05:32.044695 np0000002831 devstack@g-api.service[101942]: INFO glance.location [None req-1433bf0c-90f9-45da-a0df-6c088b88a337 tempest-ImageDependencyTests-182029886 tempest-ImageDependencyTests-182029886-project-member] Image format matched and virtual size computed: 1024
Jun 15 08:05:32.123941 np0000002831 devstack@g-api.service[101942]: DEBUG glance_store.backend [None req-1433bf0c-90f9-45da-a0df-6c088b88a337 tempest-ImageDependencyTests-182029886 tempest-ImageDependencyTests-182029886-project-member] Attempting to import store swift {{(pid=101942) _load_store /opt/stack/data/venv/lib/python3.12/site-packages/glance_store/backend.py:215}}
Jun 15 08:05:32.126214 np0000002831 devstack@g-api.service[101942]: DEBUG glance_store.capabilities [None req-1433bf0c-90f9-45da-a0df-6c088b88a337 tempest-ImageDependencyTests-182029886 tempest-ImageDependencyTests-182029886-project-member] Store glance_store._drivers.swift.store.SingleTenantStore doesn't support updating dynamic storage capabilities. Please overwrite 'update_capabilities' method of the store to implement updating logics if needed. {{(pid=101942) update_capabilities /opt/stack/data/venv/lib/python3.12/site-packages/glance_store/capabilities.py:91}}
Jun 15 08:05:32.126214 np0000002831 devstack@g-api.service[101942]: DEBUG glance_store.driver [None req-1433bf0c-90f9-45da-a0df-6c088b88a337 tempest-ImageDependencyTests-182029886 tempest-ImageDependencyTests-182029886-project-member] Late loading location class glance_store._drivers.swift.store.StoreLocation {{(pid=101942) get_store_location_class /opt/stack/data/venv/lib/python3.12/site-packages/glance_store/driver.py:134}}
Jun 15 08:05:32.126214 np0000002831 devstack@g-api.service[101942]: DEBUG glance_store.location [None req-1433bf0c-90f9-45da-a0df-6c088b88a337 tempest-ImageDependencyTests-182029886 tempest-ImageDependencyTests-182029886-project-member] Registering scheme swift+https with {'store': , 'location_class': , 'store_entry': 'swift'} {{(pid=101942) register_scheme_map /opt/stack/data/venv/lib/python3.12/site-packages/glance_store/location.py:146}}
Jun 15 08:05:32.126214 np0000002831 devstack@g-api.service[101942]: DEBUG glance_store.location [None req-1433bf0c-90f9-45da-a0df-6c088b88a337 tempest-ImageDependencyTests-182029886 tempest-ImageDependencyTests-182029886-project-member] Registering scheme swift+https with {'store': , 'location_class': , 'store_entry': 'swift'} {{(pid=101942) register_scheme_map /opt/stack/data/venv/lib/python3.12/site-packages/glance_store/location.py:146}}
Jun 15 08:05:32.126214 np0000002831 devstack@g-api.service[101942]: DEBUG glance_store.location [None req-1433bf0c-90f9-45da-a0df-6c088b88a337 tempest-ImageDependencyTests-182029886 tempest-ImageDependencyTests-182029886-project-member] Registering scheme swift with {'store': , 'location_class': , 'store_entry': 'swift'} {{(pid=101942) register_scheme_map /opt/stack/data/venv/lib/python3.12/site-packages/glance_store/location.py:146}}
Jun 15 08:05:32.126214 np0000002831 devstack@g-api.service[101942]: DEBUG glance_store.location [None req-1433bf0c-90f9-45da-a0df-6c088b88a337 tempest-ImageDependencyTests-182029886 tempest-ImageDependencyTests-182029886-project-member] Registering scheme swift+https with {'store': , 'location_class': , 'store_entry': 'swift'} {{(pid=101942) register_scheme_map /opt/stack/data/venv/lib/python3.12/site-packages/glance_store/location.py:146}}
Jun 15 08:05:32.126734 np0000002831 devstack@g-api.service[101942]: DEBUG glance_store.location [None req-1433bf0c-90f9-45da-a0df-6c088b88a337 tempest-ImageDependencyTests-182029886 tempest-ImageDependencyTests-182029886-project-member] Registering scheme swift with {'store': , 'location_class': , 'store_entry': 'swift'} {{(pid=101942) register_scheme_map /opt/stack/data/venv/lib/python3.12/site-packages/glance_store/location.py:146}}
Jun 15 08:05:32.126734 np0000002831 devstack@g-api.service[101942]: DEBUG glance_store.location [None req-1433bf0c-90f9-45da-a0df-6c088b88a337 tempest-ImageDependencyTests-182029886 tempest-ImageDependencyTests-182029886-project-member] Registering scheme swift+http with {'store': , 'location_class': , 'store_entry': 'swift'} {{(pid=101942) register_scheme_map /opt/stack/data/venv/lib/python3.12/site-packages/glance_store/location.py:146}}
Jun 15 08:05:32.126734 np0000002831 devstack@g-api.service[101942]: DEBUG glance_store.location [None req-1433bf0c-90f9-45da-a0df-6c088b88a337 tempest-ImageDependencyTests-182029886 tempest-ImageDependencyTests-182029886-project-member] Registering scheme swift+https with {'store': , 'location_class': , 'store_entry': 'swift'} {{(pid=101942) register_scheme_map /opt/stack/data/venv/lib/python3.12/site-packages/glance_store/location.py:146}}
Jun 15 08:05:32.126933 np0000002831 devstack@g-api.service[101942]: DEBUG glance_store.location [None req-1433bf0c-90f9-45da-a0df-6c088b88a337 tempest-ImageDependencyTests-182029886 tempest-ImageDependencyTests-182029886-project-member] Registering scheme swift with {'store': , 'location_class': , 'store_entry': 'swift'} {{(pid=101942) register_scheme_map /opt/stack/data/venv/lib/python3.12/site-packages/glance_store/location.py:146}}
Jun 15 08:05:32.126933 np0000002831 devstack@g-api.service[101942]: DEBUG glance_store.location [None req-1433bf0c-90f9-45da-a0df-6c088b88a337 tempest-ImageDependencyTests-182029886 tempest-ImageDependencyTests-182029886-project-member] Registering scheme swift+http with {'store': , 'location_class': , 'store_entry': 'swift'} {{(pid=101942) register_scheme_map /opt/stack/data/venv/lib/python3.12/site-packages/glance_store/location.py:146}}
Jun 15 08:05:32.127022 np0000002831 devstack@g-api.service[101942]: DEBUG glance_store.location [None req-1433bf0c-90f9-45da-a0df-6c088b88a337 tempest-ImageDependencyTests-182029886 tempest-ImageDependencyTests-182029886-project-member] Registering scheme swift+config with {'store': , 'location_class': , 'store_entry': 'swift'} {{(pid=101942) register_scheme_map /opt/stack/data/venv/lib/python3.12/site-packages/glance_store/location.py:146}}
Jun 15 08:05:32.127102 np0000002831 devstack@g-api.service[101942]: DEBUG glance_store.backend [None req-1433bf0c-90f9-45da-a0df-6c088b88a337 tempest-ImageDependencyTests-182029886 tempest-ImageDependencyTests-182029886-project-member] Skipping store.set_acls... not implemented. {{(pid=101942) set_acls /opt/stack/data/venv/lib/python3.12/site-packages/glance_store/backend.py:507}}
Jun 15 08:05:32.130377 np0000002831 devstack@g-api.service[101942]: [pid: 101942|app: 0|req: 91/274] 127.0.0.1 () {40 vars in 843 bytes} [Mon Jun 15 08:05:30 2026] PUT /v2/images/018e9895-ecbe-4849-aea5-161d3c702942/file => generated 0 bytes in 1973 msecs (HTTP/1.1 204) 4 headers in 171 bytes (1 switches on core 0)
Jun 15 08:05:32.142675 np0000002831 devstack@g-api.service[101941]: DEBUG glance.api.middleware.version_negotiation [None req-b099ff4b-835e-4497-a665-7b612e192f90 tempest-VolumesExtendTest-1375703887 tempest-VolumesExtendTest-1375703887-project-member] Determining version of request: GET /v2/images/018e9895-ecbe-4849-aea5-161d3c702942 Accept: application/json {{(pid=101941) process_request /opt/stack/glance/glance/api/middleware/version_negotiation.py:44}}
Jun 15 08:05:32.142989 np0000002831 devstack@g-api.service[101941]: DEBUG glance.api.middleware.version_negotiation [None req-b099ff4b-835e-4497-a665-7b612e192f90 tempest-VolumesExtendTest-1375703887 tempest-VolumesExtendTest-1375703887-project-member] Using url versioning {{(pid=101941) process_request /opt/stack/glance/glance/api/middleware/version_negotiation.py:57}}
Jun 15 08:05:32.143183 np0000002831 devstack@g-api.service[101941]: DEBUG glance.api.middleware.version_negotiation [None req-b099ff4b-835e-4497-a665-7b612e192f90 tempest-VolumesExtendTest-1375703887 tempest-VolumesExtendTest-1375703887-project-member] Matched version: v2 {{(pid=101941) process_request /opt/stack/glance/glance/api/middleware/version_negotiation.py:69}}
Jun 15 08:05:32.143837 np0000002831 devstack@g-api.service[101941]: DEBUG glance.api.middleware.version_negotiation [None req-b099ff4b-835e-4497-a665-7b612e192f90 tempest-VolumesExtendTest-1375703887 tempest-VolumesExtendTest-1375703887-project-member] new path /v2/images/018e9895-ecbe-4849-aea5-161d3c702942 {{(pid=101941) process_request /opt/stack/glance/glance/api/middleware/version_negotiation.py:70}}
Jun 15 08:05:32.165374 np0000002831 devstack@g-api.service[101941]: [pid: 101941|app: 0|req: 93/275] 127.0.0.1 () {40 vars in 834 bytes} [Mon Jun 15 08:05:32 2026] GET /v2/images/018e9895-ecbe-4849-aea5-161d3c702942 => generated 807 bytes in 23 msecs (HTTP/1.1 200) 4 headers in 157 bytes (1 switches on core 0)
Jun 15 08:05:32.313176 np0000002831 devstack@g-api.service[101943]: DEBUG glance.api.middleware.version_negotiation [None req-b099ff4b-835e-4497-a665-7b612e192f90 tempest-VolumesExtendTest-1375703887 tempest-VolumesExtendTest-1375703887-project-member] Determining version of request: GET /versions Accept: */* {{(pid=101943) process_request /opt/stack/glance/glance/api/middleware/version_negotiation.py:44}}
Jun 15 08:05:32.314300 np0000002831 devstack@g-api.service[101943]: [pid: 101943|app: 0|req: 92/276] 127.0.0.1 () {44 vars in 1035 bytes} [Mon Jun 15 08:05:32 2026] GET /versions => generated 1394 bytes in 2 msecs (HTTP/1.1 200) 3 headers in 92 bytes (1 switches on core 0)
Jun 15 08:05:32.329038 np0000002831 devstack@g-api.service[101942]: DEBUG glance.api.middleware.version_negotiation [None req-1433bf0c-90f9-45da-a0df-6c088b88a337 tempest-ImageDependencyTests-182029886 tempest-ImageDependencyTests-182029886-project-member] Determining version of request: GET /v2/images/b469159b-33bc-4789-9be4-84667c17b21e/locations Accept: */* {{(pid=101942) process_request /opt/stack/glance/glance/api/middleware/version_negotiation.py:44}}
Jun 15 08:05:32.329169 np0000002831 devstack@g-api.service[101942]: DEBUG glance.api.middleware.version_negotiation [None req-1433bf0c-90f9-45da-a0df-6c088b88a337 tempest-ImageDependencyTests-182029886 tempest-ImageDependencyTests-182029886-project-member] Using url versioning {{(pid=101942) process_request /opt/stack/glance/glance/api/middleware/version_negotiation.py:57}}
Jun 15 08:05:32.329314 np0000002831 devstack@g-api.service[101942]: DEBUG glance.api.middleware.version_negotiation [None req-1433bf0c-90f9-45da-a0df-6c088b88a337 tempest-ImageDependencyTests-182029886 tempest-ImageDependencyTests-182029886-project-member] Matched version: v2 {{(pid=101942) process_request /opt/stack/glance/glance/api/middleware/version_negotiation.py:69}}
Jun 15 08:05:32.329404 np0000002831 devstack@g-api.service[101942]: DEBUG glance.api.middleware.version_negotiation [None req-1433bf0c-90f9-45da-a0df-6c088b88a337 tempest-ImageDependencyTests-182029886 tempest-ImageDependencyTests-182029886-project-member] new path /v2/images/b469159b-33bc-4789-9be4-84667c17b21e/locations {{(pid=101942) process_request /opt/stack/glance/glance/api/middleware/version_negotiation.py:70}}
Jun 15 08:05:32.340176 np0000002831 devstack@g-api.service[101941]: DEBUG glance.api.middleware.version_negotiation [None req-7a074372-5405-4cdd-8230-5431a5426a22 tempest-ImageDependencyTests-182029886 tempest-ImageDependencyTests-182029886-project-member] Determining version of request: GET /v2/images/018e9895-ecbe-4849-aea5-161d3c702942 Accept: */* {{(pid=101941) process_request /opt/stack/glance/glance/api/middleware/version_negotiation.py:44}}
Jun 15 08:05:32.340438 np0000002831 devstack@g-api.service[101941]: DEBUG glance.api.middleware.version_negotiation [None req-7a074372-5405-4cdd-8230-5431a5426a22 tempest-ImageDependencyTests-182029886 tempest-ImageDependencyTests-182029886-project-member] Using url versioning {{(pid=101941) process_request /opt/stack/glance/glance/api/middleware/version_negotiation.py:57}}
Jun 15 08:05:32.340568 np0000002831 devstack@g-api.service[101941]: DEBUG glance.api.middleware.version_negotiation [None req-7a074372-5405-4cdd-8230-5431a5426a22 tempest-ImageDependencyTests-182029886 tempest-ImageDependencyTests-182029886-project-member] Matched version: v2 {{(pid=101941) process_request /opt/stack/glance/glance/api/middleware/version_negotiation.py:69}}
Jun 15 08:05:32.340682 np0000002831 devstack@g-api.service[101941]: DEBUG glance.api.middleware.version_negotiation [None req-7a074372-5405-4cdd-8230-5431a5426a22 tempest-ImageDependencyTests-182029886 tempest-ImageDependencyTests-182029886-project-member] new path /v2/images/018e9895-ecbe-4849-aea5-161d3c702942 {{(pid=101941) process_request /opt/stack/glance/glance/api/middleware/version_negotiation.py:70}}
Jun 15 08:05:32.356984 np0000002831 devstack@g-api.service[101941]: [pid: 101941|app: 0|req: 94/277] 127.0.0.1 () {44 vars in 1111 bytes} [Mon Jun 15 08:05:32 2026] GET /v2/images/018e9895-ecbe-4849-aea5-161d3c702942 => generated 807 bytes in 17 msecs (HTTP/1.1 200) 4 headers in 157 bytes (1 switches on core 0)
Jun 15 08:05:32.370149 np0000002831 devstack@g-api.service[101943]: DEBUG glance.api.middleware.version_negotiation [None req-b099ff4b-835e-4497-a665-7b612e192f90 tempest-VolumesExtendTest-1375703887 tempest-VolumesExtendTest-1375703887-project-member] Determining version of request: GET /v2/schemas/image Accept: */* {{(pid=101943) process_request /opt/stack/glance/glance/api/middleware/version_negotiation.py:44}}
Jun 15 08:05:32.370391 np0000002831 devstack@g-api.service[101943]: DEBUG glance.api.middleware.version_negotiation [None req-b099ff4b-835e-4497-a665-7b612e192f90 tempest-VolumesExtendTest-1375703887 tempest-VolumesExtendTest-1375703887-project-member] Using url versioning {{(pid=101943) process_request /opt/stack/glance/glance/api/middleware/version_negotiation.py:57}}
Jun 15 08:05:32.370559 np0000002831 devstack@g-api.service[101943]: DEBUG glance.api.middleware.version_negotiation [None req-b099ff4b-835e-4497-a665-7b612e192f90 tempest-VolumesExtendTest-1375703887 tempest-VolumesExtendTest-1375703887-project-member] Matched version: v2 {{(pid=101943) process_request /opt/stack/glance/glance/api/middleware/version_negotiation.py:69}}
Jun 15 08:05:32.370650 np0000002831 devstack@g-api.service[101943]: DEBUG glance.api.middleware.version_negotiation [None req-b099ff4b-835e-4497-a665-7b612e192f90 tempest-VolumesExtendTest-1375703887 tempest-VolumesExtendTest-1375703887-project-member] new path /v2/schemas/image {{(pid=101943) process_request /opt/stack/glance/glance/api/middleware/version_negotiation.py:70}}
Jun 15 08:05:32.374601 np0000002831 devstack@g-api.service[101943]: [pid: 101943|app: 0|req: 93/278] 127.0.0.1 () {44 vars in 1051 bytes} [Mon Jun 15 08:05:32 2026] GET /v2/schemas/image => generated 6083 bytes in 4 msecs (HTTP/1.1 200) 4 headers in 158 bytes (1 switches on core 0)
Jun 15 08:05:32.385617 np0000002831 devstack@g-api.service[101941]: DEBUG glance.api.middleware.version_negotiation [None req-289a3719-9b30-4431-b472-4e6d5b8bfe1c tempest-ImageDependencyTests-182029886 tempest-ImageDependencyTests-182029886-project-member] Determining version of request: GET /v2/schemas/image Accept: */* {{(pid=101941) process_request /opt/stack/glance/glance/api/middleware/version_negotiation.py:44}}
Jun 15 08:05:32.385754 np0000002831 devstack@g-api.service[101941]: DEBUG glance.api.middleware.version_negotiation [None req-289a3719-9b30-4431-b472-4e6d5b8bfe1c tempest-ImageDependencyTests-182029886 tempest-ImageDependencyTests-182029886-project-member] Using url versioning {{(pid=101941) process_request /opt/stack/glance/glance/api/middleware/version_negotiation.py:57}}
Jun 15 08:05:32.386000 np0000002831 devstack@g-api.service[101941]: DEBUG glance.api.middleware.version_negotiation [None req-289a3719-9b30-4431-b472-4e6d5b8bfe1c tempest-ImageDependencyTests-182029886 tempest-ImageDependencyTests-182029886-project-member] Matched version: v2 {{(pid=101941) process_request /opt/stack/glance/glance/api/middleware/version_negotiation.py:69}}
Jun 15 08:05:32.386092 np0000002831 devstack@g-api.service[101941]: DEBUG glance.api.middleware.version_negotiation [None req-289a3719-9b30-4431-b472-4e6d5b8bfe1c tempest-ImageDependencyTests-182029886 tempest-ImageDependencyTests-182029886-project-member] new path /v2/schemas/image {{(pid=101941) process_request /opt/stack/glance/glance/api/middleware/version_negotiation.py:70}}
Jun 15 08:05:32.390982 np0000002831 devstack@g-api.service[101941]: [pid: 101941|app: 0|req: 95/279] 127.0.0.1 () {44 vars in 1051 bytes} [Mon Jun 15 08:05:32 2026] GET /v2/schemas/image => generated 6083 bytes in 6 msecs (HTTP/1.1 200) 4 headers in 158 bytes (1 switches on core 0)
Jun 15 08:05:32.391613 np0000002831 devstack@g-api.service[101942]: [pid: 101942|app: 0|req: 92/280] 127.0.0.1 () {44 vars in 1131 bytes} [Mon Jun 15 08:05:32 2026] GET /v2/images/b469159b-33bc-4789-9be4-84667c17b21e/locations => generated 92 bytes in 63 msecs (HTTP/1.1 200) 4 headers in 156 bytes (1 switches on core 0)
Jun 15 08:05:32.402123 np0000002831 devstack@g-api.service[101943]: DEBUG glance.api.middleware.version_negotiation [None req-289a3719-9b30-4431-b472-4e6d5b8bfe1c tempest-ImageDependencyTests-182029886 tempest-ImageDependencyTests-182029886-project-member] Determining version of request: GET /v2/images/018e9895-ecbe-4849-aea5-161d3c702942 Accept: */* {{(pid=101943) process_request /opt/stack/glance/glance/api/middleware/version_negotiation.py:44}}
