Jun 15 07:56:19.688983 np0000002831 nova-scheduler[95645]: DEBUG cotyledon.oslo_config_glue [-] oslo_limit.certfile = None {{(pid=95645) log_opt_values /opt/stack/data/venv/lib/python3.12/site-packages/oslo_config/cfg.py:3253}}
Jun 15 07:56:19.689055 np0000002831 nova-scheduler[95645]: DEBUG cotyledon.oslo_config_glue [-] oslo_limit.collect_timing = False {{(pid=95645) log_opt_values /opt/stack/data/venv/lib/python3.12/site-packages/oslo_config/cfg.py:3253}}
Jun 15 07:56:19.689155 np0000002831 nova-scheduler[95645]: DEBUG cotyledon.oslo_config_glue [-] oslo_limit.connect_retries = None {{(pid=95645) log_opt_values /opt/stack/data/venv/lib/python3.12/site-packages/oslo_config/cfg.py:3253}}
Jun 15 07:56:19.689228 np0000002831 nova-scheduler[95645]: DEBUG cotyledon.oslo_config_glue [-] oslo_limit.connect_retry_delay = None {{(pid=95645) log_opt_values /opt/stack/data/venv/lib/python3.12/site-packages/oslo_config/cfg.py:3253}}
Jun 15 07:56:19.689297 np0000002831 nova-scheduler[95645]: DEBUG cotyledon.oslo_config_glue [-] oslo_limit.endpoint_id = None {{(pid=95645) log_opt_values /opt/stack/data/venv/lib/python3.12/site-packages/oslo_config/cfg.py:3253}}
Jun 15 07:56:19.689371 np0000002831 nova-scheduler[95645]: DEBUG cotyledon.oslo_config_glue [-] oslo_limit.endpoint_interface = public {{(pid=95645) log_opt_values /opt/stack/data/venv/lib/python3.12/site-packages/oslo_config/cfg.py:3253}}
Jun 15 07:56:19.689504 np0000002831 nova-scheduler[95645]: DEBUG cotyledon.oslo_config_glue [-] oslo_limit.endpoint_override = None {{(pid=95645) log_opt_values /opt/stack/data/venv/lib/python3.12/site-packages/oslo_config/cfg.py:3253}}
Jun 15 07:56:19.689504 np0000002831 nova-scheduler[95645]: DEBUG cotyledon.oslo_config_glue [-] oslo_limit.endpoint_region_name = None {{(pid=95645) log_opt_values /opt/stack/data/venv/lib/python3.12/site-packages/oslo_config/cfg.py:3253}}
Jun 15 07:56:19.689594 np0000002831 nova-scheduler[95645]: DEBUG cotyledon.oslo_config_glue [-] oslo_limit.endpoint_service_name = None {{(pid=95645) log_opt_values /opt/stack/data/venv/lib/python3.12/site-packages/oslo_config/cfg.py:3253}}
Jun 15 07:56:19.689660 np0000002831 nova-scheduler[95645]: DEBUG cotyledon.oslo_config_glue [-] oslo_limit.endpoint_service_type = None {{(pid=95645) log_opt_values /opt/stack/data/venv/lib/python3.12/site-packages/oslo_config/cfg.py:3253}}
Jun 15 07:56:19.689723 np0000002831 nova-scheduler[95645]: DEBUG cotyledon.oslo_config_glue [-] oslo_limit.insecure = False {{(pid=95645) log_opt_values /opt/stack/data/venv/lib/python3.12/site-packages/oslo_config/cfg.py:3253}}
Jun 15 07:56:19.689792 np0000002831 nova-scheduler[95645]: DEBUG cotyledon.oslo_config_glue [-] oslo_limit.keyfile = None {{(pid=95645) log_opt_values /opt/stack/data/venv/lib/python3.12/site-packages/oslo_config/cfg.py:3253}}
Jun 15 07:56:19.689862 np0000002831 nova-scheduler[95645]: DEBUG cotyledon.oslo_config_glue [-] oslo_limit.max_version = None {{(pid=95645) log_opt_values /opt/stack/data/venv/lib/python3.12/site-packages/oslo_config/cfg.py:3253}}
Jun 15 07:56:19.689934 np0000002831 nova-scheduler[95645]: DEBUG cotyledon.oslo_config_glue [-] oslo_limit.min_version = None {{(pid=95645) log_opt_values /opt/stack/data/venv/lib/python3.12/site-packages/oslo_config/cfg.py:3253}}
Jun 15 07:56:19.689998 np0000002831 nova-scheduler[95645]: DEBUG cotyledon.oslo_config_glue [-] oslo_limit.region_name = None {{(pid=95645) log_opt_values /opt/stack/data/venv/lib/python3.12/site-packages/oslo_config/cfg.py:3253}}
Jun 15 07:56:19.690057 np0000002831 nova-scheduler[95645]: DEBUG cotyledon.oslo_config_glue [-] oslo_limit.retriable_status_codes = None {{(pid=95645) log_opt_values /opt/stack/data/venv/lib/python3.12/site-packages/oslo_config/cfg.py:3253}}
Jun 15 07:56:19.690127 np0000002831 nova-scheduler[95645]: DEBUG cotyledon.oslo_config_glue [-] oslo_limit.service_name = None {{(pid=95645) log_opt_values /opt/stack/data/venv/lib/python3.12/site-packages/oslo_config/cfg.py:3253}}
Jun 15 07:56:19.690197 np0000002831 nova-scheduler[95645]: DEBUG cotyledon.oslo_config_glue [-] oslo_limit.service_type = None {{(pid=95645) log_opt_values /opt/stack/data/venv/lib/python3.12/site-packages/oslo_config/cfg.py:3253}}
Jun 15 07:56:19.690271 np0000002831 nova-scheduler[95645]: DEBUG cotyledon.oslo_config_glue [-] oslo_limit.split_loggers = False {{(pid=95645) log_opt_values /opt/stack/data/venv/lib/python3.12/site-packages/oslo_config/cfg.py:3253}}
Jun 15 07:56:19.690340 np0000002831 nova-scheduler[95645]: DEBUG cotyledon.oslo_config_glue [-] oslo_limit.status_code_retries = None {{(pid=95645) log_opt_values /opt/stack/data/venv/lib/python3.12/site-packages/oslo_config/cfg.py:3253}}
Jun 15 07:56:19.690408 np0000002831 nova-scheduler[95645]: DEBUG cotyledon.oslo_config_glue [-] oslo_limit.status_code_retry_delay = None {{(pid=95645) log_opt_values /opt/stack/data/venv/lib/python3.12/site-packages/oslo_config/cfg.py:3253}}
Jun 15 07:56:19.690489 np0000002831 nova-scheduler[95645]: DEBUG cotyledon.oslo_config_glue [-] oslo_limit.timeout = None {{(pid=95645) log_opt_values /opt/stack/data/venv/lib/python3.12/site-packages/oslo_config/cfg.py:3253}}
Jun 15 07:56:19.690554 np0000002831 nova-scheduler[95645]: DEBUG cotyledon.oslo_config_glue [-] oslo_limit.valid_interfaces = None {{(pid=95645) log_opt_values /opt/stack/data/venv/lib/python3.12/site-packages/oslo_config/cfg.py:3253}}
Jun 15 07:56:19.690616 np0000002831 nova-scheduler[95645]: DEBUG cotyledon.oslo_config_glue [-] oslo_limit.version = None {{(pid=95645) log_opt_values /opt/stack/data/venv/lib/python3.12/site-packages/oslo_config/cfg.py:3253}}
Jun 15 07:56:19.690702 np0000002831 nova-scheduler[95645]: DEBUG cotyledon.oslo_config_glue [-] oslo_reports.file_event_handler = None {{(pid=95645) log_opt_values /opt/stack/data/venv/lib/python3.12/site-packages/oslo_config/cfg.py:3253}}
Jun 15 07:56:19.690771 np0000002831 nova-scheduler[95645]: DEBUG cotyledon.oslo_config_glue [-] oslo_reports.file_event_handler_interval = 1 {{(pid=95645) log_opt_values /opt/stack/data/venv/lib/python3.12/site-packages/oslo_config/cfg.py:3253}}
Jun 15 07:56:19.690837 np0000002831 nova-scheduler[95645]: DEBUG cotyledon.oslo_config_glue [-] oslo_reports.log_dir = None {{(pid=95645) log_opt_values /opt/stack/data/venv/lib/python3.12/site-packages/oslo_config/cfg.py:3253}}
Jun 15 07:56:19.690870 np0000002831 nova-scheduler[95645]: DEBUG cotyledon.oslo_config_glue [-] ******************************************************************************** {{(pid=95645) log_opt_values /opt/stack/data/venv/lib/python3.12/site-packages/oslo_config/cfg.py:3260}}
Jun 15 07:56:19.691046 np0000002831 nova-scheduler[95645]: DEBUG cotyledon._service_worker [-] Run service ServiceWrapper(2) [95645] {{(pid=95645) wait_forever /opt/stack/data/venv/lib/python3.12/site-packages/cotyledon/_service_worker.py:218}}
Jun 15 07:56:19.692625 np0000002831 nova-scheduler[95645]: INFO nova.service [-] Starting scheduler node (version 33.1.0)
Jun 15 07:56:19.698067 np0000002831 nova-scheduler[95645]: INFO dbcounter [None req-9eed7296-7bcd-4f44-a18e-e98f949b12a7 None None] Registered counter for database nova_cell0
Jun 15 07:56:19.698784 np0000002831 nova-scheduler[95641]: DEBUG oslo_db.sqlalchemy.engines [None req-c3db181f-a920-46f6-a096-c0b9464ee462 None None] MySQL server mode set to STRICT_TRANS_TABLES,STRICT_ALL_TABLES,NO_ZERO_IN_DATE,NO_ZERO_DATE,ERROR_FOR_DIVISION_BY_ZERO,TRADITIONAL,NO_ENGINE_SUBSTITUTION {{(pid=95641) _check_effective_sql_mode /opt/stack/data/venv/lib/python3.12/site-packages/oslo_db/sqlalchemy/engines.py:325}}
Jun 15 07:56:19.708866 np0000002831 nova-scheduler[95641]: DEBUG dbcounter [-] [95641] Writer thread running {{(pid=95641) stat_writer /opt/stack/data/venv/lib/python3.12/site-packages/dbcounter.py:102}}
Jun 15 07:56:19.728001 np0000002831 nova-scheduler[95641]: DEBUG nova.service [None req-c3db181f-a920-46f6-a096-c0b9464ee462 None None] Creating RPC server for service: nova-scheduler on topic: scheduler {{(pid=95641) start /opt/stack/nova/nova/service.py:196}}
Jun 15 07:56:19.728741 np0000002831 nova-scheduler[95643]: DEBUG oslo_db.sqlalchemy.engines [None req-b6ba8fe8-1d1a-4b45-87b5-529867d0b757 None None] MySQL server mode set to STRICT_TRANS_TABLES,STRICT_ALL_TABLES,NO_ZERO_IN_DATE,NO_ZERO_DATE,ERROR_FOR_DIVISION_BY_ZERO,TRADITIONAL,NO_ENGINE_SUBSTITUTION {{(pid=95643) _check_effective_sql_mode /opt/stack/data/venv/lib/python3.12/site-packages/oslo_db/sqlalchemy/engines.py:325}}
Jun 15 07:56:19.739381 np0000002831 nova-scheduler[95643]: DEBUG dbcounter [-] [95643] Writer thread running {{(pid=95643) stat_writer /opt/stack/data/venv/lib/python3.12/site-packages/dbcounter.py:102}}
Jun 15 07:56:19.743534 np0000002831 nova-scheduler[95643]: DEBUG nova.service [None req-b6ba8fe8-1d1a-4b45-87b5-529867d0b757 None None] Creating RPC server for service: nova-scheduler on topic: scheduler {{(pid=95643) start /opt/stack/nova/nova/service.py:196}}
Jun 15 07:56:19.748147 np0000002831 nova-scheduler[95645]: DEBUG oslo_db.sqlalchemy.engines [None req-9eed7296-7bcd-4f44-a18e-e98f949b12a7 None None] MySQL server mode set to STRICT_TRANS_TABLES,STRICT_ALL_TABLES,NO_ZERO_IN_DATE,NO_ZERO_DATE,ERROR_FOR_DIVISION_BY_ZERO,TRADITIONAL,NO_ENGINE_SUBSTITUTION {{(pid=95645) _check_effective_sql_mode /opt/stack/data/venv/lib/python3.12/site-packages/oslo_db/sqlalchemy/engines.py:325}}
Jun 15 07:56:19.757769 np0000002831 nova-scheduler[95641]: DEBUG nova.service [None req-c3db181f-a920-46f6-a096-c0b9464ee462 None None] Join ServiceGroup membership for this service scheduler {{(pid=95641) start /opt/stack/nova/nova/service.py:222}}
Jun 15 07:56:19.758184 np0000002831 nova-scheduler[95641]: DEBUG nova.servicegroup.drivers.db [None req-c3db181f-a920-46f6-a096-c0b9464ee462 None None] DB_Driver: join new ServiceGroup member np0000002831 to the scheduler group, service = {{(pid=95641) join /opt/stack/nova/nova/servicegroup/drivers/db.py:44}}
Jun 15 07:56:19.759439 np0000002831 nova-scheduler[95645]: DEBUG dbcounter [-] [95645] Writer thread running {{(pid=95645) stat_writer /opt/stack/data/venv/lib/python3.12/site-packages/dbcounter.py:102}}
Jun 15 07:56:19.762658 np0000002831 nova-scheduler[95645]: DEBUG nova.service [None req-9eed7296-7bcd-4f44-a18e-e98f949b12a7 None None] Creating RPC server for service: nova-scheduler on topic: scheduler {{(pid=95645) start /opt/stack/nova/nova/service.py:196}}
Jun 15 07:56:19.763302 np0000002831 nova-scheduler[95643]: DEBUG nova.service [None req-b6ba8fe8-1d1a-4b45-87b5-529867d0b757 None None] Join ServiceGroup membership for this service scheduler {{(pid=95643) start /opt/stack/nova/nova/service.py:222}}
Jun 15 07:56:19.763654 np0000002831 nova-scheduler[95643]: DEBUG nova.servicegroup.drivers.db [None req-b6ba8fe8-1d1a-4b45-87b5-529867d0b757 None None] DB_Driver: join new ServiceGroup member np0000002831 to the scheduler group, service = {{(pid=95643) join /opt/stack/nova/nova/servicegroup/drivers/db.py:44}}
Jun 15 07:56:19.778779 np0000002831 nova-scheduler[95645]: DEBUG nova.service [None req-9eed7296-7bcd-4f44-a18e-e98f949b12a7 None None] Join ServiceGroup membership for this service scheduler {{(pid=95645) start /opt/stack/nova/nova/service.py:222}}
Jun 15 07:56:19.778991 np0000002831 nova-scheduler[95645]: DEBUG nova.servicegroup.drivers.db [None req-9eed7296-7bcd-4f44-a18e-e98f949b12a7 None None] DB_Driver: join new ServiceGroup member np0000002831 to the scheduler group, service = {{(pid=95645) join /opt/stack/nova/nova/servicegroup/drivers/db.py:44}}
Jun 15 07:56:20.760943 np0000002831 nova-scheduler[95641]: DEBUG oslo.service.backend._threading.loopingcall [None req-9abebf48-817f-4249-9942-82b77d3e6a06 None None] Dynamic interval looping call 'nova.service.Service.periodic_tasks' sleeping for 60.00 seconds {{(pid=95641) _run_loop /opt/stack/data/venv/lib/python3.12/site-packages/oslo_service/backend/_threading/loopingcall.py:125}}
Jun 15 07:56:24.773023 np0000002831 nova-scheduler[95641]: DEBUG oslo.service.backend._threading.loopingcall [-] Fixed interval looping call 'nova.servicegroup.drivers.db.DbDriver._report_state' sleeping for 119.99 seconds {{(pid=95641) _run_loop /opt/stack/data/venv/lib/python3.12/site-packages/oslo_service/backend/_threading/loopingcall.py:125}}
Jun 15 07:56:24.777998 np0000002831 nova-scheduler[95643]: DEBUG oslo.service.backend._threading.loopingcall [-] Fixed interval looping call 'nova.servicegroup.drivers.db.DbDriver._report_state' sleeping for 119.99 seconds {{(pid=95643) _run_loop /opt/stack/data/venv/lib/python3.12/site-packages/oslo_service/backend/_threading/loopingcall.py:125}}
Jun 15 07:56:24.789575 np0000002831 nova-scheduler[95645]: DEBUG oslo.service.backend._threading.loopingcall [-] Fixed interval looping call 'nova.servicegroup.drivers.db.DbDriver._report_state' sleeping for 119.99 seconds {{(pid=95645) _run_loop /opt/stack/data/venv/lib/python3.12/site-packages/oslo_service/backend/_threading/loopingcall.py:125}}
Jun 15 07:56:28.330186 np0000002831 nova-scheduler[94383]: DEBUG dbcounter [-] [94383] Writing DB stats nova_api:SELECT=3 {{(pid=94383) stat_writer /opt/stack/data/venv/lib/python3.12/site-packages/dbcounter.py:115}}
Jun 15 07:56:28.468856 np0000002831 nova-scheduler[94383]: DEBUG dbcounter [-] [94383] Writing DB stats nova_cell0:SELECT=1 {{(pid=94383) stat_writer /opt/stack/data/venv/lib/python3.12/site-packages/dbcounter.py:115}}
Jun 15 07:56:28.473901 np0000002831 nova-scheduler[94383]: DEBUG dbcounter [-] [94383] Writing DB stats nova_cell1:SELECT=1 {{(pid=94383) stat_writer /opt/stack/data/venv/lib/python3.12/site-packages/dbcounter.py:115}}
Jun 15 07:56:34.767495 np0000002831 nova-scheduler[95641]: DEBUG dbcounter [-] [95641] Writing DB stats nova_cell0:SELECT=4,nova_cell0:INSERT=1,nova_cell0:UPDATE=1 {{(pid=95641) stat_writer /opt/stack/data/venv/lib/python3.12/site-packages/dbcounter.py:115}}
Jun 15 07:56:34.776900 np0000002831 nova-scheduler[95643]: DEBUG dbcounter [-] [95643] Writing DB stats nova_cell0:SELECT=3 {{(pid=95643) stat_writer /opt/stack/data/venv/lib/python3.12/site-packages/dbcounter.py:115}}
Jun 15 07:56:34.787087 np0000002831 nova-scheduler[95645]: DEBUG dbcounter [-] [95645] Writing DB stats nova_cell0:SELECT=3 {{(pid=95645) stat_writer /opt/stack/data/venv/lib/python3.12/site-packages/dbcounter.py:115}}
Jun 15 07:56:42.781345 np0000002831 nova-scheduler[95645]: DEBUG oslo.service.backend._threading.loopingcall [None req-9823c6cb-0fb5-4140-991b-da273b979f1e None None] Dynamic interval looping call 'nova.service.Service.periodic_tasks' sleeping for 60.00 seconds {{(pid=95645) _run_loop /opt/stack/data/venv/lib/python3.12/site-packages/oslo_service/backend/_threading/loopingcall.py:125}}
Jun 15 07:57:03.765981 np0000002831 nova-scheduler[95643]: DEBUG oslo.service.backend._threading.loopingcall [None req-b1cd45be-046d-43d4-8458-6241e2b7e082 None None] Dynamic interval looping call 'nova.service.Service.periodic_tasks' sleeping for 60.00 seconds {{(pid=95643) _run_loop /opt/stack/data/venv/lib/python3.12/site-packages/oslo_service/backend/_threading/loopingcall.py:125}}
Jun 15 07:57:20.761530 np0000002831 nova-scheduler[95641]: DEBUG oslo.service.backend._threading.loopingcall [None req-9abebf48-817f-4249-9942-82b77d3e6a06 None None] Dynamic interval looping call 'nova.service.Service.periodic_tasks' sleeping for 60.00 seconds {{(pid=95641) _run_loop /opt/stack/data/venv/lib/python3.12/site-packages/oslo_service/backend/_threading/loopingcall.py:125}}
Jun 15 07:57:42.782282 np0000002831 nova-scheduler[95645]: DEBUG oslo.service.backend._threading.loopingcall [None req-9823c6cb-0fb5-4140-991b-da273b979f1e None None] Dynamic interval looping call 'nova.service.Service.periodic_tasks' sleeping for 60.00 seconds {{(pid=95645) _run_loop /opt/stack/data/venv/lib/python3.12/site-packages/oslo_service/backend/_threading/loopingcall.py:125}}
Jun 15 07:58:03.766617 np0000002831 nova-scheduler[95643]: DEBUG oslo.service.backend._threading.loopingcall [None req-b1cd45be-046d-43d4-8458-6241e2b7e082 None None] Dynamic interval looping call 'nova.service.Service.periodic_tasks' sleeping for 60.00 seconds {{(pid=95643) _run_loop /opt/stack/data/venv/lib/python3.12/site-packages/oslo_service/backend/_threading/loopingcall.py:125}}
Jun 15 07:58:20.762028 np0000002831 nova-scheduler[95641]: DEBUG oslo.service.backend._threading.loopingcall [None req-9abebf48-817f-4249-9942-82b77d3e6a06 None None] Dynamic interval looping call 'nova.service.Service.periodic_tasks' sleeping for 60.00 seconds {{(pid=95641) _run_loop /opt/stack/data/venv/lib/python3.12/site-packages/oslo_service/backend/_threading/loopingcall.py:125}}
Jun 15 07:58:24.772782 np0000002831 nova-scheduler[95641]: DEBUG oslo.service.backend._threading.loopingcall [-] Fixed interval looping call 'nova.servicegroup.drivers.db.DbDriver._report_state' sleeping for 119.99 seconds {{(pid=95641) _run_loop /opt/stack/data/venv/lib/python3.12/site-packages/oslo_service/backend/_threading/loopingcall.py:125}}
Jun 15 07:58:24.775097 np0000002831 nova-scheduler[95643]: DEBUG oslo.service.backend._threading.loopingcall [-] Fixed interval looping call 'nova.servicegroup.drivers.db.DbDriver._report_state' sleeping for 119.99 seconds {{(pid=95643) _run_loop /opt/stack/data/venv/lib/python3.12/site-packages/oslo_service/backend/_threading/loopingcall.py:125}}
Jun 15 07:58:24.783568 np0000002831 nova-scheduler[95645]: DEBUG oslo.service.backend._threading.loopingcall [-] Fixed interval looping call 'nova.servicegroup.drivers.db.DbDriver._report_state' sleeping for 120.00 seconds {{(pid=95645) _run_loop /opt/stack/data/venv/lib/python3.12/site-packages/oslo_service/backend/_threading/loopingcall.py:125}}
Jun 15 07:58:34.766627 np0000002831 nova-scheduler[95641]: DEBUG dbcounter [-] [95641] Writing DB stats nova_cell0:SELECT=1,nova_cell0:UPDATE=1 {{(pid=95641) stat_writer /opt/stack/data/venv/lib/python3.12/site-packages/dbcounter.py:115}}
Jun 15 07:58:34.773715 np0000002831 nova-scheduler[95643]: DEBUG dbcounter [-] [95643] Writing DB stats nova_cell0:SELECT=1,nova_cell0:UPDATE=1 {{(pid=95643) stat_writer /opt/stack/data/venv/lib/python3.12/site-packages/dbcounter.py:115}}
Jun 15 07:58:34.782319 np0000002831 nova-scheduler[95645]: DEBUG dbcounter [-] [95645] Writing DB stats nova_cell0:SELECT=1 {{(pid=95645) stat_writer /opt/stack/data/venv/lib/python3.12/site-packages/dbcounter.py:115}}
Jun 15 07:58:42.782934 np0000002831 nova-scheduler[95645]: DEBUG oslo.service.backend._threading.loopingcall [None req-9823c6cb-0fb5-4140-991b-da273b979f1e None None] Dynamic interval looping call 'nova.service.Service.periodic_tasks' sleeping for 60.00 seconds {{(pid=95645) _run_loop /opt/stack/data/venv/lib/python3.12/site-packages/oslo_service/backend/_threading/loopingcall.py:125}}
Jun 15 07:59:03.767181 np0000002831 nova-scheduler[95643]: DEBUG oslo.service.backend._threading.loopingcall [None req-b1cd45be-046d-43d4-8458-6241e2b7e082 None None] Dynamic interval looping call 'nova.service.Service.periodic_tasks' sleeping for 60.00 seconds {{(pid=95643) _run_loop /opt/stack/data/venv/lib/python3.12/site-packages/oslo_service/backend/_threading/loopingcall.py:125}}
Jun 15 07:59:05.122552 np0000002831 nova-scheduler[95641]: DEBUG nova.scheduler.manager [None req-8a49a6f0-5c09-42df-9286-f5408d728b36 tempest-DeleteServersTestJSON-61117229 tempest-DeleteServersTestJSON-61117229-project-member] Starting to schedule for instances: ['f0bb3117-0259-43f0-ab64-4ffaec1ed1be'] {{(pid=95641) select_destinations /opt/stack/nova/nova/scheduler/manager.py:210}}
Jun 15 07:59:05.123070 np0000002831 nova-scheduler[95641]: DEBUG nova.scheduler.request_filter [None req-8a49a6f0-5c09-42df-9286-f5408d728b36 tempest-DeleteServersTestJSON-61117229 tempest-DeleteServersTestJSON-61117229-project-member] compute_status_filter request filter added forbidden trait COMPUTE_STATUS_DISABLED {{(pid=95641) compute_status_filter /opt/stack/nova/nova/scheduler/request_filter.py:253}}
Jun 15 07:59:05.123200 np0000002831 nova-scheduler[95641]: DEBUG nova.scheduler.request_filter [None req-8a49a6f0-5c09-42df-9286-f5408d728b36 tempest-DeleteServersTestJSON-61117229 tempest-DeleteServersTestJSON-61117229-project-member] Request filter 'compute_status_filter' took 0.0 seconds {{(pid=95641) wrapper /opt/stack/nova/nova/scheduler/request_filter.py:46}}
Jun 15 07:59:05.123452 np0000002831 nova-scheduler[95641]: DEBUG nova.scheduler.request_filter [None req-8a49a6f0-5c09-42df-9286-f5408d728b36 tempest-DeleteServersTestJSON-61117229 tempest-DeleteServersTestJSON-61117229-project-member] Request filter 'accelerators_filter' took 0.0 seconds {{(pid=95641) wrapper /opt/stack/nova/nova/scheduler/request_filter.py:46}}
Jun 15 07:59:05.123653 np0000002831 nova-scheduler[95641]: DEBUG nova.scheduler.request_filter [None req-8a49a6f0-5c09-42df-9286-f5408d728b36 tempest-DeleteServersTestJSON-61117229 tempest-DeleteServersTestJSON-61117229-project-member] Request filter 'packed_virtqueue_filter' took 0.0 seconds {{(pid=95641) wrapper /opt/stack/nova/nova/scheduler/request_filter.py:46}}
Jun 15 07:59:05.123959 np0000002831 nova-scheduler[95641]: DEBUG nova.scheduler.request_filter [None req-8a49a6f0-5c09-42df-9286-f5408d728b36 tempest-DeleteServersTestJSON-61117229 tempest-DeleteServersTestJSON-61117229-project-member] Request filter 'remote_managed_ports_filter' took 0.0 seconds {{(pid=95641) wrapper /opt/stack/nova/nova/scheduler/request_filter.py:46}}
Jun 15 07:59:05.124089 np0000002831 nova-scheduler[95641]: DEBUG nova.scheduler.request_filter [None req-8a49a6f0-5c09-42df-9286-f5408d728b36 tempest-DeleteServersTestJSON-61117229 tempest-DeleteServersTestJSON-61117229-project-member] ephemeral_encryption_filter skipped {{(pid=95641) ephemeral_encryption_filter /opt/stack/nova/nova/scheduler/request_filter.py:426}}
Jun 15 07:59:05.124263 np0000002831 nova-scheduler[95641]: DEBUG nova.scheduler.request_filter [None req-8a49a6f0-5c09-42df-9286-f5408d728b36 tempest-DeleteServersTestJSON-61117229 tempest-DeleteServersTestJSON-61117229-project-member] virtio_sound_filter skipped {{(pid=95641) virtio_sound_filter /opt/stack/nova/nova/scheduler/request_filter.py:460}}
Jun 15 07:59:05.124400 np0000002831 nova-scheduler[95641]: DEBUG nova.scheduler.request_filter [None req-8a49a6f0-5c09-42df-9286-f5408d728b36 tempest-DeleteServersTestJSON-61117229 tempest-DeleteServersTestJSON-61117229-project-member] tpm_secret_security_filter skipped {{(pid=95641) tpm_secret_security_filter /opt/stack/nova/nova/scheduler/request_filter.py:477}}
Jun 15 07:59:05.431285 np0000002831 nova-scheduler[95643]: DEBUG nova.scheduler.manager [None req-ffdbc763-534f-4218-b284-c1203bc081cf tempest-ServerActionsTestOtherA-2126653981 tempest-ServerActionsTestOtherA-2126653981-project-member] Starting to schedule for instances: ['5c51c66e-e08d-4976-a2c4-a3542dce5908'] {{(pid=95643) select_destinations /opt/stack/nova/nova/scheduler/manager.py:210}}
Jun 15 07:59:05.431856 np0000002831 nova-scheduler[95643]: DEBUG nova.scheduler.request_filter [None req-ffdbc763-534f-4218-b284-c1203bc081cf tempest-ServerActionsTestOtherA-2126653981 tempest-ServerActionsTestOtherA-2126653981-project-member] compute_status_filter request filter added forbidden trait COMPUTE_STATUS_DISABLED {{(pid=95643) compute_status_filter /opt/stack/nova/nova/scheduler/request_filter.py:253}}
Jun 15 07:59:05.431856 np0000002831 nova-scheduler[95643]: DEBUG nova.scheduler.request_filter [None req-ffdbc763-534f-4218-b284-c1203bc081cf tempest-ServerActionsTestOtherA-2126653981 tempest-ServerActionsTestOtherA-2126653981-project-member] Request filter 'compute_status_filter' took 0.0 seconds {{(pid=95643) wrapper /opt/stack/nova/nova/scheduler/request_filter.py:46}}
Jun 15 07:59:05.432113 np0000002831 nova-scheduler[95643]: DEBUG nova.scheduler.request_filter [None req-ffdbc763-534f-4218-b284-c1203bc081cf tempest-ServerActionsTestOtherA-2126653981 tempest-ServerActionsTestOtherA-2126653981-project-member] Request filter 'accelerators_filter' took 0.0 seconds {{(pid=95643) wrapper /opt/stack/nova/nova/scheduler/request_filter.py:46}}
Jun 15 07:59:05.432346 np0000002831 nova-scheduler[95643]: DEBUG nova.scheduler.request_filter [None req-ffdbc763-534f-4218-b284-c1203bc081cf tempest-ServerActionsTestOtherA-2126653981 tempest-ServerActionsTestOtherA-2126653981-project-member] Request filter 'packed_virtqueue_filter' took 0.0 seconds {{(pid=95643) wrapper /opt/stack/nova/nova/scheduler/request_filter.py:46}}
Jun 15 07:59:05.432665 np0000002831 nova-scheduler[95643]: DEBUG nova.scheduler.request_filter [None req-ffdbc763-534f-4218-b284-c1203bc081cf tempest-ServerActionsTestOtherA-2126653981 tempest-ServerActionsTestOtherA-2126653981-project-member] Request filter 'remote_managed_ports_filter' took 0.0 seconds {{(pid=95643) wrapper /opt/stack/nova/nova/scheduler/request_filter.py:46}}
Jun 15 07:59:05.432835 np0000002831 nova-scheduler[95643]: DEBUG nova.scheduler.request_filter [None req-ffdbc763-534f-4218-b284-c1203bc081cf tempest-ServerActionsTestOtherA-2126653981 tempest-ServerActionsTestOtherA-2126653981-project-member] ephemeral_encryption_filter skipped {{(pid=95643) ephemeral_encryption_filter /opt/stack/nova/nova/scheduler/request_filter.py:426}}
Jun 15 07:59:05.432999 np0000002831 nova-scheduler[95643]: DEBUG nova.scheduler.request_filter [None req-ffdbc763-534f-4218-b284-c1203bc081cf tempest-ServerActionsTestOtherA-2126653981 tempest-ServerActionsTestOtherA-2126653981-project-member] virtio_sound_filter skipped {{(pid=95643) virtio_sound_filter /opt/stack/nova/nova/scheduler/request_filter.py:460}}
Jun 15 07:59:05.433151 np0000002831 nova-scheduler[95643]: DEBUG nova.scheduler.request_filter [None req-ffdbc763-534f-4218-b284-c1203bc081cf tempest-ServerActionsTestOtherA-2126653981 tempest-ServerActionsTestOtherA-2126653981-project-member] tpm_secret_security_filter skipped {{(pid=95643) tpm_secret_security_filter /opt/stack/nova/nova/scheduler/request_filter.py:477}}
Jun 15 07:59:05.878866 np0000002831 nova-scheduler[95641]: INFO nova.utils [None req-8a49a6f0-5c09-42df-9286-f5408d728b36 tempest-DeleteServersTestJSON-61117229 tempest-DeleteServersTestJSON-61117229-project-member] The cell worker thread pool ForkProcess-1.cell_worker is initialized
Jun 15 07:59:05.878866 np0000002831 nova-scheduler[95641]: DEBUG oslo_concurrency.lockutils [None req-8a49a6f0-5c09-42df-9286-f5408d728b36 tempest-DeleteServersTestJSON-61117229 tempest-DeleteServersTestJSON-61117229-project-member] Acquiring lock "9c1c75ee-abb9-43b9-a353-c64d6a46cfa9" by "nova.context.set_target_cell..get_or_set_cached_cell_and_set_connections" {{(pid=95641) inner /opt/stack/data/venv/lib/python3.12/site-packages/oslo_concurrency/lockutils.py:511}}
Jun 15 07:59:05.878866 np0000002831 nova-scheduler[95641]: DEBUG oslo_concurrency.lockutils [None req-8a49a6f0-5c09-42df-9286-f5408d728b36 tempest-DeleteServersTestJSON-61117229 tempest-DeleteServersTestJSON-61117229-project-member] Lock "9c1c75ee-abb9-43b9-a353-c64d6a46cfa9" acquired by "nova.context.set_target_cell..get_or_set_cached_cell_and_set_connections" :: waited 0.000s {{(pid=95641) inner /opt/stack/data/venv/lib/python3.12/site-packages/oslo_concurrency/lockutils.py:524}}
Jun 15 07:59:05.880358 np0000002831 nova-scheduler[95641]: DEBUG oslo_concurrency.lockutils [None req-8a49a6f0-5c09-42df-9286-f5408d728b36 tempest-DeleteServersTestJSON-61117229 tempest-DeleteServersTestJSON-61117229-project-member] Lock "9c1c75ee-abb9-43b9-a353-c64d6a46cfa9" "released" by "nova.context.set_target_cell..get_or_set_cached_cell_and_set_connections" :: held 0.001s {{(pid=95641) inner /opt/stack/data/venv/lib/python3.12/site-packages/oslo_concurrency/lockutils.py:543}}
Jun 15 07:59:05.883064 np0000002831 nova-scheduler[95641]: INFO dbcounter [None req-8a49a6f0-5c09-42df-9286-f5408d728b36 tempest-DeleteServersTestJSON-61117229 tempest-DeleteServersTestJSON-61117229-project-member] Registered counter for database nova_cell1
Jun 15 07:59:05.946620 np0000002831 nova-scheduler[95641]: DEBUG oslo_db.sqlalchemy.engines [None req-8a49a6f0-5c09-42df-9286-f5408d728b36 tempest-DeleteServersTestJSON-61117229 tempest-DeleteServersTestJSON-61117229-project-member] MySQL server mode set to STRICT_TRANS_TABLES,STRICT_ALL_TABLES,NO_ZERO_IN_DATE,NO_ZERO_DATE,ERROR_FOR_DIVISION_BY_ZERO,TRADITIONAL,NO_ENGINE_SUBSTITUTION {{(pid=95641) _check_effective_sql_mode /opt/stack/data/venv/lib/python3.12/site-packages/oslo_db/sqlalchemy/engines.py:325}}
Jun 15 07:59:05.947463 np0000002831 nova-scheduler[95643]: INFO nova.utils [None req-ffdbc763-534f-4218-b284-c1203bc081cf tempest-ServerActionsTestOtherA-2126653981 tempest-ServerActionsTestOtherA-2126653981-project-member] The cell worker thread pool ForkProcess-2.cell_worker is initialized
Jun 15 07:59:05.947862 np0000002831 nova-scheduler[95643]: DEBUG oslo_concurrency.lockutils [None req-ffdbc763-534f-4218-b284-c1203bc081cf tempest-ServerActionsTestOtherA-2126653981 tempest-ServerActionsTestOtherA-2126653981-project-member] Acquiring lock "9c1c75ee-abb9-43b9-a353-c64d6a46cfa9" by "nova.context.set_target_cell..get_or_set_cached_cell_and_set_connections" {{(pid=95643) inner /opt/stack/data/venv/lib/python3.12/site-packages/oslo_concurrency/lockutils.py:511}}
Jun 15 07:59:05.948061 np0000002831 nova-scheduler[95643]: DEBUG oslo_concurrency.lockutils [None req-ffdbc763-534f-4218-b284-c1203bc081cf tempest-ServerActionsTestOtherA-2126653981 tempest-ServerActionsTestOtherA-2126653981-project-member] Lock "9c1c75ee-abb9-43b9-a353-c64d6a46cfa9" acquired by "nova.context.set_target_cell..get_or_set_cached_cell_and_set_connections" :: waited 0.000s {{(pid=95643) inner /opt/stack/data/venv/lib/python3.12/site-packages/oslo_concurrency/lockutils.py:524}}
Jun 15 07:59:05.949861 np0000002831 nova-scheduler[95643]: DEBUG oslo_concurrency.lockutils [None req-ffdbc763-534f-4218-b284-c1203bc081cf tempest-ServerActionsTestOtherA-2126653981 tempest-ServerActionsTestOtherA-2126653981-project-member] Lock "9c1c75ee-abb9-43b9-a353-c64d6a46cfa9" "released" by "nova.context.set_target_cell..get_or_set_cached_cell_and_set_connections" :: held 0.002s {{(pid=95643) inner /opt/stack/data/venv/lib/python3.12/site-packages/oslo_concurrency/lockutils.py:543}}
Jun 15 07:59:05.951693 np0000002831 nova-scheduler[95643]: INFO dbcounter [None req-ffdbc763-534f-4218-b284-c1203bc081cf tempest-ServerActionsTestOtherA-2126653981 tempest-ServerActionsTestOtherA-2126653981-project-member] Registered counter for database nova_cell1
Jun 15 07:59:05.953861 np0000002831 nova-scheduler[95641]: DEBUG dbcounter [-] [95641] Writer thread running {{(pid=95641) stat_writer /opt/stack/data/venv/lib/python3.12/site-packages/dbcounter.py:102}}
Jun 15 07:59:05.974276 np0000002831 nova-scheduler[95641]: DEBUG oslo_db.sqlalchemy.engines [None req-8a49a6f0-5c09-42df-9286-f5408d728b36 tempest-DeleteServersTestJSON-61117229 tempest-DeleteServersTestJSON-61117229-project-member] Parent process 94383 forked (95641) with an open database connection, which is being discarded and recreated. {{(pid=95641) checkout /opt/stack/data/venv/lib/python3.12/site-packages/oslo_db/sqlalchemy/engines.py:402}}
Jun 15 07:59:05.998512 np0000002831 nova-scheduler[95643]: DEBUG oslo_db.sqlalchemy.engines [None req-ffdbc763-534f-4218-b284-c1203bc081cf tempest-ServerActionsTestOtherA-2126653981 tempest-ServerActionsTestOtherA-2126653981-project-member] MySQL server mode set to STRICT_TRANS_TABLES,STRICT_ALL_TABLES,NO_ZERO_IN_DATE,NO_ZERO_DATE,ERROR_FOR_DIVISION_BY_ZERO,TRADITIONAL,NO_ENGINE_SUBSTITUTION {{(pid=95643) _check_effective_sql_mode /opt/stack/data/venv/lib/python3.12/site-packages/oslo_db/sqlalchemy/engines.py:325}}
Jun 15 07:59:06.010227 np0000002831 nova-scheduler[95643]: DEBUG dbcounter [-] [95643] Writer thread running {{(pid=95643) stat_writer /opt/stack/data/venv/lib/python3.12/site-packages/dbcounter.py:102}}
Jun 15 07:59:06.045245 np0000002831 nova-scheduler[95641]: DEBUG dbcounter [-] [95641] Writer thread running {{(pid=95641) stat_writer /opt/stack/data/venv/lib/python3.12/site-packages/dbcounter.py:102}}
Jun 15 07:59:06.050632 np0000002831 nova-scheduler[95645]: DEBUG nova.scheduler.manager [None req-0af3ce6a-ef67-4afa-b0e2-33beab342eca tempest-AttachVolumeShelveTestJSON-373109988 tempest-AttachVolumeShelveTestJSON-373109988-project-member] Starting to schedule for instances: ['c8afa839-4c2e-4ece-8a10-a71447558889'] {{(pid=95645) select_destinations /opt/stack/nova/nova/scheduler/manager.py:210}}
Jun 15 07:59:06.051657 np0000002831 nova-scheduler[95645]: DEBUG nova.scheduler.request_filter [None req-0af3ce6a-ef67-4afa-b0e2-33beab342eca tempest-AttachVolumeShelveTestJSON-373109988 tempest-AttachVolumeShelveTestJSON-373109988-project-member] compute_status_filter request filter added forbidden trait COMPUTE_STATUS_DISABLED {{(pid=95645) compute_status_filter /opt/stack/nova/nova/scheduler/request_filter.py:253}}
Jun 15 07:59:06.052181 np0000002831 nova-scheduler[95645]: DEBUG nova.scheduler.request_filter [None req-0af3ce6a-ef67-4afa-b0e2-33beab342eca tempest-AttachVolumeShelveTestJSON-373109988 tempest-AttachVolumeShelveTestJSON-373109988-project-member] Request filter 'compute_status_filter' took 0.0 seconds {{(pid=95645) wrapper /opt/stack/nova/nova/scheduler/request_filter.py:46}}
Jun 15 07:59:06.052518 np0000002831 nova-scheduler[95645]: DEBUG nova.scheduler.request_filter [None req-0af3ce6a-ef67-4afa-b0e2-33beab342eca tempest-AttachVolumeShelveTestJSON-373109988 tempest-AttachVolumeShelveTestJSON-373109988-project-member] Request filter 'accelerators_filter' took 0.0 seconds {{(pid=95645) wrapper /opt/stack/nova/nova/scheduler/request_filter.py:46}}
Jun 15 07:59:06.052806 np0000002831 nova-scheduler[95645]: DEBUG nova.scheduler.request_filter [None req-0af3ce6a-ef67-4afa-b0e2-33beab342eca tempest-AttachVolumeShelveTestJSON-373109988 tempest-AttachVolumeShelveTestJSON-373109988-project-member] Request filter 'packed_virtqueue_filter' took 0.0 seconds {{(pid=95645) wrapper /opt/stack/nova/nova/scheduler/request_filter.py:46}}
Jun 15 07:59:06.053072 np0000002831 nova-scheduler[95645]: DEBUG nova.scheduler.request_filter [None req-0af3ce6a-ef67-4afa-b0e2-33beab342eca tempest-AttachVolumeShelveTestJSON-373109988 tempest-AttachVolumeShelveTestJSON-373109988-project-member] Request filter 'remote_managed_ports_filter' took 0.0 seconds {{(pid=95645) wrapper /opt/stack/nova/nova/scheduler/request_filter.py:46}}
Jun 15 07:59:06.053214 np0000002831 nova-scheduler[95645]: DEBUG nova.scheduler.request_filter [None req-0af3ce6a-ef67-4afa-b0e2-33beab342eca tempest-AttachVolumeShelveTestJSON-373109988 tempest-AttachVolumeShelveTestJSON-373109988-project-member] ephemeral_encryption_filter skipped {{(pid=95645) ephemeral_encryption_filter /opt/stack/nova/nova/scheduler/request_filter.py:426}}
Jun 15 07:59:06.053437 np0000002831 nova-scheduler[95645]: DEBUG nova.scheduler.request_filter [None req-0af3ce6a-ef67-4afa-b0e2-33beab342eca tempest-AttachVolumeShelveTestJSON-373109988 tempest-AttachVolumeShelveTestJSON-373109988-project-member] virtio_sound_filter skipped {{(pid=95645) virtio_sound_filter /opt/stack/nova/nova/scheduler/request_filter.py:460}}
Jun 15 07:59:06.053628 np0000002831 nova-scheduler[95645]: DEBUG nova.scheduler.request_filter [None req-0af3ce6a-ef67-4afa-b0e2-33beab342eca tempest-AttachVolumeShelveTestJSON-373109988 tempest-AttachVolumeShelveTestJSON-373109988-project-member] tpm_secret_security_filter skipped {{(pid=95645) tpm_secret_security_filter /opt/stack/nova/nova/scheduler/request_filter.py:477}}
Jun 15 07:59:06.061769 np0000002831 nova-scheduler[95641]: DEBUG oslo_concurrency.lockutils [None req-8a49a6f0-5c09-42df-9286-f5408d728b36 tempest-DeleteServersTestJSON-61117229 tempest-DeleteServersTestJSON-61117229-project-member] Acquiring lock "9c1c75ee-abb9-43b9-a353-c64d6a46cfa9" by "nova.context.set_target_cell..get_or_set_cached_cell_and_set_connections" {{(pid=95641) inner /opt/stack/data/venv/lib/python3.12/site-packages/oslo_concurrency/lockutils.py:511}}
Jun 15 07:59:06.062012 np0000002831 nova-scheduler[95641]: DEBUG oslo_concurrency.lockutils [None req-8a49a6f0-5c09-42df-9286-f5408d728b36 tempest-DeleteServersTestJSON-61117229 tempest-DeleteServersTestJSON-61117229-project-member] Lock "9c1c75ee-abb9-43b9-a353-c64d6a46cfa9" acquired by "nova.context.set_target_cell..get_or_set_cached_cell_and_set_connections" :: waited 0.000s {{(pid=95641) inner /opt/stack/data/venv/lib/python3.12/site-packages/oslo_concurrency/lockutils.py:524}}
Jun 15 07:59:06.062167 np0000002831 nova-scheduler[95641]: DEBUG oslo_concurrency.lockutils [None req-8a49a6f0-5c09-42df-9286-f5408d728b36 tempest-DeleteServersTestJSON-61117229 tempest-DeleteServersTestJSON-61117229-project-member] Lock "9c1c75ee-abb9-43b9-a353-c64d6a46cfa9" "released" by "nova.context.set_target_cell..get_or_set_cached_cell_and_set_connections" :: held 0.000s {{(pid=95641) inner /opt/stack/data/venv/lib/python3.12/site-packages/oslo_concurrency/lockutils.py:543}}
Jun 15 07:59:06.070430 np0000002831 nova-scheduler[95641]: DEBUG oslo_concurrency.lockutils [None req-8a49a6f0-5c09-42df-9286-f5408d728b36 tempest-DeleteServersTestJSON-61117229 tempest-DeleteServersTestJSON-61117229-project-member] Acquiring lock "('np0000002831', 'np0000002831')" by "nova.scheduler.host_manager.HostState.update.._locked_update" {{(pid=95641) inner /opt/stack/data/venv/lib/python3.12/site-packages/oslo_concurrency/lockutils.py:511}}
Jun 15 07:59:06.070766 np0000002831 nova-scheduler[95641]: DEBUG oslo_concurrency.lockutils [None req-8a49a6f0-5c09-42df-9286-f5408d728b36 tempest-DeleteServersTestJSON-61117229 tempest-DeleteServersTestJSON-61117229-project-member] Lock "('np0000002831', 'np0000002831')" acquired by "nova.scheduler.host_manager.HostState.update.._locked_update" :: waited 0.001s {{(pid=95641) inner /opt/stack/data/venv/lib/python3.12/site-packages/oslo_concurrency/lockutils.py:524}}
Jun 15 07:59:06.072657 np0000002831 nova-scheduler[95641]: DEBUG nova.scheduler.host_manager [None req-8a49a6f0-5c09-42df-9286-f5408d728b36 tempest-DeleteServersTestJSON-61117229 tempest-DeleteServersTestJSON-61117229-project-member] Update host state from compute node: ComputeNode(cpu_allocation_ratio=4.0,cpu_info='{"arch": "x86_64", "model": "EPYC-Milan", "vendor": "AMD", "topology": {"cells": 1, "sockets": 12, "cores": 1, "threads": 1}, "maxphysaddr": {"mode": "emulate", "bits": 40}, "features": ["fsgsbase", "tsc-deadline", "clzero", "skip-l1dfl-vmentry", "lm", "sse4.2", "pclmuldq", "pat", "fxsr_opt", "cmov", "amd-ssbd", "avx", "rdctl-no", "misalignsse", "mce", "svme-addr-chk", "xsaveopt", "rdpid", "vmcb-clean", "ibpb", "nrip-save", "erms", "pschange-mc-no", "adx", "movbe", "xsave", "spec-ctrl", "mca", "topoext", "npt", "flushbyasid", "tsc_adjust", "avx2", "tsc-scale", "lbrv", "fma", "pfthreshold", "sha-ni", "fpu", "wbnoinvd", "virt-ssbd", "pge", "ssse3", "rdseed", "mds-no", "amd-stibp", "vpclmulqdq", "pni", "lfence-always-serializing", "null-sel-clr-base", "pause-filter", "cx8", "invpcid", "mtrr", "clflushopt", "abm", "bmi2", "stibp", "mmx", "v-vmsave-vmload", "mmxext", "pse", "vme", "pku", "aes", "ssbd", "bmi1", "fsrm", "sep", "f16c", "osvw", "nx", "svm", "cx16", "cr8legacy", "rdrand", "stibp-always-on", "clwb", "smep", "de", "hypervisor", "ibrs", "vaes", "rdtscp", "tsc", "perfctr_core", "pdpe1gb", "msr", "lahf_lm", "syscall", "smap", "no-nested-data-bp", "pae", "x2apic", "xsaves", "fxsr", "xgetbv1", "xsaveerptr", "sse2", "apic", "pcid", "arat", "sse4a", "vgif", "pse36", "3dnowprefetch", "umip", "popcnt", "sse", "cmp_legacy", "gds-no", "clflush", "sse4.1", "amd-psfd", "arch-capabilities", "xsavec"]}',created_at=2026-06-15T07:56:45Z,current_workload=0,deleted=False,deleted_at=None,disk_allocation_ratio=1.0,disk_available_least=74,free_disk_gb=95,free_ram_mb=23518,host='np0000002831',host_ip=10.4.3.87,hypervisor_hostname='np0000002831',hypervisor_type='QEMU',hypervisor_version=8002002,id=1,local_gb=95,local_gb_used=0,mapped=1,memory_mb=24030,memory_mb_used=512,metrics='[]',numa_topology='{"nova_object.name": "NUMATopology", "nova_object.namespace": "nova", "nova_object.version": "1.2", "nova_object.data": {"cells": [{"nova_object.name": "NUMACell", "nova_object.namespace": "nova", "nova_object.version": "1.5", "nova_object.data": {"id": 0, "cpuset": [0, 1, 2, 3, 4, 5, 6, 7, 8, 9, 10, 11], "pcpuset": [0, 1, 2, 3, 4, 5, 6, 7, 8, 9, 10, 11], "memory": 24030, "cpu_usage": 0, "memory_usage": 0, "pinned_cpus": [], "siblings": [[6], [2], [5], [11], [8], [4], [1], [7], [10], [0], [3], [9]], "mempages": [{"nova_object.name": "NUMAPagesTopology", "nova_object.namespace": "nova", "nova_object.version": "1.1", "nova_object.data": {"size_kb": 4, "total": 6151797, "used": 0, "reserved": 0}, "nova_object.changes": ["total", "used", "reserved", "size_kb"]}, {"nova_object.name": "NUMAPagesTopology", "nova_object.namespace": "nova", "nova_object.version": "1.1", "nova_object.data": {"size_kb": 2048, "total": 0, "used": 0, "reserved": 0}, "nova_object.changes": ["total", "used", "reserved", "size_kb"]}, {"nova_object.name": "NUMAPagesTopology", "nova_object.namespace": "nova", "nova_object.version": "1.1", "nova_object.data": {"size_kb": 1048576, "total": 0, "used": 0, "reserved": 0}, "nova_object.changes": ["total", "used", "reserved", "size_kb"]}], "network_metadata": {"nova_object.name": "NetworkMetadata", "nova_object.namespace": "nova", "nova_object.version": "1.0", "nova_object.data": {"physnets": [], "tunneled": false}, "nova_object.changes": ["physnets", "tunneled"]}, "socket": null}, "nova_object.changes": ["id", "pinned_cpus", "cpu_usage", "socket", "cpuset", "memory_usage", "pcpuset", "network_metadata", "mempages", "siblings", "memory"]}]}, "nova_object.changes": ["cells"]}',pci_device_pools=PciDevicePoolList,ram_allocation_ratio=1.0,running_vms=0,service_id=2,stats={failed_builds='0',uptime=' 07:58:30 up 25 min, 2 users, load average: 1.10, 1.20, 0.72
Jun 15 07:59:06.072657 np0000002831 nova-scheduler[95641]: '},supported_hv_specs=[HVSpec,HVSpec,HVSpec,HVSpec,HVSpec,HVSpec,HVSpec,HVSpec,HVSpec,HVSpec,HVSpec,HVSpec,HVSpec,HVSpec,HVSpec,HVSpec,HVSpec,HVSpec,HVSpec,HVSpec,HVSpec,HVSpec,HVSpec,HVSpec,HVSpec],updated_at=2026-06-15T07:58:32Z,uuid=06691207-c878-4c3a-81d9-08b142a22af4,vcpus=12,vcpus_used=0) {{(pid=95641) _locked_update /opt/stack/nova/nova/scheduler/host_manager.py:168}}
Jun 15 07:59:06.073663 np0000002831 nova-scheduler[95641]: DEBUG nova.scheduler.host_manager [None req-8a49a6f0-5c09-42df-9286-f5408d728b36 tempest-DeleteServersTestJSON-61117229 tempest-DeleteServersTestJSON-61117229-project-member] Update host state with aggregates: [] {{(pid=95641) _locked_update /opt/stack/nova/nova/scheduler/host_manager.py:171}}
Jun 15 07:59:06.073950 np0000002831 nova-scheduler[95641]: DEBUG nova.scheduler.host_manager [None req-8a49a6f0-5c09-42df-9286-f5408d728b36 tempest-DeleteServersTestJSON-61117229 tempest-DeleteServersTestJSON-61117229-project-member] Update host state with service dict: {'id': 2, 'uuid': '332514de-c1d7-424d-a8ab-088380894333', 'host': 'np0000002831', 'binary': 'nova-compute', 'topic': 'compute', 'report_count': 2, 'disabled': False, 'disabled_reason': None, 'last_seen_up': datetime.datetime(2026, 6, 15, 7, 58, 54, tzinfo=datetime.timezone.utc), 'forced_down': False, 'version': 72, 'created_at': datetime.datetime(2026, 6, 15, 7, 56, 43, tzinfo=datetime.timezone.utc), 'updated_at': datetime.datetime(2026, 6, 15, 7, 58, 54, tzinfo=datetime.timezone.utc), 'deleted_at': None, 'deleted': False} {{(pid=95641) _locked_update /opt/stack/nova/nova/scheduler/host_manager.py:174}}
Jun 15 07:59:06.074148 np0000002831 nova-scheduler[95641]: DEBUG nova.scheduler.host_manager [None req-8a49a6f0-5c09-42df-9286-f5408d728b36 tempest-DeleteServersTestJSON-61117229 tempest-DeleteServersTestJSON-61117229-project-member] Update host state with instances: [] {{(pid=95641) _locked_update /opt/stack/nova/nova/scheduler/host_manager.py:177}}
Jun 15 07:59:06.074450 np0000002831 nova-scheduler[95641]: DEBUG oslo_concurrency.lockutils [None req-8a49a6f0-5c09-42df-9286-f5408d728b36 tempest-DeleteServersTestJSON-61117229 tempest-DeleteServersTestJSON-61117229-project-member] Lock "('np0000002831', 'np0000002831')" "released" by "nova.scheduler.host_manager.HostState.update.._locked_update" :: held 0.004s {{(pid=95641) inner /opt/stack/data/venv/lib/python3.12/site-packages/oslo_concurrency/lockutils.py:543}}
Jun 15 07:59:06.075002 np0000002831 nova-scheduler[95641]: DEBUG nova.filters [None req-8a49a6f0-5c09-42df-9286-f5408d728b36 tempest-DeleteServersTestJSON-61117229 tempest-DeleteServersTestJSON-61117229-project-member] Starting with 1 host(s) {{(pid=95641) get_filtered_objects /opt/stack/nova/nova/filters.py:70}}
Jun 15 07:59:06.075253 np0000002831 nova-scheduler[95641]: DEBUG nova.filters [None req-8a49a6f0-5c09-42df-9286-f5408d728b36 tempest-DeleteServersTestJSON-61117229 tempest-DeleteServersTestJSON-61117229-project-member] Filter ComputeFilter returned 1 host(s) {{(pid=95641) get_filtered_objects /opt/stack/nova/nova/filters.py:102}}
Jun 15 07:59:06.075891 np0000002831 nova-scheduler[95641]: DEBUG nova.filters [None req-8a49a6f0-5c09-42df-9286-f5408d728b36 tempest-DeleteServersTestJSON-61117229 tempest-DeleteServersTestJSON-61117229-project-member] Filter ComputeCapabilitiesFilter returned 1 host(s) {{(pid=95641) get_filtered_objects /opt/stack/nova/nova/filters.py:102}}
Jun 15 07:59:06.075891 np0000002831 nova-scheduler[95641]: DEBUG nova.filters [None req-8a49a6f0-5c09-42df-9286-f5408d728b36 tempest-DeleteServersTestJSON-61117229 tempest-DeleteServersTestJSON-61117229-project-member] Filter ImagePropertiesFilter returned 1 host(s) {{(pid=95641) get_filtered_objects /opt/stack/nova/nova/filters.py:102}}
Jun 15 07:59:06.075972 np0000002831 nova-scheduler[95641]: DEBUG nova.filters [None req-8a49a6f0-5c09-42df-9286-f5408d728b36 tempest-DeleteServersTestJSON-61117229 tempest-DeleteServersTestJSON-61117229-project-member] Filter ServerGroupAntiAffinityFilter returned 1 host(s) {{(pid=95641) get_filtered_objects /opt/stack/nova/nova/filters.py:102}}
Jun 15 07:59:06.077002 np0000002831 nova-scheduler[95641]: DEBUG nova.filters [None req-8a49a6f0-5c09-42df-9286-f5408d728b36 tempest-DeleteServersTestJSON-61117229 tempest-DeleteServersTestJSON-61117229-project-member] Filter ServerGroupAffinityFilter returned 1 host(s) {{(pid=95641) get_filtered_objects /opt/stack/nova/nova/filters.py:102}}
Jun 15 07:59:06.077002 np0000002831 nova-scheduler[95641]: DEBUG nova.filters [None req-8a49a6f0-5c09-42df-9286-f5408d728b36 tempest-DeleteServersTestJSON-61117229 tempest-DeleteServersTestJSON-61117229-project-member] Filter SameHostFilter returned 1 host(s) {{(pid=95641) get_filtered_objects /opt/stack/nova/nova/filters.py:102}}
Jun 15 07:59:06.077002 np0000002831 nova-scheduler[95641]: DEBUG nova.filters [None req-8a49a6f0-5c09-42df-9286-f5408d728b36 tempest-DeleteServersTestJSON-61117229 tempest-DeleteServersTestJSON-61117229-project-member] Filter DifferentHostFilter returned 1 host(s) {{(pid=95641) get_filtered_objects /opt/stack/nova/nova/filters.py:102}}
Jun 15 07:59:06.077002 np0000002831 nova-scheduler[95641]: DEBUG nova.scheduler.manager [None req-8a49a6f0-5c09-42df-9286-f5408d728b36 tempest-DeleteServersTestJSON-61117229 tempest-DeleteServersTestJSON-61117229-project-member] Filtered [(np0000002831, np0000002831) ram: 23518MB disk: 75776MB io_ops: 0 instances: 0, allocation_candidates: 1] {{(pid=95641) _get_sorted_hosts /opt/stack/nova/nova/scheduler/manager.py:743}}
Jun 15 07:59:06.077002 np0000002831 nova-scheduler[95641]: DEBUG nova.scheduler.manager [None req-8a49a6f0-5c09-42df-9286-f5408d728b36 tempest-DeleteServersTestJSON-61117229 tempest-DeleteServersTestJSON-61117229-project-member] Weighed [WeighedHost [host: (np0000002831, np0000002831) ram: 23518MB disk: 75776MB io_ops: 0 instances: 0, allocation_candidates: 1, weight: 0.0]] {{(pid=95641) _get_sorted_hosts /opt/stack/nova/nova/scheduler/manager.py:765}}
Jun 15 07:59:06.077245 np0000002831 nova-scheduler[95641]: DEBUG nova.scheduler.utils [None req-8a49a6f0-5c09-42df-9286-f5408d728b36 tempest-DeleteServersTestJSON-61117229 tempest-DeleteServersTestJSON-61117229-project-member] Attempting to claim resources in the placement API for instance f0bb3117-0259-43f0-ab64-4ffaec1ed1be {{(pid=95641) claim_resources /opt/stack/nova/nova/scheduler/utils.py:1345}}
Jun 15 07:59:06.089040 np0000002831 nova-scheduler[95643]: DEBUG dbcounter [-] [95643] Writer thread running {{(pid=95643) stat_writer /opt/stack/data/venv/lib/python3.12/site-packages/dbcounter.py:102}}
Jun 15 07:59:06.094751 np0000002831 nova-scheduler[95643]: DEBUG oslo_concurrency.lockutils [None req-ffdbc763-534f-4218-b284-c1203bc081cf tempest-ServerActionsTestOtherA-2126653981 tempest-ServerActionsTestOtherA-2126653981-project-member] Acquiring lock "9c1c75ee-abb9-43b9-a353-c64d6a46cfa9" by "nova.context.set_target_cell..get_or_set_cached_cell_and_set_connections" {{(pid=95643) inner /opt/stack/data/venv/lib/python3.12/site-packages/oslo_concurrency/lockutils.py:511}}
Jun 15 07:59:06.094751 np0000002831 nova-scheduler[95643]: DEBUG oslo_concurrency.lockutils [None req-ffdbc763-534f-4218-b284-c1203bc081cf tempest-ServerActionsTestOtherA-2126653981 tempest-ServerActionsTestOtherA-2126653981-project-member] Lock "9c1c75ee-abb9-43b9-a353-c64d6a46cfa9" acquired by "nova.context.set_target_cell..get_or_set_cached_cell_and_set_connections" :: waited 0.000s {{(pid=95643) inner /opt/stack/data/venv/lib/python3.12/site-packages/oslo_concurrency/lockutils.py:524}}
