Jun 13 01:12:51.629937 np0000002771 devstack@g-api.service[102060]: DEBUG glance_store.location [-] Registering scheme http with {'store': , 'location_class': , 'store_entry': 'http'} {{(pid=102060) register_scheme_map /opt/stack/data/venv/lib/python3.12/site-packages/glance_store/location.py:146}}
Jun 13 01:12:51.629937 np0000002771 devstack@g-api.service[102060]: DEBUG glance_store.location [-] Registering scheme https with {'store': , 'location_class': , 'store_entry': 'http'} {{(pid=102060) register_scheme_map /opt/stack/data/venv/lib/python3.12/site-packages/glance_store/location.py:146}}
Jun 13 01:12:51.630061 np0000002771 devstack@g-api.service[102060]: DEBUG glance_store.backend [-] Attempting to import store swift {{(pid=102060) _load_store /opt/stack/data/venv/lib/python3.12/site-packages/glance_store/backend.py:215}}
Jun 13 01:12:51.630323 np0000002771 devstack@g-api.service[102060]: WARNING oslo_config.cfg [-] Deprecated: Option "default_store" from group "glance_store" is deprecated for removal (
Jun 13 01:12:51.630323 np0000002771 devstack@g-api.service[102060]: This option is deprecated against new config option
Jun 13 01:12:51.630323 np0000002771 devstack@g-api.service[102060]: ``default_backend`` which acts similar to ``default_store`` config
Jun 13 01:12:51.630323 np0000002771 devstack@g-api.service[102060]: option.
Jun 13 01:12:51.630323 np0000002771 devstack@g-api.service[102060]: This option is scheduled for removal in the U development
Jun 13 01:12:51.630323 np0000002771 devstack@g-api.service[102060]: cycle.
Jun 13 01:12:51.630323 np0000002771 devstack@g-api.service[102060]: ). Its value may be silently ignored in the future.
Jun 13 01:12:51.631394 np0000002771 devstack@g-api.service[102060]: DEBUG glance_store.capabilities [-] Store glance_store._drivers.swift.store.SingleTenantStore doesn't support updating dynamic storage capabilities. Please overwrite 'update_capabilities' method of the store to implement updating logics if needed. {{(pid=102060) update_capabilities /opt/stack/data/venv/lib/python3.12/site-packages/glance_store/capabilities.py:91}}
Jun 13 01:12:51.631462 np0000002771 devstack@g-api.service[102060]: DEBUG glance_store.backend [-] Registering store swift with schemes ('swift+https', 'swift', 'swift+http', 'swift+config') {{(pid=102060) create_stores /opt/stack/data/venv/lib/python3.12/site-packages/glance_store/backend.py:261}}
Jun 13 01:12:51.631511 np0000002771 devstack@g-api.service[102060]: DEBUG glance_store.driver [-] Late loading location class glance_store._drivers.swift.store.StoreLocation {{(pid=102060) get_store_location_class /opt/stack/data/venv/lib/python3.12/site-packages/glance_store/driver.py:134}}
Jun 13 01:12:51.631542 np0000002771 devstack@g-api.service[102060]: DEBUG glance_store.location [-] Registering scheme swift+https with {'store': , 'location_class': , 'store_entry': 'swift'} {{(pid=102060) register_scheme_map /opt/stack/data/venv/lib/python3.12/site-packages/glance_store/location.py:146}}
Jun 13 01:12:51.631598 np0000002771 devstack@g-api.service[102060]: DEBUG glance_store.location [-] Registering scheme swift with {'store': , 'location_class': , 'store_entry': 'swift'} {{(pid=102060) register_scheme_map /opt/stack/data/venv/lib/python3.12/site-packages/glance_store/location.py:146}}
Jun 13 01:12:51.631639 np0000002771 devstack@g-api.service[102060]: DEBUG glance_store.location [-] Registering scheme swift+http with {'store': , 'location_class': , 'store_entry': 'swift'} {{(pid=102060) register_scheme_map /opt/stack/data/venv/lib/python3.12/site-packages/glance_store/location.py:146}}
Jun 13 01:12:51.631745 np0000002771 devstack@g-api.service[102060]: DEBUG glance_store.location [-] Registering scheme swift+config with {'store': , 'location_class': , 'store_entry': 'swift'} {{(pid=102060) register_scheme_map /opt/stack/data/venv/lib/python3.12/site-packages/glance_store/location.py:146}}
Jun 13 01:12:51.631863 np0000002771 devstack@g-api.service[102060]: DEBUG glance_store.backend [-] Attempting to import store swift {{(pid=102060) _load_store /opt/stack/data/venv/lib/python3.12/site-packages/glance_store/backend.py:215}}
Jun 13 01:12:51.632962 np0000002771 devstack@g-api.service[102060]: DEBUG glance_store.capabilities [-] Store glance_store._drivers.swift.store.SingleTenantStore doesn't support updating dynamic storage capabilities. Please overwrite 'update_capabilities' method of the store to implement updating logics if needed. {{(pid=102060) update_capabilities /opt/stack/data/venv/lib/python3.12/site-packages/glance_store/capabilities.py:91}}
Jun 13 01:12:51.633020 np0000002771 devstack@g-api.service[102060]: DEBUG glance_store.driver [-] Late loading location class glance_store._drivers.swift.store.StoreLocation {{(pid=102060) get_store_location_class /opt/stack/data/venv/lib/python3.12/site-packages/glance_store/driver.py:134}}
Jun 13 01:12:51.633085 np0000002771 devstack@g-api.service[102060]: DEBUG glance_store.location [-] Registering scheme swift+https with {'store': , 'location_class': , 'store_entry': 'swift'} {{(pid=102060) register_scheme_map /opt/stack/data/venv/lib/python3.12/site-packages/glance_store/location.py:146}}
Jun 13 01:12:51.633132 np0000002771 devstack@g-api.service[102060]: DEBUG glance_store.location [-] Registering scheme swift+https with {'store': , 'location_class': , 'store_entry': 'swift'} {{(pid=102060) register_scheme_map /opt/stack/data/venv/lib/python3.12/site-packages/glance_store/location.py:146}}
Jun 13 01:12:51.633188 np0000002771 devstack@g-api.service[102060]: DEBUG glance_store.location [-] Registering scheme swift with {'store': , 'location_class': , 'store_entry': 'swift'} {{(pid=102060) register_scheme_map /opt/stack/data/venv/lib/python3.12/site-packages/glance_store/location.py:146}}
Jun 13 01:12:51.633263 np0000002771 devstack@g-api.service[102060]: DEBUG glance_store.location [-] Registering scheme swift+https with {'store': , 'location_class': , 'store_entry': 'swift'} {{(pid=102060) register_scheme_map /opt/stack/data/venv/lib/python3.12/site-packages/glance_store/location.py:146}}
Jun 13 01:12:51.633263 np0000002771 devstack@g-api.service[102060]: DEBUG glance_store.location [-] Registering scheme swift with {'store': , 'location_class': , 'store_entry': 'swift'} {{(pid=102060) register_scheme_map /opt/stack/data/venv/lib/python3.12/site-packages/glance_store/location.py:146}}
Jun 13 01:12:51.633321 np0000002771 devstack@g-api.service[102060]: DEBUG glance_store.location [-] Registering scheme swift+http with {'store': , 'location_class': , 'store_entry': 'swift'} {{(pid=102060) register_scheme_map /opt/stack/data/venv/lib/python3.12/site-packages/glance_store/location.py:146}}
Jun 13 01:12:51.633388 np0000002771 devstack@g-api.service[102060]: DEBUG glance_store.location [-] Registering scheme swift+https with {'store': , 'location_class': , 'store_entry': 'swift'} {{(pid=102060) register_scheme_map /opt/stack/data/venv/lib/python3.12/site-packages/glance_store/location.py:146}}
Jun 13 01:12:51.633453 np0000002771 devstack@g-api.service[102060]: DEBUG glance_store.location [-] Registering scheme swift with {'store': , 'location_class': , 'store_entry': 'swift'} {{(pid=102060) register_scheme_map /opt/stack/data/venv/lib/python3.12/site-packages/glance_store/location.py:146}}
Jun 13 01:12:51.633489 np0000002771 devstack@g-api.service[102060]: DEBUG glance_store.location [-] Registering scheme swift+http with {'store': , 'location_class': , 'store_entry': 'swift'} {{(pid=102060) register_scheme_map /opt/stack/data/venv/lib/python3.12/site-packages/glance_store/location.py:146}}
Jun 13 01:12:51.633527 np0000002771 devstack@g-api.service[102060]: DEBUG glance_store.location [-] Registering scheme swift+config with {'store': , 'location_class': , 'store_entry': 'swift'} {{(pid=102060) register_scheme_map /opt/stack/data/venv/lib/python3.12/site-packages/glance_store/location.py:146}}
Jun 13 01:12:51.633781 np0000002771 devstack@g-api.service[102060]: DEBUG glance.sqlite_migration [-] SQLite caching database not located, skipping migration {{(pid=102060) get_db_path /opt/stack/glance/glance/sqlite_migration.py:68}}
Jun 13 01:12:51.633964 np0000002771 devstack@g-api.service[102060]: WARNING glance.common.wsgi_app [-] Import methods are enabled but staging directory /tmp/staging/ does not exist; Imports will fail!
Jun 13 01:12:51.747374 np0000002771 devstack@g-api.service[102061]: DEBUG glance.common.config [None req-19b15bd5-6bbd-4342-a9e4-efacd244cfed None None] Loading glance-api-keystone+cachemanagement from /etc/glance/glance-api-paste.ini {{(pid=102061) load_paste_app /opt/stack/glance/glance/common/config.py:758}}
Jun 13 01:12:51.844698 np0000002771 devstack@g-api.service[102059]: DEBUG glance.common.config [None req-0d6b4bae-233f-44a2-b329-4372035bfab0 None None] Loading glance-api-keystone+cachemanagement from /etc/glance/glance-api-paste.ini {{(pid=102059) load_paste_app /opt/stack/glance/glance/common/config.py:758}}
Jun 13 01:12:51.900706 np0000002771 devstack@g-api.service[102060]: DEBUG glance.common.config [None req-3f92492c-7d12-4f76-a5f7-a7d4b7182b7d None None] Loading glance-api-keystone+cachemanagement from /etc/glance/glance-api-paste.ini {{(pid=102060) load_paste_app /opt/stack/glance/glance/common/config.py:758}}
Jun 13 01:12:52.380968 np0000002771 devstack@g-api.service[102061]: INFO glance.image_cache [None req-19b15bd5-6bbd-4342-a9e4-efacd244cfed None None] Image cache loaded driver 'centralized_db'.
Jun 13 01:12:52.388741 np0000002771 devstack@g-api.service[102059]: INFO glance.image_cache [None req-0d6b4bae-233f-44a2-b329-4372035bfab0 None None] Image cache loaded driver 'centralized_db'.
Jun 13 01:12:52.432695 np0000002771 devstack@g-api.service[102061]: INFO dbcounter [None req-19b15bd5-6bbd-4342-a9e4-efacd244cfed None None] Registered counter for database glance
Jun 13 01:12:52.437822 np0000002771 devstack@g-api.service[102060]: INFO glance.image_cache [None req-3f92492c-7d12-4f76-a5f7-a7d4b7182b7d None None] Image cache loaded driver 'centralized_db'.
Jun 13 01:12:52.438640 np0000002771 devstack@g-api.service[102059]: INFO dbcounter [None req-0d6b4bae-233f-44a2-b329-4372035bfab0 None None] Registered counter for database glance
Jun 13 01:12:52.482532 np0000002771 devstack@g-api.service[102061]: DEBUG oslo_db.sqlalchemy.engines [None req-19b15bd5-6bbd-4342-a9e4-efacd244cfed None None] MySQL server mode set to STRICT_TRANS_TABLES,STRICT_ALL_TABLES,NO_ZERO_IN_DATE,NO_ZERO_DATE,ERROR_FOR_DIVISION_BY_ZERO,TRADITIONAL,NO_ENGINE_SUBSTITUTION {{(pid=102061) _check_effective_sql_mode /opt/stack/data/venv/lib/python3.12/site-packages/oslo_db/sqlalchemy/engines.py:325}}
Jun 13 01:12:52.490867 np0000002771 devstack@g-api.service[102060]: INFO dbcounter [None req-3f92492c-7d12-4f76-a5f7-a7d4b7182b7d None None] Registered counter for database glance
Jun 13 01:12:52.497943 np0000002771 devstack@g-api.service[102059]: DEBUG oslo_db.sqlalchemy.engines [None req-0d6b4bae-233f-44a2-b329-4372035bfab0 None None] MySQL server mode set to STRICT_TRANS_TABLES,STRICT_ALL_TABLES,NO_ZERO_IN_DATE,NO_ZERO_DATE,ERROR_FOR_DIVISION_BY_ZERO,TRADITIONAL,NO_ENGINE_SUBSTITUTION {{(pid=102059) _check_effective_sql_mode /opt/stack/data/venv/lib/python3.12/site-packages/oslo_db/sqlalchemy/engines.py:325}}
Jun 13 01:12:52.508957 np0000002771 devstack@g-api.service[102061]: DEBUG dbcounter [-] [102061] Writer thread running {{(pid=102061) stat_writer /opt/stack/data/venv/lib/python3.12/site-packages/dbcounter.py:102}}
Jun 13 01:12:52.521329 np0000002771 devstack@g-api.service[102061]: INFO glance.image_cache [None req-19b15bd5-6bbd-4342-a9e4-efacd244cfed None None] Image cache loaded driver 'centralized_db'.
Jun 13 01:12:52.527789 np0000002771 devstack@g-api.service[102059]: DEBUG dbcounter [-] [102059] Writer thread running {{(pid=102059) stat_writer /opt/stack/data/venv/lib/python3.12/site-packages/dbcounter.py:102}}
Jun 13 01:12:52.529021 np0000002771 devstack@g-api.service[102061]: DEBUG glance.image_cache.drivers.centralized_db [None req-19b15bd5-6bbd-4342-a9e4-efacd244cfed None None] Node reference is already recorded, ignoring it {{(pid=102061) configure /opt/stack/glance/glance/image_cache/drivers/centralized_db.py:71}}
Jun 13 01:12:52.530681 np0000002771 devstack@g-api.service[102059]: DEBUG glance.image_cache.drivers.centralized_db [None req-0d6b4bae-233f-44a2-b329-4372035bfab0 None None] Node reference is already recorded, ignoring it {{(pid=102059) configure /opt/stack/glance/glance/image_cache/drivers/centralized_db.py:71}}
Jun 13 01:12:52.534190 np0000002771 devstack@g-api.service[102061]: DEBUG glance.api.v2.cached_images [None req-19b15bd5-6bbd-4342-a9e4-efacd244cfed None None] Started cache worker thread {{(pid=102061) __init__ /opt/stack/glance/glance/api/v2/cached_images.py:69}}
Jun 13 01:12:52.534946 np0000002771 devstack@g-api.service[102061]: INFO glance.image_cache [None req-19b15bd5-6bbd-4342-a9e4-efacd244cfed None None] Image cache loaded driver 'centralized_db'.
Jun 13 01:12:52.536595 np0000002771 devstack@g-api.service[102059]: INFO glance.image_cache [None req-0d6b4bae-233f-44a2-b329-4372035bfab0 None None] Image cache loaded driver 'centralized_db'.
Jun 13 01:12:52.540193 np0000002771 devstack@g-api.service[102060]: DEBUG oslo_db.sqlalchemy.engines [None req-3f92492c-7d12-4f76-a5f7-a7d4b7182b7d None None] MySQL server mode set to STRICT_TRANS_TABLES,STRICT_ALL_TABLES,NO_ZERO_IN_DATE,NO_ZERO_DATE,ERROR_FOR_DIVISION_BY_ZERO,TRADITIONAL,NO_ENGINE_SUBSTITUTION {{(pid=102060) _check_effective_sql_mode /opt/stack/data/venv/lib/python3.12/site-packages/oslo_db/sqlalchemy/engines.py:325}}
Jun 13 01:12:52.543997 np0000002771 devstack@g-api.service[102061]: DEBUG glance.image_cache.drivers.centralized_db [None req-19b15bd5-6bbd-4342-a9e4-efacd244cfed None None] Node reference is already recorded, ignoring it {{(pid=102061) configure /opt/stack/glance/glance/image_cache/drivers/centralized_db.py:71}}
Jun 13 01:12:52.544629 np0000002771 devstack@g-api.service[102059]: DEBUG glance.image_cache.drivers.centralized_db [None req-0d6b4bae-233f-44a2-b329-4372035bfab0 None None] Node reference is already recorded, ignoring it {{(pid=102059) configure /opt/stack/glance/glance/image_cache/drivers/centralized_db.py:71}}
Jun 13 01:12:52.549984 np0000002771 devstack@g-api.service[102059]: DEBUG glance.api.v2.cached_images [None req-0d6b4bae-233f-44a2-b329-4372035bfab0 None None] Started cache worker thread {{(pid=102059) __init__ /opt/stack/glance/glance/api/v2/cached_images.py:69}}
Jun 13 01:12:52.550763 np0000002771 devstack@g-api.service[102059]: INFO glance.image_cache [None req-0d6b4bae-233f-44a2-b329-4372035bfab0 None None] Image cache loaded driver 'centralized_db'.
Jun 13 01:12:52.566074 np0000002771 devstack@g-api.service[102060]: DEBUG dbcounter [-] [102060] Writer thread running {{(pid=102060) stat_writer /opt/stack/data/venv/lib/python3.12/site-packages/dbcounter.py:102}}
Jun 13 01:12:52.569071 np0000002771 devstack@g-api.service[102060]: DEBUG glance.image_cache.drivers.centralized_db [None req-3f92492c-7d12-4f76-a5f7-a7d4b7182b7d None None] Node reference is already recorded, ignoring it {{(pid=102060) configure /opt/stack/glance/glance/image_cache/drivers/centralized_db.py:71}}
Jun 13 01:12:52.575547 np0000002771 devstack@g-api.service[102060]: INFO glance.image_cache [None req-3f92492c-7d12-4f76-a5f7-a7d4b7182b7d None None] Image cache loaded driver 'centralized_db'.
Jun 13 01:12:52.583712 np0000002771 devstack@g-api.service[102060]: DEBUG glance.image_cache.drivers.centralized_db [None req-3f92492c-7d12-4f76-a5f7-a7d4b7182b7d None None] Node reference is already recorded, ignoring it {{(pid=102060) configure /opt/stack/glance/glance/image_cache/drivers/centralized_db.py:71}}
Jun 13 01:12:52.589916 np0000002771 devstack@g-api.service[102060]: DEBUG glance.api.v2.cached_images [None req-3f92492c-7d12-4f76-a5f7-a7d4b7182b7d None None] Started cache worker thread {{(pid=102060) __init__ /opt/stack/glance/glance/api/v2/cached_images.py:69}}
Jun 13 01:12:52.590647 np0000002771 devstack@g-api.service[102060]: INFO glance.image_cache [None req-3f92492c-7d12-4f76-a5f7-a7d4b7182b7d None None] Image cache loaded driver 'centralized_db'.
Jun 13 01:12:52.652992 np0000002771 devstack@g-api.service[102061]: INFO glance.api.middleware.cache_manage [None req-19b15bd5-6bbd-4342-a9e4-efacd244cfed None None] Initialized image cache management middleware
Jun 13 01:12:52.653133 np0000002771 devstack@g-api.service[102061]: INFO glance.image_cache [None req-19b15bd5-6bbd-4342-a9e4-efacd244cfed None None] Image cache loaded driver 'centralized_db'.
Jun 13 01:12:52.660461 np0000002771 devstack@g-api.service[102061]: DEBUG glance.image_cache.drivers.centralized_db [None req-19b15bd5-6bbd-4342-a9e4-efacd244cfed None None] Node reference is already recorded, ignoring it {{(pid=102061) configure /opt/stack/glance/glance/image_cache/drivers/centralized_db.py:71}}
Jun 13 01:12:52.664424 np0000002771 devstack@g-api.service[102061]: INFO glance.api.middleware.cache [None req-19b15bd5-6bbd-4342-a9e4-efacd244cfed None None] Initialized image cache middleware
Jun 13 01:12:52.674563 np0000002771 devstack@g-api.service[102059]: DEBUG glance.image_cache.drivers.centralized_db [None req-0d6b4bae-233f-44a2-b329-4372035bfab0 None None] Node reference is already recorded, ignoring it {{(pid=102059) configure /opt/stack/glance/glance/image_cache/drivers/centralized_db.py:71}}
Jun 13 01:12:52.677798 np0000002771 devstack@g-api.service[102061]: DEBUG glance.common.config [None req-19b15bd5-6bbd-4342-a9e4-efacd244cfed None None] ******************************************************************************** {{(pid=102061) log_opt_values /opt/stack/data/venv/lib/python3.12/site-packages/oslo_config/cfg.py:3226}}
Jun 13 01:12:52.678052 np0000002771 devstack@g-api.service[102061]: DEBUG glance.common.config [None req-19b15bd5-6bbd-4342-a9e4-efacd244cfed None None] Configuration options gathered from: {{(pid=102061) log_opt_values /opt/stack/data/venv/lib/python3.12/site-packages/oslo_config/cfg.py:3227}}
Jun 13 01:12:52.678205 np0000002771 devstack@g-api.service[102061]: DEBUG glance.common.config [None req-19b15bd5-6bbd-4342-a9e4-efacd244cfed None None] command line args: [] {{(pid=102061) log_opt_values /opt/stack/data/venv/lib/python3.12/site-packages/oslo_config/cfg.py:3228}}
Jun 13 01:12:52.678316 np0000002771 devstack@g-api.service[102061]: DEBUG glance.common.config [None req-19b15bd5-6bbd-4342-a9e4-efacd244cfed None None] config files: ['/etc/glance/glance-image-import.conf', '/etc/glance/glance-api.conf'] {{(pid=102061) log_opt_values /opt/stack/data/venv/lib/python3.12/site-packages/oslo_config/cfg.py:3229}}
Jun 13 01:12:52.678405 np0000002771 devstack@g-api.service[102061]: DEBUG glance.common.config [None req-19b15bd5-6bbd-4342-a9e4-efacd244cfed None None] ================================================================================ {{(pid=102061) log_opt_values /opt/stack/data/venv/lib/python3.12/site-packages/oslo_config/cfg.py:3234}}
Jun 13 01:12:52.678512 np0000002771 devstack@g-api.service[102061]: DEBUG glance.common.config [None req-19b15bd5-6bbd-4342-a9e4-efacd244cfed None None] allow_anonymous_access = False {{(pid=102061) log_opt_values /opt/stack/data/venv/lib/python3.12/site-packages/oslo_config/cfg.py:3242}}
Jun 13 01:12:52.678646 np0000002771 devstack@g-api.service[102061]: DEBUG glance.common.config [None req-19b15bd5-6bbd-4342-a9e4-efacd244cfed None None] api_limit_max = 1000 {{(pid=102061) log_opt_values /opt/stack/data/venv/lib/python3.12/site-packages/oslo_config/cfg.py:3242}}
Jun 13 01:12:52.678793 np0000002771 devstack@g-api.service[102061]: DEBUG glance.common.config [None req-19b15bd5-6bbd-4342-a9e4-efacd244cfed None None] backlog = 4096 {{(pid=102061) log_opt_values /opt/stack/data/venv/lib/python3.12/site-packages/oslo_config/cfg.py:3242}}
Jun 13 01:12:52.678957 np0000002771 devstack@g-api.service[102061]: DEBUG glance.common.config [None req-19b15bd5-6bbd-4342-a9e4-efacd244cfed None None] bind_host = 0.0.0.0 {{(pid=102061) log_opt_values /opt/stack/data/venv/lib/python3.12/site-packages/oslo_config/cfg.py:3242}}
Jun 13 01:12:52.679107 np0000002771 devstack@g-api.service[102061]: DEBUG glance.common.config [None req-19b15bd5-6bbd-4342-a9e4-efacd244cfed None None] bind_port = 19292 {{(pid=102061) log_opt_values /opt/stack/data/venv/lib/python3.12/site-packages/oslo_config/cfg.py:3242}}
Jun 13 01:12:52.679249 np0000002771 devstack@g-api.service[102061]: DEBUG glance.common.config [None req-19b15bd5-6bbd-4342-a9e4-efacd244cfed None None] client_socket_timeout = 900 {{(pid=102061) log_opt_values /opt/stack/data/venv/lib/python3.12/site-packages/oslo_config/cfg.py:3242}}
Jun 13 01:12:52.679340 np0000002771 devstack@g-api.service[102061]: DEBUG glance.common.config [None req-19b15bd5-6bbd-4342-a9e4-efacd244cfed None None] config_dir = [] {{(pid=102061) log_opt_values /opt/stack/data/venv/lib/python3.12/site-packages/oslo_config/cfg.py:3242}}
Jun 13 01:12:52.679399 np0000002771 devstack@g-api.service[102059]: INFO glance.api.middleware.cache_manage [None req-0d6b4bae-233f-44a2-b329-4372035bfab0 None None] Initialized image cache management middleware
Jun 13 01:12:52.679450 np0000002771 devstack@g-api.service[102061]: DEBUG glance.common.config [None req-19b15bd5-6bbd-4342-a9e4-efacd244cfed None None] config_file = ['/etc/glance/glance-image-import.conf', '/etc/glance/glance-api.conf'] {{(pid=102061) log_opt_values /opt/stack/data/venv/lib/python3.12/site-packages/oslo_config/cfg.py:3242}}
Jun 13 01:12:52.679533 np0000002771 devstack@g-api.service[102061]: DEBUG glance.common.config [None req-19b15bd5-6bbd-4342-a9e4-efacd244cfed None None] config_source = [] {{(pid=102061) log_opt_values /opt/stack/data/venv/lib/python3.12/site-packages/oslo_config/cfg.py:3242}}
Jun 13 01:12:52.679608 np0000002771 devstack@g-api.service[102059]: INFO glance.image_cache [None req-0d6b4bae-233f-44a2-b329-4372035bfab0 None None] Image cache loaded driver 'centralized_db'.
Jun 13 01:12:52.679704 np0000002771 devstack@g-api.service[102061]: DEBUG glance.common.config [None req-19b15bd5-6bbd-4342-a9e4-efacd244cfed None None] control_exchange = glance {{(pid=102061) log_opt_values /opt/stack/data/venv/lib/python3.12/site-packages/oslo_config/cfg.py:3242}}
Jun 13 01:12:52.679787 np0000002771 devstack@g-api.service[102061]: DEBUG glance.common.config [None req-19b15bd5-6bbd-4342-a9e4-efacd244cfed None None] debug = True {{(pid=102061) log_opt_values /opt/stack/data/venv/lib/python3.12/site-packages/oslo_config/cfg.py:3242}}
Jun 13 01:12:52.680073 np0000002771 devstack@g-api.service[102061]: DEBUG glance.common.config [None req-19b15bd5-6bbd-4342-a9e4-efacd244cfed None None] default_log_levels = ['amqp=WARN', 'boto=WARN', 'sqlalchemy=WARN', 'suds=INFO', 'oslo.messaging=INFO', 'oslo_messaging=INFO', 'iso8601=WARN', 'requests.packages.urllib3.connectionpool=WARN', 'urllib3.connectionpool=WARN', 'websocket=WARN', 'requests.packages.urllib3.util.retry=WARN', 'urllib3.util.retry=WARN', 'keystonemiddleware=WARN', 'routes.middleware=WARN', 'stevedore=WARN', 'taskflow=WARN', 'keystoneauth=WARN', 'oslo.cache=INFO', 'oslo_policy=INFO', 'dogpile.core.dogpile=INFO'] {{(pid=102061) log_opt_values /opt/stack/data/venv/lib/python3.12/site-packages/oslo_config/cfg.py:3242}}
Jun 13 01:12:52.680191 np0000002771 devstack@g-api.service[102061]: DEBUG glance.common.config [None req-19b15bd5-6bbd-4342-a9e4-efacd244cfed None None] default_publisher_id = image.localhost {{(pid=102061) log_opt_values /opt/stack/data/venv/lib/python3.12/site-packages/oslo_config/cfg.py:3242}}
Jun 13 01:12:52.680293 np0000002771 devstack@g-api.service[102061]: DEBUG glance.common.config [None req-19b15bd5-6bbd-4342-a9e4-efacd244cfed None None] delayed_delete = False {{(pid=102061) log_opt_values /opt/stack/data/venv/lib/python3.12/site-packages/oslo_config/cfg.py:3242}}
Jun 13 01:12:52.680389 np0000002771 devstack@g-api.service[102061]: DEBUG glance.common.config [None req-19b15bd5-6bbd-4342-a9e4-efacd244cfed None None] digest_algorithm = sha256 {{(pid=102061) log_opt_values /opt/stack/data/venv/lib/python3.12/site-packages/oslo_config/cfg.py:3242}}
Jun 13 01:12:52.680538 np0000002771 devstack@g-api.service[102061]: DEBUG glance.common.config [None req-19b15bd5-6bbd-4342-a9e4-efacd244cfed None None] disabled_notifications = [] {{(pid=102061) log_opt_values /opt/stack/data/venv/lib/python3.12/site-packages/oslo_config/cfg.py:3242}}
Jun 13 01:12:52.680664 np0000002771 devstack@g-api.service[102061]: DEBUG glance.common.config [None req-19b15bd5-6bbd-4342-a9e4-efacd244cfed None None] do_secure_hash = True {{(pid=102061) log_opt_values /opt/stack/data/venv/lib/python3.12/site-packages/oslo_config/cfg.py:3242}}
Jun 13 01:12:52.680755 np0000002771 devstack@g-api.service[102061]: DEBUG glance.common.config [None req-19b15bd5-6bbd-4342-a9e4-efacd244cfed None None] enabled_backends = None {{(pid=102061) log_opt_values /opt/stack/data/venv/lib/python3.12/site-packages/oslo_config/cfg.py:3242}}
Jun 13 01:12:52.680886 np0000002771 devstack@g-api.service[102061]: DEBUG glance.common.config [None req-19b15bd5-6bbd-4342-a9e4-efacd244cfed None None] enabled_import_methods = ['glance-direct', 'web-download', 'copy-image'] {{(pid=102061) log_opt_values /opt/stack/data/venv/lib/python3.12/site-packages/oslo_config/cfg.py:3242}}
Jun 13 01:12:52.681012 np0000002771 devstack@g-api.service[102061]: DEBUG glance.common.config [None req-19b15bd5-6bbd-4342-a9e4-efacd244cfed None None] fatal_deprecations = False {{(pid=102061) log_opt_values /opt/stack/data/venv/lib/python3.12/site-packages/oslo_config/cfg.py:3242}}
Jun 13 01:12:52.681117 np0000002771 devstack@g-api.service[102061]: DEBUG glance.common.config [None req-19b15bd5-6bbd-4342-a9e4-efacd244cfed None None] hashing_algorithm = sha512 {{(pid=102061) log_opt_values /opt/stack/data/venv/lib/python3.12/site-packages/oslo_config/cfg.py:3242}}
Jun 13 01:12:52.681175 np0000002771 devstack@g-api.service[102061]: DEBUG glance.common.config [None req-19b15bd5-6bbd-4342-a9e4-efacd244cfed None None] http_keepalive = True {{(pid=102061) log_opt_values /opt/stack/data/venv/lib/python3.12/site-packages/oslo_config/cfg.py:3242}}
Jun 13 01:12:52.681236 np0000002771 devstack@g-api.service[102061]: DEBUG glance.common.config [None req-19b15bd5-6bbd-4342-a9e4-efacd244cfed None None] http_retries = 3 {{(pid=102061) log_opt_values /opt/stack/data/venv/lib/python3.12/site-packages/oslo_config/cfg.py:3242}}
Jun 13 01:12:52.681344 np0000002771 devstack@g-api.service[102061]: DEBUG glance.common.config [None req-19b15bd5-6bbd-4342-a9e4-efacd244cfed None None] image_cache_dir = /opt/stack/data/glance/cache/ {{(pid=102061) log_opt_values /opt/stack/data/venv/lib/python3.12/site-packages/oslo_config/cfg.py:3242}}
Jun 13 01:12:52.681451 np0000002771 devstack@g-api.service[102061]: DEBUG glance.common.config [None req-19b15bd5-6bbd-4342-a9e4-efacd244cfed None None] image_cache_driver = centralized_db {{(pid=102061) log_opt_values /opt/stack/data/venv/lib/python3.12/site-packages/oslo_config/cfg.py:3242}}
Jun 13 01:12:52.681553 np0000002771 devstack@g-api.service[102061]: DEBUG glance.common.config [None req-19b15bd5-6bbd-4342-a9e4-efacd244cfed None None] image_cache_max_size = 10737418240 {{(pid=102061) log_opt_values /opt/stack/data/venv/lib/python3.12/site-packages/oslo_config/cfg.py:3242}}
Jun 13 01:12:52.681654 np0000002771 devstack@g-api.service[102061]: DEBUG glance.common.config [None req-19b15bd5-6bbd-4342-a9e4-efacd244cfed None None] image_cache_sqlite_db = cache.db {{(pid=102061) log_opt_values /opt/stack/data/venv/lib/python3.12/site-packages/oslo_config/cfg.py:3242}}
Jun 13 01:12:52.681761 np0000002771 devstack@g-api.service[102061]: DEBUG glance.common.config [None req-19b15bd5-6bbd-4342-a9e4-efacd244cfed None None] image_cache_stall_time = 86400 {{(pid=102061) log_opt_values /opt/stack/data/venv/lib/python3.12/site-packages/oslo_config/cfg.py:3242}}
Jun 13 01:12:52.681848 np0000002771 devstack@g-api.service[102061]: DEBUG glance.common.config [None req-19b15bd5-6bbd-4342-a9e4-efacd244cfed None None] image_location_quota = 10 {{(pid=102061) log_opt_values /opt/stack/data/venv/lib/python3.12/site-packages/oslo_config/cfg.py:3242}}
Jun 13 01:12:52.681945 np0000002771 devstack@g-api.service[102061]: DEBUG glance.common.config [None req-19b15bd5-6bbd-4342-a9e4-efacd244cfed None None] image_member_quota = 128 {{(pid=102061) log_opt_values /opt/stack/data/venv/lib/python3.12/site-packages/oslo_config/cfg.py:3242}}
Jun 13 01:12:52.682036 np0000002771 devstack@g-api.service[102061]: DEBUG glance.common.config [None req-19b15bd5-6bbd-4342-a9e4-efacd244cfed None None] image_property_quota = 128 {{(pid=102061) log_opt_values /opt/stack/data/venv/lib/python3.12/site-packages/oslo_config/cfg.py:3242}}
Jun 13 01:12:52.682120 np0000002771 devstack@g-api.service[102061]: DEBUG glance.common.config [None req-19b15bd5-6bbd-4342-a9e4-efacd244cfed None None] image_size_cap = 1099511627776 {{(pid=102061) log_opt_values /opt/stack/data/venv/lib/python3.12/site-packages/oslo_config/cfg.py:3242}}
Jun 13 01:12:52.682190 np0000002771 devstack@g-api.service[102061]: DEBUG glance.common.config [None req-19b15bd5-6bbd-4342-a9e4-efacd244cfed None None] image_tag_quota = 128 {{(pid=102061) log_opt_values /opt/stack/data/venv/lib/python3.12/site-packages/oslo_config/cfg.py:3242}}
Jun 13 01:12:52.682310 np0000002771 devstack@g-api.service[102061]: DEBUG glance.common.config [None req-19b15bd5-6bbd-4342-a9e4-efacd244cfed None None] instance_format = [instance: %(uuid)s] {{(pid=102061) log_opt_values /opt/stack/data/venv/lib/python3.12/site-packages/oslo_config/cfg.py:3242}}
Jun 13 01:12:52.682423 np0000002771 devstack@g-api.service[102061]: DEBUG glance.common.config [None req-19b15bd5-6bbd-4342-a9e4-efacd244cfed None None] instance_uuid_format = [instance: %(uuid)s] {{(pid=102061) log_opt_values /opt/stack/data/venv/lib/python3.12/site-packages/oslo_config/cfg.py:3242}}
Jun 13 01:12:52.682500 np0000002771 devstack@g-api.service[102061]: DEBUG glance.common.config [None req-19b15bd5-6bbd-4342-a9e4-efacd244cfed None None] limit_param_default = 25 {{(pid=102061) log_opt_values /opt/stack/data/venv/lib/python3.12/site-packages/oslo_config/cfg.py:3242}}
Jun 13 01:12:52.682580 np0000002771 devstack@g-api.service[102061]: DEBUG glance.common.config [None req-19b15bd5-6bbd-4342-a9e4-efacd244cfed None None] log_color = False {{(pid=102061) log_opt_values /opt/stack/data/venv/lib/python3.12/site-packages/oslo_config/cfg.py:3242}}
Jun 13 01:12:52.682687 np0000002771 devstack@g-api.service[102061]: DEBUG glance.common.config [None req-19b15bd5-6bbd-4342-a9e4-efacd244cfed None None] log_config_append = None {{(pid=102061) log_opt_values /opt/stack/data/venv/lib/python3.12/site-packages/oslo_config/cfg.py:3242}}
Jun 13 01:12:52.682793 np0000002771 devstack@g-api.service[102061]: DEBUG glance.common.config [None req-19b15bd5-6bbd-4342-a9e4-efacd244cfed None None] log_date_format = %Y-%m-%d %H:%M:%S {{(pid=102061) log_opt_values /opt/stack/data/venv/lib/python3.12/site-packages/oslo_config/cfg.py:3242}}
Jun 13 01:12:52.682902 np0000002771 devstack@g-api.service[102061]: DEBUG glance.common.config [None req-19b15bd5-6bbd-4342-a9e4-efacd244cfed None None] log_dir = None {{(pid=102061) log_opt_values /opt/stack/data/venv/lib/python3.12/site-packages/oslo_config/cfg.py:3242}}
Jun 13 01:12:52.682996 np0000002771 devstack@g-api.service[102061]: DEBUG glance.common.config [None req-19b15bd5-6bbd-4342-a9e4-efacd244cfed None None] log_file = None {{(pid=102061) log_opt_values /opt/stack/data/venv/lib/python3.12/site-packages/oslo_config/cfg.py:3242}}
Jun 13 01:12:52.683084 np0000002771 devstack@g-api.service[102061]: DEBUG glance.common.config [None req-19b15bd5-6bbd-4342-a9e4-efacd244cfed None None] log_rotate_interval = 1 {{(pid=102061) log_opt_values /opt/stack/data/venv/lib/python3.12/site-packages/oslo_config/cfg.py:3242}}
Jun 13 01:12:52.683178 np0000002771 devstack@g-api.service[102061]: DEBUG glance.common.config [None req-19b15bd5-6bbd-4342-a9e4-efacd244cfed None None] log_rotate_interval_type = days {{(pid=102061) log_opt_values /opt/stack/data/venv/lib/python3.12/site-packages/oslo_config/cfg.py:3242}}
Jun 13 01:12:52.683261 np0000002771 devstack@g-api.service[102061]: DEBUG glance.common.config [None req-19b15bd5-6bbd-4342-a9e4-efacd244cfed None None] log_rotation_type = none {{(pid=102061) log_opt_values /opt/stack/data/venv/lib/python3.12/site-packages/oslo_config/cfg.py:3242}}
Jun 13 01:12:52.683319 np0000002771 devstack@g-api.service[102061]: DEBUG glance.common.config [None req-19b15bd5-6bbd-4342-a9e4-efacd244cfed None None] logging_context_format_string = %(color)s%(levelname)s %(name)s [%(global_request_id)s %(request_id)s %(project_name)s %(user_name)s%(color)s] %(instance)s%(color)s%(message)s {{(pid=102061) log_opt_values /opt/stack/data/venv/lib/python3.12/site-packages/oslo_config/cfg.py:3242}}
Jun 13 01:12:52.683374 np0000002771 devstack@g-api.service[102061]: DEBUG glance.common.config [None req-19b15bd5-6bbd-4342-a9e4-efacd244cfed None None] logging_debug_format_suffix = {{(pid=%(process)d) %(funcName)s %(pathname)s:%(lineno)d}} {{(pid=102061) log_opt_values /opt/stack/data/venv/lib/python3.12/site-packages/oslo_config/cfg.py:3242}}
Jun 13 01:12:52.683497 np0000002771 devstack@g-api.service[102061]: DEBUG glance.common.config [None req-19b15bd5-6bbd-4342-a9e4-efacd244cfed None None] logging_default_format_string = %(color)s%(levelname)s %(name)s [-%(color)s] %(instance)s%(color)s%(message)s {{(pid=102061) log_opt_values /opt/stack/data/venv/lib/python3.12/site-packages/oslo_config/cfg.py:3242}}
Jun 13 01:12:52.683548 np0000002771 devstack@g-api.service[102061]: DEBUG glance.common.config [None req-19b15bd5-6bbd-4342-a9e4-efacd244cfed None None] logging_exception_prefix = ERROR %(name)s %(instance)s {{(pid=102061) log_opt_values /opt/stack/data/venv/lib/python3.12/site-packages/oslo_config/cfg.py:3242}}
Jun 13 01:12:52.683639 np0000002771 devstack@g-api.service[102061]: DEBUG glance.common.config [None req-19b15bd5-6bbd-4342-a9e4-efacd244cfed None None] logging_user_identity_format = %(user)s %(project)s %(domain)s %(system_scope)s %(user_domain)s %(project_domain)s {{(pid=102061) log_opt_values /opt/stack/data/venv/lib/python3.12/site-packages/oslo_config/cfg.py:3242}}
Jun 13 01:12:52.683740 np0000002771 devstack@g-api.service[102061]: DEBUG glance.common.config [None req-19b15bd5-6bbd-4342-a9e4-efacd244cfed None None] max_header_line = 16384 {{(pid=102061) log_opt_values /opt/stack/data/venv/lib/python3.12/site-packages/oslo_config/cfg.py:3242}}
Jun 13 01:12:52.683858 np0000002771 devstack@g-api.service[102061]: DEBUG glance.common.config [None req-19b15bd5-6bbd-4342-a9e4-efacd244cfed None None] max_logfile_count = 30 {{(pid=102061) log_opt_values /opt/stack/data/venv/lib/python3.12/site-packages/oslo_config/cfg.py:3242}}
Jun 13 01:12:52.683944 np0000002771 devstack@g-api.service[102061]: DEBUG glance.common.config [None req-19b15bd5-6bbd-4342-a9e4-efacd244cfed None None] max_logfile_size_mb = 200 {{(pid=102061) log_opt_values /opt/stack/data/venv/lib/python3.12/site-packages/oslo_config/cfg.py:3242}}
Jun 13 01:12:52.684018 np0000002771 devstack@g-api.service[102061]: DEBUG glance.common.config [None req-19b15bd5-6bbd-4342-a9e4-efacd244cfed None None] max_request_id_length = 64 {{(pid=102061) log_opt_values /opt/stack/data/venv/lib/python3.12/site-packages/oslo_config/cfg.py:3242}}
Jun 13 01:12:52.684104 np0000002771 devstack@g-api.service[102061]: DEBUG glance.common.config [None req-19b15bd5-6bbd-4342-a9e4-efacd244cfed None None] metadata_encryption_key = **** {{(pid=102061) log_opt_values /opt/stack/data/venv/lib/python3.12/site-packages/oslo_config/cfg.py:3242}}
Jun 13 01:12:52.684181 np0000002771 devstack@g-api.service[102061]: DEBUG glance.common.config [None req-19b15bd5-6bbd-4342-a9e4-efacd244cfed None None] node_staging_uri = file:///tmp/staging/ {{(pid=102061) log_opt_values /opt/stack/data/venv/lib/python3.12/site-packages/oslo_config/cfg.py:3242}}
Jun 13 01:12:52.684292 np0000002771 devstack@g-api.service[102061]: DEBUG glance.common.config [None req-19b15bd5-6bbd-4342-a9e4-efacd244cfed None None] property_protection_file = None {{(pid=102061) log_opt_values /opt/stack/data/venv/lib/python3.12/site-packages/oslo_config/cfg.py:3242}}
Jun 13 01:12:52.684420 np0000002771 devstack@g-api.service[102061]: DEBUG glance.common.config [None req-19b15bd5-6bbd-4342-a9e4-efacd244cfed None None] property_protection_rule_format = roles {{(pid=102061) log_opt_values /opt/stack/data/venv/lib/python3.12/site-packages/oslo_config/cfg.py:3242}}
Jun 13 01:12:52.684546 np0000002771 devstack@g-api.service[102061]: DEBUG glance.common.config [None req-19b15bd5-6bbd-4342-a9e4-efacd244cfed None None] public_endpoint = https://10.4.3.236/image {{(pid=102061) log_opt_values /opt/stack/data/venv/lib/python3.12/site-packages/oslo_config/cfg.py:3242}}
Jun 13 01:12:52.684664 np0000002771 devstack@g-api.service[102061]: DEBUG glance.common.config [None req-19b15bd5-6bbd-4342-a9e4-efacd244cfed None None] publish_errors = False {{(pid=102061) log_opt_values /opt/stack/data/venv/lib/python3.12/site-packages/oslo_config/cfg.py:3242}}
Jun 13 01:12:52.684809 np0000002771 devstack@g-api.service[102061]: DEBUG glance.common.config [None req-19b15bd5-6bbd-4342-a9e4-efacd244cfed None None] pydev_worker_debug_host = None {{(pid=102061) log_opt_values /opt/stack/data/venv/lib/python3.12/site-packages/oslo_config/cfg.py:3242}}
Jun 13 01:12:52.684950 np0000002771 devstack@g-api.service[102061]: DEBUG glance.common.config [None req-19b15bd5-6bbd-4342-a9e4-efacd244cfed None None] pydev_worker_debug_port = 5678 {{(pid=102061) log_opt_values /opt/stack/data/venv/lib/python3.12/site-packages/oslo_config/cfg.py:3242}}
Jun 13 01:12:52.685055 np0000002771 devstack@g-api.service[102061]: DEBUG glance.common.config [None req-19b15bd5-6bbd-4342-a9e4-efacd244cfed None None] rate_limit_burst = 0 {{(pid=102061) log_opt_values /opt/stack/data/venv/lib/python3.12/site-packages/oslo_config/cfg.py:3242}}
Jun 13 01:12:52.685179 np0000002771 devstack@g-api.service[102061]: DEBUG glance.common.config [None req-19b15bd5-6bbd-4342-a9e4-efacd244cfed None None] rate_limit_except_level = CRITICAL {{(pid=102061) log_opt_values /opt/stack/data/venv/lib/python3.12/site-packages/oslo_config/cfg.py:3242}}
Jun 13 01:12:52.685476 np0000002771 devstack@g-api.service[102061]: DEBUG glance.common.config [None req-19b15bd5-6bbd-4342-a9e4-efacd244cfed None None] rate_limit_interval = 0 {{(pid=102061) log_opt_values /opt/stack/data/venv/lib/python3.12/site-packages/oslo_config/cfg.py:3242}}
Jun 13 01:12:52.685476 np0000002771 devstack@g-api.service[102061]: DEBUG glance.common.config [None req-19b15bd5-6bbd-4342-a9e4-efacd244cfed None None] scrub_pool_size = 1 {{(pid=102061) log_opt_values /opt/stack/data/venv/lib/python3.12/site-packages/oslo_config/cfg.py:3242}}
Jun 13 01:12:52.685557 np0000002771 devstack@g-api.service[102061]: DEBUG glance.common.config [None req-19b15bd5-6bbd-4342-a9e4-efacd244cfed None None] scrub_time = 0 {{(pid=102061) log_opt_values /opt/stack/data/venv/lib/python3.12/site-packages/oslo_config/cfg.py:3242}}
Jun 13 01:12:52.685612 np0000002771 devstack@g-api.service[102061]: DEBUG glance.common.config [None req-19b15bd5-6bbd-4342-a9e4-efacd244cfed None None] shell_completion = None {{(pid=102061) log_opt_values /opt/stack/data/venv/lib/python3.12/site-packages/oslo_config/cfg.py:3242}}
Jun 13 01:12:52.685742 np0000002771 devstack@g-api.service[102061]: DEBUG glance.common.config [None req-19b15bd5-6bbd-4342-a9e4-efacd244cfed None None] show_image_direct_url = False {{(pid=102061) log_opt_values /opt/stack/data/venv/lib/python3.12/site-packages/oslo_config/cfg.py:3242}}
Jun 13 01:12:52.686198 np0000002771 devstack@g-api.service[102061]: WARNING oslo_config.cfg [None req-19b15bd5-6bbd-4342-a9e4-efacd244cfed None None] Deprecated: Option "show_multiple_locations" from group "DEFAULT" is deprecated for removal (Use of this option, deprecated since Newton, is a security risk and will be removed once we figure out a way to satisfy those use cases that currently require it. An earlier announcement that the same functionality can be achieved with greater granularity by using policies is incorrect. You cannot work around this option via policy configuration at the present time, though that is the direction we believe the fix will take. Please keep an eye on the Glance release notes to stay up to date on progress in addressing this issue.). Its value may be silently ignored in the future.
Jun 13 01:12:52.686456 np0000002771 devstack@g-api.service[102061]: DEBUG glance.common.config [None req-19b15bd5-6bbd-4342-a9e4-efacd244cfed None None] show_multiple_locations = False {{(pid=102061) log_opt_values /opt/stack/data/venv/lib/python3.12/site-packages/oslo_config/cfg.py:3242}}
Jun 13 01:12:52.686456 np0000002771 devstack@g-api.service[102061]: DEBUG glance.common.config [None req-19b15bd5-6bbd-4342-a9e4-efacd244cfed None None] syslog_log_facility = LOG_USER {{(pid=102061) log_opt_values /opt/stack/data/venv/lib/python3.12/site-packages/oslo_config/cfg.py:3242}}
Jun 13 01:12:52.686609 np0000002771 devstack@g-api.service[102061]: DEBUG glance.common.config [None req-19b15bd5-6bbd-4342-a9e4-efacd244cfed None None] tcp_keepidle = 600 {{(pid=102061) log_opt_values /opt/stack/data/venv/lib/python3.12/site-packages/oslo_config/cfg.py:3242}}
Jun 13 01:12:52.686689 np0000002771 devstack@g-api.service[102061]: DEBUG glance.common.config [None req-19b15bd5-6bbd-4342-a9e4-efacd244cfed None None] transport_url = **** {{(pid=102061) log_opt_values /opt/stack/data/venv/lib/python3.12/site-packages/oslo_config/cfg.py:3242}}
Jun 13 01:12:52.686780 np0000002771 devstack@g-api.service[102061]: DEBUG glance.common.config [None req-19b15bd5-6bbd-4342-a9e4-efacd244cfed None None] use_journal = False {{(pid=102061) log_opt_values /opt/stack/data/venv/lib/python3.12/site-packages/oslo_config/cfg.py:3242}}
Jun 13 01:12:52.686965 np0000002771 devstack@g-api.service[102061]: DEBUG glance.common.config [None req-19b15bd5-6bbd-4342-a9e4-efacd244cfed None None] use_json = False {{(pid=102061) log_opt_values /opt/stack/data/venv/lib/python3.12/site-packages/oslo_config/cfg.py:3242}}
Jun 13 01:12:52.686965 np0000002771 devstack@g-api.service[102061]: DEBUG glance.common.config [None req-19b15bd5-6bbd-4342-a9e4-efacd244cfed None None] use_keystone_limits = True {{(pid=102061) log_opt_values /opt/stack/data/venv/lib/python3.12/site-packages/oslo_config/cfg.py:3242}}
Jun 13 01:12:52.687062 np0000002771 devstack@g-api.service[102059]: DEBUG glance.image_cache.drivers.centralized_db [None req-0d6b4bae-233f-44a2-b329-4372035bfab0 None None] Node reference is already recorded, ignoring it {{(pid=102059) configure /opt/stack/glance/glance/image_cache/drivers/centralized_db.py:71}}
Jun 13 01:12:52.687111 np0000002771 devstack@g-api.service[102061]: DEBUG glance.common.config [None req-19b15bd5-6bbd-4342-a9e4-efacd244cfed None None] use_stderr = False {{(pid=102061) log_opt_values /opt/stack/data/venv/lib/python3.12/site-packages/oslo_config/cfg.py:3242}}
Jun 13 01:12:52.687153 np0000002771 devstack@g-api.service[102061]: DEBUG glance.common.config [None req-19b15bd5-6bbd-4342-a9e4-efacd244cfed None None] use_syslog = False {{(pid=102061) log_opt_values /opt/stack/data/venv/lib/python3.12/site-packages/oslo_config/cfg.py:3242}}
Jun 13 01:12:52.687244 np0000002771 devstack@g-api.service[102061]: DEBUG glance.common.config [None req-19b15bd5-6bbd-4342-a9e4-efacd244cfed None None] user_storage_quota = 0 {{(pid=102061) log_opt_values /opt/stack/data/venv/lib/python3.12/site-packages/oslo_config/cfg.py:3242}}
Jun 13 01:12:52.687407 np0000002771 devstack@g-api.service[102061]: DEBUG glance.common.config [None req-19b15bd5-6bbd-4342-a9e4-efacd244cfed None None] worker_self_reference_url = http://127.0.0.1:60999 {{(pid=102061) log_opt_values /opt/stack/data/venv/lib/python3.12/site-packages/oslo_config/cfg.py:3242}}
Jun 13 01:12:52.687407 np0000002771 devstack@g-api.service[102061]: DEBUG glance.common.config [None req-19b15bd5-6bbd-4342-a9e4-efacd244cfed None None] workers = None {{(pid=102061) log_opt_values /opt/stack/data/venv/lib/python3.12/site-packages/oslo_config/cfg.py:3242}}
Jun 13 01:12:52.687563 np0000002771 devstack@g-api.service[102061]: DEBUG glance.common.config [None req-19b15bd5-6bbd-4342-a9e4-efacd244cfed None None] oslo_concurrency.disable_process_locking = False {{(pid=102061) log_opt_values /opt/stack/data/venv/lib/python3.12/site-packages/oslo_config/cfg.py:3253}}
Jun 13 01:12:52.687634 np0000002771 devstack@g-api.service[102061]: DEBUG glance.common.config [None req-19b15bd5-6bbd-4342-a9e4-efacd244cfed None None] oslo_concurrency.lock_path = /opt/stack/data/glance/locks {{(pid=102061) log_opt_values /opt/stack/data/venv/lib/python3.12/site-packages/oslo_config/cfg.py:3253}}
Jun 13 01:12:52.687716 np0000002771 devstack@g-api.service[102061]: DEBUG glance.common.config [None req-19b15bd5-6bbd-4342-a9e4-efacd244cfed None None] oslo_middleware.enable_proxy_headers_parsing = False {{(pid=102061) log_opt_values /opt/stack/data/venv/lib/python3.12/site-packages/oslo_config/cfg.py:3253}}
Jun 13 01:12:52.687850 np0000002771 devstack@g-api.service[102061]: DEBUG glance.common.config [None req-19b15bd5-6bbd-4342-a9e4-efacd244cfed None None] oslo_middleware.http_basic_auth_user_file = /etc/htpasswd {{(pid=102061) log_opt_values /opt/stack/data/venv/lib/python3.12/site-packages/oslo_config/cfg.py:3253}}
Jun 13 01:12:52.687944 np0000002771 devstack@g-api.service[102061]: DEBUG glance.common.config [None req-19b15bd5-6bbd-4342-a9e4-efacd244cfed None None] paste_deploy.config_file = None {{(pid=102061) log_opt_values /opt/stack/data/venv/lib/python3.12/site-packages/oslo_config/cfg.py:3253}}
Jun 13 01:12:52.688039 np0000002771 devstack@g-api.service[102061]: DEBUG glance.common.config [None req-19b15bd5-6bbd-4342-a9e4-efacd244cfed None None] paste_deploy.flavor = keystone+cachemanagement {{(pid=102061) log_opt_values /opt/stack/data/venv/lib/python3.12/site-packages/oslo_config/cfg.py:3253}}
Jun 13 01:12:52.688179 np0000002771 devstack@g-api.service[102061]: DEBUG glance.common.config [None req-19b15bd5-6bbd-4342-a9e4-efacd244cfed None None] image_format.container_formats = ['ami', 'ari', 'aki', 'bare', 'ovf', 'ova', 'docker', 'compressed'] {{(pid=102061) log_opt_values /opt/stack/data/venv/lib/python3.12/site-packages/oslo_config/cfg.py:3253}}
Jun 13 01:12:52.688337 np0000002771 devstack@g-api.service[102061]: DEBUG glance.common.config [None req-19b15bd5-6bbd-4342-a9e4-efacd244cfed None None] image_format.disk_formats = ['ami', 'ari', 'aki', 'vhd', 'vhdx', 'vmdk', 'raw', 'qcow2', 'vdi', 'iso', 'ploop'] {{(pid=102061) log_opt_values /opt/stack/data/venv/lib/python3.12/site-packages/oslo_config/cfg.py:3253}}
Jun 13 01:12:52.688413 np0000002771 devstack@g-api.service[102061]: DEBUG glance.common.config [None req-19b15bd5-6bbd-4342-a9e4-efacd244cfed None None] image_format.gpt_safety_checks_nonfatal = [] {{(pid=102061) log_opt_values /opt/stack/data/venv/lib/python3.12/site-packages/oslo_config/cfg.py:3253}}
Jun 13 01:12:52.688516 np0000002771 devstack@g-api.service[102061]: DEBUG glance.common.config [None req-19b15bd5-6bbd-4342-a9e4-efacd244cfed None None] image_format.require_image_format_match = True {{(pid=102061) log_opt_values /opt/stack/data/venv/lib/python3.12/site-packages/oslo_config/cfg.py:3253}}
Jun 13 01:12:52.688630 np0000002771 devstack@g-api.service[102061]: DEBUG glance.common.config [None req-19b15bd5-6bbd-4342-a9e4-efacd244cfed None None] image_format.vmdk_allowed_types = ['streamOptimized', 'monolithicSparse'] {{(pid=102061) log_opt_values /opt/stack/data/venv/lib/python3.12/site-packages/oslo_config/cfg.py:3253}}
Jun 13 01:12:52.688745 np0000002771 devstack@g-api.service[102061]: DEBUG glance.common.config [None req-19b15bd5-6bbd-4342-a9e4-efacd244cfed None None] task.task_executor = taskflow {{(pid=102061) log_opt_values /opt/stack/data/venv/lib/python3.12/site-packages/oslo_config/cfg.py:3253}}
Jun 13 01:12:52.688851 np0000002771 devstack@g-api.service[102061]: DEBUG glance.common.config [None req-19b15bd5-6bbd-4342-a9e4-efacd244cfed None None] task.task_time_to_live = 48 {{(pid=102061) log_opt_values /opt/stack/data/venv/lib/python3.12/site-packages/oslo_config/cfg.py:3253}}
Jun 13 01:12:52.688937 np0000002771 devstack@g-api.service[102061]: DEBUG glance.common.config [None req-19b15bd5-6bbd-4342-a9e4-efacd244cfed None None] task.work_dir = None {{(pid=102061) log_opt_values /opt/stack/data/venv/lib/python3.12/site-packages/oslo_config/cfg.py:3253}}
Jun 13 01:12:52.689048 np0000002771 devstack@g-api.service[102061]: DEBUG glance.common.config [None req-19b15bd5-6bbd-4342-a9e4-efacd244cfed None None] wsgi.python_interpreter = /opt/stack/data/venv/bin/python3 {{(pid=102061) log_opt_values /opt/stack/data/venv/lib/python3.12/site-packages/oslo_config/cfg.py:3253}}
Jun 13 01:12:52.689134 np0000002771 devstack@g-api.service[102061]: DEBUG glance.common.config [None req-19b15bd5-6bbd-4342-a9e4-efacd244cfed None None] wsgi.task_pool_threads = 16 {{(pid=102061) log_opt_values /opt/stack/data/venv/lib/python3.12/site-packages/oslo_config/cfg.py:3253}}
Jun 13 01:12:52.689233 np0000002771 devstack@g-api.service[102061]: DEBUG glance.common.config [None req-19b15bd5-6bbd-4342-a9e4-efacd244cfed None None] profiler.connection_string = messaging:// {{(pid=102061) log_opt_values /opt/stack/data/venv/lib/python3.12/site-packages/oslo_config/cfg.py:3253}}
