Jun 13 01:15:02.105540 np0000002771 devstack@neutron-api.service[89997]: DEBUG neutron_lib.callbacks.manager [None req-fbd380fb-09d9-415c-8dd9-71dc38d123de admin admin] Publish callbacks ['neutron.services.auto_allocate.db._ensure_external_network_default_value_callback-8517134535480'] for network (8f7f2107-63d7-43e0-81ee-b0e28ff996a2), precommit_create {{(pid=89997) _notify_loop /opt/stack/data/venv/lib/python3.12/site-packages/neutron_lib/callbacks/manager.py:184}}
Jun 13 01:15:02.122898 np0000002771 devstack@neutron-api.service[89997]: DEBUG neutron.plugins.ml2.drivers.ovn.mech_driver.mech_driver [None req-fbd380fb-09d9-415c-8dd9-71dc38d123de admin admin] Validating network segment with type geneve, segmentation ID 5341, physical network None {{(pid=89997) _validate_network_segments /opt/stack/neutron/neutron/plugins/ml2/drivers/ovn/mech_driver/mech_driver.py:643}}
Jun 13 01:15:02.123070 np0000002771 devstack@neutron-api.service[89997]: DEBUG neutron.db.ovn_revision_numbers_db [None req-fbd380fb-09d9-415c-8dd9-71dc38d123de admin admin] create_initial_revision uuid=8f7f2107-63d7-43e0-81ee-b0e28ff996a2, type=networks, rev=-1 {{(pid=89997) create_initial_revision /opt/stack/neutron/neutron/db/ovn_revision_numbers_db.py:98}}
Jun 13 01:15:02.129996 np0000002771 devstack@neutron-api.service[89995]: DEBUG neutron_lib.callbacks.manager [None req-af8db651-a083-41c4-bfab-90080a6e0dae admin admin] Publish callbacks ['neutron.plugins.ml2.ovo_rpc._ObjectChangeHandler.handle_event-1108490'] for port (336d371a-50b9-495a-8a5f-f1a8b2ba4ace), after_create {{(pid=89995) _notify_loop /opt/stack/data/venv/lib/python3.12/site-packages/neutron_lib/callbacks/manager.py:184}}
Jun 13 01:15:02.138102 np0000002771 devstack@neutron-api.service[89997]: DEBUG neutron_lib.callbacks.manager [None req-fbd380fb-09d9-415c-8dd9-71dc38d123de admin admin] Publish callbacks ['neutron.plugins.ml2.ovo_rpc._ObjectChangeHandler.handle_event-1715876'] for network (8f7f2107-63d7-43e0-81ee-b0e28ff996a2), after_create {{(pid=89997) _notify_loop /opt/stack/data/venv/lib/python3.12/site-packages/neutron_lib/callbacks/manager.py:184}}
Jun 13 01:15:02.138383 np0000002771 devstack@neutron-api.service[89996]: DEBUG neutron_lib.callbacks.manager [None req-5bc05b44-c808-4754-9eb5-4580bfe0472e admin admin] Publish callbacks ['neutron.plugins.ml2.drivers.ovn.mech_driver.mech_driver.OVNMechanismDriver._create_security_group_precommit-179112'] for security_group (7e2b64bc-6b7f-47fe-82ae-023c0e589c82), precommit_create {{(pid=89996) _notify_loop /opt/stack/data/venv/lib/python3.12/site-packages/neutron_lib/callbacks/manager.py:184}}
Jun 13 01:15:02.138875 np0000002771 devstack@neutron-api.service[89996]: DEBUG neutron.db.ovn_revision_numbers_db [None req-5bc05b44-c808-4754-9eb5-4580bfe0472e admin admin] create_initial_revision uuid=7e2b64bc-6b7f-47fe-82ae-023c0e589c82, type=security_groups, rev=-1 {{(pid=89996) create_initial_revision /opt/stack/neutron/neutron/db/ovn_revision_numbers_db.py:98}}
Jun 13 01:15:02.140134 np0000002771 devstack@neutron-api.service[89996]: DEBUG neutron.db.ovn_revision_numbers_db [None req-5bc05b44-c808-4754-9eb5-4580bfe0472e admin admin] create_initial_revision uuid=37c61c1b-32a1-4c18-98cc-e5688bdec3d8, type=security_group_rules, rev=-1 {{(pid=89996) create_initial_revision /opt/stack/neutron/neutron/db/ovn_revision_numbers_db.py:98}}
Jun 13 01:15:02.141445 np0000002771 devstack@neutron-api.service[89996]: DEBUG neutron.db.ovn_revision_numbers_db [None req-5bc05b44-c808-4754-9eb5-4580bfe0472e admin admin] create_initial_revision uuid=3864cbfc-5bdc-4b63-9355-082d01e3f578, type=security_group_rules, rev=-1 {{(pid=89996) create_initial_revision /opt/stack/neutron/neutron/db/ovn_revision_numbers_db.py:98}}
Jun 13 01:15:02.142716 np0000002771 devstack@neutron-api.service[89996]: DEBUG neutron.db.ovn_revision_numbers_db [None req-5bc05b44-c808-4754-9eb5-4580bfe0472e admin admin] create_initial_revision uuid=68bfe6f9-176a-4fc9-bcc6-781ca396d78f, type=security_group_rules, rev=-1 {{(pid=89996) create_initial_revision /opt/stack/neutron/neutron/db/ovn_revision_numbers_db.py:98}}
Jun 13 01:15:02.143903 np0000002771 devstack@neutron-api.service[89996]: DEBUG neutron.db.ovn_revision_numbers_db [None req-5bc05b44-c808-4754-9eb5-4580bfe0472e admin admin] create_initial_revision uuid=81cd1d50-2d68-4401-b817-b1a59d986d16, type=security_group_rules, rev=-1 {{(pid=89996) create_initial_revision /opt/stack/neutron/neutron/db/ovn_revision_numbers_db.py:98}}
Jun 13 01:15:02.147765 np0000002771 devstack@neutron-api.service[89996]: DEBUG neutron_lib.callbacks.manager [None req-5bc05b44-c808-4754-9eb5-4580bfe0472e admin admin] Publish callbacks ['neutron.plugins.ml2.drivers.ovn.mech_driver.mech_driver.OVNMechanismDriver._create_security_group-179126', 'neutron.plugins.ml2.ovo_rpc._ObjectChangeHandler.handle_event-1757357'] for security_group (7e2b64bc-6b7f-47fe-82ae-023c0e589c82), after_create {{(pid=89996) _notify_loop /opt/stack/data/venv/lib/python3.12/site-packages/neutron_lib/callbacks/manager.py:184}}
Jun 13 01:15:02.148360 np0000002771 devstack@neutron-api.service[89996]: DEBUG ovsdbapp.backend.ovs_idl.transaction [None req-4bf76ca3-a80b-47b8-be09-9771c55a7e03 None None] Running txn n=1 command(idx=0): PgAddCommand(_result=None, name=pg_7e2b64bc_6b7f_47fe_82ae_023c0e589c82, may_exist=False, columns={'acls': [], 'external_ids': {'neutron:security_group_id': '7e2b64bc-6b7f-47fe-82ae-023c0e589c82'}}) {{(pid=89996) do_commit /opt/stack/data/venv/lib/python3.12/site-packages/ovsdbapp/backend/ovs_idl/transaction.py:89}}
Jun 13 01:15:02.148702 np0000002771 devstack@neutron-api.service[89996]: DEBUG ovsdbapp.backend.ovs_idl.transaction [None req-4bf76ca3-a80b-47b8-be09-9771c55a7e03 None None] Running txn n=1 command(idx=1): PgAclAddCommand(_result=None, entity=pg_7e2b64bc_6b7f_47fe_82ae_023c0e589c82, direction=from-lport, priority=1002, match=inport == @pg_7e2b64bc_6b7f_47fe_82ae_023c0e589c82 && ip4, action=allow-related, log=False, may_exist=True, severity=[], name=[], meter=[], external_ids={'neutron:security_group_rule_id': '37c61c1b-32a1-4c18-98cc-e5688bdec3d8'}) {{(pid=89996) do_commit /opt/stack/data/venv/lib/python3.12/site-packages/ovsdbapp/backend/ovs_idl/transaction.py:89}}
Jun 13 01:15:02.148940 np0000002771 devstack@neutron-api.service[89996]: DEBUG ovsdbapp.backend.ovs_idl.transaction [None req-4bf76ca3-a80b-47b8-be09-9771c55a7e03 None None] Running txn n=1 command(idx=2): PgAclAddCommand(_result=None, entity=pg_7e2b64bc_6b7f_47fe_82ae_023c0e589c82, direction=to-lport, priority=1002, match=outport == @pg_7e2b64bc_6b7f_47fe_82ae_023c0e589c82 && ip6 && ip6.src == $pg_7e2b64bc_6b7f_47fe_82ae_023c0e589c82_ip6, action=allow-related, log=False, may_exist=True, severity=[], name=[], meter=[], external_ids={'neutron:security_group_rule_id': '3864cbfc-5bdc-4b63-9355-082d01e3f578'}) {{(pid=89996) do_commit /opt/stack/data/venv/lib/python3.12/site-packages/ovsdbapp/backend/ovs_idl/transaction.py:89}}
Jun 13 01:15:02.149191 np0000002771 devstack@neutron-api.service[89996]: DEBUG ovsdbapp.backend.ovs_idl.transaction [None req-4bf76ca3-a80b-47b8-be09-9771c55a7e03 None None] Running txn n=1 command(idx=3): PgAclAddCommand(_result=None, entity=pg_7e2b64bc_6b7f_47fe_82ae_023c0e589c82, direction=to-lport, priority=1002, match=outport == @pg_7e2b64bc_6b7f_47fe_82ae_023c0e589c82 && ip4 && ip4.src == $pg_7e2b64bc_6b7f_47fe_82ae_023c0e589c82_ip4, action=allow-related, log=False, may_exist=True, severity=[], name=[], meter=[], external_ids={'neutron:security_group_rule_id': '68bfe6f9-176a-4fc9-bcc6-781ca396d78f'}) {{(pid=89996) do_commit /opt/stack/data/venv/lib/python3.12/site-packages/ovsdbapp/backend/ovs_idl/transaction.py:89}}
Jun 13 01:15:02.149401 np0000002771 devstack@neutron-api.service[89996]: DEBUG ovsdbapp.backend.ovs_idl.transaction [None req-4bf76ca3-a80b-47b8-be09-9771c55a7e03 None None] Running txn n=1 command(idx=4): PgAclAddCommand(_result=None, entity=pg_7e2b64bc_6b7f_47fe_82ae_023c0e589c82, direction=from-lport, priority=1002, match=inport == @pg_7e2b64bc_6b7f_47fe_82ae_023c0e589c82 && ip6, action=allow-related, log=False, may_exist=True, severity=[], name=[], meter=[], external_ids={'neutron:security_group_rule_id': '81cd1d50-2d68-4401-b817-b1a59d986d16'}) {{(pid=89996) do_commit /opt/stack/data/venv/lib/python3.12/site-packages/ovsdbapp/backend/ovs_idl/transaction.py:89}}
Jun 13 01:15:02.155700 np0000002771 devstack@neutron-api.service[89996]: DEBUG neutron.plugins.ml2.drivers.ovn.mech_driver.ovsdb.ovsdb_monitor [None req-4bf76ca3-a80b-47b8-be09-9771c55a7e03 None None] Hash Ring: Node fd1f254cfc15518eab55fb911635a9ef (host: np0000002771) handling event "create" for row 0ed458af-fe00-4528-a837-7fabf180ca61 (table: ACL) {{(pid=89996) notify /opt/stack/neutron/neutron/plugins/ml2/drivers/ovn/mech_driver/ovsdb/ovsdb_monitor.py:1015}}
Jun 13 01:15:02.155942 np0000002771 devstack@neutron-api.service[89996]: DEBUG neutron.plugins.ml2.drivers.ovn.mech_driver.ovsdb.ovsdb_monitor [None req-4bf76ca3-a80b-47b8-be09-9771c55a7e03 None None] Hash Ring: Node fd1f254cfc15518eab55fb911635a9ef (host: np0000002771) handling event "create" for row 8277bbd5-dcb6-42ab-80c4-04c596488e2e (table: ACL) {{(pid=89996) notify /opt/stack/neutron/neutron/plugins/ml2/drivers/ovn/mech_driver/ovsdb/ovsdb_monitor.py:1015}}
Jun 13 01:15:02.157211 np0000002771 devstack@neutron-api.service[89995]: DEBUG neutron.plugins.ml2.drivers.ovn.mech_driver.ovsdb.ovsdb_monitor [None req-02c8e084-9f11-4076-9e31-1835edcd4b98 None None] Hash Ring: Node 4fcf08b6fe555835b00162b80a0f15ca (host: np0000002771) handling event "create" for row 5f4e394b-280c-4666-8346-275e2f0d8dac (table: ACL) {{(pid=89995) notify /opt/stack/neutron/neutron/plugins/ml2/drivers/ovn/mech_driver/ovsdb/ovsdb_monitor.py:1015}}
Jun 13 01:15:02.157365 np0000002771 devstack@neutron-api.service[89995]: DEBUG neutron.plugins.ml2.drivers.ovn.mech_driver.ovsdb.ovsdb_monitor [None req-02c8e084-9f11-4076-9e31-1835edcd4b98 None None] Hash Ring: Node 4fcf08b6fe555835b00162b80a0f15ca (host: np0000002771) handling event "create" for row c0ec446c-c4ff-4705-835e-c1dfb74e7685 (table: ACL) {{(pid=89995) notify /opt/stack/neutron/neutron/plugins/ml2/drivers/ovn/mech_driver/ovsdb/ovsdb_monitor.py:1015}}
Jun 13 01:15:02.163610 np0000002771 devstack@neutron-api.service[89997]: DEBUG neutron.plugins.ml2.drivers.ovn.mech_driver.ovsdb.ovsdb_monitor [None req-20c8fb09-b020-4316-812d-c4430facfa5a None None] Hash Ring: Node 24d64794eb5155d9b381e9ff01c4bdc5 (host: np0000002771) handling event "create" for row b722c280-f2ca-4a7d-9a1e-9efadc8694a6 (table: Port_Group) {{(pid=89997) notify /opt/stack/neutron/neutron/plugins/ml2/drivers/ovn/mech_driver/ovsdb/ovsdb_monitor.py:1015}}
Jun 13 01:15:02.164481 np0000002771 devstack@neutron-api.service[89995]: DEBUG neutron.api.rpc.handlers.resources_rpc [None req-af8db651-a083-41c4-bfab-90080a6e0dae admin admin] Pushing event updated for resources: {'Port': ['ID=336d371a-50b9-495a-8a5f-f1a8b2ba4ace,revision_number=1']} {{(pid=89995) push /opt/stack/neutron/neutron/api/rpc/handlers/resources_rpc.py:237}}
Jun 13 01:15:02.172134 np0000002771 devstack@neutron-api.service[89997]: DEBUG neutron.api.rpc.handlers.resources_rpc [None req-fbd380fb-09d9-415c-8dd9-71dc38d123de admin admin] Pushing event updated for resources: {'Network': ['ID=8f7f2107-63d7-43e0-81ee-b0e28ff996a2,revision_number=1']} {{(pid=89997) push /opt/stack/neutron/neutron/api/rpc/handlers/resources_rpc.py:237}}
Jun 13 01:15:02.173366 np0000002771 devstack@neutron-api.service[89995]: DEBUG neutron.plugins.ml2.drivers.ovn.mech_driver.ovsdb.commands [None req-af8db651-a083-41c4-bfab-90080a6e0dae admin admin] Converting tag [] to a tag_request {{(pid=89995) _tag_column_to_tag_request /opt/stack/neutron/neutron/plugins/ml2/drivers/ovn/mech_driver/ovsdb/commands.py:205}}
Jun 13 01:15:02.174477 np0000002771 devstack@neutron-api.service[89995]: DEBUG ovsdbapp.backend.ovs_idl.transaction [None req-02c8e084-9f11-4076-9e31-1835edcd4b98 None None] Running txn n=1 command(idx=0): AddLSwitchPortCommand(_result=None, lport=336d371a-50b9-495a-8a5f-f1a8b2ba4ace, lswitch=neutron-79dbc5a6-bf7b-43c8-8701-ac7de4d7cf86, may_exist=True, network_uuid=79dbc5a6-bf7b-43c8-8701-ac7de4d7cf86, columns={'addresses': ['fa:16:3e:c0:d0:f5'], 'external_ids': {'neutron:port_name': '', 'neutron:device_id': 'ovnmeta-79dbc5a6-bf7b-43c8-8701-ac7de4d7cf86', 'neutron:project_id': '7389dd2806594b7f8439c768cfb60525', 'neutron:cidrs': '', 'neutron:device_owner': 'network:distributed', 'neutron:subnet_pool_addr_scope4': '', 'neutron:subnet_pool_addr_scope6': '', 'neutron:network_name': 'neutron-79dbc5a6-bf7b-43c8-8701-ac7de4d7cf86', 'neutron:security_group_ids': '', 'neutron:revision_number': '1', 'neutron:vnic_type': 'normal', 'neutron:port_capabilities': '', 'neutron:mtu': '1372'}, 'parent_name': [], 'enabled': True, 'options': {}, 'type': 'localport', 'port_security': [], 'dhcpv4_options': [], 'dhcpv6_options': [], 'tag_request': []}) {{(pid=89995) do_commit /opt/stack/data/venv/lib/python3.12/site-packages/ovsdbapp/backend/ovs_idl/transaction.py:89}}
Jun 13 01:15:02.175221 np0000002771 devstack@neutron-api.service[89995]: DEBUG ovsdbapp.backend.ovs_idl.transaction [None req-02c8e084-9f11-4076-9e31-1835edcd4b98 None None] Running txn n=1 command(idx=1): QoSDelCommand(_result=None, switch=neutron-79dbc5a6-bf7b-43c8-8701-ac7de4d7cf86, conditions=[('direction', '=', 'to-lport'), ('priority', '=', 2002), ('match', '=', 'outport == "336d371a-50b9-495a-8a5f-f1a8b2ba4ace"')], if_exists=True) {{(pid=89995) do_commit /opt/stack/data/venv/lib/python3.12/site-packages/ovsdbapp/backend/ovs_idl/transaction.py:89}}
Jun 13 01:15:02.175512 np0000002771 devstack@neutron-api.service[89995]: DEBUG ovsdbapp.backend.ovs_idl.transaction [None req-02c8e084-9f11-4076-9e31-1835edcd4b98 None None] Running txn n=1 command(idx=2): QoSDelCommand(_result=None, switch=neutron-79dbc5a6-bf7b-43c8-8701-ac7de4d7cf86, conditions=[('direction', '=', 'from-lport'), ('priority', '=', 2002), ('match', '=', 'inport == "336d371a-50b9-495a-8a5f-f1a8b2ba4ace"')], if_exists=True) {{(pid=89995) do_commit /opt/stack/data/venv/lib/python3.12/site-packages/ovsdbapp/backend/ovs_idl/transaction.py:89}}
Jun 13 01:15:02.177853 np0000002771 devstack@neutron-api.service[89996]: INFO neutron.db.ovn_revision_numbers_db [None req-5bc05b44-c808-4754-9eb5-4580bfe0472e admin admin] Successfully bumped revision number for resource 7e2b64bc-6b7f-47fe-82ae-023c0e589c82 (type: security_groups) to 1
Jun 13 01:15:02.178906 np0000002771 devstack@neutron-api.service[89995]: DEBUG neutron.plugins.ml2.drivers.ovn.mech_driver.ovsdb.ovsdb_monitor [None req-02c8e084-9f11-4076-9e31-1835edcd4b98 None None] Hash Ring: Node 4fcf08b6fe555835b00162b80a0f15ca (host: np0000002771) handling event "update" for row 79dbc5a6-bf7b-43c8-8701-ac7de4d7cf86 (table: Logical_Switch) {{(pid=89995) notify /opt/stack/neutron/neutron/plugins/ml2/drivers/ovn/mech_driver/ovsdb/ovsdb_monitor.py:1015}}
Jun 13 01:15:02.182509 np0000002771 devstack@neutron-api.service[89995]: DEBUG neutron.plugins.ml2.drivers.ovn.mech_driver.ovsdb.ovsdb_monitor [None req-01b020f7-93b9-4905-9bc3-913586a89c8c None None] Hash Ring: Node 4fcf08b6fe555835b00162b80a0f15ca (host: np0000002771) handling event "create" for row 6f6cbf7e-b141-45e7-896a-6a6da0dadc7a (table: Port_Binding) {{(pid=89995) notify /opt/stack/neutron/neutron/plugins/ml2/drivers/ovn/mech_driver/ovsdb/ovsdb_monitor.py:1015}}
Jun 13 01:15:02.184967 np0000002771 devstack@neutron-api.service[89996]: DEBUG neutron.plugins.ml2.drivers.ovn.mech_driver.ovsdb.ovsdb_monitor [None req-4bf76ca3-a80b-47b8-be09-9771c55a7e03 None None] Hash Ring: Node fd1f254cfc15518eab55fb911635a9ef (host: np0000002771) handling event "create" for row 50e8e67e-f64a-4898-9873-38b0569f7c98 (table: Logical_Switch_Port) {{(pid=89996) notify /opt/stack/neutron/neutron/plugins/ml2/drivers/ovn/mech_driver/ovsdb/ovsdb_monitor.py:1015}}
Jun 13 01:15:02.185145 np0000002771 devstack@neutron-api.service[89997]: DEBUG ovsdbapp.backend.ovs_idl.transaction [None req-20c8fb09-b020-4316-812d-c4430facfa5a None None] Running txn n=1 command(idx=0): AddNetworkCommand(_result=None, network_uuid=8f7f2107-63d7-43e0-81ee-b0e28ff996a2, may_exist=True, columns={'external_ids': {'neutron:network_name': 'tempest-AttachSCSIVolumeTestJSON-1715409504-network', 'neutron:mtu': '1372', 'neutron:revision_number': '1', 'neutron:availability_zone_hints': '', 'neutron:provnet-network-type': 'geneve'}, 'other_config': {'mcast_snoop': 'false', 'mcast_flood_unregistered': 'false', 'vlan-passthru': 'false'}}) {{(pid=89997) do_commit /opt/stack/data/venv/lib/python3.12/site-packages/ovsdbapp/backend/ovs_idl/transaction.py:89}}
Jun 13 01:15:02.185307 np0000002771 devstack@neutron-api.service[89997]: DEBUG neutron.common.ovn.utils [None req-20c8fb09-b020-4316-812d-c4430facfa5a None None] OVS persist_uuid supported=True {{(pid=89997) ovs_persist_uuid_supported /opt/stack/neutron/neutron/common/ovn/utils.py:1544}}
Jun 13 01:15:02.186280 np0000002771 devstack@neutron-api.service[89996]: DEBUG ovsdbapp.backend.ovs_idl.event [None req-4bf76ca3-a80b-47b8-be09-9771c55a7e03 None None] Matched CREATE: LogicalSwitchPortCreateEvent(events=('create',), table='Logical_Switch_Port', conditions=[], old_conditions=None), priority=20 to row=Logical_Switch_Port(uuid=50e8e67e-f64a-4898-9873-38b0569f7c98, addresses=['fa:16:3e:c0:d0:f5'], dhcpv4_options=[], dhcpv6_options=[], dynamic_addresses=[], enabled=True, external_ids={'neutron:cidrs': '', 'neutron:device_id': 'ovnmeta-79dbc5a6-bf7b-43c8-8701-ac7de4d7cf86', 'neutron:device_owner': 'network:distributed', 'neutron:mtu': '1372', 'neutron:network_name': 'neutron-79dbc5a6-bf7b-43c8-8701-ac7de4d7cf86', 'neutron:port_capabilities': '', 'neutron:port_name': '', 'neutron:project_id': '7389dd2806594b7f8439c768cfb60525', 'neutron:revision_number': '1', 'neutron:security_group_ids': '', 'neutron:subnet_pool_addr_scope4': '', 'neutron:subnet_pool_addr_scope6': '', 'neutron:vnic_type': 'normal'}, ha_chassis_group=[], mirror_rules=[], name='336d371a-50b9-495a-8a5f-f1a8b2ba4ace', options={}, parent_name=[], port_security=[], tag=[], tag_request=[], type='localport', up=[]) old= {{(pid=89996) matches /opt/stack/data/venv/lib/python3.12/site-packages/ovsdbapp/backend/ovs_idl/event.py:55}}
Jun 13 01:15:02.187691 np0000002771 devstack@neutron-api.service[89996]: INFO neutron.plugins.ml2.drivers.ovn.mech_driver.mech_driver [None req-8f4a9739-d01b-48e6-a83a-b3d3c9d4be64 None None] OVN reports status down for port: 336d371a-50b9-495a-8a5f-f1a8b2ba4ace
Jun 13 01:15:02.191542 np0000002771 devstack@neutron-api.service[89996]: DEBUG neutron.plugins.ml2.drivers.ovn.mech_driver.ovsdb.ovsdb_monitor [None req-4bf76ca3-a80b-47b8-be09-9771c55a7e03 None None] Hash Ring: Node fd1f254cfc15518eab55fb911635a9ef (host: np0000002771) handling event "update" for row 50e8e67e-f64a-4898-9873-38b0569f7c98 (table: Logical_Switch_Port) {{(pid=89996) notify /opt/stack/neutron/neutron/plugins/ml2/drivers/ovn/mech_driver/ovsdb/ovsdb_monitor.py:1015}}
Jun 13 01:15:02.198749 np0000002771 devstack@neutron-api.service[89996]: DEBUG neutron.plugins.ml2.drivers.ovn.mech_driver.ovsdb.ovsdb_monitor [None req-4bf76ca3-a80b-47b8-be09-9771c55a7e03 None None] Hash Ring: Node fd1f254cfc15518eab55fb911635a9ef (host: np0000002771) handling event "create" for row 8f7f2107-63d7-43e0-81ee-b0e28ff996a2 (table: Logical_Switch) {{(pid=89996) notify /opt/stack/neutron/neutron/plugins/ml2/drivers/ovn/mech_driver/ovsdb/ovsdb_monitor.py:1015}}
Jun 13 01:15:02.204597 np0000002771 devstack@neutron-api.service[89995]: DEBUG neutron.plugins.ml2.drivers.ovn.mech_driver.ovsdb.ovsdb_monitor [None req-01b020f7-93b9-4905-9bc3-913586a89c8c None None] Hash Ring: Node 4fcf08b6fe555835b00162b80a0f15ca (host: np0000002771) handling event "create" for row ee9a6c2e-cd23-40b4-9f98-64041426225a (table: Datapath_Binding) {{(pid=89995) notify /opt/stack/neutron/neutron/plugins/ml2/drivers/ovn/mech_driver/ovsdb/ovsdb_monitor.py:1015}}
Jun 13 01:15:02.210878 np0000002771 devstack@neutron-api.service[89996]: INFO neutron.db.ovn_revision_numbers_db [None req-5bc05b44-c808-4754-9eb5-4580bfe0472e admin admin] Successfully bumped revision number for resource 37c61c1b-32a1-4c18-98cc-e5688bdec3d8 (type: security_group_rules) to 0
Jun 13 01:15:02.211025 np0000002771 devstack@neutron-api.service[89997]: INFO neutron.db.ovn_revision_numbers_db [None req-fbd380fb-09d9-415c-8dd9-71dc38d123de admin admin] Successfully bumped revision number for resource 8f7f2107-63d7-43e0-81ee-b0e28ff996a2 (type: networks) to 1
Jun 13 01:15:02.225466 np0000002771 devstack@neutron-api.service[89995]: INFO neutron.db.ovn_revision_numbers_db [None req-af8db651-a083-41c4-bfab-90080a6e0dae admin admin] Successfully bumped revision number for resource 336d371a-50b9-495a-8a5f-f1a8b2ba4ace (type: ports) to 1
Jun 13 01:15:02.227028 np0000002771 devstack@neutron-api.service[89996]: INFO neutron.db.ovn_revision_numbers_db [None req-5bc05b44-c808-4754-9eb5-4580bfe0472e admin admin] Successfully bumped revision number for resource 3864cbfc-5bdc-4b63-9355-082d01e3f578 (type: security_group_rules) to 0
Jun 13 01:15:02.234234 np0000002771 devstack@neutron-api.service[89995]: DEBUG neutron.pecan_wsgi.hooks.policy_enforcement [None req-af8db651-a083-41c4-bfab-90080a6e0dae admin admin] Attributes excluded by policy engine: ['standard_attr_id'] {{(pid=89995) _exclude_attributes_by_policy /opt/stack/neutron/neutron/pecan_wsgi/hooks/policy_enforcement.py:256}}
Jun 13 01:15:02.234633 np0000002771 devstack@neutron-api.service[89995]: DEBUG neutron_lib.callbacks.manager [None req-af8db651-a083-41c4-bfab-90080a6e0dae admin admin] Publish callbacks [] for network (None), before_response {{(pid=89995) _notify_loop /opt/stack/data/venv/lib/python3.12/site-packages/neutron_lib/callbacks/manager.py:184}}
Jun 13 01:15:02.239420 np0000002771 devstack@neutron-api.service[89996]: DEBUG neutron.db.provisioning_blocks [None req-8f4a9739-d01b-48e6-a83a-b3d3c9d4be64 None None] Transition to ACTIVE for port object 336d371a-50b9-495a-8a5f-f1a8b2ba4ace will not be triggered until provisioned by entity L2. {{(pid=89996) add_provisioning_component /opt/stack/neutron/neutron/db/provisioning_blocks.py:74}}
Jun 13 01:15:02.242075 np0000002771 devstack@neutron-api.service[89996]: INFO neutron.db.ovn_revision_numbers_db [None req-5bc05b44-c808-4754-9eb5-4580bfe0472e admin admin] Successfully bumped revision number for resource 68bfe6f9-176a-4fc9-bcc6-781ca396d78f (type: security_group_rules) to 0
Jun 13 01:15:02.247027 np0000002771 devstack@neutron-api.service[89995]: [pid: 89995|app: 0|req: 16/44] 10.4.3.236 () {68 vars in 1277 bytes} [Sat Jun 13 01:15:01 2026] POST /networking/v2.0/networks => generated 735 bytes in 1099 msecs (HTTP/1.1 201) 4 headers in 162 bytes (1 switches on core 0)
Jun 13 01:15:02.257281 np0000002771 devstack@neutron-api.service[89996]: INFO neutron.db.ovn_revision_numbers_db [None req-5bc05b44-c808-4754-9eb5-4580bfe0472e admin admin] Successfully bumped revision number for resource 81cd1d50-2d68-4401-b817-b1a59d986d16 (type: security_group_rules) to 0
Jun 13 01:15:02.263593 np0000002771 devstack@neutron-api.service[89997]: DEBUG neutron_lib.callbacks.manager [None req-fbd380fb-09d9-415c-8dd9-71dc38d123de admin admin] Publish callbacks ['neutron.plugins.ml2.plugin.SecurityGroupDbMixin._ensure_default_security_group_handler-3617321'] for port (None), before_create {{(pid=89997) _notify_loop /opt/stack/data/venv/lib/python3.12/site-packages/neutron_lib/callbacks/manager.py:184}}
Jun 13 01:15:02.364185 np0000002771 devstack@neutron-api.service[89997]: DEBUG neutron_lib.callbacks.manager [None req-fbd380fb-09d9-415c-8dd9-71dc38d123de admin admin] Publish callbacks ['neutron.plugins.ml2.drivers.ovn.mech_driver.mech_driver.OVNMechanismDriver._validate_allowed_address_pairs-200297'] for allowed_address_pair (f58579a6-43c2-4b29-a4d2-5f2971b507f8), before_create {{(pid=89997) _notify_loop /opt/stack/data/venv/lib/python3.12/site-packages/neutron_lib/callbacks/manager.py:184}}
Jun 13 01:15:02.365138 np0000002771 devstack@neutron-api.service[89997]: DEBUG neutron_lib.callbacks.manager [None req-fbd380fb-09d9-415c-8dd9-71dc38d123de admin admin] Publish callbacks [] for port (f58579a6-43c2-4b29-a4d2-5f2971b507f8), precommit_create {{(pid=89997) _notify_loop /opt/stack/data/venv/lib/python3.12/site-packages/neutron_lib/callbacks/manager.py:184}}
Jun 13 01:15:02.365388 np0000002771 devstack@neutron-api.service[89997]: DEBUG neutron.plugins.ml2.drivers.ovn.mech_driver.mech_driver [None req-fbd380fb-09d9-415c-8dd9-71dc38d123de admin admin] No provisioning block for port f58579a6-43c2-4b29-a4d2-5f2971b507f8 since it does not have a host {{(pid=89997) _is_port_provisioning_required /opt/stack/neutron/neutron/plugins/ml2/drivers/ovn/mech_driver/mech_driver.py:896}}
Jun 13 01:15:02.365538 np0000002771 devstack@neutron-api.service[89997]: DEBUG neutron.db.ovn_revision_numbers_db [None req-fbd380fb-09d9-415c-8dd9-71dc38d123de admin admin] create_initial_revision uuid=f58579a6-43c2-4b29-a4d2-5f2971b507f8, type=ports, rev=-1 {{(pid=89997) create_initial_revision /opt/stack/neutron/neutron/db/ovn_revision_numbers_db.py:98}}
Jun 13 01:15:02.425878 np0000002771 devstack@neutron-api.service[89995]: DEBUG neutron.api.v2.base [None req-78281919-602f-4b2b-a538-76077855b406 admin admin] Request body: {'network': {'name': 'tempest-VolumesAssistedSnapshotsTest-354760892-network', 'project_id': '2b76be13aeb04069924e6d264e1ded70'}} {{(pid=89995) prepare_request_body /opt/stack/neutron/neutron/api/v2/base.py:727}}
Jun 13 01:15:02.429928 np0000002771 devstack@neutron-api.service[89997]: DEBUG neutron_lib.callbacks.manager [None req-fbd380fb-09d9-415c-8dd9-71dc38d123de admin admin] Publish callbacks ['neutron.plugins.ml2.ovo_rpc._ObjectChangeHandler.handle_event-1716002'] for port (f58579a6-43c2-4b29-a4d2-5f2971b507f8), after_create {{(pid=89997) _notify_loop /opt/stack/data/venv/lib/python3.12/site-packages/neutron_lib/callbacks/manager.py:184}}
Jun 13 01:15:02.440843 np0000002771 devstack@neutron-api.service[89995]: DEBUG neutron.pecan_wsgi.hooks.quota_enforcement [None req-78281919-602f-4b2b-a538-76077855b406 admin admin] Made reservation on behalf of 2b76be13aeb04069924e6d264e1ded70 for: {'network': 1} {{(pid=89995) before /opt/stack/neutron/neutron/pecan_wsgi/hooks/quota_enforcement.py:66}}
Jun 13 01:15:02.443836 np0000002771 devstack@neutron-api.service[89995]: DEBUG neutron_lib.callbacks.manager [None req-78281919-602f-4b2b-a538-76077855b406 admin admin] Publish callbacks ['neutron.plugins.ml2.plugin.SecurityGroupDbMixin._ensure_default_security_group_handler-2902953'] for network (None), before_create {{(pid=89995) _notify_loop /opt/stack/data/venv/lib/python3.12/site-packages/neutron_lib/callbacks/manager.py:184}}
Jun 13 01:15:02.449447 np0000002771 devstack@neutron-api.service[89995]: DEBUG neutron_lib.callbacks.manager [None req-78281919-602f-4b2b-a538-76077855b406 admin admin] Publish callbacks [] for security_group (None), before_create {{(pid=89995) _notify_loop /opt/stack/data/venv/lib/python3.12/site-packages/neutron_lib/callbacks/manager.py:184}}
Jun 13 01:15:02.503364 np0000002771 devstack@neutron-api.service[89997]: DEBUG neutron.api.rpc.handlers.resources_rpc [None req-fbd380fb-09d9-415c-8dd9-71dc38d123de admin admin] Pushing event updated for resources: {'Port': ['ID=f58579a6-43c2-4b29-a4d2-5f2971b507f8,revision_number=1']} {{(pid=89997) push /opt/stack/neutron/neutron/api/rpc/handlers/resources_rpc.py:237}}
Jun 13 01:15:02.525520 np0000002771 devstack@neutron-api.service[89995]: DEBUG neutron_lib.callbacks.manager [None req-78281919-602f-4b2b-a538-76077855b406 admin admin] Publish callbacks ['neutron.plugins.ml2.drivers.ovn.mech_driver.mech_driver.OVNMechanismDriver._create_security_group_precommit-261797'] for security_group (b6db59db-dc8e-45d8-ac4d-2131ecef292d), precommit_create {{(pid=89995) _notify_loop /opt/stack/data/venv/lib/python3.12/site-packages/neutron_lib/callbacks/manager.py:184}}
Jun 13 01:15:02.525782 np0000002771 devstack@neutron-api.service[89995]: DEBUG neutron.db.ovn_revision_numbers_db [None req-78281919-602f-4b2b-a538-76077855b406 admin admin] create_initial_revision uuid=b6db59db-dc8e-45d8-ac4d-2131ecef292d, type=security_groups, rev=-1 {{(pid=89995) create_initial_revision /opt/stack/neutron/neutron/db/ovn_revision_numbers_db.py:98}}
Jun 13 01:15:02.527649 np0000002771 devstack@neutron-api.service[89995]: DEBUG neutron.db.ovn_revision_numbers_db [None req-78281919-602f-4b2b-a538-76077855b406 admin admin] create_initial_revision uuid=49210e3b-003e-4111-8db2-68cf660bb66d, type=security_group_rules, rev=-1 {{(pid=89995) create_initial_revision /opt/stack/neutron/neutron/db/ovn_revision_numbers_db.py:98}}
Jun 13 01:15:02.530280 np0000002771 devstack@neutron-api.service[89995]: DEBUG neutron.db.ovn_revision_numbers_db [None req-78281919-602f-4b2b-a538-76077855b406 admin admin] create_initial_revision uuid=4cdfac55-0290-4806-b7d9-8f0e7f31624c, type=security_group_rules, rev=-1 {{(pid=89995) create_initial_revision /opt/stack/neutron/neutron/db/ovn_revision_numbers_db.py:98}}
Jun 13 01:15:02.531774 np0000002771 devstack@neutron-api.service[89995]: DEBUG neutron.db.ovn_revision_numbers_db [None req-78281919-602f-4b2b-a538-76077855b406 admin admin] create_initial_revision uuid=8a75ac44-154e-4b27-9de1-2f41f8f9f2a7, type=security_group_rules, rev=-1 {{(pid=89995) create_initial_revision /opt/stack/neutron/neutron/db/ovn_revision_numbers_db.py:98}}
Jun 13 01:15:02.533269 np0000002771 devstack@neutron-api.service[89995]: DEBUG neutron.db.ovn_revision_numbers_db [None req-78281919-602f-4b2b-a538-76077855b406 admin admin] create_initial_revision uuid=c8ce6713-8b20-457c-9892-20b610208537, type=security_group_rules, rev=-1 {{(pid=89995) create_initial_revision /opt/stack/neutron/neutron/db/ovn_revision_numbers_db.py:98}}
Jun 13 01:15:02.537450 np0000002771 devstack@neutron-api.service[89995]: DEBUG neutron_lib.callbacks.manager [None req-78281919-602f-4b2b-a538-76077855b406 admin admin] Publish callbacks ['neutron.plugins.ml2.drivers.ovn.mech_driver.mech_driver.OVNMechanismDriver._create_security_group-261819', 'neutron.plugins.ml2.ovo_rpc._ObjectChangeHandler.handle_event-1108550'] for security_group (b6db59db-dc8e-45d8-ac4d-2131ecef292d), after_create {{(pid=89995) _notify_loop /opt/stack/data/venv/lib/python3.12/site-packages/neutron_lib/callbacks/manager.py:184}}
Jun 13 01:15:02.540240 np0000002771 devstack@neutron-api.service[89995]: DEBUG ovsdbapp.backend.ovs_idl.transaction [None req-02c8e084-9f11-4076-9e31-1835edcd4b98 None None] Running txn n=1 command(idx=0): PgAddCommand(_result=None, name=pg_b6db59db_dc8e_45d8_ac4d_2131ecef292d, may_exist=False, columns={'acls': [], 'external_ids': {'neutron:security_group_id': 'b6db59db-dc8e-45d8-ac4d-2131ecef292d'}}) {{(pid=89995) do_commit /opt/stack/data/venv/lib/python3.12/site-packages/ovsdbapp/backend/ovs_idl/transaction.py:89}}
Jun 13 01:15:02.540240 np0000002771 devstack@neutron-api.service[89995]: DEBUG ovsdbapp.backend.ovs_idl.transaction [None req-02c8e084-9f11-4076-9e31-1835edcd4b98 None None] Running txn n=1 command(idx=1): PgAclAddCommand(_result=None, entity=pg_b6db59db_dc8e_45d8_ac4d_2131ecef292d, direction=from-lport, priority=1002, match=inport == @pg_b6db59db_dc8e_45d8_ac4d_2131ecef292d && ip6, action=allow-related, log=False, may_exist=True, severity=[], name=[], meter=[], external_ids={'neutron:security_group_rule_id': '49210e3b-003e-4111-8db2-68cf660bb66d'}) {{(pid=89995) do_commit /opt/stack/data/venv/lib/python3.12/site-packages/ovsdbapp/backend/ovs_idl/transaction.py:89}}
Jun 13 01:15:02.540240 np0000002771 devstack@neutron-api.service[89995]: DEBUG ovsdbapp.backend.ovs_idl.transaction [None req-02c8e084-9f11-4076-9e31-1835edcd4b98 None None] Running txn n=1 command(idx=2): PgAclAddCommand(_result=None, entity=pg_b6db59db_dc8e_45d8_ac4d_2131ecef292d, direction=to-lport, priority=1002, match=outport == @pg_b6db59db_dc8e_45d8_ac4d_2131ecef292d && ip6 && ip6.src == $pg_b6db59db_dc8e_45d8_ac4d_2131ecef292d_ip6, action=allow-related, log=False, may_exist=True, severity=[], name=[], meter=[], external_ids={'neutron:security_group_rule_id': '4cdfac55-0290-4806-b7d9-8f0e7f31624c'}) {{(pid=89995) do_commit /opt/stack/data/venv/lib/python3.12/site-packages/ovsdbapp/backend/ovs_idl/transaction.py:89}}
Jun 13 01:15:02.540240 np0000002771 devstack@neutron-api.service[89995]: DEBUG ovsdbapp.backend.ovs_idl.transaction [None req-02c8e084-9f11-4076-9e31-1835edcd4b98 None None] Running txn n=1 command(idx=3): PgAclAddCommand(_result=None, entity=pg_b6db59db_dc8e_45d8_ac4d_2131ecef292d, direction=from-lport, priority=1002, match=inport == @pg_b6db59db_dc8e_45d8_ac4d_2131ecef292d && ip4, action=allow-related, log=False, may_exist=True, severity=[], name=[], meter=[], external_ids={'neutron:security_group_rule_id': '8a75ac44-154e-4b27-9de1-2f41f8f9f2a7'}) {{(pid=89995) do_commit /opt/stack/data/venv/lib/python3.12/site-packages/ovsdbapp/backend/ovs_idl/transaction.py:89}}
Jun 13 01:15:02.540240 np0000002771 devstack@neutron-api.service[89995]: DEBUG ovsdbapp.backend.ovs_idl.transaction [None req-02c8e084-9f11-4076-9e31-1835edcd4b98 None None] Running txn n=1 command(idx=4): PgAclAddCommand(_result=None, entity=pg_b6db59db_dc8e_45d8_ac4d_2131ecef292d, direction=to-lport, priority=1002, match=outport == @pg_b6db59db_dc8e_45d8_ac4d_2131ecef292d && ip4 && ip4.src == $pg_b6db59db_dc8e_45d8_ac4d_2131ecef292d_ip4, action=allow-related, log=False, may_exist=True, severity=[], name=[], meter=[], external_ids={'neutron:security_group_rule_id': 'c8ce6713-8b20-457c-9892-20b610208537'}) {{(pid=89995) do_commit /opt/stack/data/venv/lib/python3.12/site-packages/ovsdbapp/backend/ovs_idl/transaction.py:89}}
Jun 13 01:15:02.547904 np0000002771 devstack@neutron-api.service[89995]: DEBUG neutron.plugins.ml2.drivers.ovn.mech_driver.ovsdb.ovsdb_monitor [None req-02c8e084-9f11-4076-9e31-1835edcd4b98 None None] Hash Ring: Node 4fcf08b6fe555835b00162b80a0f15ca (host: np0000002771) handling event "create" for row 4e5170e6-b76c-4bc0-9d12-3a8aafef1144 (table: Port_Group) {{(pid=89995) notify /opt/stack/neutron/neutron/plugins/ml2/drivers/ovn/mech_driver/ovsdb/ovsdb_monitor.py:1015}}
Jun 13 01:15:02.548049 np0000002771 devstack@neutron-api.service[89997]: DEBUG neutron.plugins.ml2.drivers.ovn.mech_driver.ovsdb.ovsdb_monitor [None req-20c8fb09-b020-4316-812d-c4430facfa5a None None] Hash Ring: Node 24d64794eb5155d9b381e9ff01c4bdc5 (host: np0000002771) handling event "create" for row dd99ac0a-3101-4679-92ab-e492b189f974 (table: ACL) {{(pid=89997) notify /opt/stack/neutron/neutron/plugins/ml2/drivers/ovn/mech_driver/ovsdb/ovsdb_monitor.py:1015}}
Jun 13 01:15:02.548714 np0000002771 devstack@neutron-api.service[89997]: DEBUG neutron.plugins.ml2.drivers.ovn.mech_driver.ovsdb.commands [None req-fbd380fb-09d9-415c-8dd9-71dc38d123de admin admin] Converting tag [] to a tag_request {{(pid=89997) _tag_column_to_tag_request /opt/stack/neutron/neutron/plugins/ml2/drivers/ovn/mech_driver/ovsdb/commands.py:205}}
Jun 13 01:15:02.549306 np0000002771 devstack@neutron-api.service[89997]: DEBUG ovsdbapp.backend.ovs_idl.transaction [None req-20c8fb09-b020-4316-812d-c4430facfa5a None None] Running txn n=1 command(idx=0): AddLSwitchPortCommand(_result=None, lport=f58579a6-43c2-4b29-a4d2-5f2971b507f8, lswitch=neutron-8f7f2107-63d7-43e0-81ee-b0e28ff996a2, may_exist=True, network_uuid=8f7f2107-63d7-43e0-81ee-b0e28ff996a2, columns={'addresses': ['fa:16:3e:cf:ae:bc'], 'external_ids': {'neutron:port_name': '', 'neutron:device_id': 'ovnmeta-8f7f2107-63d7-43e0-81ee-b0e28ff996a2', 'neutron:project_id': '793bff43bde543d2b82d70cfe15891bb', 'neutron:cidrs': '', 'neutron:device_owner': 'network:distributed', 'neutron:subnet_pool_addr_scope4': '', 'neutron:subnet_pool_addr_scope6': '', 'neutron:network_name': 'neutron-8f7f2107-63d7-43e0-81ee-b0e28ff996a2', 'neutron:security_group_ids': '', 'neutron:revision_number': '1', 'neutron:vnic_type': 'normal', 'neutron:port_capabilities': '', 'neutron:mtu': '1372'}, 'parent_name': [], 'enabled': True, 'options': {}, 'type': 'localport', 'port_security': [], 'dhcpv4_options': [], 'dhcpv6_options': [], 'tag_request': []}) {{(pid=89997) do_commit /opt/stack/data/venv/lib/python3.12/site-packages/ovsdbapp/backend/ovs_idl/transaction.py:89}}
Jun 13 01:15:02.551326 np0000002771 devstack@neutron-api.service[89997]: DEBUG ovsdbapp.backend.ovs_idl.transaction [None req-20c8fb09-b020-4316-812d-c4430facfa5a None None] Running txn n=1 command(idx=1): QoSDelCommand(_result=None, switch=neutron-8f7f2107-63d7-43e0-81ee-b0e28ff996a2, conditions=[('direction', '=', 'to-lport'), ('priority', '=', 2002), ('match', '=', 'outport == "f58579a6-43c2-4b29-a4d2-5f2971b507f8"')], if_exists=True) {{(pid=89997) do_commit /opt/stack/data/venv/lib/python3.12/site-packages/ovsdbapp/backend/ovs_idl/transaction.py:89}}
Jun 13 01:15:02.551544 np0000002771 devstack@neutron-api.service[89997]: DEBUG ovsdbapp.backend.ovs_idl.transaction [None req-20c8fb09-b020-4316-812d-c4430facfa5a None None] Running txn n=1 command(idx=2): QoSDelCommand(_result=None, switch=neutron-8f7f2107-63d7-43e0-81ee-b0e28ff996a2, conditions=[('direction', '=', 'from-lport'), ('priority', '=', 2002), ('match', '=', 'inport == "f58579a6-43c2-4b29-a4d2-5f2971b507f8"')], if_exists=True) {{(pid=89997) do_commit /opt/stack/data/venv/lib/python3.12/site-packages/ovsdbapp/backend/ovs_idl/transaction.py:89}}
Jun 13 01:15:02.564069 np0000002771 devstack@neutron-api.service[89995]: DEBUG neutron.plugins.ml2.drivers.ovn.mech_driver.ovsdb.ovsdb_monitor [None req-01b020f7-93b9-4905-9bc3-913586a89c8c None None] Hash Ring: Node 4fcf08b6fe555835b00162b80a0f15ca (host: np0000002771) handling event "create" for row 087b8ee7-fe43-4884-bd9c-fa383bba594f (table: Port_Binding) {{(pid=89995) notify /opt/stack/neutron/neutron/plugins/ml2/drivers/ovn/mech_driver/ovsdb/ovsdb_monitor.py:1015}}
Jun 13 01:15:02.566189 np0000002771 devstack@neutron-api.service[89995]: DEBUG neutron.plugins.ml2.drivers.ovn.mech_driver.ovsdb.ovsdb_monitor [None req-02c8e084-9f11-4076-9e31-1835edcd4b98 None None] Hash Ring: Node 4fcf08b6fe555835b00162b80a0f15ca (host: np0000002771) handling event "create" for row fd79fc8c-afc4-4cc2-97b0-16c9dec9f8a2 (table: Logical_Switch_Port) {{(pid=89995) notify /opt/stack/neutron/neutron/plugins/ml2/drivers/ovn/mech_driver/ovsdb/ovsdb_monitor.py:1015}}
Jun 13 01:15:02.566189 np0000002771 devstack@neutron-api.service[89995]: DEBUG ovsdbapp.backend.ovs_idl.event [None req-02c8e084-9f11-4076-9e31-1835edcd4b98 None None] Matched CREATE: LogicalSwitchPortCreateEvent(events=('create',), table='Logical_Switch_Port', conditions=[], old_conditions=None), priority=20 to row=Logical_Switch_Port(uuid=fd79fc8c-afc4-4cc2-97b0-16c9dec9f8a2, addresses=['fa:16:3e:cf:ae:bc'], dhcpv4_options=[], dhcpv6_options=[], dynamic_addresses=[], enabled=True, external_ids={'neutron:cidrs': '', 'neutron:device_id': 'ovnmeta-8f7f2107-63d7-43e0-81ee-b0e28ff996a2', 'neutron:device_owner': 'network:distributed', 'neutron:mtu': '1372', 'neutron:network_name': 'neutron-8f7f2107-63d7-43e0-81ee-b0e28ff996a2', 'neutron:port_capabilities': '', 'neutron:port_name': '', 'neutron:project_id': '793bff43bde543d2b82d70cfe15891bb', 'neutron:revision_number': '1', 'neutron:security_group_ids': '', 'neutron:subnet_pool_addr_scope4': '', 'neutron:subnet_pool_addr_scope6': '', 'neutron:vnic_type': 'normal'}, ha_chassis_group=[], mirror_rules=[], name='f58579a6-43c2-4b29-a4d2-5f2971b507f8', options={}, parent_name=[], port_security=[], tag=[], tag_request=[], type='localport', up=[]) old= {{(pid=89995) matches /opt/stack/data/venv/lib/python3.12/site-packages/ovsdbapp/backend/ovs_idl/event.py:55}}
Jun 13 01:15:02.570086 np0000002771 devstack@neutron-api.service[89995]: DEBUG neutron.plugins.ml2.drivers.ovn.mech_driver.ovsdb.ovsdb_monitor [None req-02c8e084-9f11-4076-9e31-1835edcd4b98 None None] Hash Ring: Node 4fcf08b6fe555835b00162b80a0f15ca (host: np0000002771) handling event "update" for row fd79fc8c-afc4-4cc2-97b0-16c9dec9f8a2 (table: Logical_Switch_Port) {{(pid=89995) notify /opt/stack/neutron/neutron/plugins/ml2/drivers/ovn/mech_driver/ovsdb/ovsdb_monitor.py:1015}}
Jun 13 01:15:02.572885 np0000002771 devstack@neutron-api.service[89995]: INFO neutron.plugins.ml2.drivers.ovn.mech_driver.mech_driver [None req-5b0de1a8-bae6-4019-96ba-6c4e7eda207b None None] OVN reports status down for port: f58579a6-43c2-4b29-a4d2-5f2971b507f8
Jun 13 01:15:02.580725 np0000002771 devstack@neutron-api.service[89995]: INFO neutron.db.ovn_revision_numbers_db [None req-78281919-602f-4b2b-a538-76077855b406 admin admin] Successfully bumped revision number for resource b6db59db-dc8e-45d8-ac4d-2131ecef292d (type: security_groups) to 1
Jun 13 01:15:02.586984 np0000002771 devstack@neutron-api.service[89996]: DEBUG neutron.plugins.ml2.drivers.ovn.mech_driver.ovsdb.ovsdb_monitor [None req-4bf76ca3-a80b-47b8-be09-9771c55a7e03 None None] Hash Ring: Node fd1f254cfc15518eab55fb911635a9ef (host: np0000002771) handling event "create" for row 172bae7d-2370-4407-b9a5-d2444ab5e43b (table: ACL) {{(pid=89996) notify /opt/stack/neutron/neutron/plugins/ml2/drivers/ovn/mech_driver/ovsdb/ovsdb_monitor.py:1015}}
Jun 13 01:15:02.587490 np0000002771 devstack@neutron-api.service[89996]: DEBUG neutron.plugins.ml2.drivers.ovn.mech_driver.ovsdb.ovsdb_monitor [None req-4bf76ca3-a80b-47b8-be09-9771c55a7e03 None None] Hash Ring: Node fd1f254cfc15518eab55fb911635a9ef (host: np0000002771) handling event "create" for row 4b73f994-5d5f-4e78-9985-502022f2c298 (table: ACL) {{(pid=89996) notify /opt/stack/neutron/neutron/plugins/ml2/drivers/ovn/mech_driver/ovsdb/ovsdb_monitor.py:1015}}
Jun 13 01:15:02.587994 np0000002771 devstack@neutron-api.service[89996]: DEBUG neutron.plugins.ml2.drivers.ovn.mech_driver.ovsdb.ovsdb_monitor [None req-4bf76ca3-a80b-47b8-be09-9771c55a7e03 None None] Hash Ring: Node fd1f254cfc15518eab55fb911635a9ef (host: np0000002771) handling event "create" for row 5100f8e8-2496-4ad8-b588-d65c27b02d1d (table: ACL) {{(pid=89996) notify /opt/stack/neutron/neutron/plugins/ml2/drivers/ovn/mech_driver/ovsdb/ovsdb_monitor.py:1015}}
Jun 13 01:15:02.596857 np0000002771 devstack@neutron-api.service[89996]: DEBUG neutron.plugins.ml2.drivers.ovn.mech_driver.ovsdb.ovsdb_monitor [None req-4bf76ca3-a80b-47b8-be09-9771c55a7e03 None None] Hash Ring: Node fd1f254cfc15518eab55fb911635a9ef (host: np0000002771) handling event "update" for row 8f7f2107-63d7-43e0-81ee-b0e28ff996a2 (table: Logical_Switch) {{(pid=89996) notify /opt/stack/neutron/neutron/plugins/ml2/drivers/ovn/mech_driver/ovsdb/ovsdb_monitor.py:1015}}
Jun 13 01:15:02.612095 np0000002771 devstack@neutron-api.service[89996]: DEBUG neutron.plugins.ml2.plugin [None req-8f4a9739-d01b-48e6-a83a-b3d3c9d4be64 None None] Current status of the port 336d371a-50b9-495a-8a5f-f1a8b2ba4ace is: DOWN; New status is: DOWN {{(pid=89996) _update_individual_port_db_status /opt/stack/neutron/neutron/plugins/ml2/plugin.py:2470}}
Jun 13 01:15:02.613542 np0000002771 devstack@neutron-api.service[89996]: DEBUG ovsdbapp.backend.ovs_idl.transaction [None req-4bf76ca3-a80b-47b8-be09-9771c55a7e03 None None] Running txn n=1 command(idx=0): DbRemoveCommand(_result=None, table=Logical_Switch_Port, record=336d371a-50b9-495a-8a5f-f1a8b2ba4ace, column=external_ids, values=('neutron:host_id',), keyvalues={}, if_exists=True) {{(pid=89996) do_commit /opt/stack/data/venv/lib/python3.12/site-packages/ovsdbapp/backend/ovs_idl/transaction.py:89}}
Jun 13 01:15:02.615793 np0000002771 devstack@neutron-api.service[89996]: DEBUG neutron.api.rpc.handlers.resources_rpc [None req-5bc05b44-c808-4754-9eb5-4580bfe0472e admin admin] Pushing event updated for resources: {'SecurityGroup': ['ID=7e2b64bc-6b7f-47fe-82ae-023c0e589c82,revision_number=1']} {{(pid=89996) push /opt/stack/neutron/neutron/api/rpc/handlers/resources_rpc.py:237}}
Jun 13 01:15:02.618036 np0000002771 devstack@neutron-api.service[89995]: INFO neutron.db.ovn_revision_numbers_db [None req-78281919-602f-4b2b-a538-76077855b406 admin admin] Successfully bumped revision number for resource 49210e3b-003e-4111-8db2-68cf660bb66d (type: security_group_rules) to 0
Jun 13 01:15:02.624010 np0000002771 devstack@neutron-api.service[89996]: DEBUG neutron.api.rpc.callbacks.version_manager [None req-5bc05b44-c808-4754-9eb5-4580bfe0472e admin admin] Tracked resource versions report:
Jun 13 01:15:02.624010 np0000002771 devstack@neutron-api.service[89996]: pushed versions:
Jun 13 01:15:02.624010 np0000002771 devstack@neutron-api.service[89996]: { 'AddressGroup': {'1.2'},
Jun 13 01:15:02.624010 np0000002771 devstack@neutron-api.service[89996]: 'Agent': {'1.1'},
Jun 13 01:15:02.624010 np0000002771 devstack@neutron-api.service[89996]: 'ConntrackHelper': {'1.0'},
Jun 13 01:15:02.624010 np0000002771 devstack@neutron-api.service[89996]: 'LocalIPAssociation': {'1.0'},
Jun 13 01:15:02.624010 np0000002771 devstack@neutron-api.service[89996]: 'Log': {'1.0'},
Jun 13 01:15:02.624010 np0000002771 devstack@neutron-api.service[89996]: 'NDPProxy': {'1.0'},
Jun 13 01:15:02.624010 np0000002771 devstack@neutron-api.service[89996]: 'Network': {'1.3'},
Jun 13 01:15:02.624010 np0000002771 devstack@neutron-api.service[89996]: 'Port': {'1.11'},
Jun 13 01:15:02.624010 np0000002771 devstack@neutron-api.service[89996]: 'PortForwarding': {'1.3'},
Jun 13 01:15:02.624010 np0000002771 devstack@neutron-api.service[89996]: 'QosPolicy': {'1.10'},
Jun 13 01:15:02.624010 np0000002771 devstack@neutron-api.service[89996]: 'SecurityGroup': {'1.6'},
Jun 13 01:15:02.624010 np0000002771 devstack@neutron-api.service[89996]: 'SecurityGroupRule': {'1.3'},
Jun 13 01:15:02.624010 np0000002771 devstack@neutron-api.service[89996]: 'SubPort': {'1.0'},
Jun 13 01:15:02.624010 np0000002771 devstack@neutron-api.service[89996]: 'Subnet': {'1.2'},
Jun 13 01:15:02.624010 np0000002771 devstack@neutron-api.service[89996]: 'Trunk': {'1.1'}}
Jun 13 01:15:02.624010 np0000002771 devstack@neutron-api.service[89996]: consumer versions:
Jun 13 01:15:02.624010 np0000002771 devstack@neutron-api.service[89996]: { OVN Controller Gateway agent@np0000002771: {},
Jun 13 01:15:02.624010 np0000002771 devstack@neutron-api.service[89996]: OVN Neutron agent@np0000002771: {}}
Jun 13 01:15:02.624010 np0000002771 devstack@neutron-api.service[89996]: {{(pid=89996) report /opt/stack/neutron/neutron/api/rpc/callbacks/version_manager.py:183}}
Jun 13 01:15:02.631347 np0000002771 devstack@neutron-api.service[89995]: DEBUG neutron.db.provisioning_blocks [None req-5b0de1a8-bae6-4019-96ba-6c4e7eda207b None None] Transition to ACTIVE for port object f58579a6-43c2-4b29-a4d2-5f2971b507f8 will not be triggered until provisioned by entity L2. {{(pid=89995) add_provisioning_component /opt/stack/neutron/neutron/db/provisioning_blocks.py:74}}
Jun 13 01:15:02.640773 np0000002771 devstack@neutron-api.service[89995]: INFO neutron.db.ovn_revision_numbers_db [None req-78281919-602f-4b2b-a538-76077855b406 admin admin] Successfully bumped revision number for resource 4cdfac55-0290-4806-b7d9-8f0e7f31624c (type: security_group_rules) to 0
Jun 13 01:15:02.653265 np0000002771 devstack@neutron-api.service[89996]: DEBUG neutron.plugins.ml2.drivers.helpers [None req-5bc05b44-c808-4754-9eb5-4580bfe0472e admin admin] geneve segment allocate from pool success with {'geneve_vni': 6750} {{(pid=89996) allocate_partially_specified_segment /opt/stack/neutron/neutron/plugins/ml2/drivers/helpers.py:142}}
Jun 13 01:15:02.660345 np0000002771 devstack@neutron-api.service[89996]: DEBUG neutron_lib.callbacks.manager [None req-5bc05b44-c808-4754-9eb5-4580bfe0472e admin admin] Publish callbacks ['neutron.plugins.ml2.plugin.Ml2Plugin._handle_segment_change-827298'] for segment (4dae5703-da99-4855-944f-b61c62a92277), precommit_create {{(pid=89996) _notify_loop /opt/stack/data/venv/lib/python3.12/site-packages/neutron_lib/callbacks/manager.py:184}}
Jun 13 01:15:02.660535 np0000002771 devstack@neutron-api.service[89996]: INFO neutron.db.segments_db [None req-5bc05b44-c808-4754-9eb5-4580bfe0472e admin admin] Added segment 4dae5703-da99-4855-944f-b61c62a92277 of type geneve for network 29fa6d89-ae88-44b6-be6f-12bd5f2b324c
Jun 13 01:15:02.670607 np0000002771 devstack@neutron-api.service[89995]: INFO neutron.db.ovn_revision_numbers_db [None req-78281919-602f-4b2b-a538-76077855b406 admin admin] Successfully bumped revision number for resource 8a75ac44-154e-4b27-9de1-2f41f8f9f2a7 (type: security_group_rules) to 0
Jun 13 01:15:02.676940 np0000002771 devstack@neutron-api.service[89996]: DEBUG neutron_lib.callbacks.manager [None req-5bc05b44-c808-4754-9eb5-4580bfe0472e admin admin] Publish callbacks ['neutron.services.auto_allocate.db._ensure_external_network_default_value_callback-8517134537568'] for network (29fa6d89-ae88-44b6-be6f-12bd5f2b324c), precommit_create {{(pid=89996) _notify_loop /opt/stack/data/venv/lib/python3.12/site-packages/neutron_lib/callbacks/manager.py:184}}
Jun 13 01:15:02.680944 np0000002771 devstack@neutron-api.service[89995]: DEBUG neutron.plugins.ml2.plugin [None req-5b0de1a8-bae6-4019-96ba-6c4e7eda207b None None] Current status of the port f58579a6-43c2-4b29-a4d2-5f2971b507f8 is: DOWN; New status is: DOWN {{(pid=89995) _update_individual_port_db_status /opt/stack/neutron/neutron/plugins/ml2/plugin.py:2470}}
Jun 13 01:15:02.685451 np0000002771 devstack@neutron-api.service[89995]: DEBUG ovsdbapp.backend.ovs_idl.transaction [None req-02c8e084-9f11-4076-9e31-1835edcd4b98 None None] Running txn n=1 command(idx=0): DbRemoveCommand(_result=None, table=Logical_Switch_Port, record=f58579a6-43c2-4b29-a4d2-5f2971b507f8, column=external_ids, values=('neutron:host_id',), keyvalues={}, if_exists=True) {{(pid=89995) do_commit /opt/stack/data/venv/lib/python3.12/site-packages/ovsdbapp/backend/ovs_idl/transaction.py:89}}
