May 19 04:31:16.713247 np0000001025 nova-scheduler[95338]: DEBUG cotyledon.oslo_config_glue [-] oslo_limit.cafile = None {{(pid=95338) log_opt_values /opt/stack/data/venv/lib/python3.12/site-packages/oslo_config/cfg.py:3006}}
May 19 04:31:16.713247 np0000001025 nova-scheduler[95338]: DEBUG cotyledon.oslo_config_glue [-] oslo_limit.certfile = None {{(pid=95338) log_opt_values /opt/stack/data/venv/lib/python3.12/site-packages/oslo_config/cfg.py:3006}}
May 19 04:31:16.713247 np0000001025 nova-scheduler[95338]: DEBUG cotyledon.oslo_config_glue [-] oslo_limit.collect_timing = False {{(pid=95338) log_opt_values /opt/stack/data/venv/lib/python3.12/site-packages/oslo_config/cfg.py:3006}}
May 19 04:31:16.713247 np0000001025 nova-scheduler[95338]: DEBUG cotyledon.oslo_config_glue [-] oslo_limit.connect_retries = None {{(pid=95338) log_opt_values /opt/stack/data/venv/lib/python3.12/site-packages/oslo_config/cfg.py:3006}}
May 19 04:31:16.713247 np0000001025 nova-scheduler[95338]: DEBUG cotyledon.oslo_config_glue [-] oslo_limit.connect_retry_delay = None {{(pid=95338) log_opt_values /opt/stack/data/venv/lib/python3.12/site-packages/oslo_config/cfg.py:3006}}
May 19 04:31:16.713247 np0000001025 nova-scheduler[95338]: DEBUG cotyledon.oslo_config_glue [-] oslo_limit.endpoint_id = None {{(pid=95338) log_opt_values /opt/stack/data/venv/lib/python3.12/site-packages/oslo_config/cfg.py:3006}}
May 19 04:31:16.713247 np0000001025 nova-scheduler[95338]: DEBUG cotyledon.oslo_config_glue [-] oslo_limit.endpoint_interface = public {{(pid=95338) log_opt_values /opt/stack/data/venv/lib/python3.12/site-packages/oslo_config/cfg.py:3006}}
May 19 04:31:16.713247 np0000001025 nova-scheduler[95338]: DEBUG cotyledon.oslo_config_glue [-] oslo_limit.endpoint_override = None {{(pid=95338) log_opt_values /opt/stack/data/venv/lib/python3.12/site-packages/oslo_config/cfg.py:3006}}
May 19 04:31:16.713247 np0000001025 nova-scheduler[95338]: DEBUG cotyledon.oslo_config_glue [-] oslo_limit.endpoint_region_name = None {{(pid=95338) log_opt_values /opt/stack/data/venv/lib/python3.12/site-packages/oslo_config/cfg.py:3006}}
May 19 04:31:16.713567 np0000001025 nova-scheduler[95338]: DEBUG cotyledon.oslo_config_glue [-] oslo_limit.endpoint_service_name = None {{(pid=95338) log_opt_values /opt/stack/data/venv/lib/python3.12/site-packages/oslo_config/cfg.py:3006}}
May 19 04:31:16.713567 np0000001025 nova-scheduler[95338]: DEBUG cotyledon.oslo_config_glue [-] oslo_limit.endpoint_service_type = None {{(pid=95338) log_opt_values /opt/stack/data/venv/lib/python3.12/site-packages/oslo_config/cfg.py:3006}}
May 19 04:31:16.713567 np0000001025 nova-scheduler[95338]: DEBUG cotyledon.oslo_config_glue [-] oslo_limit.insecure = False {{(pid=95338) log_opt_values /opt/stack/data/venv/lib/python3.12/site-packages/oslo_config/cfg.py:3006}}
May 19 04:31:16.713567 np0000001025 nova-scheduler[95338]: DEBUG cotyledon.oslo_config_glue [-] oslo_limit.keyfile = None {{(pid=95338) log_opt_values /opt/stack/data/venv/lib/python3.12/site-packages/oslo_config/cfg.py:3006}}
May 19 04:31:16.713567 np0000001025 nova-scheduler[95338]: DEBUG cotyledon.oslo_config_glue [-] oslo_limit.max_version = None {{(pid=95338) log_opt_values /opt/stack/data/venv/lib/python3.12/site-packages/oslo_config/cfg.py:3006}}
May 19 04:31:16.713567 np0000001025 nova-scheduler[95338]: DEBUG cotyledon.oslo_config_glue [-] oslo_limit.min_version = None {{(pid=95338) log_opt_values /opt/stack/data/venv/lib/python3.12/site-packages/oslo_config/cfg.py:3006}}
May 19 04:31:16.713567 np0000001025 nova-scheduler[95338]: DEBUG cotyledon.oslo_config_glue [-] oslo_limit.region_name = None {{(pid=95338) log_opt_values /opt/stack/data/venv/lib/python3.12/site-packages/oslo_config/cfg.py:3006}}
May 19 04:31:16.713567 np0000001025 nova-scheduler[95338]: DEBUG cotyledon.oslo_config_glue [-] oslo_limit.retriable_status_codes = None {{(pid=95338) log_opt_values /opt/stack/data/venv/lib/python3.12/site-packages/oslo_config/cfg.py:3006}}
May 19 04:31:16.713567 np0000001025 nova-scheduler[95338]: DEBUG cotyledon.oslo_config_glue [-] oslo_limit.service_name = None {{(pid=95338) log_opt_values /opt/stack/data/venv/lib/python3.12/site-packages/oslo_config/cfg.py:3006}}
May 19 04:31:16.713874 np0000001025 nova-scheduler[95338]: DEBUG cotyledon.oslo_config_glue [-] oslo_limit.service_type = None {{(pid=95338) log_opt_values /opt/stack/data/venv/lib/python3.12/site-packages/oslo_config/cfg.py:3006}}
May 19 04:31:16.713874 np0000001025 nova-scheduler[95338]: DEBUG cotyledon.oslo_config_glue [-] oslo_limit.split_loggers = False {{(pid=95338) log_opt_values /opt/stack/data/venv/lib/python3.12/site-packages/oslo_config/cfg.py:3006}}
May 19 04:31:16.713874 np0000001025 nova-scheduler[95338]: DEBUG cotyledon.oslo_config_glue [-] oslo_limit.status_code_retries = None {{(pid=95338) log_opt_values /opt/stack/data/venv/lib/python3.12/site-packages/oslo_config/cfg.py:3006}}
May 19 04:31:16.713874 np0000001025 nova-scheduler[95338]: DEBUG cotyledon.oslo_config_glue [-] oslo_limit.status_code_retry_delay = None {{(pid=95338) log_opt_values /opt/stack/data/venv/lib/python3.12/site-packages/oslo_config/cfg.py:3006}}
May 19 04:31:16.713874 np0000001025 nova-scheduler[95338]: DEBUG cotyledon.oslo_config_glue [-] oslo_limit.timeout = None {{(pid=95338) log_opt_values /opt/stack/data/venv/lib/python3.12/site-packages/oslo_config/cfg.py:3006}}
May 19 04:31:16.713874 np0000001025 nova-scheduler[95338]: DEBUG cotyledon.oslo_config_glue [-] oslo_limit.valid_interfaces = None {{(pid=95338) log_opt_values /opt/stack/data/venv/lib/python3.12/site-packages/oslo_config/cfg.py:3006}}
May 19 04:31:16.713874 np0000001025 nova-scheduler[95338]: DEBUG cotyledon.oslo_config_glue [-] oslo_limit.version = None {{(pid=95338) log_opt_values /opt/stack/data/venv/lib/python3.12/site-packages/oslo_config/cfg.py:3006}}
May 19 04:31:16.713874 np0000001025 nova-scheduler[95338]: DEBUG cotyledon.oslo_config_glue [-] oslo_reports.file_event_handler = None {{(pid=95338) log_opt_values /opt/stack/data/venv/lib/python3.12/site-packages/oslo_config/cfg.py:3006}}
May 19 04:31:16.713874 np0000001025 nova-scheduler[95338]: DEBUG cotyledon.oslo_config_glue [-] oslo_reports.file_event_handler_interval = 1 {{(pid=95338) log_opt_values /opt/stack/data/venv/lib/python3.12/site-packages/oslo_config/cfg.py:3006}}
May 19 04:31:16.714208 np0000001025 nova-scheduler[95338]: DEBUG cotyledon.oslo_config_glue [-] oslo_reports.log_dir = None {{(pid=95338) log_opt_values /opt/stack/data/venv/lib/python3.12/site-packages/oslo_config/cfg.py:3006}}
May 19 04:31:16.714208 np0000001025 nova-scheduler[95338]: DEBUG cotyledon.oslo_config_glue [-] ******************************************************************************** {{(pid=95338) log_opt_values /opt/stack/data/venv/lib/python3.12/site-packages/oslo_config/cfg.py:3013}}
May 19 04:31:16.714208 np0000001025 nova-scheduler[95338]: DEBUG cotyledon._service_worker [-] Run service ServiceWrapper(1) [95338] {{(pid=95338) wait_forever /opt/stack/data/venv/lib/python3.12/site-packages/cotyledon/_service_worker.py:218}}
May 19 04:31:16.714208 np0000001025 nova-scheduler[95338]: INFO nova.service [-] Starting scheduler node (version 33.1.0)
May 19 04:31:16.714355 np0000001025 nova-scheduler[95340]: INFO dbcounter [None req-9394dce8-f63c-47f6-ae12-1735a743eafc None None] Registered counter for database nova_cell0
May 19 04:31:16.714408 np0000001025 nova-scheduler[95338]: INFO dbcounter [None req-e26e57ed-cf60-41d3-8e5d-b0e8b28ecb96 None None] Registered counter for database nova_cell0
May 19 04:31:16.714523 np0000001025 nova-scheduler[95336]: DEBUG nova.service [None req-a2bd6adb-2cff-4725-a62a-964afd3b7a71 None None] Creating RPC server for service: nova-scheduler on topic: scheduler {{(pid=95336) start /opt/stack/nova/nova/service.py:195}}
May 19 04:31:16.714578 np0000001025 nova-scheduler[95338]: DEBUG oslo_db.sqlalchemy.engines [None req-e26e57ed-cf60-41d3-8e5d-b0e8b28ecb96 None None] MySQL server mode set to STRICT_TRANS_TABLES,STRICT_ALL_TABLES,NO_ZERO_IN_DATE,NO_ZERO_DATE,ERROR_FOR_DIVISION_BY_ZERO,TRADITIONAL,NO_ENGINE_SUBSTITUTION {{(pid=95338) _check_effective_sql_mode /opt/stack/data/venv/lib/python3.12/site-packages/oslo_db/sqlalchemy/engines.py:325}}
May 19 04:31:16.714622 np0000001025 nova-scheduler[95340]: DEBUG oslo_db.sqlalchemy.engines [None req-9394dce8-f63c-47f6-ae12-1735a743eafc None None] MySQL server mode set to STRICT_TRANS_TABLES,STRICT_ALL_TABLES,NO_ZERO_IN_DATE,NO_ZERO_DATE,ERROR_FOR_DIVISION_BY_ZERO,TRADITIONAL,NO_ENGINE_SUBSTITUTION {{(pid=95340) _check_effective_sql_mode /opt/stack/data/venv/lib/python3.12/site-packages/oslo_db/sqlalchemy/engines.py:325}}
May 19 04:31:16.714665 np0000001025 nova-scheduler[95338]: DEBUG dbcounter [-] [95338] Writer thread running {{(pid=95338) stat_writer /opt/stack/data/venv/lib/python3.12/site-packages/dbcounter.py:102}}
May 19 04:31:16.714665 np0000001025 nova-scheduler[95338]: DEBUG nova.service [None req-e26e57ed-cf60-41d3-8e5d-b0e8b28ecb96 None None] Creating RPC server for service: nova-scheduler on topic: scheduler {{(pid=95338) start /opt/stack/nova/nova/service.py:195}}
May 19 04:31:16.714743 np0000001025 nova-scheduler[95340]: DEBUG dbcounter [-] [95340] Writer thread running {{(pid=95340) stat_writer /opt/stack/data/venv/lib/python3.12/site-packages/dbcounter.py:102}}
May 19 04:31:16.714743 np0000001025 nova-scheduler[95340]: DEBUG nova.service [None req-9394dce8-f63c-47f6-ae12-1735a743eafc None None] Creating RPC server for service: nova-scheduler on topic: scheduler {{(pid=95340) start /opt/stack/nova/nova/service.py:195}}
May 19 04:31:16.720581 np0000001025 nova-scheduler[95336]: DEBUG nova.service [None req-a2bd6adb-2cff-4725-a62a-964afd3b7a71 None None] Join ServiceGroup membership for this service scheduler {{(pid=95336) start /opt/stack/nova/nova/service.py:221}}
May 19 04:31:16.720767 np0000001025 nova-scheduler[95336]: DEBUG nova.servicegroup.drivers.db [None req-a2bd6adb-2cff-4725-a62a-964afd3b7a71 None None] DB_Driver: join new ServiceGroup member np0000001025 to the scheduler group, service = {{(pid=95336) join /opt/stack/nova/nova/servicegroup/drivers/db.py:44}}
May 19 04:31:16.721172 np0000001025 nova-scheduler[95338]: DEBUG nova.service [None req-e26e57ed-cf60-41d3-8e5d-b0e8b28ecb96 None None] Join ServiceGroup membership for this service scheduler {{(pid=95338) start /opt/stack/nova/nova/service.py:221}}
May 19 04:31:16.721436 np0000001025 nova-scheduler[95338]: DEBUG nova.servicegroup.drivers.db [None req-e26e57ed-cf60-41d3-8e5d-b0e8b28ecb96 None None] DB_Driver: join new ServiceGroup member np0000001025 to the scheduler group, service = {{(pid=95338) join /opt/stack/nova/nova/servicegroup/drivers/db.py:44}}
May 19 04:31:16.727769 np0000001025 nova-scheduler[95340]: DEBUG nova.service [None req-9394dce8-f63c-47f6-ae12-1735a743eafc None None] Join ServiceGroup membership for this service scheduler {{(pid=95340) start /opt/stack/nova/nova/service.py:221}}
May 19 04:31:16.727979 np0000001025 nova-scheduler[95340]: DEBUG nova.servicegroup.drivers.db [None req-9394dce8-f63c-47f6-ae12-1735a743eafc None None] DB_Driver: join new ServiceGroup member np0000001025 to the scheduler group, service = {{(pid=95340) join /opt/stack/nova/nova/servicegroup/drivers/db.py:44}}
May 19 04:31:21.733051 np0000001025 nova-scheduler[95336]: DEBUG oslo.service.backend._threading.loopingcall [-] Fixed interval looping call 'nova.servicegroup.drivers.db.DbDriver._report_state' sleeping for 119.99 seconds {{(pid=95336) _run_loop /opt/stack/data/venv/lib/python3.12/site-packages/oslo_service/backend/_threading/loopingcall.py:125}}
May 19 04:31:21.738191 np0000001025 nova-scheduler[95340]: DEBUG oslo.service.backend._threading.loopingcall [-] Fixed interval looping call 'nova.servicegroup.drivers.db.DbDriver._report_state' sleeping for 119.99 seconds {{(pid=95340) _run_loop /opt/stack/data/venv/lib/python3.12/site-packages/oslo_service/backend/_threading/loopingcall.py:125}}
May 19 04:31:21.739923 np0000001025 nova-scheduler[95338]: DEBUG oslo.service.backend._threading.loopingcall [-] Fixed interval looping call 'nova.servicegroup.drivers.db.DbDriver._report_state' sleeping for 119.98 seconds {{(pid=95338) _run_loop /opt/stack/data/venv/lib/python3.12/site-packages/oslo_service/backend/_threading/loopingcall.py:125}}
May 19 04:31:22.729937 np0000001025 nova-scheduler[95340]: DEBUG oslo.service.backend._threading.loopingcall [None req-53005c09-cefc-4501-8592-e2ad22b0f1f9 None None] Dynamic interval looping call 'nova.service.Service.periodic_tasks' sleeping for 60.00 seconds {{(pid=95340) _run_loop /opt/stack/data/venv/lib/python3.12/site-packages/oslo_service/backend/_threading/loopingcall.py:125}}
May 19 04:31:25.356873 np0000001025 nova-scheduler[94143]: DEBUG dbcounter [-] [94143] Writing DB stats nova_api:SELECT=3 {{(pid=94143) stat_writer /opt/stack/data/venv/lib/python3.12/site-packages/dbcounter.py:115}}
May 19 04:31:25.466490 np0000001025 nova-scheduler[94143]: DEBUG dbcounter [-] [94143] Writing DB stats nova_cell1:SELECT=1 {{(pid=94143) stat_writer /opt/stack/data/venv/lib/python3.12/site-packages/dbcounter.py:115}}
May 19 04:31:25.472815 np0000001025 nova-scheduler[94143]: DEBUG dbcounter [-] [94143] Writing DB stats nova_cell0:SELECT=1 {{(pid=94143) stat_writer /opt/stack/data/venv/lib/python3.12/site-packages/dbcounter.py:115}}
May 19 04:31:26.724001 np0000001025 nova-scheduler[95336]: DEBUG oslo.service.backend._threading.loopingcall [None req-4eefc193-6e67-4eca-80c7-4c9e3d6dbaa2 None None] Dynamic interval looping call 'nova.service.Service.periodic_tasks' sleeping for 60.00 seconds {{(pid=95336) _run_loop /opt/stack/data/venv/lib/python3.12/site-packages/oslo_service/backend/_threading/loopingcall.py:125}}
May 19 04:31:31.729200 np0000001025 nova-scheduler[95336]: DEBUG dbcounter [-] [95336] Writing DB stats nova_cell0:SELECT=4,nova_cell0:INSERT=1,nova_cell0:UPDATE=1 {{(pid=95336) stat_writer /opt/stack/data/venv/lib/python3.12/site-packages/dbcounter.py:115}}
May 19 04:31:31.735666 np0000001025 nova-scheduler[95340]: DEBUG dbcounter [-] [95340] Writing DB stats nova_cell0:SELECT=3 {{(pid=95340) stat_writer /opt/stack/data/venv/lib/python3.12/site-packages/dbcounter.py:115}}
May 19 04:31:31.737260 np0000001025 nova-scheduler[95338]: DEBUG dbcounter [-] [95338] Writing DB stats nova_cell0:SELECT=3,nova_cell0:UPDATE=1 {{(pid=95338) stat_writer /opt/stack/data/venv/lib/python3.12/site-packages/dbcounter.py:115}}
May 19 04:32:02.724810 np0000001025 nova-scheduler[95338]: DEBUG oslo.service.backend._threading.loopingcall [None req-a43cf204-eab5-4517-9b5c-999c126d00c3 None None] Dynamic interval looping call 'nova.service.Service.periodic_tasks' sleeping for 60.00 seconds {{(pid=95338) _run_loop /opt/stack/data/venv/lib/python3.12/site-packages/oslo_service/backend/_threading/loopingcall.py:125}}
May 19 04:32:22.730523 np0000001025 nova-scheduler[95340]: DEBUG oslo.service.backend._threading.loopingcall [None req-53005c09-cefc-4501-8592-e2ad22b0f1f9 None None] Dynamic interval looping call 'nova.service.Service.periodic_tasks' sleeping for 60.00 seconds {{(pid=95340) _run_loop /opt/stack/data/venv/lib/python3.12/site-packages/oslo_service/backend/_threading/loopingcall.py:125}}
May 19 04:32:26.724632 np0000001025 nova-scheduler[95336]: DEBUG oslo.service.backend._threading.loopingcall [None req-4eefc193-6e67-4eca-80c7-4c9e3d6dbaa2 None None] Dynamic interval looping call 'nova.service.Service.periodic_tasks' sleeping for 60.00 seconds {{(pid=95336) _run_loop /opt/stack/data/venv/lib/python3.12/site-packages/oslo_service/backend/_threading/loopingcall.py:125}}
May 19 04:33:02.725353 np0000001025 nova-scheduler[95338]: DEBUG oslo.service.backend._threading.loopingcall [None req-a43cf204-eab5-4517-9b5c-999c126d00c3 None None] Dynamic interval looping call 'nova.service.Service.periodic_tasks' sleeping for 60.00 seconds {{(pid=95338) _run_loop /opt/stack/data/venv/lib/python3.12/site-packages/oslo_service/backend/_threading/loopingcall.py:125}}
May 19 04:33:21.726396 np0000001025 nova-scheduler[95338]: DEBUG oslo.service.backend._threading.loopingcall [-] Fixed interval looping call 'nova.servicegroup.drivers.db.DbDriver._report_state' sleeping for 119.99 seconds {{(pid=95338) _run_loop /opt/stack/data/venv/lib/python3.12/site-packages/oslo_service/backend/_threading/loopingcall.py:125}}
May 19 04:33:21.727450 np0000001025 nova-scheduler[95336]: DEBUG oslo.service.backend._threading.loopingcall [-] Fixed interval looping call 'nova.servicegroup.drivers.db.DbDriver._report_state' sleeping for 120.00 seconds {{(pid=95336) _run_loop /opt/stack/data/venv/lib/python3.12/site-packages/oslo_service/backend/_threading/loopingcall.py:125}}
May 19 04:33:21.731180 np0000001025 nova-scheduler[95340]: DEBUG oslo.service.backend._threading.loopingcall [-] Fixed interval looping call 'nova.servicegroup.drivers.db.DbDriver._report_state' sleeping for 120.00 seconds {{(pid=95340) _run_loop /opt/stack/data/venv/lib/python3.12/site-packages/oslo_service/backend/_threading/loopingcall.py:125}}
May 19 04:33:22.731015 np0000001025 nova-scheduler[95340]: DEBUG oslo.service.backend._threading.loopingcall [None req-53005c09-cefc-4501-8592-e2ad22b0f1f9 None None] Dynamic interval looping call 'nova.service.Service.periodic_tasks' sleeping for 60.00 seconds {{(pid=95340) _run_loop /opt/stack/data/venv/lib/python3.12/site-packages/oslo_service/backend/_threading/loopingcall.py:125}}
May 19 04:33:26.725232 np0000001025 nova-scheduler[95336]: DEBUG oslo.service.backend._threading.loopingcall [None req-4eefc193-6e67-4eca-80c7-4c9e3d6dbaa2 None None] Dynamic interval looping call 'nova.service.Service.periodic_tasks' sleeping for 60.00 seconds {{(pid=95336) _run_loop /opt/stack/data/venv/lib/python3.12/site-packages/oslo_service/backend/_threading/loopingcall.py:125}}
May 19 04:33:31.723783 np0000001025 nova-scheduler[95338]: DEBUG dbcounter [-] [95338] Writing DB stats nova_cell0:SELECT=1,nova_cell0:UPDATE=1 {{(pid=95338) stat_writer /opt/stack/data/venv/lib/python3.12/site-packages/dbcounter.py:115}}
May 19 04:33:31.726208 np0000001025 nova-scheduler[95336]: DEBUG dbcounter [-] [95336] Writing DB stats nova_cell0:SELECT=1,nova_cell0:UPDATE=1 {{(pid=95336) stat_writer /opt/stack/data/venv/lib/python3.12/site-packages/dbcounter.py:115}}
May 19 04:33:31.729763 np0000001025 nova-scheduler[95340]: DEBUG dbcounter [-] [95340] Writing DB stats nova_cell0:SELECT=1 {{(pid=95340) stat_writer /opt/stack/data/venv/lib/python3.12/site-packages/dbcounter.py:115}}
May 19 04:34:02.725683 np0000001025 nova-scheduler[95338]: DEBUG oslo.service.backend._threading.loopingcall [None req-a43cf204-eab5-4517-9b5c-999c126d00c3 None None] Dynamic interval looping call 'nova.service.Service.periodic_tasks' sleeping for 60.00 seconds {{(pid=95338) _run_loop /opt/stack/data/venv/lib/python3.12/site-packages/oslo_service/backend/_threading/loopingcall.py:125}}
May 19 04:34:02.951800 np0000001025 nova-scheduler[95336]: DEBUG nova.scheduler.manager [None req-ed259532-c326-443a-9c94-fe257117a39e tempest-DeleteServersTestJSON-1086734078 tempest-DeleteServersTestJSON-1086734078-project-member] Starting to schedule for instances: ['13ba1e00-08ad-4da8-8258-92154f5925d2'] {{(pid=95336) select_destinations /opt/stack/nova/nova/scheduler/manager.py:210}}
May 19 04:34:02.952385 np0000001025 nova-scheduler[95336]: DEBUG nova.scheduler.request_filter [None req-ed259532-c326-443a-9c94-fe257117a39e tempest-DeleteServersTestJSON-1086734078 tempest-DeleteServersTestJSON-1086734078-project-member] compute_status_filter request filter added forbidden trait COMPUTE_STATUS_DISABLED {{(pid=95336) compute_status_filter /opt/stack/nova/nova/scheduler/request_filter.py:253}}
May 19 04:34:02.952946 np0000001025 nova-scheduler[95336]: DEBUG nova.scheduler.request_filter [None req-ed259532-c326-443a-9c94-fe257117a39e tempest-DeleteServersTestJSON-1086734078 tempest-DeleteServersTestJSON-1086734078-project-member] Request filter 'compute_status_filter' took 0.0 seconds {{(pid=95336) wrapper /opt/stack/nova/nova/scheduler/request_filter.py:46}}
May 19 04:34:02.953205 np0000001025 nova-scheduler[95336]: DEBUG nova.scheduler.request_filter [None req-ed259532-c326-443a-9c94-fe257117a39e tempest-DeleteServersTestJSON-1086734078 tempest-DeleteServersTestJSON-1086734078-project-member] Request filter 'accelerators_filter' took 0.0 seconds {{(pid=95336) wrapper /opt/stack/nova/nova/scheduler/request_filter.py:46}}
May 19 04:34:02.953401 np0000001025 nova-scheduler[95336]: DEBUG nova.scheduler.request_filter [None req-ed259532-c326-443a-9c94-fe257117a39e tempest-DeleteServersTestJSON-1086734078 tempest-DeleteServersTestJSON-1086734078-project-member] Request filter 'packed_virtqueue_filter' took 0.0 seconds {{(pid=95336) wrapper /opt/stack/nova/nova/scheduler/request_filter.py:46}}
May 19 04:34:02.953910 np0000001025 nova-scheduler[95336]: DEBUG nova.scheduler.request_filter [None req-ed259532-c326-443a-9c94-fe257117a39e tempest-DeleteServersTestJSON-1086734078 tempest-DeleteServersTestJSON-1086734078-project-member] Request filter 'remote_managed_ports_filter' took 0.0 seconds {{(pid=95336) wrapper /opt/stack/nova/nova/scheduler/request_filter.py:46}}
May 19 04:34:02.954066 np0000001025 nova-scheduler[95336]: DEBUG nova.scheduler.request_filter [None req-ed259532-c326-443a-9c94-fe257117a39e tempest-DeleteServersTestJSON-1086734078 tempest-DeleteServersTestJSON-1086734078-project-member] ephemeral_encryption_filter skipped {{(pid=95336) ephemeral_encryption_filter /opt/stack/nova/nova/scheduler/request_filter.py:426}}
May 19 04:34:02.954216 np0000001025 nova-scheduler[95336]: DEBUG nova.scheduler.request_filter [None req-ed259532-c326-443a-9c94-fe257117a39e tempest-DeleteServersTestJSON-1086734078 tempest-DeleteServersTestJSON-1086734078-project-member] virtio_sound_filter skipped {{(pid=95336) virtio_sound_filter /opt/stack/nova/nova/scheduler/request_filter.py:460}}
May 19 04:34:02.954349 np0000001025 nova-scheduler[95336]: DEBUG nova.scheduler.request_filter [None req-ed259532-c326-443a-9c94-fe257117a39e tempest-DeleteServersTestJSON-1086734078 tempest-DeleteServersTestJSON-1086734078-project-member] tpm_secret_security_filter skipped {{(pid=95336) tpm_secret_security_filter /opt/stack/nova/nova/scheduler/request_filter.py:477}}
May 19 04:34:03.020312 np0000001025 nova-scheduler[95338]: DEBUG nova.scheduler.manager [None req-4d8c1b56-656b-4773-8412-c9eb73df1456 tempest-ServerRescueNegativeTestJSON-1305117099 tempest-ServerRescueNegativeTestJSON-1305117099-project-member] Starting to schedule for instances: ['4866cabb-0595-4fe5-8be5-ebf4ed9c8f94'] {{(pid=95338) select_destinations /opt/stack/nova/nova/scheduler/manager.py:210}}
May 19 04:34:03.021011 np0000001025 nova-scheduler[95338]: DEBUG nova.scheduler.request_filter [None req-4d8c1b56-656b-4773-8412-c9eb73df1456 tempest-ServerRescueNegativeTestJSON-1305117099 tempest-ServerRescueNegativeTestJSON-1305117099-project-member] compute_status_filter request filter added forbidden trait COMPUTE_STATUS_DISABLED {{(pid=95338) compute_status_filter /opt/stack/nova/nova/scheduler/request_filter.py:253}}
May 19 04:34:03.021233 np0000001025 nova-scheduler[95338]: DEBUG nova.scheduler.request_filter [None req-4d8c1b56-656b-4773-8412-c9eb73df1456 tempest-ServerRescueNegativeTestJSON-1305117099 tempest-ServerRescueNegativeTestJSON-1305117099-project-member] Request filter 'compute_status_filter' took 0.0 seconds {{(pid=95338) wrapper /opt/stack/nova/nova/scheduler/request_filter.py:46}}
May 19 04:34:03.021606 np0000001025 nova-scheduler[95338]: DEBUG nova.scheduler.request_filter [None req-4d8c1b56-656b-4773-8412-c9eb73df1456 tempest-ServerRescueNegativeTestJSON-1305117099 tempest-ServerRescueNegativeTestJSON-1305117099-project-member] Request filter 'accelerators_filter' took 0.0 seconds {{(pid=95338) wrapper /opt/stack/nova/nova/scheduler/request_filter.py:46}}
May 19 04:34:03.025767 np0000001025 nova-scheduler[95338]: DEBUG nova.scheduler.request_filter [None req-4d8c1b56-656b-4773-8412-c9eb73df1456 tempest-ServerRescueNegativeTestJSON-1305117099 tempest-ServerRescueNegativeTestJSON-1305117099-project-member] Request filter 'packed_virtqueue_filter' took 0.0 seconds {{(pid=95338) wrapper /opt/stack/nova/nova/scheduler/request_filter.py:46}}
May 19 04:34:03.025767 np0000001025 nova-scheduler[95338]: DEBUG nova.scheduler.request_filter [None req-4d8c1b56-656b-4773-8412-c9eb73df1456 tempest-ServerRescueNegativeTestJSON-1305117099 tempest-ServerRescueNegativeTestJSON-1305117099-project-member] Request filter 'remote_managed_ports_filter' took 0.0 seconds {{(pid=95338) wrapper /opt/stack/nova/nova/scheduler/request_filter.py:46}}
May 19 04:34:03.025767 np0000001025 nova-scheduler[95338]: DEBUG nova.scheduler.request_filter [None req-4d8c1b56-656b-4773-8412-c9eb73df1456 tempest-ServerRescueNegativeTestJSON-1305117099 tempest-ServerRescueNegativeTestJSON-1305117099-project-member] ephemeral_encryption_filter skipped {{(pid=95338) ephemeral_encryption_filter /opt/stack/nova/nova/scheduler/request_filter.py:426}}
May 19 04:34:03.025767 np0000001025 nova-scheduler[95338]: DEBUG nova.scheduler.request_filter [None req-4d8c1b56-656b-4773-8412-c9eb73df1456 tempest-ServerRescueNegativeTestJSON-1305117099 tempest-ServerRescueNegativeTestJSON-1305117099-project-member] virtio_sound_filter skipped {{(pid=95338) virtio_sound_filter /opt/stack/nova/nova/scheduler/request_filter.py:460}}
May 19 04:34:03.025767 np0000001025 nova-scheduler[95338]: DEBUG nova.scheduler.request_filter [None req-4d8c1b56-656b-4773-8412-c9eb73df1456 tempest-ServerRescueNegativeTestJSON-1305117099 tempest-ServerRescueNegativeTestJSON-1305117099-project-member] tpm_secret_security_filter skipped {{(pid=95338) tpm_secret_security_filter /opt/stack/nova/nova/scheduler/request_filter.py:477}}
May 19 04:34:03.509342 np0000001025 nova-scheduler[95338]: INFO nova.utils [None req-4d8c1b56-656b-4773-8412-c9eb73df1456 tempest-ServerRescueNegativeTestJSON-1305117099 tempest-ServerRescueNegativeTestJSON-1305117099-project-member] The cell worker thread pool ForkProcess-2.cell_worker is initialized
May 19 04:34:03.511468 np0000001025 nova-scheduler[95338]: DEBUG oslo_concurrency.lockutils [None req-4d8c1b56-656b-4773-8412-c9eb73df1456 tempest-ServerRescueNegativeTestJSON-1305117099 tempest-ServerRescueNegativeTestJSON-1305117099-project-member] Acquiring lock "40cb852f-b156-48ac-8024-f574e36ca732" by "nova.context.set_target_cell..get_or_set_cached_cell_and_set_connections" {{(pid=95338) inner /opt/stack/data/venv/lib/python3.12/site-packages/oslo_concurrency/lockutils.py:506}}
May 19 04:34:03.511468 np0000001025 nova-scheduler[95338]: DEBUG oslo_concurrency.lockutils [None req-4d8c1b56-656b-4773-8412-c9eb73df1456 tempest-ServerRescueNegativeTestJSON-1305117099 tempest-ServerRescueNegativeTestJSON-1305117099-project-member] Lock "40cb852f-b156-48ac-8024-f574e36ca732" acquired by "nova.context.set_target_cell..get_or_set_cached_cell_and_set_connections" :: waited 0.000s {{(pid=95338) inner /opt/stack/data/venv/lib/python3.12/site-packages/oslo_concurrency/lockutils.py:519}}
May 19 04:34:03.511967 np0000001025 nova-scheduler[95338]: DEBUG oslo_concurrency.lockutils [None req-4d8c1b56-656b-4773-8412-c9eb73df1456 tempest-ServerRescueNegativeTestJSON-1305117099 tempest-ServerRescueNegativeTestJSON-1305117099-project-member] Lock "40cb852f-b156-48ac-8024-f574e36ca732" "released" by "nova.context.set_target_cell..get_or_set_cached_cell_and_set_connections" :: held 0.002s {{(pid=95338) inner /opt/stack/data/venv/lib/python3.12/site-packages/oslo_concurrency/lockutils.py:538}}
May 19 04:34:03.515006 np0000001025 nova-scheduler[95338]: INFO dbcounter [None req-4d8c1b56-656b-4773-8412-c9eb73df1456 tempest-ServerRescueNegativeTestJSON-1305117099 tempest-ServerRescueNegativeTestJSON-1305117099-project-member] Registered counter for database nova_cell1
May 19 04:34:03.522271 np0000001025 nova-scheduler[95338]: DEBUG oslo_db.sqlalchemy.engines [None req-4d8c1b56-656b-4773-8412-c9eb73df1456 tempest-ServerRescueNegativeTestJSON-1305117099 tempest-ServerRescueNegativeTestJSON-1305117099-project-member] MySQL server mode set to STRICT_TRANS_TABLES,STRICT_ALL_TABLES,NO_ZERO_IN_DATE,NO_ZERO_DATE,ERROR_FOR_DIVISION_BY_ZERO,TRADITIONAL,NO_ENGINE_SUBSTITUTION {{(pid=95338) _check_effective_sql_mode /opt/stack/data/venv/lib/python3.12/site-packages/oslo_db/sqlalchemy/engines.py:325}}
May 19 04:34:03.530017 np0000001025 nova-scheduler[95338]: DEBUG dbcounter [-] [95338] Writer thread running {{(pid=95338) stat_writer /opt/stack/data/venv/lib/python3.12/site-packages/dbcounter.py:102}}
May 19 04:34:03.545328 np0000001025 nova-scheduler[95338]: DEBUG oslo_db.sqlalchemy.engines [None req-4d8c1b56-656b-4773-8412-c9eb73df1456 tempest-ServerRescueNegativeTestJSON-1305117099 tempest-ServerRescueNegativeTestJSON-1305117099-project-member] Parent process 94143 forked (95338) with an open database connection, which is being discarded and recreated. {{(pid=95338) checkout /opt/stack/data/venv/lib/python3.12/site-packages/oslo_db/sqlalchemy/engines.py:402}}
May 19 04:34:03.556217 np0000001025 nova-scheduler[95338]: DEBUG dbcounter [-] [95338] Writer thread running {{(pid=95338) stat_writer /opt/stack/data/venv/lib/python3.12/site-packages/dbcounter.py:102}}
May 19 04:34:03.559059 np0000001025 nova-scheduler[95338]: DEBUG oslo_concurrency.lockutils [None req-4d8c1b56-656b-4773-8412-c9eb73df1456 tempest-ServerRescueNegativeTestJSON-1305117099 tempest-ServerRescueNegativeTestJSON-1305117099-project-member] Acquiring lock "40cb852f-b156-48ac-8024-f574e36ca732" by "nova.context.set_target_cell..get_or_set_cached_cell_and_set_connections" {{(pid=95338) inner /opt/stack/data/venv/lib/python3.12/site-packages/oslo_concurrency/lockutils.py:506}}
May 19 04:34:03.559226 np0000001025 nova-scheduler[95338]: DEBUG oslo_concurrency.lockutils [None req-4d8c1b56-656b-4773-8412-c9eb73df1456 tempest-ServerRescueNegativeTestJSON-1305117099 tempest-ServerRescueNegativeTestJSON-1305117099-project-member] Lock "40cb852f-b156-48ac-8024-f574e36ca732" acquired by "nova.context.set_target_cell..get_or_set_cached_cell_and_set_connections" :: waited 0.000s {{(pid=95338) inner /opt/stack/data/venv/lib/python3.12/site-packages/oslo_concurrency/lockutils.py:519}}
May 19 04:34:03.560054 np0000001025 nova-scheduler[95338]: DEBUG oslo_concurrency.lockutils [None req-4d8c1b56-656b-4773-8412-c9eb73df1456 tempest-ServerRescueNegativeTestJSON-1305117099 tempest-ServerRescueNegativeTestJSON-1305117099-project-member] Lock "40cb852f-b156-48ac-8024-f574e36ca732" "released" by "nova.context.set_target_cell..get_or_set_cached_cell_and_set_connections" :: held 0.000s {{(pid=95338) inner /opt/stack/data/venv/lib/python3.12/site-packages/oslo_concurrency/lockutils.py:538}}
May 19 04:34:03.563176 np0000001025 nova-scheduler[95338]: DEBUG oslo_concurrency.lockutils [None req-4d8c1b56-656b-4773-8412-c9eb73df1456 tempest-ServerRescueNegativeTestJSON-1305117099 tempest-ServerRescueNegativeTestJSON-1305117099-project-member] Acquiring lock "('np0000001025', 'np0000001025')" by "nova.scheduler.host_manager.HostState.update.._locked_update" {{(pid=95338) inner /opt/stack/data/venv/lib/python3.12/site-packages/oslo_concurrency/lockutils.py:506}}
May 19 04:34:03.563394 np0000001025 nova-scheduler[95338]: DEBUG oslo_concurrency.lockutils [None req-4d8c1b56-656b-4773-8412-c9eb73df1456 tempest-ServerRescueNegativeTestJSON-1305117099 tempest-ServerRescueNegativeTestJSON-1305117099-project-member] Lock "('np0000001025', 'np0000001025')" acquired by "nova.scheduler.host_manager.HostState.update.._locked_update" :: waited 0.000s {{(pid=95338) inner /opt/stack/data/venv/lib/python3.12/site-packages/oslo_concurrency/lockutils.py:519}}
May 19 04:34:03.564346 np0000001025 nova-scheduler[95338]: DEBUG nova.scheduler.host_manager [None req-4d8c1b56-656b-4773-8412-c9eb73df1456 tempest-ServerRescueNegativeTestJSON-1305117099 tempest-ServerRescueNegativeTestJSON-1305117099-project-member] Update host state from compute node: ComputeNode(cpu_allocation_ratio=4.0,cpu_info='{"arch": "x86_64", "model": "EPYC-Milan", "vendor": "AMD", "topology": {"cells": 1, "sockets": 12, "cores": 1, "threads": 1}, "maxphysaddr": {"mode": "emulate", "bits": 40}, "features": ["smap", "lahf_lm", "avx2", "mmxext", "arch-capabilities", "fpu", "pdpe1gb", "bmi2", "sse4.2", "tsc", "cx16", "xsaveerptr", "stibp", "arat", "perfctr_core", "amd-ssbd", "lm", "clflushopt", "pclmuldq", "pse36", "flushbyasid", "clzero", "mmx", "sep", "pat", "no-nested-data-bp", "wbnoinvd", "adx", "mca", "lbrv", "rdrand", "sse4.1", "popcnt", "xsaves", "de", "gds-no", "fxsr", "null-sel-clr-base", "v-vmsave-vmload", "tsc-deadline", "svm", "xsavec", "fsgsbase", "osvw", "pku", "abm", "vaes", "cmov", "ibpb", "pse", "fxsr_opt", "sha-ni", "movbe", "rdctl-no", "fsrm", "vpclmulqdq", "rdseed", "vme", "hypervisor", "f16c", "lfence-always-serializing", "erms", "fma", "smep", "vmcb-clean", "sse2", "virt-ssbd", "invpcid", "clflush", "tsc-scale", "pcid", "pge", "pschange-mc-no", "bmi1", "ibrs", "rdpid", "amd-psfd", "cmp_legacy", "xgetbv1", "sse4a", "nrip-save", "vgif", "pfthreshold", "avx", "x2apic", "xsave", "3dnowprefetch", "aes", "rdtscp", "skip-l1dfl-vmentry", "cx8", "tsc_adjust", "pni", "ssbd", "clwb", "stibp-always-on", "spec-ctrl", "nx", "msr", "apic", "mtrr", "pause-filter", "pae", "umip", "xsaveopt", "cr8legacy", "misalignsse", "npt", "sse", "svme-addr-chk", "amd-stibp", "mce", "ssse3", "topoext", "syscall", "mds-no"]}',created_at=2026-05-19T04:31:42Z,current_workload=0,deleted=False,deleted_at=None,disk_allocation_ratio=1.0,disk_available_least=74,free_disk_gb=95,free_ram_mb=23518,host='np0000001025',host_ip=10.4.3.11,hypervisor_hostname='np0000001025',hypervisor_type='QEMU',hypervisor_version=8002002,id=1,local_gb=95,local_gb_used=0,mapped=1,memory_mb=24030,memory_mb_used=512,metrics='[]',numa_topology='{"nova_object.name": "NUMATopology", "nova_object.namespace": "nova", "nova_object.version": "1.2", "nova_object.data": {"cells": [{"nova_object.name": "NUMACell", "nova_object.namespace": "nova", "nova_object.version": "1.5", "nova_object.data": {"id": 0, "cpuset": [0, 1, 2, 3, 4, 5, 6, 7, 8, 9, 10, 11], "pcpuset": [0, 1, 2, 3, 4, 5, 6, 7, 8, 9, 10, 11], "memory": 24030, "cpu_usage": 0, "memory_usage": 0, "pinned_cpus": [], "siblings": [[6], [2], [5], [11], [8], [4], [1], [7], [10], [0], [3], [9]], "mempages": [{"nova_object.name": "NUMAPagesTopology", "nova_object.namespace": "nova", "nova_object.version": "1.1", "nova_object.data": {"size_kb": 4, "total": 6151797, "used": 0, "reserved": 0}, "nova_object.changes": ["total", "size_kb", "reserved", "used"]}, {"nova_object.name": "NUMAPagesTopology", "nova_object.namespace": "nova", "nova_object.version": "1.1", "nova_object.data": {"size_kb": 2048, "total": 0, "used": 0, "reserved": 0}, "nova_object.changes": ["total", "size_kb", "reserved", "used"]}, {"nova_object.name": "NUMAPagesTopology", "nova_object.namespace": "nova", "nova_object.version": "1.1", "nova_object.data": {"size_kb": 1048576, "total": 0, "used": 0, "reserved": 0}, "nova_object.changes": ["total", "size_kb", "reserved", "used"]}], "network_metadata": {"nova_object.name": "NetworkMetadata", "nova_object.namespace": "nova", "nova_object.version": "1.0", "nova_object.data": {"physnets": [], "tunneled": false}, "nova_object.changes": ["tunneled", "physnets"]}, "socket": null}, "nova_object.changes": ["memory", "siblings", "socket", "pcpuset", "pinned_cpus", "cpuset", "network_metadata", "mempages", "cpu_usage", "id", "memory_usage"]}]}, "nova_object.changes": ["cells"]}',pci_device_pools=PciDevicePoolList,ram_allocation_ratio=1.0,running_vms=0,service_id=2,stats={failed_builds='0',uptime=' 04:33:27 up 24 min, 2 users, load average: 1.18, 1.35, 0.79
May 19 04:34:03.564346 np0000001025 nova-scheduler[95338]: '},supported_hv_specs=[HVSpec,HVSpec,HVSpec,HVSpec,HVSpec,HVSpec,HVSpec,HVSpec,HVSpec,HVSpec,HVSpec,HVSpec,HVSpec,HVSpec,HVSpec,HVSpec,HVSpec,HVSpec,HVSpec,HVSpec,HVSpec,HVSpec,HVSpec,HVSpec,HVSpec],updated_at=2026-05-19T04:33:29Z,uuid=086d5ca1-60c6-4d3b-acd3-87b1868e2eb6,vcpus=12,vcpus_used=0) {{(pid=95338) _locked_update /opt/stack/nova/nova/scheduler/host_manager.py:168}}
May 19 04:34:03.565241 np0000001025 nova-scheduler[95338]: DEBUG nova.scheduler.host_manager [None req-4d8c1b56-656b-4773-8412-c9eb73df1456 tempest-ServerRescueNegativeTestJSON-1305117099 tempest-ServerRescueNegativeTestJSON-1305117099-project-member] Update host state with aggregates: [] {{(pid=95338) _locked_update /opt/stack/nova/nova/scheduler/host_manager.py:171}}
May 19 04:34:03.565612 np0000001025 nova-scheduler[95338]: DEBUG nova.scheduler.host_manager [None req-4d8c1b56-656b-4773-8412-c9eb73df1456 tempest-ServerRescueNegativeTestJSON-1305117099 tempest-ServerRescueNegativeTestJSON-1305117099-project-member] Update host state with service dict: {'id': 2, 'uuid': '7df99bb1-bfa7-45e2-8a62-af8aa0146208', 'host': 'np0000001025', 'binary': 'nova-compute', 'topic': 'compute', 'report_count': 2, 'disabled': False, 'disabled_reason': None, 'last_seen_up': datetime.datetime(2026, 5, 19, 4, 33, 50, tzinfo=datetime.timezone.utc), 'forced_down': False, 'version': 72, 'created_at': datetime.datetime(2026, 5, 19, 4, 31, 40, tzinfo=datetime.timezone.utc), 'updated_at': datetime.datetime(2026, 5, 19, 4, 33, 50, tzinfo=datetime.timezone.utc), 'deleted_at': None, 'deleted': False} {{(pid=95338) _locked_update /opt/stack/nova/nova/scheduler/host_manager.py:174}}
May 19 04:34:03.565612 np0000001025 nova-scheduler[95338]: DEBUG nova.scheduler.host_manager [None req-4d8c1b56-656b-4773-8412-c9eb73df1456 tempest-ServerRescueNegativeTestJSON-1305117099 tempest-ServerRescueNegativeTestJSON-1305117099-project-member] Update host state with instances: [] {{(pid=95338) _locked_update /opt/stack/nova/nova/scheduler/host_manager.py:177}}
May 19 04:34:03.565612 np0000001025 nova-scheduler[95338]: DEBUG oslo_concurrency.lockutils [None req-4d8c1b56-656b-4773-8412-c9eb73df1456 tempest-ServerRescueNegativeTestJSON-1305117099 tempest-ServerRescueNegativeTestJSON-1305117099-project-member] Lock "('np0000001025', 'np0000001025')" "released" by "nova.scheduler.host_manager.HostState.update.._locked_update" :: held 0.002s {{(pid=95338) inner /opt/stack/data/venv/lib/python3.12/site-packages/oslo_concurrency/lockutils.py:538}}
May 19 04:34:03.566004 np0000001025 nova-scheduler[95338]: DEBUG nova.filters [None req-4d8c1b56-656b-4773-8412-c9eb73df1456 tempest-ServerRescueNegativeTestJSON-1305117099 tempest-ServerRescueNegativeTestJSON-1305117099-project-member] Starting with 1 host(s) {{(pid=95338) get_filtered_objects /opt/stack/nova/nova/filters.py:70}}
May 19 04:34:03.566212 np0000001025 nova-scheduler[95338]: DEBUG nova.filters [None req-4d8c1b56-656b-4773-8412-c9eb73df1456 tempest-ServerRescueNegativeTestJSON-1305117099 tempest-ServerRescueNegativeTestJSON-1305117099-project-member] Filter ComputeFilter returned 1 host(s) {{(pid=95338) get_filtered_objects /opt/stack/nova/nova/filters.py:102}}
May 19 04:34:03.566357 np0000001025 nova-scheduler[95338]: DEBUG nova.filters [None req-4d8c1b56-656b-4773-8412-c9eb73df1456 tempest-ServerRescueNegativeTestJSON-1305117099 tempest-ServerRescueNegativeTestJSON-1305117099-project-member] Filter ComputeCapabilitiesFilter returned 1 host(s) {{(pid=95338) get_filtered_objects /opt/stack/nova/nova/filters.py:102}}
May 19 04:34:03.566555 np0000001025 nova-scheduler[95338]: DEBUG nova.filters [None req-4d8c1b56-656b-4773-8412-c9eb73df1456 tempest-ServerRescueNegativeTestJSON-1305117099 tempest-ServerRescueNegativeTestJSON-1305117099-project-member] Filter ImagePropertiesFilter returned 1 host(s) {{(pid=95338) get_filtered_objects /opt/stack/nova/nova/filters.py:102}}
May 19 04:34:03.566723 np0000001025 nova-scheduler[95338]: DEBUG nova.filters [None req-4d8c1b56-656b-4773-8412-c9eb73df1456 tempest-ServerRescueNegativeTestJSON-1305117099 tempest-ServerRescueNegativeTestJSON-1305117099-project-member] Filter ServerGroupAntiAffinityFilter returned 1 host(s) {{(pid=95338) get_filtered_objects /opt/stack/nova/nova/filters.py:102}}
May 19 04:34:03.566850 np0000001025 nova-scheduler[95338]: DEBUG nova.filters [None req-4d8c1b56-656b-4773-8412-c9eb73df1456 tempest-ServerRescueNegativeTestJSON-1305117099 tempest-ServerRescueNegativeTestJSON-1305117099-project-member] Filter ServerGroupAffinityFilter returned 1 host(s) {{(pid=95338) get_filtered_objects /opt/stack/nova/nova/filters.py:102}}
May 19 04:34:03.566964 np0000001025 nova-scheduler[95338]: DEBUG nova.filters [None req-4d8c1b56-656b-4773-8412-c9eb73df1456 tempest-ServerRescueNegativeTestJSON-1305117099 tempest-ServerRescueNegativeTestJSON-1305117099-project-member] Filter SameHostFilter returned 1 host(s) {{(pid=95338) get_filtered_objects /opt/stack/nova/nova/filters.py:102}}
May 19 04:34:03.567074 np0000001025 nova-scheduler[95338]: DEBUG nova.filters [None req-4d8c1b56-656b-4773-8412-c9eb73df1456 tempest-ServerRescueNegativeTestJSON-1305117099 tempest-ServerRescueNegativeTestJSON-1305117099-project-member] Filter DifferentHostFilter returned 1 host(s) {{(pid=95338) get_filtered_objects /opt/stack/nova/nova/filters.py:102}}
May 19 04:34:03.567213 np0000001025 nova-scheduler[95338]: DEBUG nova.scheduler.manager [None req-4d8c1b56-656b-4773-8412-c9eb73df1456 tempest-ServerRescueNegativeTestJSON-1305117099 tempest-ServerRescueNegativeTestJSON-1305117099-project-member] Filtered [(np0000001025, np0000001025) ram: 23518MB disk: 75776MB io_ops: 0 instances: 0, allocation_candidates: 1] {{(pid=95338) _get_sorted_hosts /opt/stack/nova/nova/scheduler/manager.py:743}}
May 19 04:34:03.567818 np0000001025 nova-scheduler[95338]: DEBUG nova.scheduler.manager [None req-4d8c1b56-656b-4773-8412-c9eb73df1456 tempest-ServerRescueNegativeTestJSON-1305117099 tempest-ServerRescueNegativeTestJSON-1305117099-project-member] Weighed [WeighedHost [host: (np0000001025, np0000001025) ram: 23518MB disk: 75776MB io_ops: 0 instances: 0, allocation_candidates: 1, weight: 0.0]] {{(pid=95338) _get_sorted_hosts /opt/stack/nova/nova/scheduler/manager.py:765}}
May 19 04:34:03.567818 np0000001025 nova-scheduler[95338]: DEBUG nova.scheduler.utils [None req-4d8c1b56-656b-4773-8412-c9eb73df1456 tempest-ServerRescueNegativeTestJSON-1305117099 tempest-ServerRescueNegativeTestJSON-1305117099-project-member] Attempting to claim resources in the placement API for instance 4866cabb-0595-4fe5-8be5-ebf4ed9c8f94 {{(pid=95338) claim_resources /opt/stack/nova/nova/scheduler/utils.py:1304}}
May 19 04:34:03.780792 np0000001025 nova-scheduler[95338]: DEBUG nova.scheduler.manager [None req-4d8c1b56-656b-4773-8412-c9eb73df1456 tempest-ServerRescueNegativeTestJSON-1305117099 tempest-ServerRescueNegativeTestJSON-1305117099-project-member] [instance: 4866cabb-0595-4fe5-8be5-ebf4ed9c8f94] Selected host: (np0000001025, np0000001025) ram: 23518MB disk: 75776MB io_ops: 0 instances: 0, allocation_candidates: 1 {{(pid=95338) _consume_selected_host /opt/stack/nova/nova/scheduler/manager.py:625}}
May 19 04:34:03.781776 np0000001025 nova-scheduler[95338]: DEBUG oslo_concurrency.lockutils [None req-4d8c1b56-656b-4773-8412-c9eb73df1456 tempest-ServerRescueNegativeTestJSON-1305117099 tempest-ServerRescueNegativeTestJSON-1305117099-project-member] Acquiring lock "('np0000001025', 'np0000001025')" by "nova.scheduler.host_manager.HostState.consume_from_request.._locked" {{(pid=95338) inner /opt/stack/data/venv/lib/python3.12/site-packages/oslo_concurrency/lockutils.py:506}}
May 19 04:34:03.781776 np0000001025 nova-scheduler[95338]: DEBUG oslo_concurrency.lockutils [None req-4d8c1b56-656b-4773-8412-c9eb73df1456 tempest-ServerRescueNegativeTestJSON-1305117099 tempest-ServerRescueNegativeTestJSON-1305117099-project-member] Lock "('np0000001025', 'np0000001025')" acquired by "nova.scheduler.host_manager.HostState.consume_from_request.._locked" :: waited 0.000s {{(pid=95338) inner /opt/stack/data/venv/lib/python3.12/site-packages/oslo_concurrency/lockutils.py:519}}
May 19 04:34:03.781776 np0000001025 nova-scheduler[95338]: DEBUG oslo_concurrency.lockutils [None req-4d8c1b56-656b-4773-8412-c9eb73df1456 tempest-ServerRescueNegativeTestJSON-1305117099 tempest-ServerRescueNegativeTestJSON-1305117099-project-member] Lock "('np0000001025', 'np0000001025')" "released" by "nova.scheduler.host_manager.HostState.consume_from_request.._locked" :: held 0.000s {{(pid=95338) inner /opt/stack/data/venv/lib/python3.12/site-packages/oslo_concurrency/lockutils.py:538}}
May 19 04:34:03.793293 np0000001025 nova-scheduler[95336]: INFO nova.utils [None req-ed259532-c326-443a-9c94-fe257117a39e tempest-DeleteServersTestJSON-1086734078 tempest-DeleteServersTestJSON-1086734078-project-member] The cell worker thread pool ForkProcess-1.cell_worker is initialized
May 19 04:34:03.793293 np0000001025 nova-scheduler[95336]: DEBUG oslo_concurrency.lockutils [None req-ed259532-c326-443a-9c94-fe257117a39e tempest-DeleteServersTestJSON-1086734078 tempest-DeleteServersTestJSON-1086734078-project-member] Acquiring lock "40cb852f-b156-48ac-8024-f574e36ca732" by "nova.context.set_target_cell..get_or_set_cached_cell_and_set_connections" {{(pid=95336) inner /opt/stack/data/venv/lib/python3.12/site-packages/oslo_concurrency/lockutils.py:506}}
May 19 04:34:03.793293 np0000001025 nova-scheduler[95336]: DEBUG oslo_concurrency.lockutils [None req-ed259532-c326-443a-9c94-fe257117a39e tempest-DeleteServersTestJSON-1086734078 tempest-DeleteServersTestJSON-1086734078-project-member] Lock "40cb852f-b156-48ac-8024-f574e36ca732" acquired by "nova.context.set_target_cell..get_or_set_cached_cell_and_set_connections" :: waited 0.000s {{(pid=95336) inner /opt/stack/data/venv/lib/python3.12/site-packages/oslo_concurrency/lockutils.py:519}}
May 19 04:34:03.796135 np0000001025 nova-scheduler[95336]: DEBUG oslo_concurrency.lockutils [None req-ed259532-c326-443a-9c94-fe257117a39e tempest-DeleteServersTestJSON-1086734078 tempest-DeleteServersTestJSON-1086734078-project-member] Lock "40cb852f-b156-48ac-8024-f574e36ca732" "released" by "nova.context.set_target_cell..get_or_set_cached_cell_and_set_connections" :: held 0.002s {{(pid=95336) inner /opt/stack/data/venv/lib/python3.12/site-packages/oslo_concurrency/lockutils.py:538}}
May 19 04:34:03.798571 np0000001025 nova-scheduler[95336]: INFO dbcounter [None req-ed259532-c326-443a-9c94-fe257117a39e tempest-DeleteServersTestJSON-1086734078 tempest-DeleteServersTestJSON-1086734078-project-member] Registered counter for database nova_cell1
May 19 04:34:03.807298 np0000001025 nova-scheduler[95336]: DEBUG oslo_db.sqlalchemy.engines [None req-ed259532-c326-443a-9c94-fe257117a39e tempest-DeleteServersTestJSON-1086734078 tempest-DeleteServersTestJSON-1086734078-project-member] MySQL server mode set to STRICT_TRANS_TABLES,STRICT_ALL_TABLES,NO_ZERO_IN_DATE,NO_ZERO_DATE,ERROR_FOR_DIVISION_BY_ZERO,TRADITIONAL,NO_ENGINE_SUBSTITUTION {{(pid=95336) _check_effective_sql_mode /opt/stack/data/venv/lib/python3.12/site-packages/oslo_db/sqlalchemy/engines.py:325}}
May 19 04:34:03.815605 np0000001025 nova-scheduler[95336]: DEBUG dbcounter [-] [95336] Writer thread running {{(pid=95336) stat_writer /opt/stack/data/venv/lib/python3.12/site-packages/dbcounter.py:102}}
May 19 04:34:03.845156 np0000001025 nova-scheduler[95336]: DEBUG dbcounter [-] [95336] Writer thread running {{(pid=95336) stat_writer /opt/stack/data/venv/lib/python3.12/site-packages/dbcounter.py:102}}
May 19 04:34:03.851239 np0000001025 nova-scheduler[95336]: DEBUG oslo_concurrency.lockutils [None req-ed259532-c326-443a-9c94-fe257117a39e tempest-DeleteServersTestJSON-1086734078 tempest-DeleteServersTestJSON-1086734078-project-member] Acquiring lock "40cb852f-b156-48ac-8024-f574e36ca732" by "nova.context.set_target_cell..get_or_set_cached_cell_and_set_connections" {{(pid=95336) inner /opt/stack/data/venv/lib/python3.12/site-packages/oslo_concurrency/lockutils.py:506}}
May 19 04:34:03.851239 np0000001025 nova-scheduler[95336]: DEBUG oslo_concurrency.lockutils [None req-ed259532-c326-443a-9c94-fe257117a39e tempest-DeleteServersTestJSON-1086734078 tempest-DeleteServersTestJSON-1086734078-project-member] Lock "40cb852f-b156-48ac-8024-f574e36ca732" acquired by "nova.context.set_target_cell..get_or_set_cached_cell_and_set_connections" :: waited 0.000s {{(pid=95336) inner /opt/stack/data/venv/lib/python3.12/site-packages/oslo_concurrency/lockutils.py:519}}
May 19 04:34:03.851239 np0000001025 nova-scheduler[95336]: DEBUG oslo_concurrency.lockutils [None req-ed259532-c326-443a-9c94-fe257117a39e tempest-DeleteServersTestJSON-1086734078 tempest-DeleteServersTestJSON-1086734078-project-member] Lock "40cb852f-b156-48ac-8024-f574e36ca732" "released" by "nova.context.set_target_cell..get_or_set_cached_cell_and_set_connections" :: held 0.000s {{(pid=95336) inner /opt/stack/data/venv/lib/python3.12/site-packages/oslo_concurrency/lockutils.py:538}}
May 19 04:34:03.853863 np0000001025 nova-scheduler[95336]: DEBUG oslo_concurrency.lockutils [None req-ed259532-c326-443a-9c94-fe257117a39e tempest-DeleteServersTestJSON-1086734078 tempest-DeleteServersTestJSON-1086734078-project-member] Acquiring lock "('np0000001025', 'np0000001025')" by "nova.scheduler.host_manager.HostState.update.._locked_update" {{(pid=95336) inner /opt/stack/data/venv/lib/python3.12/site-packages/oslo_concurrency/lockutils.py:506}}
May 19 04:34:03.854226 np0000001025 nova-scheduler[95336]: DEBUG oslo_concurrency.lockutils [None req-ed259532-c326-443a-9c94-fe257117a39e tempest-DeleteServersTestJSON-1086734078 tempest-DeleteServersTestJSON-1086734078-project-member] Lock "('np0000001025', 'np0000001025')" acquired by "nova.scheduler.host_manager.HostState.update.._locked_update" :: waited 0.000s {{(pid=95336) inner /opt/stack/data/venv/lib/python3.12/site-packages/oslo_concurrency/lockutils.py:519}}
