May 19 04:30:51.162723 np0000001025 neutron-periodic-workers[91634]: DEBUG cotyledon.oslo_config_glue [-] ovn.fdb_age_threshold = 300 {{(pid=91634) log_opt_values /opt/stack/data/venv/lib/python3.12/site-packages/oslo_config/cfg.py:3006}}
May 19 04:30:51.162723 np0000001025 neutron-periodic-workers[91634]: DEBUG cotyledon.oslo_config_glue [-] ovn.ha_failover_strategy = normal {{(pid=91634) log_opt_values /opt/stack/data/venv/lib/python3.12/site-packages/oslo_config/cfg.py:3006}}
May 19 04:30:51.163002 np0000001025 neutron-periodic-workers[91634]: DEBUG cotyledon.oslo_config_glue [-] ovn.live_migration_activation_strategy = rarp {{(pid=91634) log_opt_values /opt/stack/data/venv/lib/python3.12/site-packages/oslo_config/cfg.py:3006}}
May 19 04:30:51.163002 np0000001025 neutron-periodic-workers[91634]: DEBUG cotyledon.oslo_config_glue [-] ovn.localnet_learn_fdb = False {{(pid=91634) log_opt_values /opt/stack/data/venv/lib/python3.12/site-packages/oslo_config/cfg.py:3006}}
May 19 04:30:51.163002 np0000001025 neutron-periodic-workers[91634]: DEBUG cotyledon.oslo_config_glue [-] ovn.mac_binding_age_threshold = 300 {{(pid=91634) log_opt_values /opt/stack/data/venv/lib/python3.12/site-packages/oslo_config/cfg.py:3006}}
May 19 04:30:51.163002 np0000001025 neutron-periodic-workers[91634]: DEBUG cotyledon.oslo_config_glue [-] ovn.neutron_sync_mode = log {{(pid=91634) log_opt_values /opt/stack/data/venv/lib/python3.12/site-packages/oslo_config/cfg.py:3006}}
May 19 04:30:51.163002 np0000001025 neutron-periodic-workers[91634]: DEBUG cotyledon.oslo_config_glue [-] ovn.ovn_dhcp4_global_options = {} {{(pid=91634) log_opt_values /opt/stack/data/venv/lib/python3.12/site-packages/oslo_config/cfg.py:3006}}
May 19 04:30:51.163002 np0000001025 neutron-periodic-workers[91634]: DEBUG cotyledon.oslo_config_glue [-] ovn.ovn_dhcp6_global_options = {} {{(pid=91634) log_opt_values /opt/stack/data/venv/lib/python3.12/site-packages/oslo_config/cfg.py:3006}}
May 19 04:30:51.163002 np0000001025 neutron-periodic-workers[91634]: DEBUG cotyledon.oslo_config_glue [-] ovn.ovn_l3_scheduler = leastloaded {{(pid=91634) log_opt_values /opt/stack/data/venv/lib/python3.12/site-packages/oslo_config/cfg.py:3006}}
May 19 04:30:51.163002 np0000001025 neutron-periodic-workers[91634]: DEBUG cotyledon.oslo_config_glue [-] ovn.ovn_metadata_enabled = True {{(pid=91634) log_opt_values /opt/stack/data/venv/lib/python3.12/site-packages/oslo_config/cfg.py:3006}}
May 19 04:30:51.163002 np0000001025 neutron-periodic-workers[91634]: DEBUG cotyledon.oslo_config_glue [-] ovn.ovn_nb_ca_cert = /opt/stack/data/CA/int-ca/ca-chain.pem {{(pid=91634) log_opt_values /opt/stack/data/venv/lib/python3.12/site-packages/oslo_config/cfg.py:3006}}
May 19 04:30:51.163302 np0000001025 neutron-periodic-workers[91634]: DEBUG cotyledon.oslo_config_glue [-] ovn.ovn_nb_certificate = /opt/stack/data/CA/int-ca/devstack-cert.crt {{(pid=91634) log_opt_values /opt/stack/data/venv/lib/python3.12/site-packages/oslo_config/cfg.py:3006}}
May 19 04:30:51.163302 np0000001025 neutron-periodic-workers[91634]: DEBUG cotyledon.oslo_config_glue [-] ovn.ovn_nb_connection = ['ssl:10.4.3.11:6641'] {{(pid=91634) log_opt_values /opt/stack/data/venv/lib/python3.12/site-packages/oslo_config/cfg.py:3006}}
May 19 04:30:51.163302 np0000001025 neutron-periodic-workers[91634]: DEBUG cotyledon.oslo_config_glue [-] ovn.ovn_nb_private_key = /opt/stack/data/CA/int-ca/private/devstack-cert.key {{(pid=91634) log_opt_values /opt/stack/data/venv/lib/python3.12/site-packages/oslo_config/cfg.py:3006}}
May 19 04:30:51.163302 np0000001025 neutron-periodic-workers[91634]: DEBUG cotyledon.oslo_config_glue [-] ovn.ovn_router_indirect_snat = False {{(pid=91634) log_opt_values /opt/stack/data/venv/lib/python3.12/site-packages/oslo_config/cfg.py:3006}}
May 19 04:30:51.163302 np0000001025 neutron-periodic-workers[91634]: DEBUG cotyledon.oslo_config_glue [-] ovn.ovn_sb_ca_cert = /opt/stack/data/CA/int-ca/ca-chain.pem {{(pid=91634) log_opt_values /opt/stack/data/venv/lib/python3.12/site-packages/oslo_config/cfg.py:3006}}
May 19 04:30:51.163302 np0000001025 neutron-periodic-workers[91634]: DEBUG cotyledon.oslo_config_glue [-] ovn.ovn_sb_certificate = /opt/stack/data/CA/int-ca/devstack-cert.crt {{(pid=91634) log_opt_values /opt/stack/data/venv/lib/python3.12/site-packages/oslo_config/cfg.py:3006}}
May 19 04:30:51.163302 np0000001025 neutron-periodic-workers[91634]: DEBUG cotyledon.oslo_config_glue [-] ovn.ovn_sb_connection = ['ssl:10.4.3.11:6642'] {{(pid=91634) log_opt_values /opt/stack/data/venv/lib/python3.12/site-packages/oslo_config/cfg.py:3006}}
May 19 04:30:51.163302 np0000001025 neutron-periodic-workers[91634]: DEBUG cotyledon.oslo_config_glue [-] ovn.ovn_sb_private_key = /opt/stack/data/CA/int-ca/private/devstack-cert.key {{(pid=91634) log_opt_values /opt/stack/data/venv/lib/python3.12/site-packages/oslo_config/cfg.py:3006}}
May 19 04:30:51.163545 np0000001025 neutron-periodic-workers[91634]: DEBUG cotyledon.oslo_config_glue [-] ovn.ovs_create_tap = False {{(pid=91634) log_opt_values /opt/stack/data/venv/lib/python3.12/site-packages/oslo_config/cfg.py:3006}}
May 19 04:30:51.163545 np0000001025 neutron-periodic-workers[91634]: DEBUG cotyledon.oslo_config_glue [-] ovn.ovsdb_connection_timeout = 180 {{(pid=91634) log_opt_values /opt/stack/data/venv/lib/python3.12/site-packages/oslo_config/cfg.py:3006}}
May 19 04:30:51.163545 np0000001025 neutron-periodic-workers[91634]: DEBUG cotyledon.oslo_config_glue [-] ovn.ovsdb_log_level = INFO {{(pid=91634) log_opt_values /opt/stack/data/venv/lib/python3.12/site-packages/oslo_config/cfg.py:3006}}
May 19 04:30:51.163545 np0000001025 neutron-periodic-workers[91634]: DEBUG cotyledon.oslo_config_glue [-] ovn.ovsdb_probe_interval = 60000 {{(pid=91634) log_opt_values /opt/stack/data/venv/lib/python3.12/site-packages/oslo_config/cfg.py:3006}}
May 19 04:30:51.163545 np0000001025 neutron-periodic-workers[91634]: DEBUG cotyledon.oslo_config_glue [-] ovn.ovsdb_retry_max_interval = 180 {{(pid=91634) log_opt_values /opt/stack/data/venv/lib/python3.12/site-packages/oslo_config/cfg.py:3006}}
May 19 04:30:51.163545 np0000001025 neutron-periodic-workers[91634]: DEBUG cotyledon.oslo_config_glue [-] ovn.stateless_nat_enabled = False {{(pid=91634) log_opt_values /opt/stack/data/venv/lib/python3.12/site-packages/oslo_config/cfg.py:3006}}
May 19 04:30:51.163545 np0000001025 neutron-periodic-workers[91634]: DEBUG cotyledon.oslo_config_glue [-] ovn.vhost_sock_dir = /var/run/openvswitch {{(pid=91634) log_opt_values /opt/stack/data/venv/lib/python3.12/site-packages/oslo_config/cfg.py:3006}}
May 19 04:30:51.163545 np0000001025 neutron-periodic-workers[91634]: DEBUG cotyledon.oslo_config_glue [-] OVS.bridge_mac_table_size = 50000 {{(pid=91634) log_opt_values /opt/stack/data/venv/lib/python3.12/site-packages/oslo_config/cfg.py:3006}}
May 19 04:30:51.163545 np0000001025 neutron-periodic-workers[91634]: DEBUG cotyledon.oslo_config_glue [-] OVS.igmp_flood = False {{(pid=91634) log_opt_values /opt/stack/data/venv/lib/python3.12/site-packages/oslo_config/cfg.py:3006}}
May 19 04:30:51.163802 np0000001025 neutron-periodic-workers[91634]: DEBUG cotyledon.oslo_config_glue [-] OVS.igmp_flood_reports = True {{(pid=91634) log_opt_values /opt/stack/data/venv/lib/python3.12/site-packages/oslo_config/cfg.py:3006}}
May 19 04:30:51.163802 np0000001025 neutron-periodic-workers[91634]: DEBUG cotyledon.oslo_config_glue [-] OVS.igmp_flood_unregistered = False {{(pid=91634) log_opt_values /opt/stack/data/venv/lib/python3.12/site-packages/oslo_config/cfg.py:3006}}
May 19 04:30:51.163802 np0000001025 neutron-periodic-workers[91634]: DEBUG cotyledon.oslo_config_glue [-] OVS.igmp_snooping_enable = False {{(pid=91634) log_opt_values /opt/stack/data/venv/lib/python3.12/site-packages/oslo_config/cfg.py:3006}}
May 19 04:30:51.163802 np0000001025 neutron-periodic-workers[91634]: DEBUG cotyledon.oslo_config_glue [-] OVS.ovsdb_timeout = 10 {{(pid=91634) log_opt_values /opt/stack/data/venv/lib/python3.12/site-packages/oslo_config/cfg.py:3006}}
May 19 04:30:51.163802 np0000001025 neutron-periodic-workers[91634]: DEBUG cotyledon.oslo_config_glue [-] ovn_nb_global.fdb_removal_limit = 0 {{(pid=91634) log_opt_values /opt/stack/data/venv/lib/python3.12/site-packages/oslo_config/cfg.py:3006}}
May 19 04:30:51.163802 np0000001025 neutron-periodic-workers[91634]: DEBUG cotyledon.oslo_config_glue [-] ovn_nb_global.ignore_lsp_down = False {{(pid=91634) log_opt_values /opt/stack/data/venv/lib/python3.12/site-packages/oslo_config/cfg.py:3006}}
May 19 04:30:51.163802 np0000001025 neutron-periodic-workers[91634]: DEBUG cotyledon.oslo_config_glue [-] ovn_nb_global.mac_binding_removal_limit = 0 {{(pid=91634) log_opt_values /opt/stack/data/venv/lib/python3.12/site-packages/oslo_config/cfg.py:3006}}
May 19 04:30:51.163802 np0000001025 neutron-periodic-workers[91634]: DEBUG cotyledon.oslo_config_glue [-] ******************************************************************************** {{(pid=91634) log_opt_values /opt/stack/data/venv/lib/python3.12/site-packages/oslo_config/cfg.py:3013}}
May 19 04:30:51.163802 np0000001025 neutron-periodic-workers[91634]: DEBUG cotyledon._service_worker [-] Run service ServiceWrapper(0) [91634] {{(pid=91634) wait_forever /opt/stack/data/venv/lib/python3.12/site-packages/cotyledon/_service_worker.py:218}}
May 19 04:31:00.806487 np0000001025 neutron-periodic-workers[90625]: DEBUG dbcounter [-] [90625] Writing DB stats neutron:SELECT=4 {{(pid=90625) stat_writer /opt/stack/data/venv/lib/python3.12/site-packages/dbcounter.py:115}}
May 19 04:31:40.148712 np0000001025 neutron-periodic-workers[91621]: DEBUG oslo_db.sqlalchemy.engines [None req-6fcae72a-161a-4e05-9033-ea1858f73b0d None None] Parent process 90625 forked (91621) with an open database connection, which is being discarded and recreated. {{(pid=91621) checkout /opt/stack/data/venv/lib/python3.12/site-packages/oslo_db/sqlalchemy/engines.py:402}}
May 19 04:31:40.154396 np0000001025 neutron-periodic-workers[91621]: DEBUG dbcounter [-] [91621] Writer thread running {{(pid=91621) stat_writer /opt/stack/data/venv/lib/python3.12/site-packages/dbcounter.py:102}}
May 19 04:31:40.162385 np0000001025 neutron-periodic-workers[91621]: DEBUG oslo.service.backend._threading.loopingcall [None req-6fcae72a-161a-4e05-9033-ea1858f73b0d None None] Fixed interval looping call 'neutron.plugins.ml2.plugin.DhcpAgentSchedulerDbMixin.remove_networks_from_down_agents' sleeping for 36.98 seconds {{(pid=91621) _run_loop /opt/stack/data/venv/lib/python3.12/site-packages/oslo_service/backend/_threading/loopingcall.py:125}}
May 19 04:31:50.161349 np0000001025 neutron-periodic-workers[91621]: DEBUG dbcounter [-] [91621] Writing DB stats neutron:SELECT=3 {{(pid=91621) stat_writer /opt/stack/data/venv/lib/python3.12/site-packages/dbcounter.py:115}}
May 19 04:32:01.163972 np0000001025 neutron-periodic-workers[91627]: DEBUG dbcounter [-] [91627] Writer thread running {{(pid=91627) stat_writer /opt/stack/data/venv/lib/python3.12/site-packages/dbcounter.py:102}}
May 19 04:32:01.167415 np0000001025 neutron-periodic-workers[91627]: DEBUG neutron.db.agents_db [None req-11dce218-477f-46a3-8fbc-a143cc007e80 None None] Agent healthcheck: found 0 active agents {{(pid=91627) agent_health_check /opt/stack/neutron/neutron/db/agents_db.py:322}}
May 19 04:32:01.167605 np0000001025 neutron-periodic-workers[91627]: DEBUG oslo.service.backend._threading.loopingcall [None req-11dce218-477f-46a3-8fbc-a143cc007e80 None None] Fixed interval looping call 'neutron.plugins.ml2.plugin.AgentDbMixin.agent_health_check' sleeping for 36.98 seconds {{(pid=91627) _run_loop /opt/stack/data/venv/lib/python3.12/site-packages/oslo_service/backend/_threading/loopingcall.py:125}}
May 19 04:32:17.148407 np0000001025 neutron-periodic-workers[91621]: DEBUG oslo.service.backend._threading.loopingcall [None req-6fcae72a-161a-4e05-9033-ea1858f73b0d None None] Fixed interval looping call 'neutron.plugins.ml2.plugin.DhcpAgentSchedulerDbMixin.remove_networks_from_down_agents' sleeping for 36.99 seconds {{(pid=91621) _run_loop /opt/stack/data/venv/lib/python3.12/site-packages/oslo_service/backend/_threading/loopingcall.py:125}}
May 19 04:32:21.164498 np0000001025 neutron-periodic-workers[91627]: DEBUG dbcounter [-] [91627] Writing DB stats neutron:SELECT=1 {{(pid=91627) stat_writer /opt/stack/data/venv/lib/python3.12/site-packages/dbcounter.py:115}}
May 19 04:32:27.147909 np0000001025 neutron-periodic-workers[91621]: DEBUG dbcounter [-] [91621] Writing DB stats neutron:SELECT=3 {{(pid=91621) stat_writer /opt/stack/data/venv/lib/python3.12/site-packages/dbcounter.py:115}}
May 19 04:32:38.151230 np0000001025 neutron-periodic-workers[91627]: DEBUG neutron.db.agents_db [None req-11dce218-477f-46a3-8fbc-a143cc007e80 None None] Agent healthcheck: found 0 active agents {{(pid=91627) agent_health_check /opt/stack/neutron/neutron/db/agents_db.py:322}}
May 19 04:32:38.151673 np0000001025 neutron-periodic-workers[91627]: DEBUG oslo.service.backend._threading.loopingcall [None req-11dce218-477f-46a3-8fbc-a143cc007e80 None None] Fixed interval looping call 'neutron.plugins.ml2.plugin.AgentDbMixin.agent_health_check' sleeping for 37.00 seconds {{(pid=91627) _run_loop /opt/stack/data/venv/lib/python3.12/site-packages/oslo_service/backend/_threading/loopingcall.py:125}}
May 19 04:32:48.149964 np0000001025 neutron-periodic-workers[91627]: DEBUG dbcounter [-] [91627] Writing DB stats neutron:SELECT=1 {{(pid=91627) stat_writer /opt/stack/data/venv/lib/python3.12/site-packages/dbcounter.py:115}}
May 19 04:32:51.175836 np0000001025 neutron-periodic-workers[91634]: DEBUG dbcounter [-] [91634] Writer thread running {{(pid=91634) stat_writer /opt/stack/data/venv/lib/python3.12/site-packages/dbcounter.py:102}}
May 19 04:32:51.177561 np0000001025 neutron-periodic-workers[91634]: DEBUG oslo.service.backend._threading.loopingcall [None req-0b809a70-248f-49e1-b48b-a7768aeb3257 None None] Fixed interval looping call 'neutron.db.quota.driver_nolock.DbQuotaNoLockDriver._remove_expired_reservations' sleeping for 119.99 seconds {{(pid=91634) _run_loop /opt/stack/data/venv/lib/python3.12/site-packages/oslo_service/backend/_threading/loopingcall.py:125}}
May 19 04:32:54.144740 np0000001025 neutron-periodic-workers[91621]: DEBUG oslo.service.backend._threading.loopingcall [None req-6fcae72a-161a-4e05-9033-ea1858f73b0d None None] Fixed interval looping call 'neutron.plugins.ml2.plugin.DhcpAgentSchedulerDbMixin.remove_networks_from_down_agents' sleeping for 36.99 seconds {{(pid=91621) _run_loop /opt/stack/data/venv/lib/python3.12/site-packages/oslo_service/backend/_threading/loopingcall.py:125}}
May 19 04:33:04.143885 np0000001025 neutron-periodic-workers[91621]: DEBUG dbcounter [-] [91621] Writing DB stats neutron:SELECT=3 {{(pid=91621) stat_writer /opt/stack/data/venv/lib/python3.12/site-packages/dbcounter.py:115}}
May 19 04:33:11.176440 np0000001025 neutron-periodic-workers[91634]: DEBUG dbcounter [-] [91634] Writing DB stats neutron:DELETE=1 {{(pid=91634) stat_writer /opt/stack/data/venv/lib/python3.12/site-packages/dbcounter.py:115}}
May 19 04:33:15.154342 np0000001025 neutron-periodic-workers[91627]: DEBUG neutron.db.agents_db [None req-11dce218-477f-46a3-8fbc-a143cc007e80 None None] Agent healthcheck: found 0 active agents {{(pid=91627) agent_health_check /opt/stack/neutron/neutron/db/agents_db.py:322}}
May 19 04:33:15.154887 np0000001025 neutron-periodic-workers[91627]: DEBUG oslo.service.backend._threading.loopingcall [None req-11dce218-477f-46a3-8fbc-a143cc007e80 None None] Fixed interval looping call 'neutron.plugins.ml2.plugin.AgentDbMixin.agent_health_check' sleeping for 37.00 seconds {{(pid=91627) _run_loop /opt/stack/data/venv/lib/python3.12/site-packages/oslo_service/backend/_threading/loopingcall.py:125}}
May 19 04:33:25.153449 np0000001025 neutron-periodic-workers[91627]: DEBUG dbcounter [-] [91627] Writing DB stats neutron:SELECT=1 {{(pid=91627) stat_writer /opt/stack/data/venv/lib/python3.12/site-packages/dbcounter.py:115}}
May 19 04:33:31.141357 np0000001025 neutron-periodic-workers[91621]: DEBUG oslo.service.backend._threading.loopingcall [None req-6fcae72a-161a-4e05-9033-ea1858f73b0d None None] Fixed interval looping call 'neutron.plugins.ml2.plugin.DhcpAgentSchedulerDbMixin.remove_networks_from_down_agents' sleeping for 36.99 seconds {{(pid=91621) _run_loop /opt/stack/data/venv/lib/python3.12/site-packages/oslo_service/backend/_threading/loopingcall.py:125}}
May 19 04:33:41.140632 np0000001025 neutron-periodic-workers[91621]: DEBUG dbcounter [-] [91621] Writing DB stats neutron:SELECT=3 {{(pid=91621) stat_writer /opt/stack/data/venv/lib/python3.12/site-packages/dbcounter.py:115}}
May 19 04:33:52.163532 np0000001025 neutron-periodic-workers[91627]: DEBUG neutron.db.agents_db [None req-11dce218-477f-46a3-8fbc-a143cc007e80 None None] Agent healthcheck: found 0 active agents {{(pid=91627) agent_health_check /opt/stack/neutron/neutron/db/agents_db.py:322}}
May 19 04:33:52.163532 np0000001025 neutron-periodic-workers[91627]: DEBUG oslo.service.backend._threading.loopingcall [None req-11dce218-477f-46a3-8fbc-a143cc007e80 None None] Fixed interval looping call 'neutron.plugins.ml2.plugin.AgentDbMixin.agent_health_check' sleeping for 36.99 seconds {{(pid=91627) _run_loop /opt/stack/data/venv/lib/python3.12/site-packages/oslo_service/backend/_threading/loopingcall.py:125}}
May 19 04:34:00.154878 np0000001025 neutron-periodic-workers[91615]: DEBUG dbcounter [-] [91615] Writer thread running {{(pid=91615) stat_writer /opt/stack/data/venv/lib/python3.12/site-packages/dbcounter.py:102}}
May 19 04:34:00.164954 np0000001025 neutron-periodic-workers[91615]: DEBUG oslo.service.backend._threading.loopingcall [None req-d952e4d2-58aa-4f69-b99c-e6e022b990f4 None None] Fixed interval looping call 'neutron.services.ovn_l3.plugin.L3_NAT_dbonly_mixin._clean_garbage' sleeping for 299.96 seconds {{(pid=91615) _run_loop /opt/stack/data/venv/lib/python3.12/site-packages/oslo_service/backend/_threading/loopingcall.py:125}}
May 19 04:34:02.159386 np0000001025 neutron-periodic-workers[91627]: DEBUG dbcounter [-] [91627] Writing DB stats neutron:SELECT=1 {{(pid=91627) stat_writer /opt/stack/data/venv/lib/python3.12/site-packages/dbcounter.py:115}}
May 19 04:34:08.139507 np0000001025 neutron-periodic-workers[91621]: DEBUG oslo.service.backend._threading.loopingcall [None req-6fcae72a-161a-4e05-9033-ea1858f73b0d None None] Fixed interval looping call 'neutron.plugins.ml2.plugin.DhcpAgentSchedulerDbMixin.remove_networks_from_down_agents' sleeping for 36.99 seconds {{(pid=91621) _run_loop /opt/stack/data/venv/lib/python3.12/site-packages/oslo_service/backend/_threading/loopingcall.py:125}}
May 19 04:34:10.155562 np0000001025 neutron-periodic-workers[91615]: DEBUG dbcounter [-] [91615] Writing DB stats neutron:SELECT=1 {{(pid=91615) stat_writer /opt/stack/data/venv/lib/python3.12/site-packages/dbcounter.py:115}}
May 19 04:34:18.140140 np0000001025 neutron-periodic-workers[91621]: DEBUG dbcounter [-] [91621] Writing DB stats neutron:SELECT=3 {{(pid=91621) stat_writer /opt/stack/data/venv/lib/python3.12/site-packages/dbcounter.py:115}}
May 19 04:34:29.156571 np0000001025 neutron-periodic-workers[91627]: DEBUG neutron.db.agents_db [None req-11dce218-477f-46a3-8fbc-a143cc007e80 None None] Agent healthcheck: found 0 active agents {{(pid=91627) agent_health_check /opt/stack/neutron/neutron/db/agents_db.py:322}}
May 19 04:34:29.156571 np0000001025 neutron-periodic-workers[91627]: DEBUG oslo.service.backend._threading.loopingcall [None req-11dce218-477f-46a3-8fbc-a143cc007e80 None None] Fixed interval looping call 'neutron.plugins.ml2.plugin.AgentDbMixin.agent_health_check' sleeping for 37.00 seconds {{(pid=91627) _run_loop /opt/stack/data/venv/lib/python3.12/site-packages/oslo_service/backend/_threading/loopingcall.py:125}}
May 19 04:34:39.155096 np0000001025 neutron-periodic-workers[91627]: DEBUG dbcounter [-] [91627] Writing DB stats neutron:SELECT=1 {{(pid=91627) stat_writer /opt/stack/data/venv/lib/python3.12/site-packages/dbcounter.py:115}}
May 19 04:34:45.139415 np0000001025 neutron-periodic-workers[91621]: DEBUG oslo.service.backend._threading.loopingcall [None req-6fcae72a-161a-4e05-9033-ea1858f73b0d None None] Fixed interval looping call 'neutron.plugins.ml2.plugin.DhcpAgentSchedulerDbMixin.remove_networks_from_down_agents' sleeping for 36.99 seconds {{(pid=91621) _run_loop /opt/stack/data/venv/lib/python3.12/site-packages/oslo_service/backend/_threading/loopingcall.py:125}}
May 19 04:34:51.172054 np0000001025 neutron-periodic-workers[91634]: DEBUG oslo.service.backend._threading.loopingcall [None req-0b809a70-248f-49e1-b48b-a7768aeb3257 None None] Fixed interval looping call 'neutron.db.quota.driver_nolock.DbQuotaNoLockDriver._remove_expired_reservations' sleeping for 120.00 seconds {{(pid=91634) _run_loop /opt/stack/data/venv/lib/python3.12/site-packages/oslo_service/backend/_threading/loopingcall.py:125}}
May 19 04:34:55.137667 np0000001025 neutron-periodic-workers[91621]: DEBUG dbcounter [-] [91621] Writing DB stats neutron:SELECT=3 {{(pid=91621) stat_writer /opt/stack/data/venv/lib/python3.12/site-packages/dbcounter.py:115}}
May 19 04:35:01.172665 np0000001025 neutron-periodic-workers[91634]: DEBUG dbcounter [-] [91634] Writing DB stats neutron:DELETE=1 {{(pid=91634) stat_writer /opt/stack/data/venv/lib/python3.12/site-packages/dbcounter.py:115}}
May 19 04:35:06.172464 np0000001025 neutron-periodic-workers[91627]: DEBUG neutron.db.agents_db [None req-11dce218-477f-46a3-8fbc-a143cc007e80 None None] Agent healthcheck: found 0 active agents {{(pid=91627) agent_health_check /opt/stack/neutron/neutron/db/agents_db.py:322}}
May 19 04:35:06.172464 np0000001025 neutron-periodic-workers[91627]: DEBUG oslo.service.backend._threading.loopingcall [None req-11dce218-477f-46a3-8fbc-a143cc007e80 None None] Fixed interval looping call 'neutron.plugins.ml2.plugin.AgentDbMixin.agent_health_check' sleeping for 36.99 seconds {{(pid=91627) _run_loop /opt/stack/data/venv/lib/python3.12/site-packages/oslo_service/backend/_threading/loopingcall.py:125}}
May 19 04:35:16.164494 np0000001025 neutron-periodic-workers[91627]: DEBUG dbcounter [-] [91627] Writing DB stats neutron:SELECT=1 {{(pid=91627) stat_writer /opt/stack/data/venv/lib/python3.12/site-packages/dbcounter.py:115}}
May 19 04:35:22.147671 np0000001025 neutron-periodic-workers[91621]: DEBUG oslo.service.backend._threading.loopingcall [None req-6fcae72a-161a-4e05-9033-ea1858f73b0d None None] Fixed interval looping call 'neutron.plugins.ml2.plugin.DhcpAgentSchedulerDbMixin.remove_networks_from_down_agents' sleeping for 36.98 seconds {{(pid=91621) _run_loop /opt/stack/data/venv/lib/python3.12/site-packages/oslo_service/backend/_threading/loopingcall.py:125}}
May 19 04:35:32.146128 np0000001025 neutron-periodic-workers[91621]: DEBUG dbcounter [-] [91621] Writing DB stats neutron:SELECT=3 {{(pid=91621) stat_writer /opt/stack/data/venv/lib/python3.12/site-packages/dbcounter.py:115}}
May 19 04:35:43.163714 np0000001025 neutron-periodic-workers[91627]: DEBUG neutron.db.agents_db [None req-11dce218-477f-46a3-8fbc-a143cc007e80 None None] Agent healthcheck: found 0 active agents {{(pid=91627) agent_health_check /opt/stack/neutron/neutron/db/agents_db.py:322}}
May 19 04:35:43.164059 np0000001025 neutron-periodic-workers[91627]: DEBUG oslo.service.backend._threading.loopingcall [None req-11dce218-477f-46a3-8fbc-a143cc007e80 None None] Fixed interval looping call 'neutron.plugins.ml2.plugin.AgentDbMixin.agent_health_check' sleeping for 37.00 seconds {{(pid=91627) _run_loop /opt/stack/data/venv/lib/python3.12/site-packages/oslo_service/backend/_threading/loopingcall.py:125}}
May 19 04:35:53.162769 np0000001025 neutron-periodic-workers[91627]: DEBUG dbcounter [-] [91627] Writing DB stats neutron:SELECT=1 {{(pid=91627) stat_writer /opt/stack/data/venv/lib/python3.12/site-packages/dbcounter.py:115}}
May 19 04:35:59.135356 np0000001025 neutron-periodic-workers[91621]: DEBUG oslo.service.backend._threading.loopingcall [None req-6fcae72a-161a-4e05-9033-ea1858f73b0d None None] Fixed interval looping call 'neutron.plugins.ml2.plugin.DhcpAgentSchedulerDbMixin.remove_networks_from_down_agents' sleeping for 36.99 seconds {{(pid=91621) _run_loop /opt/stack/data/venv/lib/python3.12/site-packages/oslo_service/backend/_threading/loopingcall.py:125}}
May 19 04:36:09.134063 np0000001025 neutron-periodic-workers[91621]: DEBUG dbcounter [-] [91621] Writing DB stats neutron:SELECT=3 {{(pid=91621) stat_writer /opt/stack/data/venv/lib/python3.12/site-packages/dbcounter.py:115}}
May 19 04:36:20.167559 np0000001025 neutron-periodic-workers[91627]: DEBUG neutron.db.agents_db [None req-11dce218-477f-46a3-8fbc-a143cc007e80 None None] Agent healthcheck: found 0 active agents {{(pid=91627) agent_health_check /opt/stack/neutron/neutron/db/agents_db.py:322}}
May 19 04:36:20.168382 np0000001025 neutron-periodic-workers[91627]: DEBUG oslo.service.backend._threading.loopingcall [None req-11dce218-477f-46a3-8fbc-a143cc007e80 None None] Fixed interval looping call 'neutron.plugins.ml2.plugin.AgentDbMixin.agent_health_check' sleeping for 37.00 seconds {{(pid=91627) _run_loop /opt/stack/data/venv/lib/python3.12/site-packages/oslo_service/backend/_threading/loopingcall.py:125}}
May 19 04:36:30.166338 np0000001025 neutron-periodic-workers[91627]: DEBUG dbcounter [-] [91627] Writing DB stats neutron:SELECT=1 {{(pid=91627) stat_writer /opt/stack/data/venv/lib/python3.12/site-packages/dbcounter.py:115}}
May 19 04:36:36.137211 np0000001025 neutron-periodic-workers[91621]: DEBUG oslo.service.backend._threading.loopingcall [None req-6fcae72a-161a-4e05-9033-ea1858f73b0d None None] Fixed interval looping call 'neutron.plugins.ml2.plugin.DhcpAgentSchedulerDbMixin.remove_networks_from_down_agents' sleeping for 36.99 seconds {{(pid=91621) _run_loop /opt/stack/data/venv/lib/python3.12/site-packages/oslo_service/backend/_threading/loopingcall.py:125}}
May 19 04:36:46.136560 np0000001025 neutron-periodic-workers[91621]: DEBUG dbcounter [-] [91621] Writing DB stats neutron:SELECT=3 {{(pid=91621) stat_writer /opt/stack/data/venv/lib/python3.12/site-packages/dbcounter.py:115}}
May 19 04:36:51.188139 np0000001025 neutron-periodic-workers[91634]: DEBUG oslo.service.backend._threading.loopingcall [None req-0b809a70-248f-49e1-b48b-a7768aeb3257 None None] Fixed interval looping call 'neutron.db.quota.driver_nolock.DbQuotaNoLockDriver._remove_expired_reservations' sleeping for 119.99 seconds {{(pid=91634) _run_loop /opt/stack/data/venv/lib/python3.12/site-packages/oslo_service/backend/_threading/loopingcall.py:125}}
May 19 04:36:57.172818 np0000001025 neutron-periodic-workers[91627]: DEBUG neutron.db.agents_db [None req-11dce218-477f-46a3-8fbc-a143cc007e80 None None] Agent healthcheck: found 0 active agents {{(pid=91627) agent_health_check /opt/stack/neutron/neutron/db/agents_db.py:322}}
May 19 04:36:57.173166 np0000001025 neutron-periodic-workers[91627]: DEBUG oslo.service.backend._threading.loopingcall [None req-11dce218-477f-46a3-8fbc-a143cc007e80 None None] Fixed interval looping call 'neutron.plugins.ml2.plugin.AgentDbMixin.agent_health_check' sleeping for 37.00 seconds {{(pid=91627) _run_loop /opt/stack/data/venv/lib/python3.12/site-packages/oslo_service/backend/_threading/loopingcall.py:125}}
May 19 04:37:01.185267 np0000001025 neutron-periodic-workers[91634]: DEBUG dbcounter [-] [91634] Writing DB stats neutron:DELETE=1 {{(pid=91634) stat_writer /opt/stack/data/venv/lib/python3.12/site-packages/dbcounter.py:115}}
May 19 04:37:07.174359 np0000001025 neutron-periodic-workers[91627]: DEBUG dbcounter [-] [91627] Writing DB stats neutron:SELECT=1 {{(pid=91627) stat_writer /opt/stack/data/venv/lib/python3.12/site-packages/dbcounter.py:115}}
May 19 04:37:13.133774 np0000001025 neutron-periodic-workers[91621]: DEBUG oslo.service.backend._threading.loopingcall [None req-6fcae72a-161a-4e05-9033-ea1858f73b0d None None] Fixed interval looping call 'neutron.plugins.ml2.plugin.DhcpAgentSchedulerDbMixin.remove_networks_from_down_agents' sleeping for 36.99 seconds {{(pid=91621) _run_loop /opt/stack/data/venv/lib/python3.12/site-packages/oslo_service/backend/_threading/loopingcall.py:125}}
May 19 04:37:23.132924 np0000001025 neutron-periodic-workers[91621]: DEBUG dbcounter [-] [91621] Writing DB stats neutron:SELECT=3 {{(pid=91621) stat_writer /opt/stack/data/venv/lib/python3.12/site-packages/dbcounter.py:115}}
May 19 04:37:34.177166 np0000001025 neutron-periodic-workers[91627]: DEBUG neutron.db.agents_db [None req-11dce218-477f-46a3-8fbc-a143cc007e80 None None] Agent healthcheck: found 0 active agents {{(pid=91627) agent_health_check /opt/stack/neutron/neutron/db/agents_db.py:322}}
May 19 04:37:34.177461 np0000001025 neutron-periodic-workers[91627]: DEBUG oslo.service.backend._threading.loopingcall [None req-11dce218-477f-46a3-8fbc-a143cc007e80 None None] Fixed interval looping call 'neutron.plugins.ml2.plugin.AgentDbMixin.agent_health_check' sleeping for 37.00 seconds {{(pid=91627) _run_loop /opt/stack/data/venv/lib/python3.12/site-packages/oslo_service/backend/_threading/loopingcall.py:125}}
May 19 04:37:44.178149 np0000001025 neutron-periodic-workers[91627]: DEBUG dbcounter [-] [91627] Writing DB stats neutron:SELECT=1 {{(pid=91627) stat_writer /opt/stack/data/venv/lib/python3.12/site-packages/dbcounter.py:115}}
May 19 04:37:50.129895 np0000001025 neutron-periodic-workers[91621]: DEBUG oslo.service.backend._threading.loopingcall [None req-6fcae72a-161a-4e05-9033-ea1858f73b0d None None] Fixed interval looping call 'neutron.plugins.ml2.plugin.DhcpAgentSchedulerDbMixin.remove_networks_from_down_agents' sleeping for 36.99 seconds {{(pid=91621) _run_loop /opt/stack/data/venv/lib/python3.12/site-packages/oslo_service/backend/_threading/loopingcall.py:125}}
May 19 04:38:00.128983 np0000001025 neutron-periodic-workers[91621]: DEBUG dbcounter [-] [91621] Writing DB stats neutron:SELECT=3 {{(pid=91621) stat_writer /opt/stack/data/venv/lib/python3.12/site-packages/dbcounter.py:115}}
May 19 04:38:11.180813 np0000001025 neutron-periodic-workers[91627]: DEBUG neutron.db.agents_db [None req-11dce218-477f-46a3-8fbc-a143cc007e80 None None] Agent healthcheck: found 0 active agents {{(pid=91627) agent_health_check /opt/stack/neutron/neutron/db/agents_db.py:322}}
May 19 04:38:11.180813 np0000001025 neutron-periodic-workers[91627]: DEBUG oslo.service.backend._threading.loopingcall [None req-11dce218-477f-46a3-8fbc-a143cc007e80 None None] Fixed interval looping call 'neutron.plugins.ml2.plugin.AgentDbMixin.agent_health_check' sleeping for 37.00 seconds {{(pid=91627) _run_loop /opt/stack/data/venv/lib/python3.12/site-packages/oslo_service/backend/_threading/loopingcall.py:125}}
May 19 04:38:21.179950 np0000001025 neutron-periodic-workers[91627]: DEBUG dbcounter [-] [91627] Writing DB stats neutron:SELECT=1 {{(pid=91627) stat_writer /opt/stack/data/venv/lib/python3.12/site-packages/dbcounter.py:115}}
May 19 04:38:27.128809 np0000001025 neutron-periodic-workers[91621]: DEBUG oslo.service.backend._threading.loopingcall [None req-6fcae72a-161a-4e05-9033-ea1858f73b0d None None] Fixed interval looping call 'neutron.plugins.ml2.plugin.DhcpAgentSchedulerDbMixin.remove_networks_from_down_agents' sleeping for 36.99 seconds {{(pid=91621) _run_loop /opt/stack/data/venv/lib/python3.12/site-packages/oslo_service/backend/_threading/loopingcall.py:125}}
May 19 04:38:37.128137 np0000001025 neutron-periodic-workers[91621]: DEBUG dbcounter [-] [91621] Writing DB stats neutron:SELECT=3 {{(pid=91621) stat_writer /opt/stack/data/venv/lib/python3.12/site-packages/dbcounter.py:115}}
May 19 04:38:48.183814 np0000001025 neutron-periodic-workers[91627]: DEBUG neutron.db.agents_db [None req-11dce218-477f-46a3-8fbc-a143cc007e80 None None] Agent healthcheck: found 0 active agents {{(pid=91627) agent_health_check /opt/stack/neutron/neutron/db/agents_db.py:322}}
May 19 04:38:48.184214 np0000001025 neutron-periodic-workers[91627]: DEBUG oslo.service.backend._threading.loopingcall [None req-11dce218-477f-46a3-8fbc-a143cc007e80 None None] Fixed interval looping call 'neutron.plugins.ml2.plugin.AgentDbMixin.agent_health_check' sleeping for 37.00 seconds {{(pid=91627) _run_loop /opt/stack/data/venv/lib/python3.12/site-packages/oslo_service/backend/_threading/loopingcall.py:125}}
May 19 04:38:51.180970 np0000001025 neutron-periodic-workers[91634]: DEBUG oslo.service.backend._threading.loopingcall [None req-0b809a70-248f-49e1-b48b-a7768aeb3257 None None] Fixed interval looping call 'neutron.db.quota.driver_nolock.DbQuotaNoLockDriver._remove_expired_reservations' sleeping for 120.00 seconds {{(pid=91634) _run_loop /opt/stack/data/venv/lib/python3.12/site-packages/oslo_service/backend/_threading/loopingcall.py:125}}
May 19 04:38:58.182884 np0000001025 neutron-periodic-workers[91627]: DEBUG dbcounter [-] [91627] Writing DB stats neutron:SELECT=1 {{(pid=91627) stat_writer /opt/stack/data/venv/lib/python3.12/site-packages/dbcounter.py:115}}
May 19 04:39:00.135966 np0000001025 neutron-periodic-workers[91615]: DEBUG oslo.service.backend._threading.loopingcall [None req-d952e4d2-58aa-4f69-b99c-e6e022b990f4 None None] Fixed interval looping call 'neutron.services.ovn_l3.plugin.L3_NAT_dbonly_mixin._clean_garbage' sleeping for 299.99 seconds {{(pid=91615) _run_loop /opt/stack/data/venv/lib/python3.12/site-packages/oslo_service/backend/_threading/loopingcall.py:125}}
May 19 04:39:01.180445 np0000001025 neutron-periodic-workers[91634]: DEBUG dbcounter [-] [91634] Writing DB stats neutron:DELETE=1 {{(pid=91634) stat_writer /opt/stack/data/venv/lib/python3.12/site-packages/dbcounter.py:115}}
May 19 04:39:04.125302 np0000001025 neutron-periodic-workers[91621]: DEBUG oslo.service.backend._threading.loopingcall [None req-6fcae72a-161a-4e05-9033-ea1858f73b0d None None] Fixed interval looping call 'neutron.plugins.ml2.plugin.DhcpAgentSchedulerDbMixin.remove_networks_from_down_agents' sleeping for 36.99 seconds {{(pid=91621) _run_loop /opt/stack/data/venv/lib/python3.12/site-packages/oslo_service/backend/_threading/loopingcall.py:125}}
May 19 04:39:10.127679 np0000001025 neutron-periodic-workers[91615]: DEBUG dbcounter [-] [91615] Writing DB stats neutron:SELECT=1 {{(pid=91615) stat_writer /opt/stack/data/venv/lib/python3.12/site-packages/dbcounter.py:115}}
May 19 04:39:14.124435 np0000001025 neutron-periodic-workers[91621]: DEBUG dbcounter [-] [91621] Writing DB stats neutron:SELECT=3 {{(pid=91621) stat_writer /opt/stack/data/venv/lib/python3.12/site-packages/dbcounter.py:115}}
May 19 04:39:25.188426 np0000001025 neutron-periodic-workers[91627]: DEBUG neutron.db.agents_db [None req-11dce218-477f-46a3-8fbc-a143cc007e80 None None] Agent healthcheck: found 0 active agents {{(pid=91627) agent_health_check /opt/stack/neutron/neutron/db/agents_db.py:322}}
May 19 04:39:25.188836 np0000001025 neutron-periodic-workers[91627]: DEBUG oslo.service.backend._threading.loopingcall [None req-11dce218-477f-46a3-8fbc-a143cc007e80 None None] Fixed interval looping call 'neutron.plugins.ml2.plugin.AgentDbMixin.agent_health_check' sleeping for 37.00 seconds {{(pid=91627) _run_loop /opt/stack/data/venv/lib/python3.12/site-packages/oslo_service/backend/_threading/loopingcall.py:125}}
May 19 04:39:35.187805 np0000001025 neutron-periodic-workers[91627]: DEBUG dbcounter [-] [91627] Writing DB stats neutron:SELECT=1 {{(pid=91627) stat_writer /opt/stack/data/venv/lib/python3.12/site-packages/dbcounter.py:115}}
May 19 04:39:41.127946 np0000001025 neutron-periodic-workers[91621]: DEBUG oslo.service.backend._threading.loopingcall [None req-6fcae72a-161a-4e05-9033-ea1858f73b0d None None] Fixed interval looping call 'neutron.plugins.ml2.plugin.DhcpAgentSchedulerDbMixin.remove_networks_from_down_agents' sleeping for 36.99 seconds {{(pid=91621) _run_loop /opt/stack/data/venv/lib/python3.12/site-packages/oslo_service/backend/_threading/loopingcall.py:125}}
May 19 04:39:51.125134 np0000001025 neutron-periodic-workers[91621]: DEBUG dbcounter [-] [91621] Writing DB stats neutron:SELECT=3 {{(pid=91621) stat_writer /opt/stack/data/venv/lib/python3.12/site-packages/dbcounter.py:115}}
May 19 04:40:02.193669 np0000001025 neutron-periodic-workers[91627]: DEBUG neutron.db.agents_db [None req-11dce218-477f-46a3-8fbc-a143cc007e80 None None] Agent healthcheck: found 0 active agents {{(pid=91627) agent_health_check /opt/stack/neutron/neutron/db/agents_db.py:322}}
May 19 04:40:02.193669 np0000001025 neutron-periodic-workers[91627]: DEBUG oslo.service.backend._threading.loopingcall [None req-11dce218-477f-46a3-8fbc-a143cc007e80 None None] Fixed interval looping call 'neutron.plugins.ml2.plugin.AgentDbMixin.agent_health_check' sleeping for 37.00 seconds {{(pid=91627) _run_loop /opt/stack/data/venv/lib/python3.12/site-packages/oslo_service/backend/_threading/loopingcall.py:125}}
May 19 04:40:12.193821 np0000001025 neutron-periodic-workers[91627]: DEBUG dbcounter [-] [91627] Writing DB stats neutron:SELECT=1 {{(pid=91627) stat_writer /opt/stack/data/venv/lib/python3.12/site-packages/dbcounter.py:115}}
May 19 04:40:18.123870 np0000001025 neutron-periodic-workers[91621]: DEBUG oslo.service.backend._threading.loopingcall [None req-6fcae72a-161a-4e05-9033-ea1858f73b0d None None] Fixed interval looping call 'neutron.plugins.ml2.plugin.DhcpAgentSchedulerDbMixin.remove_networks_from_down_agents' sleeping for 36.99 seconds {{(pid=91621) _run_loop /opt/stack/data/venv/lib/python3.12/site-packages/oslo_service/backend/_threading/loopingcall.py:125}}
May 19 04:40:28.122971 np0000001025 neutron-periodic-workers[91621]: DEBUG dbcounter [-] [91621] Writing DB stats neutron:SELECT=3 {{(pid=91621) stat_writer /opt/stack/data/venv/lib/python3.12/site-packages/dbcounter.py:115}}
May 19 04:40:39.197641 np0000001025 neutron-periodic-workers[91627]: DEBUG neutron.db.agents_db [None req-11dce218-477f-46a3-8fbc-a143cc007e80 None None] Agent healthcheck: found 0 active agents {{(pid=91627) agent_health_check /opt/stack/neutron/neutron/db/agents_db.py:322}}
May 19 04:40:39.201031 np0000001025 neutron-periodic-workers[91627]: DEBUG oslo.service.backend._threading.loopingcall [None req-11dce218-477f-46a3-8fbc-a143cc007e80 None None] Fixed interval looping call 'neutron.plugins.ml2.plugin.AgentDbMixin.agent_health_check' sleeping for 37.00 seconds {{(pid=91627) _run_loop /opt/stack/data/venv/lib/python3.12/site-packages/oslo_service/backend/_threading/loopingcall.py:125}}
May 19 04:40:49.197817 np0000001025 neutron-periodic-workers[91627]: DEBUG dbcounter [-] [91627] Writing DB stats neutron:SELECT=1 {{(pid=91627) stat_writer /opt/stack/data/venv/lib/python3.12/site-packages/dbcounter.py:115}}
May 19 04:40:51.186775 np0000001025 neutron-periodic-workers[91634]: DEBUG oslo.service.backend._threading.loopingcall [None req-0b809a70-248f-49e1-b48b-a7768aeb3257 None None] Fixed interval looping call 'neutron.db.quota.driver_nolock.DbQuotaNoLockDriver._remove_expired_reservations' sleeping for 119.99 seconds {{(pid=91634) _run_loop /opt/stack/data/venv/lib/python3.12/site-packages/oslo_service/backend/_threading/loopingcall.py:125}}
May 19 04:40:55.127479 np0000001025 neutron-periodic-workers[91621]: DEBUG oslo.service.backend._threading.loopingcall [None req-6fcae72a-161a-4e05-9033-ea1858f73b0d None None] Fixed interval looping call 'neutron.plugins.ml2.plugin.DhcpAgentSchedulerDbMixin.remove_networks_from_down_agents' sleeping for 36.99 seconds {{(pid=91621) _run_loop /opt/stack/data/venv/lib/python3.12/site-packages/oslo_service/backend/_threading/loopingcall.py:125}}
May 19 04:41:01.186510 np0000001025 neutron-periodic-workers[91634]: DEBUG dbcounter [-] [91634] Writing DB stats neutron:DELETE=1 {{(pid=91634) stat_writer /opt/stack/data/venv/lib/python3.12/site-packages/dbcounter.py:115}}
May 19 04:41:05.606776 np0000001025 neutron-periodic-workers[91621]: DEBUG dbcounter [-] [91621] Writing DB stats neutron:SELECT=3 {{(pid=91621) stat_writer /opt/stack/data/venv/lib/python3.12/site-packages/dbcounter.py:115}}
May 19 04:41:16.201312 np0000001025 neutron-periodic-workers[91627]: DEBUG neutron.db.agents_db [None req-11dce218-477f-46a3-8fbc-a143cc007e80 None None] Agent healthcheck: found 0 active agents {{(pid=91627) agent_health_check /opt/stack/neutron/neutron/db/agents_db.py:322}}
May 19 04:41:16.201749 np0000001025 neutron-periodic-workers[91627]: DEBUG oslo.service.backend._threading.loopingcall [None req-11dce218-477f-46a3-8fbc-a143cc007e80 None None] Fixed interval looping call 'neutron.plugins.ml2.plugin.AgentDbMixin.agent_health_check' sleeping for 37.00 seconds {{(pid=91627) _run_loop /opt/stack/data/venv/lib/python3.12/site-packages/oslo_service/backend/_threading/loopingcall.py:125}}
May 19 04:41:26.201255 np0000001025 neutron-periodic-workers[91627]: DEBUG dbcounter [-] [91627] Writing DB stats neutron:SELECT=1 {{(pid=91627) stat_writer /opt/stack/data/venv/lib/python3.12/site-packages/dbcounter.py:115}}
May 19 04:41:32.126287 np0000001025 neutron-periodic-workers[91621]: DEBUG oslo.service.backend._threading.loopingcall [None req-6fcae72a-161a-4e05-9033-ea1858f73b0d None None] Fixed interval looping call 'neutron.plugins.ml2.plugin.DhcpAgentSchedulerDbMixin.remove_networks_from_down_agents' sleeping for 36.99 seconds {{(pid=91621) _run_loop /opt/stack/data/venv/lib/python3.12/site-packages/oslo_service/backend/_threading/loopingcall.py:125}}
May 19 04:41:42.125081 np0000001025 neutron-periodic-workers[91621]: DEBUG dbcounter [-] [91621] Writing DB stats neutron:SELECT=3 {{(pid=91621) stat_writer /opt/stack/data/venv/lib/python3.12/site-packages/dbcounter.py:115}}
May 19 04:41:53.205810 np0000001025 neutron-periodic-workers[91627]: DEBUG neutron.db.agents_db [None req-11dce218-477f-46a3-8fbc-a143cc007e80 None None] Agent healthcheck: found 0 active agents {{(pid=91627) agent_health_check /opt/stack/neutron/neutron/db/agents_db.py:322}}
May 19 04:41:53.206238 np0000001025 neutron-periodic-workers[91627]: DEBUG oslo.service.backend._threading.loopingcall [None req-11dce218-477f-46a3-8fbc-a143cc007e80 None None] Fixed interval looping call 'neutron.plugins.ml2.plugin.AgentDbMixin.agent_health_check' sleeping for 37.00 seconds {{(pid=91627) _run_loop /opt/stack/data/venv/lib/python3.12/site-packages/oslo_service/backend/_threading/loopingcall.py:125}}
May 19 04:42:03.204377 np0000001025 neutron-periodic-workers[91627]: DEBUG dbcounter [-] [91627] Writing DB stats neutron:SELECT=1 {{(pid=91627) stat_writer /opt/stack/data/venv/lib/python3.12/site-packages/dbcounter.py:115}}
May 19 04:42:09.122886 np0000001025 neutron-periodic-workers[91621]: DEBUG oslo.service.backend._threading.loopingcall [None req-6fcae72a-161a-4e05-9033-ea1858f73b0d None None] Fixed interval looping call 'neutron.plugins.ml2.plugin.DhcpAgentSchedulerDbMixin.remove_networks_from_down_agents' sleeping for 36.99 seconds {{(pid=91621) _run_loop /opt/stack/data/venv/lib/python3.12/site-packages/oslo_service/backend/_threading/loopingcall.py:125}}
May 19 04:42:19.122279 np0000001025 neutron-periodic-workers[91621]: DEBUG dbcounter [-] [91621] Writing DB stats neutron:SELECT=3 {{(pid=91621) stat_writer /opt/stack/data/venv/lib/python3.12/site-packages/dbcounter.py:115}}
May 19 04:42:30.209193 np0000001025 neutron-periodic-workers[91627]: DEBUG neutron.db.agents_db [None req-11dce218-477f-46a3-8fbc-a143cc007e80 None None] Agent healthcheck: found 0 active agents {{(pid=91627) agent_health_check /opt/stack/neutron/neutron/db/agents_db.py:322}}
May 19 04:42:30.209547 np0000001025 neutron-periodic-workers[91627]: DEBUG oslo.service.backend._threading.loopingcall [None req-11dce218-477f-46a3-8fbc-a143cc007e80 None None] Fixed interval looping call 'neutron.plugins.ml2.plugin.AgentDbMixin.agent_health_check' sleeping for 37.00 seconds {{(pid=91627) _run_loop /opt/stack/data/venv/lib/python3.12/site-packages/oslo_service/backend/_threading/loopingcall.py:125}}
May 19 04:42:40.208458 np0000001025 neutron-periodic-workers[91627]: DEBUG dbcounter [-] [91627] Writing DB stats neutron:SELECT=1 {{(pid=91627) stat_writer /opt/stack/data/venv/lib/python3.12/site-packages/dbcounter.py:115}}
May 19 04:42:46.119404 np0000001025 neutron-periodic-workers[91621]: DEBUG oslo.service.backend._threading.loopingcall [None req-6fcae72a-161a-4e05-9033-ea1858f73b0d None None] Fixed interval looping call 'neutron.plugins.ml2.plugin.DhcpAgentSchedulerDbMixin.remove_networks_from_down_agents' sleeping for 36.99 seconds {{(pid=91621) _run_loop /opt/stack/data/venv/lib/python3.12/site-packages/oslo_service/backend/_threading/loopingcall.py:125}}
May 19 04:42:51.179622 np0000001025 neutron-periodic-workers[91634]: DEBUG oslo.service.backend._threading.loopingcall [None req-0b809a70-248f-49e1-b48b-a7768aeb3257 None None] Fixed interval looping call 'neutron.db.quota.driver_nolock.DbQuotaNoLockDriver._remove_expired_reservations' sleeping for 120.00 seconds {{(pid=91634) _run_loop /opt/stack/data/venv/lib/python3.12/site-packages/oslo_service/backend/_threading/loopingcall.py:125}}
May 19 04:42:56.121513 np0000001025 neutron-periodic-workers[91621]: DEBUG dbcounter [-] [91621] Writing DB stats neutron:SELECT=3 {{(pid=91621) stat_writer /opt/stack/data/venv/lib/python3.12/site-packages/dbcounter.py:115}}
May 19 04:43:01.180144 np0000001025 neutron-periodic-workers[91634]: DEBUG dbcounter [-] [91634] Writing DB stats neutron:DELETE=1 {{(pid=91634) stat_writer /opt/stack/data/venv/lib/python3.12/site-packages/dbcounter.py:115}}
May 19 04:43:07.212969 np0000001025 neutron-periodic-workers[91627]: DEBUG neutron.db.agents_db [None req-11dce218-477f-46a3-8fbc-a143cc007e80 None None] Agent healthcheck: found 0 active agents {{(pid=91627) agent_health_check /opt/stack/neutron/neutron/db/agents_db.py:322}}
May 19 04:43:07.213408 np0000001025 neutron-periodic-workers[91627]: DEBUG oslo.service.backend._threading.loopingcall [None req-11dce218-477f-46a3-8fbc-a143cc007e80 None None] Fixed interval looping call 'neutron.plugins.ml2.plugin.AgentDbMixin.agent_health_check' sleeping for 37.00 seconds {{(pid=91627) _run_loop /opt/stack/data/venv/lib/python3.12/site-packages/oslo_service/backend/_threading/loopingcall.py:125}}
May 19 04:43:17.211733 np0000001025 neutron-periodic-workers[91627]: DEBUG dbcounter [-] [91627] Writing DB stats neutron:SELECT=1 {{(pid=91627) stat_writer /opt/stack/data/venv/lib/python3.12/site-packages/dbcounter.py:115}}
May 19 04:43:23.117951 np0000001025 neutron-periodic-workers[91621]: DEBUG oslo.service.backend._threading.loopingcall [None req-6fcae72a-161a-4e05-9033-ea1858f73b0d None None] Fixed interval looping call 'neutron.plugins.ml2.plugin.DhcpAgentSchedulerDbMixin.remove_networks_from_down_agents' sleeping for 36.99 seconds {{(pid=91621) _run_loop /opt/stack/data/venv/lib/python3.12/site-packages/oslo_service/backend/_threading/loopingcall.py:125}}
May 19 04:43:33.117333 np0000001025 neutron-periodic-workers[91621]: DEBUG dbcounter [-] [91621] Writing DB stats neutron:SELECT=3 {{(pid=91621) stat_writer /opt/stack/data/venv/lib/python3.12/site-packages/dbcounter.py:115}}
May 19 04:43:44.220901 np0000001025 neutron-periodic-workers[91627]: DEBUG neutron.db.agents_db [None req-11dce218-477f-46a3-8fbc-a143cc007e80 None None] Agent healthcheck: found 0 active agents {{(pid=91627) agent_health_check /opt/stack/neutron/neutron/db/agents_db.py:322}}
May 19 04:43:44.221298 np0000001025 neutron-periodic-workers[91627]: DEBUG oslo.service.backend._threading.loopingcall [None req-11dce218-477f-46a3-8fbc-a143cc007e80 None None] Fixed interval looping call 'neutron.plugins.ml2.plugin.AgentDbMixin.agent_health_check' sleeping for 36.99 seconds {{(pid=91627) _run_loop /opt/stack/data/venv/lib/python3.12/site-packages/oslo_service/backend/_threading/loopingcall.py:125}}
May 19 04:43:54.223281 np0000001025 neutron-periodic-workers[91627]: DEBUG dbcounter [-] [91627] Writing DB stats neutron:SELECT=1 {{(pid=91627) stat_writer /opt/stack/data/venv/lib/python3.12/site-packages/dbcounter.py:115}}
May 19 04:44:00.116786 np0000001025 neutron-periodic-workers[91621]: DEBUG oslo.service.backend._threading.loopingcall [None req-6fcae72a-161a-4e05-9033-ea1858f73b0d None None] Fixed interval looping call 'neutron.plugins.ml2.plugin.DhcpAgentSchedulerDbMixin.remove_networks_from_down_agents' sleeping for 36.99 seconds {{(pid=91621) _run_loop /opt/stack/data/venv/lib/python3.12/site-packages/oslo_service/backend/_threading/loopingcall.py:125}}
May 19 04:44:00.133101 np0000001025 neutron-periodic-workers[91615]: DEBUG oslo.service.backend._threading.loopingcall [None req-d952e4d2-58aa-4f69-b99c-e6e022b990f4 None None] Fixed interval looping call 'neutron.services.ovn_l3.plugin.L3_NAT_dbonly_mixin._clean_garbage' sleeping for 299.99 seconds {{(pid=91615) _run_loop /opt/stack/data/venv/lib/python3.12/site-packages/oslo_service/backend/_threading/loopingcall.py:125}}
May 19 04:44:10.115543 np0000001025 neutron-periodic-workers[91621]: DEBUG dbcounter [-] [91621] Writing DB stats neutron:SELECT=3 {{(pid=91621) stat_writer /opt/stack/data/venv/lib/python3.12/site-packages/dbcounter.py:115}}
May 19 04:44:10.129369 np0000001025 neutron-periodic-workers[91615]: DEBUG dbcounter [-] [91615] Writing DB stats neutron:SELECT=1 {{(pid=91615) stat_writer /opt/stack/data/venv/lib/python3.12/site-packages/dbcounter.py:115}}
May 19 04:44:21.214373 np0000001025 neutron-periodic-workers[91627]: DEBUG neutron.db.agents_db [None req-11dce218-477f-46a3-8fbc-a143cc007e80 None None] Agent healthcheck: found 0 active agents {{(pid=91627) agent_health_check /opt/stack/neutron/neutron/db/agents_db.py:322}}
