Aug 07 16:59:49.265073 np0000006734 devstack@c-api.service[97102]: DEBUG cinder.api.openstack.wsgi [None req-6ebee5f8-400a-4d86-be59-441103e5c0e4 tempest-VolumeQuotasNegativeTestJSON-14276297 tempest-VolumeQuotasNegativeTestJSON-14276297-project-member] Empty body provided in request {{(pid=97102) get_body /opt/stack/cinder/cinder/api/openstack/wsgi.py:725}}
Aug 07 16:59:49.265381 np0000006734 devstack@c-api.service[97102]: DEBUG cinder.api.openstack.wsgi [None req-6ebee5f8-400a-4d86-be59-441103e5c0e4 tempest-VolumeQuotasNegativeTestJSON-14276297 tempest-VolumeQuotasNegativeTestJSON-14276297-project-member] Calling method 'show' {{(pid=97102) _process_stack /opt/stack/cinder/cinder/api/openstack/wsgi.py:878}}
Aug 07 16:59:49.279328 np0000006734 devstack@c-api.service[97102]: /opt/stack/data/venv/lib/python3.12/site-packages/oslo_context/context.py:102: DeprecationWarning: Policy enforcement is depending on the value of is_admin. This key is deprecated. Please update your policy file to use the standard policy values.
Aug 07 16:59:49.279328 np0000006734 devstack@c-api.service[97102]: warnings.warn(
Aug 07 16:59:49.283854 np0000006734 devstack@c-api.service[97102]: INFO cinder.volume.api [None req-6ebee5f8-400a-4d86-be59-441103e5c0e4 tempest-VolumeQuotasNegativeTestJSON-14276297 tempest-VolumeQuotasNegativeTestJSON-14276297-project-member] Volume info retrieved successfully.
Aug 07 16:59:49.289886 np0000006734 devstack@c-api.service[97102]: INFO cinder.api.openstack.wsgi [None req-6ebee5f8-400a-4d86-be59-441103e5c0e4 tempest-VolumeQuotasNegativeTestJSON-14276297 tempest-VolumeQuotasNegativeTestJSON-14276297-project-member] https://10.4.3.186/volume/v3/volumes/ef10114e-81e8-4ae7-a6d3-be2bee426980 returned with HTTP 200
Aug 07 16:59:49.290327 np0000006734 devstack@c-api.service[97102]: [pid: 97102|app: 0|req: 26/80] 10.4.3.186 () {66 vars in 1348 bytes} [Fri Aug 7 16:59:49 2026] GET /volume/v3/volumes/ef10114e-81e8-4ae7-a6d3-be2bee426980 => generated 826 bytes in 28 msecs (HTTP/1.1 200) 7 headers in 285 bytes (1 switches on core 0)
Aug 07 16:59:49.397873 np0000006734 devstack@c-api.service[97103]: DEBUG cinder.api.middleware.request_id [None req-a2e945d8-6bd6-4ece-b96b-5ef66b3a3831 None None] RequestId filter calling following filter/app {{(pid=97103) _context_setter /opt/stack/cinder/cinder/api/middleware/request_id.py:62}}
Aug 07 16:59:49.400220 np0000006734 devstack@c-api.service[97103]: INFO cinder.api.openstack.wsgi [None req-a2e945d8-6bd6-4ece-b96b-5ef66b3a3831 tempest-TaggedAttachmentsTest-1417523462 tempest-TaggedAttachmentsTest-1417523462-project-member] POST https://10.4.3.186/volume/v3/volumes
Aug 07 16:59:49.400664 np0000006734 devstack@c-api.service[97103]: DEBUG cinder.api.openstack.wsgi [None req-a2e945d8-6bd6-4ece-b96b-5ef66b3a3831 tempest-TaggedAttachmentsTest-1417523462 tempest-TaggedAttachmentsTest-1417523462-project-member] Action: 'create', calling method: create, body: {"volume": {"size": 1, "display_name": "tempest-TaggedAttachmentsTest-volume-1392733942"}} {{(pid=97103) _process_stack /opt/stack/cinder/cinder/api/openstack/wsgi.py:876}}
Aug 07 16:59:49.402687 np0000006734 devstack@c-api.service[97103]: DEBUG cinder.api.v3.volumes [None req-a2e945d8-6bd6-4ece-b96b-5ef66b3a3831 tempest-TaggedAttachmentsTest-1417523462 tempest-TaggedAttachmentsTest-1417523462-project-member] Create volume request body: {'volume': {'size': 1, 'display_name': 'tempest-TaggedAttachmentsTest-volume-1392733942'}} {{(pid=97103) create /opt/stack/cinder/cinder/api/v3/volumes.py:368}}
Aug 07 16:59:49.403069 np0000006734 devstack@c-api.service[97101]: DEBUG cinder.api.middleware.request_id [None req-ac9cd5ef-167d-475d-8a47-f22e3eca2681 None None] RequestId filter calling following filter/app {{(pid=97101) _context_setter /opt/stack/cinder/cinder/api/middleware/request_id.py:62}}
Aug 07 16:59:49.403231 np0000006734 devstack@c-api.service[97103]: INFO cinder.api.v3.volumes [None req-a2e945d8-6bd6-4ece-b96b-5ef66b3a3831 tempest-TaggedAttachmentsTest-1417523462 tempest-TaggedAttachmentsTest-1417523462-project-member] Create volume of 1 GB
Aug 07 16:59:49.405333 np0000006734 devstack@c-api.service[97101]: INFO cinder.api.openstack.wsgi [None req-ac9cd5ef-167d-475d-8a47-f22e3eca2681 tempest-TaggedBootDevicesTest-1235962774 tempest-TaggedBootDevicesTest-1235962774-project-member] GET https://10.4.3.186/volume/v3/volumes/40b38e06-215f-49ca-a36b-ee25de853fd0
Aug 07 16:59:49.463596 np0000006734 devstack@c-api.service[97101]: DEBUG cinder.api.openstack.wsgi [None req-ac9cd5ef-167d-475d-8a47-f22e3eca2681 tempest-TaggedBootDevicesTest-1235962774 tempest-TaggedBootDevicesTest-1235962774-project-member] Empty body provided in request {{(pid=97101) get_body /opt/stack/cinder/cinder/api/openstack/wsgi.py:725}}
Aug 07 16:59:49.463596 np0000006734 devstack@c-api.service[97101]: DEBUG cinder.api.openstack.wsgi [None req-ac9cd5ef-167d-475d-8a47-f22e3eca2681 tempest-TaggedBootDevicesTest-1235962774 tempest-TaggedBootDevicesTest-1235962774-project-member] Calling method 'show' {{(pid=97101) _process_stack /opt/stack/cinder/cinder/api/openstack/wsgi.py:878}}
Aug 07 16:59:49.463596 np0000006734 devstack@c-api.service[97101]: /opt/stack/data/venv/lib/python3.12/site-packages/oslo_context/context.py:102: DeprecationWarning: Policy enforcement is depending on the value of is_admin. This key is deprecated. Please update your policy file to use the standard policy values.
Aug 07 16:59:49.463596 np0000006734 devstack@c-api.service[97101]: warnings.warn(
Aug 07 16:59:49.463948 np0000006734 devstack@c-api.service[97103]: DEBUG cinder.volume.api [None req-a2e945d8-6bd6-4ece-b96b-5ef66b3a3831 tempest-TaggedAttachmentsTest-1417523462 tempest-TaggedAttachmentsTest-1417523462-project-member] Availability zone cache updated, next update will occur around 2026-08-07 17:59:49.413969. {{(pid=97103) list_availability_zones /opt/stack/cinder/cinder/volume/api.py:155}}
Aug 07 16:59:49.463948 np0000006734 devstack@c-api.service[97103]: INFO cinder.volume.api [None req-a2e945d8-6bd6-4ece-b96b-5ef66b3a3831 tempest-TaggedAttachmentsTest-1417523462 tempest-TaggedAttachmentsTest-1417523462-project-member] Availability Zones retrieved successfully.
Aug 07 16:59:49.464258 np0000006734 devstack@c-api.service[97101]: INFO cinder.volume.api [None req-ac9cd5ef-167d-475d-8a47-f22e3eca2681 tempest-TaggedBootDevicesTest-1235962774 tempest-TaggedBootDevicesTest-1235962774-project-member] Volume info retrieved successfully.
Aug 07 16:59:49.464258 np0000006734 devstack@c-api.service[97101]: INFO cinder.api.openstack.wsgi [None req-ac9cd5ef-167d-475d-8a47-f22e3eca2681 tempest-TaggedBootDevicesTest-1235962774 tempest-TaggedBootDevicesTest-1235962774-project-member] https://10.4.3.186/volume/v3/volumes/40b38e06-215f-49ca-a36b-ee25de853fd0 returned with HTTP 200
Aug 07 16:59:49.464258 np0000006734 devstack@c-api.service[97101]: [pid: 97101|app: 0|req: 29/81] 10.4.3.186 () {66 vars in 1348 bytes} [Fri Aug 7 16:59:49 2026] GET /volume/v3/volumes/40b38e06-215f-49ca-a36b-ee25de853fd0 => generated 905 bytes in 26 msecs (HTTP/1.1 200) 7 headers in 285 bytes (1 switches on core 0)
Aug 07 16:59:49.464693 np0000006734 devstack@c-api.service[97103]: DEBUG cinder.volume.api [None req-a2e945d8-6bd6-4ece-b96b-5ef66b3a3831 tempest-TaggedAttachmentsTest-1417523462 tempest-TaggedAttachmentsTest-1417523462-project-member] Flow 'volume_create_api' (2e0db034-fa14-40a9-ae48-f9151a6fd198) transitioned into state 'RUNNING' from state 'PENDING' {{(pid=97103) _flow_receiver /opt/stack/data/venv/lib/python3.12/site-packages/taskflow/listeners/logging.py:160}}
Aug 07 16:59:49.464693 np0000006734 devstack@c-api.service[97103]: DEBUG cinder.volume.api [None req-a2e945d8-6bd6-4ece-b96b-5ef66b3a3831 tempest-TaggedAttachmentsTest-1417523462 tempest-TaggedAttachmentsTest-1417523462-project-member] Task 'cinder.volume.flows.api.create_volume.ExtractVolumeRequestTask;volume:create' (fb49a9f5-6fb7-4942-a3b8-848d4d7527d0) transitioned into state 'RUNNING' from state 'PENDING' {{(pid=97103) _task_receiver /opt/stack/data/venv/lib/python3.12/site-packages/taskflow/listeners/logging.py:242}}
Aug 07 16:59:49.464693 np0000006734 devstack@c-api.service[97103]: DEBUG cinder.volume.flows.api.create_volume [None req-a2e945d8-6bd6-4ece-b96b-5ef66b3a3831 tempest-TaggedAttachmentsTest-1417523462 tempest-TaggedAttachmentsTest-1417523462-project-member] Validating volume size '1' using validate_int {{(pid=97103) _extract_size /opt/stack/cinder/cinder/volume/flows/api/create_volume.py:226}}
Aug 07 16:59:49.497168 np0000006734 devstack@c-api.service[97103]: DEBUG cinder.volume.api [None req-a2e945d8-6bd6-4ece-b96b-5ef66b3a3831 tempest-TaggedAttachmentsTest-1417523462 tempest-TaggedAttachmentsTest-1417523462-project-member] Task 'cinder.volume.flows.api.create_volume.ExtractVolumeRequestTask;volume:create' (fb49a9f5-6fb7-4942-a3b8-848d4d7527d0) transitioned into state 'SUCCESS' from state 'RUNNING' with result '{'size': 1, 'snapshot_id': None, 'source_volid': None, 'volume_type': VolumeType(created_at=2026-08-07T16:57:42Z,deleted=False,deleted_at=None,description=None,extra_specs={volume_backend_name='storpool'},id=d6e42530-7bfb-4f10-8e84-2ed1be90422d,is_public=True,name='storpool',projects=[],qos_specs=,qos_specs_id=None,updated_at=None), 'volume_type_id': 'd6e42530-7bfb-4f10-8e84-2ed1be90422d', 'encryption_key_id': None, 'qos_specs': None, 'consistencygroup_id': None, 'cgsnapshot_id': None, 'group_id': None, 'replication_status': 'disabled', 'refresh_az': False, 'backup_id': None, 'multiattach': False, 'availability_zones': ['nova']}' {{(pid=97103) _task_receiver /opt/stack/data/venv/lib/python3.12/site-packages/taskflow/listeners/logging.py:218}}
Aug 07 16:59:49.497458 np0000006734 devstack@c-api.service[97103]: DEBUG cinder.volume.api [None req-a2e945d8-6bd6-4ece-b96b-5ef66b3a3831 tempest-TaggedAttachmentsTest-1417523462 tempest-TaggedAttachmentsTest-1417523462-project-member] Task 'cinder.volume.flows.api.create_volume.QuotaReserveTask;volume:create' (0cece67e-8160-4cd2-a8ab-e0e1da7a24f8) transitioned into state 'RUNNING' from state 'PENDING' {{(pid=97103) _task_receiver /opt/stack/data/venv/lib/python3.12/site-packages/taskflow/listeners/logging.py:242}}
Aug 07 16:59:49.592564 np0000006734 devstack@c-api.service[97103]: DEBUG cinder.quota [None req-a2e945d8-6bd6-4ece-b96b-5ef66b3a3831 tempest-TaggedAttachmentsTest-1417523462 tempest-TaggedAttachmentsTest-1417523462-project-member] Created reservations ['f2a69032-d48b-452c-93d6-90ea4b66f917', 'cd7de419-e28d-4988-bf84-e5ffb0f25ffb', '5e66a58c-7f08-4f40-8feb-3fb39aa817e9', '694f19ba-d229-47f5-b429-c9ff96df9326'] {{(pid=97103) reserve /opt/stack/cinder/cinder/quota.py:752}}
Aug 07 16:59:49.593728 np0000006734 devstack@c-api.service[97103]: DEBUG cinder.volume.api [None req-a2e945d8-6bd6-4ece-b96b-5ef66b3a3831 tempest-TaggedAttachmentsTest-1417523462 tempest-TaggedAttachmentsTest-1417523462-project-member] Task 'cinder.volume.flows.api.create_volume.QuotaReserveTask;volume:create' (0cece67e-8160-4cd2-a8ab-e0e1da7a24f8) transitioned into state 'SUCCESS' from state 'RUNNING' with result '{'reservations': ['f2a69032-d48b-452c-93d6-90ea4b66f917', 'cd7de419-e28d-4988-bf84-e5ffb0f25ffb', '5e66a58c-7f08-4f40-8feb-3fb39aa817e9', '694f19ba-d229-47f5-b429-c9ff96df9326']}' {{(pid=97103) _task_receiver /opt/stack/data/venv/lib/python3.12/site-packages/taskflow/listeners/logging.py:218}}
Aug 07 16:59:49.595168 np0000006734 devstack@c-api.service[97103]: DEBUG cinder.volume.api [None req-a2e945d8-6bd6-4ece-b96b-5ef66b3a3831 tempest-TaggedAttachmentsTest-1417523462 tempest-TaggedAttachmentsTest-1417523462-project-member] Task 'cinder.volume.flows.api.create_volume.EntryCreateTask;volume:create' (29f628a8-b4af-428f-8e57-69f80882c472) transitioned into state 'RUNNING' from state 'PENDING' {{(pid=97103) _task_receiver /opt/stack/data/venv/lib/python3.12/site-packages/taskflow/listeners/logging.py:242}}
Aug 07 16:59:49.625758 np0000006734 devstack@c-api.service[97103]: DEBUG cinder.volume.api [None req-a2e945d8-6bd6-4ece-b96b-5ef66b3a3831 tempest-TaggedAttachmentsTest-1417523462 tempest-TaggedAttachmentsTest-1417523462-project-member] Task 'cinder.volume.flows.api.create_volume.EntryCreateTask;volume:create' (29f628a8-b4af-428f-8e57-69f80882c472) transitioned into state 'SUCCESS' from state 'RUNNING' with result '{'volume_id': '483fd4e7-35b1-4fa7-96e7-e207335acdc0', 'volume_properties': VolumeProperties(attach_status='detached',availability_zone='nova',cgsnapshot_id=None,consistencygroup_id=None,display_description=None,display_name='tempest-TaggedAttachmentsTest-volume-1392733942',encryption_key_id=None,group_id=None,group_type_id=,metadata={},multiattach=False,project_id='da95e638c41142ac95731cecf1d8080d',qos_specs=None,replication_status=,reservations=['f2a69032-d48b-452c-93d6-90ea4b66f917','cd7de419-e28d-4988-bf84-e5ffb0f25ffb','5e66a58c-7f08-4f40-8feb-3fb39aa817e9','694f19ba-d229-47f5-b429-c9ff96df9326'],size=1,snapshot_id=None,source_replicaid=,source_volid=None,status='creating',user_id='62189f05215e407cb3814028453eccaa',volume_type_id=d6e42530-7bfb-4f10-8e84-2ed1be90422d), 'volume': Volume(_name_id=None,admin_metadata=,attach_status='detached',availability_zone='nova',bootable=False,cluster=,cluster_name=None,consistencygroup=,consistencygroup_id=None,created_at=2026-08-07T16:59:49Z,deleted=False,deleted_at=None,display_description=None,display_name='tempest-TaggedAttachmentsTest-volume-1392733942',ec2_id=None,encryption_key_id=None,glance_metadata=,group=,group_id=None,host=None,id=483fd4e7-35b1-4fa7-96e7-e207335acdc0,launched_at=None,metadata={},migration_status=None,multiattach=False,previous_status=None,project_id='da95e638c41142ac95731cecf1d8080d',provider_auth=None,provider_geometry=None,provider_id=None,provider_location=None,replication_driver_data=None,replication_extended_status=None,replication_status=None,scheduled_at=None,service_uuid=None,shared_targets=True,size=1,snapshot_id=None,snapshots=,source_volid=None,status='creating',terminated_at=None,updated_at=None,use_quota=True,user_id='62189f05215e407cb3814028453eccaa',volume_attachment=VolumeAttachmentList,volume_type=VolumeType(d6e42530-7bfb-4f10-8e84-2ed1be90422d),volume_type_id=d6e42530-7bfb-4f10-8e84-2ed1be90422d)}' {{(pid=97103) _task_receiver /opt/stack/data/venv/lib/python3.12/site-packages/taskflow/listeners/logging.py:218}}
Aug 07 16:59:49.626962 np0000006734 devstack@c-api.service[97103]: DEBUG cinder.volume.api [None req-a2e945d8-6bd6-4ece-b96b-5ef66b3a3831 tempest-TaggedAttachmentsTest-1417523462 tempest-TaggedAttachmentsTest-1417523462-project-member] Task 'cinder.volume.flows.api.create_volume.QuotaCommitTask;volume:create' (151dd266-c932-4654-b245-e7fdd2c00d11) transitioned into state 'RUNNING' from state 'PENDING' {{(pid=97103) _task_receiver /opt/stack/data/venv/lib/python3.12/site-packages/taskflow/listeners/logging.py:242}}
Aug 07 16:59:49.662937 np0000006734 devstack@c-api.service[97103]: DEBUG cinder.volume.api [None req-a2e945d8-6bd6-4ece-b96b-5ef66b3a3831 tempest-TaggedAttachmentsTest-1417523462 tempest-TaggedAttachmentsTest-1417523462-project-member] Task 'cinder.volume.flows.api.create_volume.QuotaCommitTask;volume:create' (151dd266-c932-4654-b245-e7fdd2c00d11) transitioned into state 'SUCCESS' from state 'RUNNING' with result '{'volume_properties': VolumeProperties(attach_status='detached',availability_zone='nova',cgsnapshot_id=None,consistencygroup_id=None,display_description=None,display_name='tempest-TaggedAttachmentsTest-volume-1392733942',encryption_key_id=None,group_id=None,group_type_id=,metadata={},multiattach=False,project_id='da95e638c41142ac95731cecf1d8080d',qos_specs=None,replication_status=,reservations=['f2a69032-d48b-452c-93d6-90ea4b66f917','cd7de419-e28d-4988-bf84-e5ffb0f25ffb','5e66a58c-7f08-4f40-8feb-3fb39aa817e9','694f19ba-d229-47f5-b429-c9ff96df9326'],size=1,snapshot_id=None,source_replicaid=,source_volid=None,status='creating',user_id='62189f05215e407cb3814028453eccaa',volume_type_id=d6e42530-7bfb-4f10-8e84-2ed1be90422d)}' {{(pid=97103) _task_receiver /opt/stack/data/venv/lib/python3.12/site-packages/taskflow/listeners/logging.py:218}}
Aug 07 16:59:49.665157 np0000006734 devstack@c-api.service[97103]: DEBUG cinder.volume.api [None req-a2e945d8-6bd6-4ece-b96b-5ef66b3a3831 tempest-TaggedAttachmentsTest-1417523462 tempest-TaggedAttachmentsTest-1417523462-project-member] Task 'cinder.volume.flows.api.create_volume.VolumeCastTask;volume:create' (f5f9ddb5-6bf0-430b-abde-2cd631730bc0) transitioned into state 'RUNNING' from state 'PENDING' {{(pid=97103) _task_receiver /opt/stack/data/venv/lib/python3.12/site-packages/taskflow/listeners/logging.py:242}}
Aug 07 16:59:49.680583 np0000006734 devstack@c-api.service[97103]: DEBUG cinder.volume.api [None req-a2e945d8-6bd6-4ece-b96b-5ef66b3a3831 tempest-TaggedAttachmentsTest-1417523462 tempest-TaggedAttachmentsTest-1417523462-project-member] Task 'cinder.volume.flows.api.create_volume.VolumeCastTask;volume:create' (f5f9ddb5-6bf0-430b-abde-2cd631730bc0) transitioned into state 'SUCCESS' from state 'RUNNING' with result 'None' {{(pid=97103) _task_receiver /opt/stack/data/venv/lib/python3.12/site-packages/taskflow/listeners/logging.py:218}}
Aug 07 16:59:49.680583 np0000006734 devstack@c-api.service[97103]: DEBUG cinder.volume.api [None req-a2e945d8-6bd6-4ece-b96b-5ef66b3a3831 tempest-TaggedAttachmentsTest-1417523462 tempest-TaggedAttachmentsTest-1417523462-project-member] Flow 'volume_create_api' (2e0db034-fa14-40a9-ae48-f9151a6fd198) transitioned into state 'SUCCESS' from state 'RUNNING' {{(pid=97103) _flow_receiver /opt/stack/data/venv/lib/python3.12/site-packages/taskflow/listeners/logging.py:160}}
Aug 07 16:59:49.680583 np0000006734 devstack@c-api.service[97103]: INFO cinder.volume.api [None req-a2e945d8-6bd6-4ece-b96b-5ef66b3a3831 tempest-TaggedAttachmentsTest-1417523462 tempest-TaggedAttachmentsTest-1417523462-project-member] Create volume request issued successfully.
Aug 07 16:59:49.682166 np0000006734 devstack@c-api.service[97103]: INFO cinder.api.openstack.wsgi [None req-a2e945d8-6bd6-4ece-b96b-5ef66b3a3831 tempest-TaggedAttachmentsTest-1417523462 tempest-TaggedAttachmentsTest-1417523462-project-member] https://10.4.3.186/volume/v3/volumes returned with HTTP 202
Aug 07 16:59:49.682166 np0000006734 devstack@c-api.service[97103]: [pid: 97103|app: 0|req: 27/82] 10.4.3.186 () {68 vars in 1258 bytes} [Fri Aug 7 16:59:49 2026] POST /volume/v3/volumes => generated 752 bytes in 286 msecs (HTTP/1.1 202) 7 headers in 291 bytes (1 switches on core 0)
Aug 07 16:59:49.696723 np0000006734 devstack@c-api.service[97102]: DEBUG cinder.api.middleware.request_id [None req-6160e5fb-6314-4a8d-bb46-2e9ce7b2bead None None] RequestId filter calling following filter/app {{(pid=97102) _context_setter /opt/stack/cinder/cinder/api/middleware/request_id.py:62}}
Aug 07 16:59:49.699048 np0000006734 devstack@c-api.service[97102]: INFO cinder.api.openstack.wsgi [None req-6160e5fb-6314-4a8d-bb46-2e9ce7b2bead tempest-TaggedAttachmentsTest-1417523462 tempest-TaggedAttachmentsTest-1417523462-project-member] GET https://10.4.3.186/volume/v3/volumes/483fd4e7-35b1-4fa7-96e7-e207335acdc0
Aug 07 16:59:49.699477 np0000006734 devstack@c-api.service[97102]: DEBUG cinder.api.openstack.wsgi [None req-6160e5fb-6314-4a8d-bb46-2e9ce7b2bead tempest-TaggedAttachmentsTest-1417523462 tempest-TaggedAttachmentsTest-1417523462-project-member] Empty body provided in request {{(pid=97102) get_body /opt/stack/cinder/cinder/api/openstack/wsgi.py:725}}
Aug 07 16:59:49.699643 np0000006734 devstack@c-api.service[97102]: DEBUG cinder.api.openstack.wsgi [None req-6160e5fb-6314-4a8d-bb46-2e9ce7b2bead tempest-TaggedAttachmentsTest-1417523462 tempest-TaggedAttachmentsTest-1417523462-project-member] Calling method 'show' {{(pid=97102) _process_stack /opt/stack/cinder/cinder/api/openstack/wsgi.py:878}}
Aug 07 16:59:49.711460 np0000006734 devstack@c-api.service[97102]: /opt/stack/data/venv/lib/python3.12/site-packages/oslo_context/context.py:102: DeprecationWarning: Policy enforcement is depending on the value of is_admin. This key is deprecated. Please update your policy file to use the standard policy values.
Aug 07 16:59:49.711460 np0000006734 devstack@c-api.service[97102]: warnings.warn(
Aug 07 16:59:49.718682 np0000006734 devstack@c-api.service[97102]: INFO cinder.volume.api [None req-6160e5fb-6314-4a8d-bb46-2e9ce7b2bead tempest-TaggedAttachmentsTest-1417523462 tempest-TaggedAttachmentsTest-1417523462-project-member] Volume info retrieved successfully.
Aug 07 16:59:49.727692 np0000006734 devstack@c-api.service[97102]: INFO cinder.api.openstack.wsgi [None req-6160e5fb-6314-4a8d-bb46-2e9ce7b2bead tempest-TaggedAttachmentsTest-1417523462 tempest-TaggedAttachmentsTest-1417523462-project-member] https://10.4.3.186/volume/v3/volumes/483fd4e7-35b1-4fa7-96e7-e207335acdc0 returned with HTTP 200
Aug 07 16:59:49.728245 np0000006734 devstack@c-api.service[97102]: [pid: 97102|app: 0|req: 27/83] 10.4.3.186 () {66 vars in 1348 bytes} [Fri Aug 7 16:59:49 2026] GET /volume/v3/volumes/483fd4e7-35b1-4fa7-96e7-e207335acdc0 => generated 820 bytes in 32 msecs (HTTP/1.1 200) 7 headers in 285 bytes (1 switches on core 0)
Aug 07 16:59:50.303816 np0000006734 devstack@c-api.service[97101]: DEBUG cinder.api.middleware.request_id [None req-94dbd739-3bd9-45bb-a2e5-35b2ad2ee752 None None] RequestId filter calling following filter/app {{(pid=97101) _context_setter /opt/stack/cinder/cinder/api/middleware/request_id.py:62}}
Aug 07 16:59:50.310111 np0000006734 devstack@c-api.service[97103]: DEBUG cinder.api.middleware.request_id [None req-12c514f0-be4b-42b6-98b4-65d41ce94bb3 None None] RequestId filter calling following filter/app {{(pid=97103) _context_setter /opt/stack/cinder/cinder/api/middleware/request_id.py:62}}
Aug 07 16:59:50.314456 np0000006734 devstack@c-api.service[97103]: INFO cinder.api.openstack.wsgi [None req-12c514f0-be4b-42b6-98b4-65d41ce94bb3 tempest-VolumeQuotasNegativeTestJSON-14276297 tempest-VolumeQuotasNegativeTestJSON-14276297-project-member] GET https://10.4.3.186/volume/v3/volumes/ef10114e-81e8-4ae7-a6d3-be2bee426980
Aug 07 16:59:50.314705 np0000006734 devstack@c-api.service[97103]: DEBUG cinder.api.openstack.wsgi [None req-12c514f0-be4b-42b6-98b4-65d41ce94bb3 tempest-VolumeQuotasNegativeTestJSON-14276297 tempest-VolumeQuotasNegativeTestJSON-14276297-project-member] Empty body provided in request {{(pid=97103) get_body /opt/stack/cinder/cinder/api/openstack/wsgi.py:725}}
Aug 07 16:59:50.316864 np0000006734 devstack@c-api.service[97103]: DEBUG cinder.api.openstack.wsgi [None req-12c514f0-be4b-42b6-98b4-65d41ce94bb3 tempest-VolumeQuotasNegativeTestJSON-14276297 tempest-VolumeQuotasNegativeTestJSON-14276297-project-member] Calling method 'show' {{(pid=97103) _process_stack /opt/stack/cinder/cinder/api/openstack/wsgi.py:878}}
Aug 07 16:59:50.326041 np0000006734 devstack@c-api.service[97103]: /opt/stack/data/venv/lib/python3.12/site-packages/oslo_context/context.py:102: DeprecationWarning: Policy enforcement is depending on the value of is_admin. This key is deprecated. Please update your policy file to use the standard policy values.
Aug 07 16:59:50.326041 np0000006734 devstack@c-api.service[97103]: warnings.warn(
Aug 07 16:59:50.331789 np0000006734 devstack@c-api.service[97103]: INFO cinder.volume.api [None req-12c514f0-be4b-42b6-98b4-65d41ce94bb3 tempest-VolumeQuotasNegativeTestJSON-14276297 tempest-VolumeQuotasNegativeTestJSON-14276297-project-member] Volume info retrieved successfully.
Aug 07 16:59:50.337778 np0000006734 devstack@c-api.service[97103]: INFO cinder.api.openstack.wsgi [None req-12c514f0-be4b-42b6-98b4-65d41ce94bb3 tempest-VolumeQuotasNegativeTestJSON-14276297 tempest-VolumeQuotasNegativeTestJSON-14276297-project-member] https://10.4.3.186/volume/v3/volumes/ef10114e-81e8-4ae7-a6d3-be2bee426980 returned with HTTP 200
Aug 07 16:59:50.338077 np0000006734 devstack@c-api.service[97103]: [pid: 97103|app: 0|req: 28/84] 10.4.3.186 () {66 vars in 1348 bytes} [Fri Aug 7 16:59:50 2026] GET /volume/v3/volumes/ef10114e-81e8-4ae7-a6d3-be2bee426980 => generated 851 bytes in 31 msecs (HTTP/1.1 200) 7 headers in 285 bytes (1 switches on core 0)
Aug 07 16:59:50.356987 np0000006734 devstack@c-api.service[97102]: DEBUG cinder.api.middleware.request_id [None req-e3fe5322-3ae6-4822-a0cd-59660637fcb3 None None] RequestId filter calling following filter/app {{(pid=97102) _context_setter /opt/stack/cinder/cinder/api/middleware/request_id.py:62}}
Aug 07 16:59:50.357689 np0000006734 devstack@c-api.service[97102]: INFO cinder.api.openstack.wsgi [None req-e3fe5322-3ae6-4822-a0cd-59660637fcb3 tempest-VolumeQuotasNegativeTestJSON-1803953839 tempest-VolumeQuotasNegativeTestJSON-1803953839-project-admin] PUT https://10.4.3.186/volume/v3/os-quota-sets/0e384950827d41c19b2b4f5695ca012a
Aug 07 16:59:50.358004 np0000006734 devstack@c-api.service[97102]: DEBUG cinder.api.openstack.wsgi [None req-e3fe5322-3ae6-4822-a0cd-59660637fcb3 tempest-VolumeQuotasNegativeTestJSON-1803953839 tempest-VolumeQuotasNegativeTestJSON-1803953839-project-admin] Action: 'update', calling method: update, body: {"quota_set": {"gigabytes": 1, "volumes": -1}} {{(pid=97102) _process_stack /opt/stack/cinder/cinder/api/openstack/wsgi.py:876}}
Aug 07 16:59:50.404455 np0000006734 devstack@c-api.service[97102]: WARNING cinder.quota [None req-e3fe5322-3ae6-4822-a0cd-59660637fcb3 tempest-VolumeQuotasNegativeTestJSON-1803953839 tempest-VolumeQuotasNegativeTestJSON-1803953839-project-admin] Deprecated: Default quota for resource: volumes___DEFAULT__ is set by the default quota flag: quota_volumes___DEFAULT__, it is now deprecated. Please use the default quota class for default quota.
Aug 07 16:59:50.406060 np0000006734 devstack@c-api.service[97102]: WARNING cinder.quota [None req-e3fe5322-3ae6-4822-a0cd-59660637fcb3 tempest-VolumeQuotasNegativeTestJSON-1803953839 tempest-VolumeQuotasNegativeTestJSON-1803953839-project-admin] Deprecated: Default quota for resource: gigabytes___DEFAULT__ is set by the default quota flag: quota_gigabytes___DEFAULT__, it is now deprecated. Please use the default quota class for default quota.
Aug 07 16:59:50.406060 np0000006734 devstack@c-api.service[97102]: WARNING cinder.quota [None req-e3fe5322-3ae6-4822-a0cd-59660637fcb3 tempest-VolumeQuotasNegativeTestJSON-1803953839 tempest-VolumeQuotasNegativeTestJSON-1803953839-project-admin] Deprecated: Default quota for resource: snapshots___DEFAULT__ is set by the default quota flag: quota_snapshots___DEFAULT__, it is now deprecated. Please use the default quota class for default quota.
Aug 07 16:59:50.413184 np0000006734 devstack@c-api.service[97102]: INFO cinder.api.openstack.wsgi [None req-e3fe5322-3ae6-4822-a0cd-59660637fcb3 tempest-VolumeQuotasNegativeTestJSON-1803953839 tempest-VolumeQuotasNegativeTestJSON-1803953839-project-admin] https://10.4.3.186/volume/v3/os-quota-sets/0e384950827d41c19b2b4f5695ca012a returned with HTTP 200
Aug 07 16:59:50.413544 np0000006734 devstack@c-api.service[97102]: [pid: 97102|app: 0|req: 28/85] 10.4.3.186 () {68 vars in 1374 bytes} [Fri Aug 7 16:59:50 2026] PUT /volume/v3/os-quota-sets/0e384950827d41c19b2b4f5695ca012a => generated 307 bytes in 58 msecs (HTTP/1.1 200) 7 headers in 285 bytes (1 switches on core 0)
Aug 07 16:59:50.423500 np0000006734 devstack@c-api.service[97103]: DEBUG cinder.api.middleware.request_id [None req-4d8d761e-1174-4be6-849b-6383d6806045 None None] RequestId filter calling following filter/app {{(pid=97103) _context_setter /opt/stack/cinder/cinder/api/middleware/request_id.py:62}}
Aug 07 16:59:50.426245 np0000006734 devstack@c-api.service[97103]: INFO cinder.api.openstack.wsgi [None req-4d8d761e-1174-4be6-849b-6383d6806045 tempest-VolumeQuotasNegativeTestJSON-14276297 tempest-VolumeQuotasNegativeTestJSON-14276297-project-member] POST https://10.4.3.186/volume/v3/volumes
Aug 07 16:59:50.426245 np0000006734 devstack@c-api.service[97103]: DEBUG cinder.api.openstack.wsgi [None req-4d8d761e-1174-4be6-849b-6383d6806045 tempest-VolumeQuotasNegativeTestJSON-14276297 tempest-VolumeQuotasNegativeTestJSON-14276297-project-member] Action: 'create', calling method: create, body: {"volume": {"size": 2}} {{(pid=97103) _process_stack /opt/stack/cinder/cinder/api/openstack/wsgi.py:876}}
Aug 07 16:59:50.427462 np0000006734 devstack@c-api.service[97103]: DEBUG cinder.api.v3.volumes [None req-4d8d761e-1174-4be6-849b-6383d6806045 tempest-VolumeQuotasNegativeTestJSON-14276297 tempest-VolumeQuotasNegativeTestJSON-14276297-project-member] Create volume request body: {'volume': {'size': 2}} {{(pid=97103) create /opt/stack/cinder/cinder/api/v3/volumes.py:368}}
Aug 07 16:59:50.427639 np0000006734 devstack@c-api.service[97103]: INFO cinder.api.v3.volumes [None req-4d8d761e-1174-4be6-849b-6383d6806045 tempest-VolumeQuotasNegativeTestJSON-14276297 tempest-VolumeQuotasNegativeTestJSON-14276297-project-member] Create volume of 2 GB
Aug 07 16:59:50.431963 np0000006734 devstack@c-api.service[97103]: INFO cinder.volume.api [None req-4d8d761e-1174-4be6-849b-6383d6806045 tempest-VolumeQuotasNegativeTestJSON-14276297 tempest-VolumeQuotasNegativeTestJSON-14276297-project-member] Availability Zones retrieved successfully.
Aug 07 16:59:50.438130 np0000006734 devstack@c-api.service[97103]: DEBUG cinder.volume.api [None req-4d8d761e-1174-4be6-849b-6383d6806045 tempest-VolumeQuotasNegativeTestJSON-14276297 tempest-VolumeQuotasNegativeTestJSON-14276297-project-member] Flow 'volume_create_api' (28ab7abd-b8ac-4840-92c3-d65fe1f8647e) transitioned into state 'RUNNING' from state 'PENDING' {{(pid=97103) _flow_receiver /opt/stack/data/venv/lib/python3.12/site-packages/taskflow/listeners/logging.py:160}}
Aug 07 16:59:50.438998 np0000006734 devstack@c-api.service[97103]: DEBUG cinder.volume.api [None req-4d8d761e-1174-4be6-849b-6383d6806045 tempest-VolumeQuotasNegativeTestJSON-14276297 tempest-VolumeQuotasNegativeTestJSON-14276297-project-member] Task 'cinder.volume.flows.api.create_volume.ExtractVolumeRequestTask;volume:create' (94c7b822-04b7-46d4-ac6e-fbdc89a6fa1d) transitioned into state 'RUNNING' from state 'PENDING' {{(pid=97103) _task_receiver /opt/stack/data/venv/lib/python3.12/site-packages/taskflow/listeners/logging.py:242}}
Aug 07 16:59:50.439984 np0000006734 devstack@c-api.service[97103]: DEBUG cinder.volume.flows.api.create_volume [None req-4d8d761e-1174-4be6-849b-6383d6806045 tempest-VolumeQuotasNegativeTestJSON-14276297 tempest-VolumeQuotasNegativeTestJSON-14276297-project-member] Validating volume size '2' using validate_int {{(pid=97103) _extract_size /opt/stack/cinder/cinder/volume/flows/api/create_volume.py:226}}
Aug 07 16:59:50.453487 np0000006734 devstack@c-api.service[97102]: DEBUG cinder.api.middleware.request_id [None req-e7f35006-572e-4d0c-83cb-a6cb31694cd7 None None] RequestId filter calling following filter/app {{(pid=97102) _context_setter /opt/stack/cinder/cinder/api/middleware/request_id.py:62}}
Aug 07 16:59:50.457279 np0000006734 devstack@c-api.service[97102]: INFO cinder.api.openstack.wsgi [None req-e7f35006-572e-4d0c-83cb-a6cb31694cd7 tempest-TaggedBootDevicesTest-1235962774 tempest-TaggedBootDevicesTest-1235962774-project-member] GET https://10.4.3.186/volume/v3/volumes/40b38e06-215f-49ca-a36b-ee25de853fd0
Aug 07 16:59:50.457279 np0000006734 devstack@c-api.service[97102]: DEBUG cinder.api.openstack.wsgi [None req-e7f35006-572e-4d0c-83cb-a6cb31694cd7 tempest-TaggedBootDevicesTest-1235962774 tempest-TaggedBootDevicesTest-1235962774-project-member] Empty body provided in request {{(pid=97102) get_body /opt/stack/cinder/cinder/api/openstack/wsgi.py:725}}
Aug 07 16:59:50.457279 np0000006734 devstack@c-api.service[97102]: DEBUG cinder.api.openstack.wsgi [None req-e7f35006-572e-4d0c-83cb-a6cb31694cd7 tempest-TaggedBootDevicesTest-1235962774 tempest-TaggedBootDevicesTest-1235962774-project-member] Calling method 'show' {{(pid=97102) _process_stack /opt/stack/cinder/cinder/api/openstack/wsgi.py:878}}
Aug 07 16:59:50.464548 np0000006734 devstack@c-api.service[97102]: /opt/stack/data/venv/lib/python3.12/site-packages/oslo_context/context.py:102: DeprecationWarning: Policy enforcement is depending on the value of is_admin. This key is deprecated. Please update your policy file to use the standard policy values.
Aug 07 16:59:50.464548 np0000006734 devstack@c-api.service[97102]: warnings.warn(
Aug 07 16:59:50.465371 np0000006734 devstack@c-api.service[97103]: DEBUG cinder.volume.api [None req-4d8d761e-1174-4be6-849b-6383d6806045 tempest-VolumeQuotasNegativeTestJSON-14276297 tempest-VolumeQuotasNegativeTestJSON-14276297-project-member] Task 'cinder.volume.flows.api.create_volume.ExtractVolumeRequestTask;volume:create' (94c7b822-04b7-46d4-ac6e-fbdc89a6fa1d) transitioned into state 'SUCCESS' from state 'RUNNING' with result '{'size': 2, 'snapshot_id': None, 'source_volid': None, 'volume_type': VolumeType(created_at=2026-08-07T16:57:42Z,deleted=False,deleted_at=None,description=None,extra_specs={volume_backend_name='storpool'},id=d6e42530-7bfb-4f10-8e84-2ed1be90422d,is_public=True,name='storpool',projects=[],qos_specs=,qos_specs_id=None,updated_at=None), 'volume_type_id': 'd6e42530-7bfb-4f10-8e84-2ed1be90422d', 'encryption_key_id': None, 'qos_specs': None, 'consistencygroup_id': None, 'cgsnapshot_id': None, 'group_id': None, 'replication_status': 'disabled', 'refresh_az': False, 'backup_id': None, 'multiattach': False, 'availability_zones': ['nova']}' {{(pid=97103) _task_receiver /opt/stack/data/venv/lib/python3.12/site-packages/taskflow/listeners/logging.py:218}}
Aug 07 16:59:50.466173 np0000006734 devstack@c-api.service[97103]: DEBUG cinder.volume.api [None req-4d8d761e-1174-4be6-849b-6383d6806045 tempest-VolumeQuotasNegativeTestJSON-14276297 tempest-VolumeQuotasNegativeTestJSON-14276297-project-member] Task 'cinder.volume.flows.api.create_volume.QuotaReserveTask;volume:create' (13195856-2696-4d5b-9cc9-c8c271d98043) transitioned into state 'RUNNING' from state 'PENDING' {{(pid=97103) _task_receiver /opt/stack/data/venv/lib/python3.12/site-packages/taskflow/listeners/logging.py:242}}
Aug 07 16:59:50.469139 np0000006734 devstack@c-api.service[97102]: INFO cinder.volume.api [None req-e7f35006-572e-4d0c-83cb-a6cb31694cd7 tempest-TaggedBootDevicesTest-1235962774 tempest-TaggedBootDevicesTest-1235962774-project-member] Volume info retrieved successfully.
Aug 07 16:59:50.473970 np0000006734 devstack@c-api.service[97102]: INFO cinder.api.openstack.wsgi [None req-e7f35006-572e-4d0c-83cb-a6cb31694cd7 tempest-TaggedBootDevicesTest-1235962774 tempest-TaggedBootDevicesTest-1235962774-project-member] https://10.4.3.186/volume/v3/volumes/40b38e06-215f-49ca-a36b-ee25de853fd0 returned with HTTP 200
Aug 07 16:59:50.474480 np0000006734 devstack@c-api.service[97102]: [pid: 97102|app: 0|req: 29/86] 10.4.3.186 () {66 vars in 1348 bytes} [Fri Aug 7 16:59:50 2026] GET /volume/v3/volumes/40b38e06-215f-49ca-a36b-ee25de853fd0 => generated 905 bytes in 22 msecs (HTTP/1.1 200) 7 headers in 285 bytes (1 switches on core 0)
Aug 07 16:59:50.505402 np0000006734 devstack@c-api.service[97103]: WARNING cinder.quota_utils [None req-4d8d761e-1174-4be6-849b-6383d6806045 tempest-VolumeQuotasNegativeTestJSON-14276297 tempest-VolumeQuotasNegativeTestJSON-14276297-project-member] Quota exceeded for 0e384950827d41c19b2b4f5695ca012a, tried to create 2G volume (1G of 1G already consumed).: cinder.exception.OverQuota: Quota exceeded for resources: ['gigabytes']
Aug 07 16:59:50.511822 np0000006734 devstack@c-api.service[97103]: WARNING cinder.volume.api [None req-4d8d761e-1174-4be6-849b-6383d6806045 tempest-VolumeQuotasNegativeTestJSON-14276297 tempest-VolumeQuotasNegativeTestJSON-14276297-project-member] Task 'cinder.volume.flows.api.create_volume.QuotaReserveTask;volume:create' (13195856-2696-4d5b-9cc9-c8c271d98043) transitioned into state 'FAILURE' from state 'RUNNING'
Aug 07 16:59:50.511822 np0000006734 devstack@c-api.service[97103]: Failure: cinder.exception.VolumeSizeExceedsAvailableQuota: Requested volume or snapshot exceeds allowed gigabytes quota. Requested 2G, quota is 1G and 1G has been consumed.
Aug 07 16:59:50.514534 np0000006734 devstack@c-api.service[97103]: DEBUG cinder.volume.api [None req-4d8d761e-1174-4be6-849b-6383d6806045 tempest-VolumeQuotasNegativeTestJSON-14276297 tempest-VolumeQuotasNegativeTestJSON-14276297-project-member] Task 'cinder.volume.flows.api.create_volume.QuotaReserveTask;volume:create' (13195856-2696-4d5b-9cc9-c8c271d98043) transitioned into state 'REVERTING' from state 'FAILURE' {{(pid=97103) _task_receiver /opt/stack/data/venv/lib/python3.12/site-packages/taskflow/listeners/logging.py:242}}
Aug 07 16:59:50.515928 np0000006734 devstack@c-api.service[97103]: WARNING cinder.volume.api [None req-4d8d761e-1174-4be6-849b-6383d6806045 tempest-VolumeQuotasNegativeTestJSON-14276297 tempest-VolumeQuotasNegativeTestJSON-14276297-project-member] Task 'cinder.volume.flows.api.create_volume.QuotaReserveTask;volume:create' (13195856-2696-4d5b-9cc9-c8c271d98043) transitioned into state 'REVERTED' from state 'REVERTING' with result 'None'
Aug 07 16:59:50.516505 np0000006734 devstack@c-api.service[97103]: DEBUG cinder.volume.api [None req-4d8d761e-1174-4be6-849b-6383d6806045 tempest-VolumeQuotasNegativeTestJSON-14276297 tempest-VolumeQuotasNegativeTestJSON-14276297-project-member] Task 'cinder.volume.flows.api.create_volume.ExtractVolumeRequestTask;volume:create' (94c7b822-04b7-46d4-ac6e-fbdc89a6fa1d) transitioned into state 'REVERTING' from state 'SUCCESS' {{(pid=97103) _task_receiver /opt/stack/data/venv/lib/python3.12/site-packages/taskflow/listeners/logging.py:242}}
Aug 07 16:59:50.517685 np0000006734 devstack@c-api.service[97103]: WARNING cinder.volume.api [None req-4d8d761e-1174-4be6-849b-6383d6806045 tempest-VolumeQuotasNegativeTestJSON-14276297 tempest-VolumeQuotasNegativeTestJSON-14276297-project-member] Task 'cinder.volume.flows.api.create_volume.ExtractVolumeRequestTask;volume:create' (94c7b822-04b7-46d4-ac6e-fbdc89a6fa1d) transitioned into state 'REVERTED' from state 'REVERTING' with result 'None'
Aug 07 16:59:50.518571 np0000006734 devstack@c-api.service[97103]: WARNING cinder.volume.api [None req-4d8d761e-1174-4be6-849b-6383d6806045 tempest-VolumeQuotasNegativeTestJSON-14276297 tempest-VolumeQuotasNegativeTestJSON-14276297-project-member] Flow 'volume_create_api' (28ab7abd-b8ac-4840-92c3-d65fe1f8647e) transitioned into state 'REVERTED' from state 'RUNNING'
Aug 07 16:59:50.518930 np0000006734 devstack@c-api.service[97103]: INFO cinder.api.middleware.fault [None req-4d8d761e-1174-4be6-849b-6383d6806045 tempest-VolumeQuotasNegativeTestJSON-14276297 tempest-VolumeQuotasNegativeTestJSON-14276297-project-member] https://10.4.3.186/volume/v3/volumes returned with HTTP 413
Aug 07 16:59:50.520311 np0000006734 devstack@c-api.service[97103]: [pid: 97103|app: 0|req: 29/87] 10.4.3.186 () {68 vars in 1258 bytes} [Fri Aug 7 16:59:50 2026] POST /volume/v3/volumes => generated 208 bytes in 97 msecs (HTTP/1.1 413) 8 headers in 323 bytes (1 switches on core 0)
Aug 07 16:59:50.529454 np0000006734 devstack@c-api.service[97101]: INFO cinder.api.openstack.wsgi [None req-94dbd739-3bd9-45bb-a2e5-35b2ad2ee752 tempest-VolumesBackupsAdminTest-1076856506 tempest-VolumesBackupsAdminTest-1076856506-project-member] POST https://10.4.3.186/volume/v3/volumes
Aug 07 16:59:50.530084 np0000006734 devstack@c-api.service[97101]: DEBUG cinder.api.openstack.wsgi [None req-94dbd739-3bd9-45bb-a2e5-35b2ad2ee752 tempest-VolumesBackupsAdminTest-1076856506 tempest-VolumesBackupsAdminTest-1076856506-project-member] Action: 'create', calling method: create, body: {"volume": {"size": 1, "name": "tempest-VolumesBackupsAdminTest-Volume-827307215"}} {{(pid=97101) _process_stack /opt/stack/cinder/cinder/api/openstack/wsgi.py:876}}
Aug 07 16:59:50.530891 np0000006734 devstack@c-api.service[97102]: DEBUG cinder.api.middleware.request_id [None req-4f88b843-2061-43eb-83e4-bac9af8166be None None] RequestId filter calling following filter/app {{(pid=97102) _context_setter /opt/stack/cinder/cinder/api/middleware/request_id.py:62}}
Aug 07 16:59:50.531915 np0000006734 devstack@c-api.service[97101]: DEBUG cinder.api.v3.volumes [None req-94dbd739-3bd9-45bb-a2e5-35b2ad2ee752 tempest-VolumesBackupsAdminTest-1076856506 tempest-VolumesBackupsAdminTest-1076856506-project-member] Create volume request body: {'volume': {'size': 1, 'name': 'tempest-VolumesBackupsAdminTest-Volume-827307215'}} {{(pid=97101) create /opt/stack/cinder/cinder/api/v3/volumes.py:368}}
Aug 07 16:59:50.532026 np0000006734 devstack@c-api.service[97101]: INFO cinder.api.v3.volumes [None req-94dbd739-3bd9-45bb-a2e5-35b2ad2ee752 tempest-VolumesBackupsAdminTest-1076856506 tempest-VolumesBackupsAdminTest-1076856506-project-member] Create volume of 1 GB
Aug 07 16:59:50.532858 np0000006734 devstack@c-api.service[97102]: INFO cinder.api.openstack.wsgi [None req-4f88b843-2061-43eb-83e4-bac9af8166be tempest-VolumeQuotasNegativeTestJSON-1803953839 tempest-VolumeQuotasNegativeTestJSON-1803953839-project-admin] PUT https://10.4.3.186/volume/v3/os-quota-sets/0e384950827d41c19b2b4f5695ca012a
Aug 07 16:59:50.533402 np0000006734 devstack@c-api.service[97102]: DEBUG cinder.api.openstack.wsgi [None req-4f88b843-2061-43eb-83e4-bac9af8166be tempest-VolumeQuotasNegativeTestJSON-1803953839 tempest-VolumeQuotasNegativeTestJSON-1803953839-project-admin] Action: 'update', calling method: update, body: {"quota_set": {"volumes": 1, "gigabytes": -1}} {{(pid=97102) _process_stack /opt/stack/cinder/cinder/api/openstack/wsgi.py:876}}
Aug 07 16:59:50.536802 np0000006734 devstack@c-api.service[97101]: INFO cinder.volume.api [None req-94dbd739-3bd9-45bb-a2e5-35b2ad2ee752 tempest-VolumesBackupsAdminTest-1076856506 tempest-VolumesBackupsAdminTest-1076856506-project-member] Availability Zones retrieved successfully.
Aug 07 16:59:50.541846 np0000006734 devstack@c-api.service[97101]: DEBUG cinder.volume.api [None req-94dbd739-3bd9-45bb-a2e5-35b2ad2ee752 tempest-VolumesBackupsAdminTest-1076856506 tempest-VolumesBackupsAdminTest-1076856506-project-member] Flow 'volume_create_api' (74349e60-6be3-4bb4-9071-cff8b8c50359) transitioned into state 'RUNNING' from state 'PENDING' {{(pid=97101) _flow_receiver /opt/stack/data/venv/lib/python3.12/site-packages/taskflow/listeners/logging.py:160}}
Aug 07 16:59:50.542684 np0000006734 devstack@c-api.service[97101]: DEBUG cinder.volume.api [None req-94dbd739-3bd9-45bb-a2e5-35b2ad2ee752 tempest-VolumesBackupsAdminTest-1076856506 tempest-VolumesBackupsAdminTest-1076856506-project-member] Task 'cinder.volume.flows.api.create_volume.ExtractVolumeRequestTask;volume:create' (aac74096-f923-48ff-af0e-09e17986530b) transitioned into state 'RUNNING' from state 'PENDING' {{(pid=97101) _task_receiver /opt/stack/data/venv/lib/python3.12/site-packages/taskflow/listeners/logging.py:242}}
Aug 07 16:59:50.543959 np0000006734 devstack@c-api.service[97101]: DEBUG cinder.volume.flows.api.create_volume [None req-94dbd739-3bd9-45bb-a2e5-35b2ad2ee752 tempest-VolumesBackupsAdminTest-1076856506 tempest-VolumesBackupsAdminTest-1076856506-project-member] Validating volume size '1' using validate_int {{(pid=97101) _extract_size /opt/stack/cinder/cinder/volume/flows/api/create_volume.py:226}}
Aug 07 16:59:50.579889 np0000006734 devstack@c-api.service[97101]: DEBUG cinder.volume.api [None req-94dbd739-3bd9-45bb-a2e5-35b2ad2ee752 tempest-VolumesBackupsAdminTest-1076856506 tempest-VolumesBackupsAdminTest-1076856506-project-member] Task 'cinder.volume.flows.api.create_volume.ExtractVolumeRequestTask;volume:create' (aac74096-f923-48ff-af0e-09e17986530b) transitioned into state 'SUCCESS' from state 'RUNNING' with result '{'size': 1, 'snapshot_id': None, 'source_volid': None, 'volume_type': VolumeType(created_at=2026-08-07T16:57:42Z,deleted=False,deleted_at=None,description=None,extra_specs={volume_backend_name='storpool'},id=d6e42530-7bfb-4f10-8e84-2ed1be90422d,is_public=True,name='storpool',projects=[],qos_specs=,qos_specs_id=None,updated_at=None), 'volume_type_id': 'd6e42530-7bfb-4f10-8e84-2ed1be90422d', 'encryption_key_id': None, 'qos_specs': None, 'consistencygroup_id': None, 'cgsnapshot_id': None, 'group_id': None, 'replication_status': 'disabled', 'refresh_az': False, 'backup_id': None, 'multiattach': False, 'availability_zones': ['nova']}' {{(pid=97101) _task_receiver /opt/stack/data/venv/lib/python3.12/site-packages/taskflow/listeners/logging.py:218}}
Aug 07 16:59:50.581148 np0000006734 devstack@c-api.service[97101]: DEBUG cinder.volume.api [None req-94dbd739-3bd9-45bb-a2e5-35b2ad2ee752 tempest-VolumesBackupsAdminTest-1076856506 tempest-VolumesBackupsAdminTest-1076856506-project-member] Task 'cinder.volume.flows.api.create_volume.QuotaReserveTask;volume:create' (80bd8909-e077-46fa-a4fb-6e4ed4ac5438) transitioned into state 'RUNNING' from state 'PENDING' {{(pid=97101) _task_receiver /opt/stack/data/venv/lib/python3.12/site-packages/taskflow/listeners/logging.py:242}}
Aug 07 16:59:50.583320 np0000006734 devstack@c-api.service[97102]: INFO cinder.api.openstack.wsgi [None req-4f88b843-2061-43eb-83e4-bac9af8166be tempest-VolumeQuotasNegativeTestJSON-1803953839 tempest-VolumeQuotasNegativeTestJSON-1803953839-project-admin] https://10.4.3.186/volume/v3/os-quota-sets/0e384950827d41c19b2b4f5695ca012a returned with HTTP 200
Aug 07 16:59:50.583933 np0000006734 devstack@c-api.service[97102]: [pid: 97102|app: 0|req: 30/88] 10.4.3.186 () {68 vars in 1374 bytes} [Fri Aug 7 16:59:50 2026] PUT /volume/v3/os-quota-sets/0e384950827d41c19b2b4f5695ca012a => generated 307 bytes in 53 msecs (HTTP/1.1 200) 7 headers in 285 bytes (1 switches on core 0)
Aug 07 16:59:50.598650 np0000006734 devstack@c-api.service[97103]: DEBUG cinder.api.middleware.request_id [None req-5ef3380f-cbd4-41b4-a832-2b6c684838a0 None None] RequestId filter calling following filter/app {{(pid=97103) _context_setter /opt/stack/cinder/cinder/api/middleware/request_id.py:62}}
Aug 07 16:59:50.601939 np0000006734 devstack@c-api.service[97103]: INFO cinder.api.openstack.wsgi [None req-5ef3380f-cbd4-41b4-a832-2b6c684838a0 tempest-VolumeQuotasNegativeTestJSON-14276297 tempest-VolumeQuotasNegativeTestJSON-14276297-project-member] POST https://10.4.3.186/volume/v3/volumes
Aug 07 16:59:50.602559 np0000006734 devstack@c-api.service[97103]: DEBUG cinder.api.openstack.wsgi [None req-5ef3380f-cbd4-41b4-a832-2b6c684838a0 tempest-VolumeQuotasNegativeTestJSON-14276297 tempest-VolumeQuotasNegativeTestJSON-14276297-project-member] Action: 'create', calling method: create, body: {"volume": {"size": 1}} {{(pid=97103) _process_stack /opt/stack/cinder/cinder/api/openstack/wsgi.py:876}}
Aug 07 16:59:50.612780 np0000006734 devstack@c-api.service[97103]: DEBUG cinder.api.v3.volumes [None req-5ef3380f-cbd4-41b4-a832-2b6c684838a0 tempest-VolumeQuotasNegativeTestJSON-14276297 tempest-VolumeQuotasNegativeTestJSON-14276297-project-member] Create volume request body: {'volume': {'size': 1}} {{(pid=97103) create /opt/stack/cinder/cinder/api/v3/volumes.py:368}}
Aug 07 16:59:50.613006 np0000006734 devstack@c-api.service[97103]: INFO cinder.api.v3.volumes [None req-5ef3380f-cbd4-41b4-a832-2b6c684838a0 tempest-VolumeQuotasNegativeTestJSON-14276297 tempest-VolumeQuotasNegativeTestJSON-14276297-project-member] Create volume of 1 GB
Aug 07 16:59:50.613426 np0000006734 devstack@c-api.service[97103]: /opt/stack/data/venv/lib/python3.12/site-packages/oslo_context/context.py:102: DeprecationWarning: Policy enforcement is depending on the value of is_admin. This key is deprecated. Please update your policy file to use the standard policy values.
Aug 07 16:59:50.613426 np0000006734 devstack@c-api.service[97103]: warnings.warn(
Aug 07 16:59:50.618703 np0000006734 devstack@c-api.service[97103]: INFO cinder.volume.api [None req-5ef3380f-cbd4-41b4-a832-2b6c684838a0 tempest-VolumeQuotasNegativeTestJSON-14276297 tempest-VolumeQuotasNegativeTestJSON-14276297-project-member] Availability Zones retrieved successfully.
Aug 07 16:59:50.631615 np0000006734 devstack@c-api.service[97103]: DEBUG cinder.volume.api [None req-5ef3380f-cbd4-41b4-a832-2b6c684838a0 tempest-VolumeQuotasNegativeTestJSON-14276297 tempest-VolumeQuotasNegativeTestJSON-14276297-project-member] Flow 'volume_create_api' (7b3d4fb4-04d6-4db7-992d-473a9f7b2cb4) transitioned into state 'RUNNING' from state 'PENDING' {{(pid=97103) _flow_receiver /opt/stack/data/venv/lib/python3.12/site-packages/taskflow/listeners/logging.py:160}}
Aug 07 16:59:50.635487 np0000006734 devstack@c-api.service[97103]: DEBUG cinder.volume.api [None req-5ef3380f-cbd4-41b4-a832-2b6c684838a0 tempest-VolumeQuotasNegativeTestJSON-14276297 tempest-VolumeQuotasNegativeTestJSON-14276297-project-member] Task 'cinder.volume.flows.api.create_volume.ExtractVolumeRequestTask;volume:create' (c5106885-0883-4eed-b175-145e3f513ee3) transitioned into state 'RUNNING' from state 'PENDING' {{(pid=97103) _task_receiver /opt/stack/data/venv/lib/python3.12/site-packages/taskflow/listeners/logging.py:242}}
Aug 07 16:59:50.637262 np0000006734 devstack@c-api.service[97103]: DEBUG cinder.volume.flows.api.create_volume [None req-5ef3380f-cbd4-41b4-a832-2b6c684838a0 tempest-VolumeQuotasNegativeTestJSON-14276297 tempest-VolumeQuotasNegativeTestJSON-14276297-project-member] Validating volume size '1' using validate_int {{(pid=97103) _extract_size /opt/stack/cinder/cinder/volume/flows/api/create_volume.py:226}}
