Aug 07 17:00:24.548662 np0000006734 devstack@c-api.service[97102]: INFO cinder.api.openstack.wsgi [None req-00734040-4787-4291-b4ff-95dc948a89c8 tempest-VolumesTransfersV355Test-2114816109 tempest-VolumesTransfersV355Test-2114816109-project-member] https://10.4.3.186/volume/v3/volume-transfers returned with HTTP 202
Aug 07 17:00:24.549188 np0000006734 devstack@c-api.service[97102]: [pid: 97102|app: 0|req: 82/232] 10.4.3.186 () {70 vars in 1326 bytes} [Fri Aug 7 17:00:24 2026] POST /volume/v3/volume-transfers => generated 464 bytes in 42 msecs (HTTP/1.1 202) 7 headers in 292 bytes (1 switches on core 0)
Aug 07 17:00:24.559773 np0000006734 devstack@c-api.service[97103]: DEBUG cinder.api.middleware.request_id [None req-cab79597-96a9-4421-ad01-6b047b552b4a None None] RequestId filter calling following filter/app {{(pid=97103) _context_setter /opt/stack/cinder/cinder/api/middleware/request_id.py:62}}
Aug 07 17:00:24.562989 np0000006734 devstack@c-api.service[97103]: INFO cinder.api.openstack.wsgi [None req-cab79597-96a9-4421-ad01-6b047b552b4a tempest-VolumesTransfersV355Test-2114816109 tempest-VolumesTransfersV355Test-2114816109-project-member] GET https://10.4.3.186/volume/v3/volumes/0248df5b-4854-4cce-919f-c1f5ff696661
Aug 07 17:00:24.564353 np0000006734 devstack@c-api.service[97103]: DEBUG cinder.api.openstack.wsgi [None req-cab79597-96a9-4421-ad01-6b047b552b4a tempest-VolumesTransfersV355Test-2114816109 tempest-VolumesTransfersV355Test-2114816109-project-member] Empty body provided in request {{(pid=97103) get_body /opt/stack/cinder/cinder/api/openstack/wsgi.py:725}}
Aug 07 17:00:24.565050 np0000006734 devstack@c-api.service[97103]: DEBUG cinder.api.openstack.wsgi [None req-cab79597-96a9-4421-ad01-6b047b552b4a tempest-VolumesTransfersV355Test-2114816109 tempest-VolumesTransfersV355Test-2114816109-project-member] Calling method 'show' {{(pid=97103) _process_stack /opt/stack/cinder/cinder/api/openstack/wsgi.py:878}}
Aug 07 17:00:24.575905 np0000006734 devstack@c-api.service[97103]: /opt/stack/data/venv/lib/python3.12/site-packages/oslo_context/context.py:102: DeprecationWarning: Policy enforcement is depending on the value of is_admin. This key is deprecated. Please update your policy file to use the standard policy values.
Aug 07 17:00:24.575905 np0000006734 devstack@c-api.service[97103]: warnings.warn(
Aug 07 17:00:24.581983 np0000006734 devstack@c-api.service[97103]: INFO cinder.volume.api [None req-cab79597-96a9-4421-ad01-6b047b552b4a tempest-VolumesTransfersV355Test-2114816109 tempest-VolumesTransfersV355Test-2114816109-project-member] Volume info retrieved successfully.
Aug 07 17:00:24.586105 np0000006734 devstack@c-api.service[97103]: INFO cinder.api.openstack.wsgi [None req-cab79597-96a9-4421-ad01-6b047b552b4a tempest-VolumesTransfersV355Test-2114816109 tempest-VolumesTransfersV355Test-2114816109-project-member] https://10.4.3.186/volume/v3/volumes/0248df5b-4854-4cce-919f-c1f5ff696661 returned with HTTP 200
Aug 07 17:00:24.586823 np0000006734 devstack@c-api.service[97103]: [pid: 97103|app: 0|req: 72/233] 10.4.3.186 () {68 vars in 1389 bytes} [Fri Aug 7 17:00:24 2026] GET /volume/v3/volumes/0248df5b-4854-4cce-919f-c1f5ff696661 => generated 955 bytes in 27 msecs (HTTP/1.1 200) 7 headers in 286 bytes (1 switches on core 0)
Aug 07 17:00:24.603743 np0000006734 devstack@c-api.service[97102]: DEBUG cinder.api.middleware.request_id [None req-c85446f5-886f-45bc-a1e9-f7042c4e6d2b None None] RequestId filter calling following filter/app {{(pid=97102) _context_setter /opt/stack/cinder/cinder/api/middleware/request_id.py:62}}
Aug 07 17:00:24.606460 np0000006734 devstack@c-api.service[97102]: INFO cinder.api.openstack.wsgi [None req-c85446f5-886f-45bc-a1e9-f7042c4e6d2b tempest-VolumesTransfersV355Test-2114816109 tempest-VolumesTransfersV355Test-2114816109-project-member] GET https://10.4.3.186/volume/v3/volume-transfers/detail
Aug 07 17:00:24.606716 np0000006734 devstack@c-api.service[97102]: DEBUG cinder.api.openstack.wsgi [None req-c85446f5-886f-45bc-a1e9-f7042c4e6d2b tempest-VolumesTransfersV355Test-2114816109 tempest-VolumesTransfersV355Test-2114816109-project-member] Empty body provided in request {{(pid=97102) get_body /opt/stack/cinder/cinder/api/openstack/wsgi.py:725}}
Aug 07 17:00:24.607210 np0000006734 devstack@c-api.service[97102]: DEBUG cinder.api.openstack.wsgi [None req-c85446f5-886f-45bc-a1e9-f7042c4e6d2b tempest-VolumesTransfersV355Test-2114816109 tempest-VolumesTransfersV355Test-2114816109-project-member] Calling method 'detail' {{(pid=97102) _process_stack /opt/stack/cinder/cinder/api/openstack/wsgi.py:878}}
Aug 07 17:00:24.607682 np0000006734 devstack@c-api.service[97102]: DEBUG cinder.api.v3.volume_transfer [None req-c85446f5-886f-45bc-a1e9-f7042c4e6d2b tempest-VolumesTransfersV355Test-2114816109 tempest-VolumesTransfersV355Test-2114816109-project-member] Listing volume transfers {{(pid=97102) _get_transfers /opt/stack/cinder/cinder/api/v3/volume_transfer.py:51}}
Aug 07 17:00:24.612835 np0000006734 devstack@c-api.service[97102]: INFO cinder.api.openstack.wsgi [None req-c85446f5-886f-45bc-a1e9-f7042c4e6d2b tempest-VolumesTransfersV355Test-2114816109 tempest-VolumesTransfersV355Test-2114816109-project-member] https://10.4.3.186/volume/v3/volume-transfers/detail returned with HTTP 200
Aug 07 17:00:24.613247 np0000006734 devstack@c-api.service[97102]: [pid: 97102|app: 0|req: 83/234] 10.4.3.186 () {68 vars in 1326 bytes} [Fri Aug 7 17:00:24 2026] GET /volume/v3/volume-transfers/detail => generated 435 bytes in 10 msecs (HTTP/1.1 200) 7 headers in 286 bytes (1 switches on core 0)
Aug 07 17:00:24.623051 np0000006734 devstack@c-api.service[97103]: DEBUG cinder.api.middleware.request_id [None req-af1a0139-53f8-466b-a78b-fd065079f93c None None] RequestId filter calling following filter/app {{(pid=97103) _context_setter /opt/stack/cinder/cinder/api/middleware/request_id.py:62}}
Aug 07 17:00:24.625561 np0000006734 devstack@c-api.service[97103]: INFO cinder.api.openstack.wsgi [None req-af1a0139-53f8-466b-a78b-fd065079f93c tempest-VolumesTransfersV355Test-2114816109 tempest-VolumesTransfersV355Test-2114816109-project-member] DELETE https://10.4.3.186/volume/v3/volume-transfers/58ed9c19-6d29-4826-a5a5-10297067def4
Aug 07 17:00:24.625885 np0000006734 devstack@c-api.service[97103]: DEBUG cinder.api.openstack.wsgi [None req-af1a0139-53f8-466b-a78b-fd065079f93c tempest-VolumesTransfersV355Test-2114816109 tempest-VolumesTransfersV355Test-2114816109-project-member] Empty body provided in request {{(pid=97103) get_body /opt/stack/cinder/cinder/api/openstack/wsgi.py:725}}
Aug 07 17:00:24.626445 np0000006734 devstack@c-api.service[97103]: DEBUG cinder.api.openstack.wsgi [None req-af1a0139-53f8-466b-a78b-fd065079f93c tempest-VolumesTransfersV355Test-2114816109 tempest-VolumesTransfersV355Test-2114816109-project-member] Calling method 'delete' {{(pid=97103) _process_stack /opt/stack/cinder/cinder/api/openstack/wsgi.py:878}}
Aug 07 17:00:24.626671 np0000006734 devstack@c-api.service[97103]: INFO cinder.api.contrib.volume_transfer [None req-af1a0139-53f8-466b-a78b-fd065079f93c tempest-VolumesTransfersV355Test-2114816109 tempest-VolumesTransfersV355Test-2114816109-project-member] Delete transfer with id: 58ed9c19-6d29-4826-a5a5-10297067def4
Aug 07 17:00:24.640259 np0000006734 devstack@c-api.service[97103]: /opt/stack/data/venv/lib/python3.12/site-packages/oslo_context/context.py:102: DeprecationWarning: Policy enforcement is depending on the value of is_admin. This key is deprecated. Please update your policy file to use the standard policy values.
Aug 07 17:00:24.640259 np0000006734 devstack@c-api.service[97103]: warnings.warn(
Aug 07 17:00:24.650022 np0000006734 devstack@c-api.service[97103]: INFO cinder.api.openstack.wsgi [None req-af1a0139-53f8-466b-a78b-fd065079f93c tempest-VolumesTransfersV355Test-2114816109 tempest-VolumesTransfersV355Test-2114816109-project-member] https://10.4.3.186/volume/v3/volume-transfers/58ed9c19-6d29-4826-a5a5-10297067def4 returned with HTTP 202
Aug 07 17:00:24.650769 np0000006734 devstack@c-api.service[97103]: [pid: 97103|app: 0|req: 73/235] 10.4.3.186 () {68 vars in 1419 bytes} [Fri Aug 7 17:00:24 2026] DELETE /volume/v3/volume-transfers/58ed9c19-6d29-4826-a5a5-10297067def4 => generated 0 bytes in 28 msecs (HTTP/1.1 202) 6 headers in 234 bytes (1 switches on core 0)
Aug 07 17:00:24.658905 np0000006734 devstack@c-api.service[97102]: DEBUG cinder.api.middleware.request_id [None req-47125d8c-57df-4143-a95b-31f0bfe190dd None None] RequestId filter calling following filter/app {{(pid=97102) _context_setter /opt/stack/cinder/cinder/api/middleware/request_id.py:62}}
Aug 07 17:00:24.661601 np0000006734 devstack@c-api.service[97102]: INFO cinder.api.openstack.wsgi [None req-47125d8c-57df-4143-a95b-31f0bfe190dd tempest-VolumesTransfersV355Test-2114816109 tempest-VolumesTransfersV355Test-2114816109-project-member] GET https://10.4.3.186/volume/v3/volumes/0248df5b-4854-4cce-919f-c1f5ff696661
Aug 07 17:00:24.662316 np0000006734 devstack@c-api.service[97102]: DEBUG cinder.api.openstack.wsgi [None req-47125d8c-57df-4143-a95b-31f0bfe190dd tempest-VolumesTransfersV355Test-2114816109 tempest-VolumesTransfersV355Test-2114816109-project-member] Empty body provided in request {{(pid=97102) get_body /opt/stack/cinder/cinder/api/openstack/wsgi.py:725}}
Aug 07 17:00:24.662536 np0000006734 devstack@c-api.service[97102]: DEBUG cinder.api.openstack.wsgi [None req-47125d8c-57df-4143-a95b-31f0bfe190dd tempest-VolumesTransfersV355Test-2114816109 tempest-VolumesTransfersV355Test-2114816109-project-member] Calling method 'show' {{(pid=97102) _process_stack /opt/stack/cinder/cinder/api/openstack/wsgi.py:878}}
Aug 07 17:00:24.671835 np0000006734 devstack@c-api.service[97102]: /opt/stack/data/venv/lib/python3.12/site-packages/oslo_context/context.py:102: DeprecationWarning: Policy enforcement is depending on the value of is_admin. This key is deprecated. Please update your policy file to use the standard policy values.
Aug 07 17:00:24.671835 np0000006734 devstack@c-api.service[97102]: warnings.warn(
Aug 07 17:00:24.676843 np0000006734 devstack@c-api.service[97102]: INFO cinder.volume.api [None req-47125d8c-57df-4143-a95b-31f0bfe190dd tempest-VolumesTransfersV355Test-2114816109 tempest-VolumesTransfersV355Test-2114816109-project-member] Volume info retrieved successfully.
Aug 07 17:00:24.682648 np0000006734 devstack@c-api.service[97102]: INFO cinder.api.openstack.wsgi [None req-47125d8c-57df-4143-a95b-31f0bfe190dd tempest-VolumesTransfersV355Test-2114816109 tempest-VolumesTransfersV355Test-2114816109-project-member] https://10.4.3.186/volume/v3/volumes/0248df5b-4854-4cce-919f-c1f5ff696661 returned with HTTP 200
Aug 07 17:00:24.683257 np0000006734 devstack@c-api.service[97102]: [pid: 97102|app: 0|req: 84/236] 10.4.3.186 () {68 vars in 1389 bytes} [Fri Aug 7 17:00:24 2026] GET /volume/v3/volumes/0248df5b-4854-4cce-919f-c1f5ff696661 => generated 947 bytes in 25 msecs (HTTP/1.1 200) 7 headers in 286 bytes (1 switches on core 0)
Aug 07 17:00:24.691453 np0000006734 devstack@c-api.service[97103]: DEBUG cinder.api.middleware.request_id [None req-ae2c78bb-2a8c-4805-a30a-0411d30106a1 None None] RequestId filter calling following filter/app {{(pid=97103) _context_setter /opt/stack/cinder/cinder/api/middleware/request_id.py:62}}
Aug 07 17:00:24.694274 np0000006734 devstack@c-api.service[97103]: INFO cinder.api.openstack.wsgi [None req-ae2c78bb-2a8c-4805-a30a-0411d30106a1 tempest-VolumesBackupsAdminTest-1076856506 tempest-VolumesBackupsAdminTest-1076856506-project-member] GET https://10.4.3.186/volume/v3/volumes/74647d19-ca6a-4eba-873c-0248636803a7
Aug 07 17:00:24.694628 np0000006734 devstack@c-api.service[97103]: DEBUG cinder.api.openstack.wsgi [None req-ae2c78bb-2a8c-4805-a30a-0411d30106a1 tempest-VolumesBackupsAdminTest-1076856506 tempest-VolumesBackupsAdminTest-1076856506-project-member] Empty body provided in request {{(pid=97103) get_body /opt/stack/cinder/cinder/api/openstack/wsgi.py:725}}
Aug 07 17:00:24.694887 np0000006734 devstack@c-api.service[97103]: DEBUG cinder.api.openstack.wsgi [None req-ae2c78bb-2a8c-4805-a30a-0411d30106a1 tempest-VolumesBackupsAdminTest-1076856506 tempest-VolumesBackupsAdminTest-1076856506-project-member] Calling method 'show' {{(pid=97103) _process_stack /opt/stack/cinder/cinder/api/openstack/wsgi.py:878}}
Aug 07 17:00:24.696144 np0000006734 devstack@c-api.service[97101]: INFO cinder.api.openstack.wsgi [req-ece62e03-97e6-435d-912f-9ecbe51816ad req-1859e3e6-dfae-43dd-98d1-96ac9827874f tempest-DeleteServersTestJSON-371389823 tempest-DeleteServersTestJSON-371389823-project-member] POST https://10.4.3.186/volume/v3/attachments
Aug 07 17:00:24.696540 np0000006734 devstack@c-api.service[97101]: DEBUG cinder.api.openstack.wsgi [req-ece62e03-97e6-435d-912f-9ecbe51816ad req-1859e3e6-dfae-43dd-98d1-96ac9827874f tempest-DeleteServersTestJSON-371389823 tempest-DeleteServersTestJSON-371389823-project-member] Action: 'create', calling method: version_select, body: {"attachment": {"volume_uuid": "74799877-321a-4cb5-8532-009388d5d792", "connector": null, "instance_uuid": "d175855f-a87b-4cd1-80f1-fba2e508a97b"}} {{(pid=97101) _process_stack /opt/stack/cinder/cinder/api/openstack/wsgi.py:876}}
Aug 07 17:00:24.698893 np0000006734 devstack@c-api.service[97102]: DEBUG cinder.api.middleware.request_id [None req-921347cb-e531-495d-b6bb-486a942156bf None None] RequestId filter calling following filter/app {{(pid=97102) _context_setter /opt/stack/cinder/cinder/api/middleware/request_id.py:62}}
Aug 07 17:00:24.700828 np0000006734 devstack@c-api.service[97102]: INFO cinder.api.openstack.wsgi [None req-921347cb-e531-495d-b6bb-486a942156bf tempest-VolumesTransfersV355Test-2114816109 tempest-VolumesTransfersV355Test-2114816109-project-member] DELETE https://10.4.3.186/volume/v3/volume-transfers/58ed9c19-6d29-4826-a5a5-10297067def4
Aug 07 17:00:24.700983 np0000006734 devstack@c-api.service[97102]: DEBUG cinder.api.openstack.wsgi [None req-921347cb-e531-495d-b6bb-486a942156bf tempest-VolumesTransfersV355Test-2114816109 tempest-VolumesTransfersV355Test-2114816109-project-member] Empty body provided in request {{(pid=97102) get_body /opt/stack/cinder/cinder/api/openstack/wsgi.py:725}}
Aug 07 17:00:24.701254 np0000006734 devstack@c-api.service[97102]: DEBUG cinder.api.openstack.wsgi [None req-921347cb-e531-495d-b6bb-486a942156bf tempest-VolumesTransfersV355Test-2114816109 tempest-VolumesTransfersV355Test-2114816109-project-member] Calling method 'delete' {{(pid=97102) _process_stack /opt/stack/cinder/cinder/api/openstack/wsgi.py:878}}
Aug 07 17:00:24.701383 np0000006734 devstack@c-api.service[97102]: INFO cinder.api.contrib.volume_transfer [None req-921347cb-e531-495d-b6bb-486a942156bf tempest-VolumesTransfersV355Test-2114816109 tempest-VolumesTransfersV355Test-2114816109-project-member] Delete transfer with id: 58ed9c19-6d29-4826-a5a5-10297067def4
Aug 07 17:00:24.706593 np0000006734 devstack@c-api.service[97102]: INFO cinder.api.openstack.wsgi [None req-921347cb-e531-495d-b6bb-486a942156bf tempest-VolumesTransfersV355Test-2114816109 tempest-VolumesTransfersV355Test-2114816109-project-member] https://10.4.3.186/volume/v3/volume-transfers/58ed9c19-6d29-4826-a5a5-10297067def4 returned with HTTP 404
Aug 07 17:00:24.707080 np0000006734 devstack@c-api.service[97102]: [pid: 97102|app: 0|req: 85/237] 10.4.3.186 () {68 vars in 1419 bytes} [Fri Aug 7 17:00:24 2026] DELETE /volume/v3/volume-transfers/58ed9c19-6d29-4826-a5a5-10297067def4 => generated 111 bytes in 8 msecs (HTTP/1.1 404) 7 headers in 293 bytes (1 switches on core 0)
Aug 07 17:00:24.707183 np0000006734 devstack@c-api.service[97103]: /opt/stack/data/venv/lib/python3.12/site-packages/oslo_context/context.py:102: DeprecationWarning: Policy enforcement is depending on the value of is_admin. This key is deprecated. Please update your policy file to use the standard policy values.
Aug 07 17:00:24.707183 np0000006734 devstack@c-api.service[97103]: warnings.warn(
Aug 07 17:00:24.709659 np0000006734 devstack@c-api.service[97101]: /opt/stack/data/venv/lib/python3.12/site-packages/oslo_context/context.py:102: DeprecationWarning: Policy enforcement is depending on the value of is_admin. This key is deprecated. Please update your policy file to use the standard policy values.
Aug 07 17:00:24.709659 np0000006734 devstack@c-api.service[97101]: warnings.warn(
Aug 07 17:00:24.713784 np0000006734 devstack@c-api.service[97102]: DEBUG cinder.api.middleware.request_id [None req-57f807f3-e5fe-4f2f-99df-348956bf66fc None None] RequestId filter calling following filter/app {{(pid=97102) _context_setter /opt/stack/cinder/cinder/api/middleware/request_id.py:62}}
Aug 07 17:00:24.714356 np0000006734 devstack@c-api.service[97103]: INFO cinder.volume.api [None req-ae2c78bb-2a8c-4805-a30a-0411d30106a1 tempest-VolumesBackupsAdminTest-1076856506 tempest-VolumesBackupsAdminTest-1076856506-project-member] Volume info retrieved successfully.
Aug 07 17:00:24.715635 np0000006734 devstack@c-api.service[97102]: INFO cinder.api.openstack.wsgi [None req-57f807f3-e5fe-4f2f-99df-348956bf66fc tempest-VolumesTransfersV355Test-660068318 tempest-VolumesTransfersV355Test-660068318-project-admin] DELETE https://10.4.3.186/volume/v3/volumes/0248df5b-4854-4cce-919f-c1f5ff696661
Aug 07 17:00:24.715921 np0000006734 devstack@c-api.service[97102]: DEBUG cinder.api.openstack.wsgi [None req-57f807f3-e5fe-4f2f-99df-348956bf66fc tempest-VolumesTransfersV355Test-660068318 tempest-VolumesTransfersV355Test-660068318-project-admin] Empty body provided in request {{(pid=97102) get_body /opt/stack/cinder/cinder/api/openstack/wsgi.py:725}}
Aug 07 17:00:24.716155 np0000006734 devstack@c-api.service[97102]: DEBUG cinder.api.openstack.wsgi [None req-57f807f3-e5fe-4f2f-99df-348956bf66fc tempest-VolumesTransfersV355Test-660068318 tempest-VolumesTransfersV355Test-660068318-project-admin] Calling method 'delete' {{(pid=97102) _process_stack /opt/stack/cinder/cinder/api/openstack/wsgi.py:878}}
Aug 07 17:00:24.716303 np0000006734 devstack@c-api.service[97102]: INFO cinder.api.v3.volumes [None req-57f807f3-e5fe-4f2f-99df-348956bf66fc tempest-VolumesTransfersV355Test-660068318 tempest-VolumesTransfersV355Test-660068318-project-admin] Delete volume with id: 0248df5b-4854-4cce-919f-c1f5ff696661
Aug 07 17:00:24.723012 np0000006734 devstack@c-api.service[97103]: INFO cinder.api.openstack.wsgi [None req-ae2c78bb-2a8c-4805-a30a-0411d30106a1 tempest-VolumesBackupsAdminTest-1076856506 tempest-VolumesBackupsAdminTest-1076856506-project-member] https://10.4.3.186/volume/v3/volumes/74647d19-ca6a-4eba-873c-0248636803a7 returned with HTTP 200
Aug 07 17:00:24.723688 np0000006734 devstack@c-api.service[97103]: [pid: 97103|app: 0|req: 74/238] 10.4.3.186 () {66 vars in 1348 bytes} [Fri Aug 7 17:00:24 2026] GET /volume/v3/volumes/74647d19-ca6a-4eba-873c-0248636803a7 => generated 847 bytes in 33 msecs (HTTP/1.1 200) 7 headers in 285 bytes (1 switches on core 0)
Aug 07 17:00:24.724043 np0000006734 devstack@c-api.service[97102]: /opt/stack/data/venv/lib/python3.12/site-packages/oslo_context/context.py:102: DeprecationWarning: Policy enforcement is depending on the value of is_admin. This key is deprecated. Please update your policy file to use the standard policy values.
Aug 07 17:00:24.724043 np0000006734 devstack@c-api.service[97102]: warnings.warn(
Aug 07 17:00:24.724458 np0000006734 devstack@c-api.service[97102]: INFO cinder.volume.api [None req-57f807f3-e5fe-4f2f-99df-348956bf66fc tempest-VolumesTransfersV355Test-660068318 tempest-VolumesTransfersV355Test-660068318-project-admin] Volume info retrieved successfully.
Aug 07 17:00:24.740728 np0000006734 devstack@c-api.service[97101]: INFO cinder.api.openstack.wsgi [req-ece62e03-97e6-435d-912f-9ecbe51816ad req-1859e3e6-dfae-43dd-98d1-96ac9827874f tempest-DeleteServersTestJSON-371389823 tempest-DeleteServersTestJSON-371389823-project-member] https://10.4.3.186/volume/v3/attachments returned with HTTP 200
Aug 07 17:00:24.740994 np0000006734 devstack@c-api.service[97103]: DEBUG cinder.api.middleware.request_id [None req-ba0131aa-fcf7-4739-addf-f43cef935f17 None None] RequestId filter calling following filter/app {{(pid=97103) _context_setter /opt/stack/cinder/cinder/api/middleware/request_id.py:62}}
Aug 07 17:00:24.741581 np0000006734 devstack@c-api.service[97101]: [pid: 97101|app: 0|req: 80/239] 10.4.3.186 () {74 vars in 1594 bytes} [Fri Aug 7 17:00:24 2026] POST /volume/v3/attachments => generated 273 bytes in 264 msecs (HTTP/1.1 200) 7 headers in 286 bytes (1 switches on core 0)
Aug 07 17:00:24.743695 np0000006734 devstack@c-api.service[97103]: INFO cinder.api.openstack.wsgi [None req-ba0131aa-fcf7-4739-addf-f43cef935f17 tempest-VolumesBackupsAdminTest-1076856506 tempest-VolumesBackupsAdminTest-1076856506-project-member] POST https://10.4.3.186/volume/v3/backups
Aug 07 17:00:24.744191 np0000006734 devstack@c-api.service[97103]: DEBUG cinder.api.openstack.wsgi [None req-ba0131aa-fcf7-4739-addf-f43cef935f17 tempest-VolumesBackupsAdminTest-1076856506 tempest-VolumesBackupsAdminTest-1076856506-project-member] Action: 'create', calling method: create, body: {"backup": {"volume_id": "74647d19-ca6a-4eba-873c-0248636803a7", "name": "tempest-VolumesBackupsAdminTest-Backup-2073371411", "container": "tempest-volumesbackupsadmintest-backup-container-1911438966"}} {{(pid=97103) _process_stack /opt/stack/cinder/cinder/api/openstack/wsgi.py:876}}
Aug 07 17:00:24.747480 np0000006734 devstack@c-api.service[97103]: DEBUG cinder.api.contrib.backups [None req-ba0131aa-fcf7-4739-addf-f43cef935f17 tempest-VolumesBackupsAdminTest-1076856506 tempest-VolumesBackupsAdminTest-1076856506-project-member] Creating new backup {'backup': {'volume_id': '74647d19-ca6a-4eba-873c-0248636803a7', 'name': 'tempest-VolumesBackupsAdminTest-Backup-2073371411', 'container': 'tempest-volumesbackupsadmintest-backup-container-1911438966'}} {{(pid=97103) create /opt/stack/cinder/cinder/api/contrib/backups.py:155}}
Aug 07 17:00:24.747480 np0000006734 devstack@c-api.service[97103]: INFO cinder.api.contrib.backups [None req-ba0131aa-fcf7-4739-addf-f43cef935f17 tempest-VolumesBackupsAdminTest-1076856506 tempest-VolumesBackupsAdminTest-1076856506-project-member] Creating backup of volume 74647d19-ca6a-4eba-873c-0248636803a7 in container tempest-volumesbackupsadmintest-backup-container-1911438966
Aug 07 17:00:24.756247 np0000006734 devstack@c-api.service[97102]: INFO cinder.volume.api [None req-57f807f3-e5fe-4f2f-99df-348956bf66fc tempest-VolumesTransfersV355Test-660068318 tempest-VolumesTransfersV355Test-660068318-project-admin] Delete volume request issued successfully.
Aug 07 17:00:24.756446 np0000006734 devstack@c-api.service[97102]: INFO cinder.api.openstack.wsgi [None req-57f807f3-e5fe-4f2f-99df-348956bf66fc tempest-VolumesTransfersV355Test-660068318 tempest-VolumesTransfersV355Test-660068318-project-admin] https://10.4.3.186/volume/v3/volumes/0248df5b-4854-4cce-919f-c1f5ff696661 returned with HTTP 202
Aug 07 17:00:24.757104 np0000006734 devstack@c-api.service[97102]: [pid: 97102|app: 0|req: 86/240] 10.4.3.186 () {68 vars in 1392 bytes} [Fri Aug 7 17:00:24 2026] DELETE /volume/v3/volumes/0248df5b-4854-4cce-919f-c1f5ff696661 => generated 0 bytes in 44 msecs (HTTP/1.1 202) 6 headers in 234 bytes (1 switches on core 0)
Aug 07 17:00:24.757267 np0000006734 devstack@c-api.service[97103]: /opt/stack/data/venv/lib/python3.12/site-packages/oslo_context/context.py:102: DeprecationWarning: Policy enforcement is depending on the value of is_admin. This key is deprecated. Please update your policy file to use the standard policy values.
Aug 07 17:00:24.757267 np0000006734 devstack@c-api.service[97103]: warnings.warn(
Aug 07 17:00:24.758138 np0000006734 devstack@c-api.service[97103]: INFO cinder.volume.api [None req-ba0131aa-fcf7-4739-addf-f43cef935f17 tempest-VolumesBackupsAdminTest-1076856506 tempest-VolumesBackupsAdminTest-1076856506-project-member] Volume info retrieved successfully.
Aug 07 17:00:24.767438 np0000006734 devstack@c-api.service[97101]: DEBUG cinder.api.middleware.request_id [None req-740c27a3-135a-4c4a-afdb-3069951b7abf None None] RequestId filter calling following filter/app {{(pid=97101) _context_setter /opt/stack/cinder/cinder/api/middleware/request_id.py:62}}
Aug 07 17:00:24.769607 np0000006734 devstack@c-api.service[97101]: INFO cinder.api.openstack.wsgi [None req-740c27a3-135a-4c4a-afdb-3069951b7abf tempest-VolumesTransfersV355Test-660068318 tempest-VolumesTransfersV355Test-660068318-project-admin] GET https://10.4.3.186/volume/v3/volumes/0248df5b-4854-4cce-919f-c1f5ff696661
Aug 07 17:00:24.769916 np0000006734 devstack@c-api.service[97101]: DEBUG cinder.api.openstack.wsgi [None req-740c27a3-135a-4c4a-afdb-3069951b7abf tempest-VolumesTransfersV355Test-660068318 tempest-VolumesTransfersV355Test-660068318-project-admin] Empty body provided in request {{(pid=97101) get_body /opt/stack/cinder/cinder/api/openstack/wsgi.py:725}}
Aug 07 17:00:24.770161 np0000006734 devstack@c-api.service[97101]: DEBUG cinder.api.openstack.wsgi [None req-740c27a3-135a-4c4a-afdb-3069951b7abf tempest-VolumesTransfersV355Test-660068318 tempest-VolumesTransfersV355Test-660068318-project-admin] Calling method 'show' {{(pid=97101) _process_stack /opt/stack/cinder/cinder/api/openstack/wsgi.py:878}}
Aug 07 17:00:24.784591 np0000006734 devstack@c-api.service[97102]: DEBUG cinder.api.middleware.request_id [None req-b75a4a5d-9bf5-4f59-adf9-f68c879143cb None None] RequestId filter calling following filter/app {{(pid=97102) _context_setter /opt/stack/cinder/cinder/api/middleware/request_id.py:62}}
Aug 07 17:00:24.786920 np0000006734 devstack@c-api.service[97101]: /opt/stack/data/venv/lib/python3.12/site-packages/oslo_context/context.py:102: DeprecationWarning: Policy enforcement is depending on the value of is_admin. This key is deprecated. Please update your policy file to use the standard policy values.
Aug 07 17:00:24.786920 np0000006734 devstack@c-api.service[97101]: warnings.warn(
Aug 07 17:00:24.787013 np0000006734 devstack@c-api.service[97103]: DEBUG cinder.quota [None req-ba0131aa-fcf7-4739-addf-f43cef935f17 tempest-VolumesBackupsAdminTest-1076856506 tempest-VolumesBackupsAdminTest-1076856506-project-member] Created reservations ['a86288fb-2d66-4e2b-9013-8d47fefee1d8', '5966b8f8-59a0-480c-8ebb-e7d05558a02d'] {{(pid=97103) reserve /opt/stack/cinder/cinder/quota.py:752}}
Aug 07 17:00:24.787424 np0000006734 devstack@c-api.service[97102]: INFO cinder.api.openstack.wsgi [None req-b75a4a5d-9bf5-4f59-adf9-f68c879143cb tempest-DeleteServersTestJSON-371389823 tempest-DeleteServersTestJSON-371389823-project-member] GET https://10.4.3.186/volume/v3/volumes/74799877-321a-4cb5-8532-009388d5d792
Aug 07 17:00:24.787525 np0000006734 devstack@c-api.service[97102]: DEBUG cinder.api.openstack.wsgi [None req-b75a4a5d-9bf5-4f59-adf9-f68c879143cb tempest-DeleteServersTestJSON-371389823 tempest-DeleteServersTestJSON-371389823-project-member] Empty body provided in request {{(pid=97102) get_body /opt/stack/cinder/cinder/api/openstack/wsgi.py:725}}
Aug 07 17:00:24.787698 np0000006734 devstack@c-api.service[97102]: DEBUG cinder.api.openstack.wsgi [None req-b75a4a5d-9bf5-4f59-adf9-f68c879143cb tempest-DeleteServersTestJSON-371389823 tempest-DeleteServersTestJSON-371389823-project-member] Calling method 'show' {{(pid=97102) _process_stack /opt/stack/cinder/cinder/api/openstack/wsgi.py:878}}
Aug 07 17:00:24.793979 np0000006734 devstack@c-api.service[97101]: INFO cinder.volume.api [None req-740c27a3-135a-4c4a-afdb-3069951b7abf tempest-VolumesTransfersV355Test-660068318 tempest-VolumesTransfersV355Test-660068318-project-admin] Volume info retrieved successfully.
Aug 07 17:00:24.799857 np0000006734 devstack@c-api.service[97101]: INFO cinder.api.openstack.wsgi [None req-740c27a3-135a-4c4a-afdb-3069951b7abf tempest-VolumesTransfersV355Test-660068318 tempest-VolumesTransfersV355Test-660068318-project-admin] https://10.4.3.186/volume/v3/volumes/0248df5b-4854-4cce-919f-c1f5ff696661 returned with HTTP 200
Aug 07 17:00:24.801021 np0000006734 devstack@c-api.service[97101]: [pid: 97101|app: 0|req: 81/241] 10.4.3.186 () {68 vars in 1389 bytes} [Fri Aug 7 17:00:24 2026] GET /volume/v3/volumes/0248df5b-4854-4cce-919f-c1f5ff696661 => generated 1140 bytes in 34 msecs (HTTP/1.1 200) 7 headers in 287 bytes (2 switches on core 0)
Aug 07 17:00:24.801812 np0000006734 devstack@c-api.service[97101]: DEBUG cinder.api.middleware.request_id [None req-8d1b1bc4-7b37-4352-b487-bef827f5a374 None None] RequestId filter calling following filter/app {{(pid=97101) _context_setter /opt/stack/cinder/cinder/api/middleware/request_id.py:62}}
Aug 07 17:00:24.802528 np0000006734 devstack@c-api.service[97101]: INFO cinder.api.openstack.wsgi [None req-8d1b1bc4-7b37-4352-b487-bef827f5a374 None None] GET https://10.4.3.186/volume//
Aug 07 17:00:24.802819 np0000006734 devstack@c-api.service[97101]: DEBUG cinder.api.openstack.wsgi [None req-8d1b1bc4-7b37-4352-b487-bef827f5a374 None None] Empty body provided in request {{(pid=97101) get_body /opt/stack/cinder/cinder/api/openstack/wsgi.py:725}}
Aug 07 17:00:24.802969 np0000006734 devstack@c-api.service[97102]: /opt/stack/data/venv/lib/python3.12/site-packages/oslo_context/context.py:102: DeprecationWarning: Policy enforcement is depending on the value of is_admin. This key is deprecated. Please update your policy file to use the standard policy values.
Aug 07 17:00:24.802969 np0000006734 devstack@c-api.service[97102]: warnings.warn(
Aug 07 17:00:24.803258 np0000006734 devstack@c-api.service[97101]: DEBUG cinder.api.openstack.wsgi [None req-8d1b1bc4-7b37-4352-b487-bef827f5a374 None None] Calling method 'all' {{(pid=97101) _process_stack /opt/stack/cinder/cinder/api/openstack/wsgi.py:878}}
Aug 07 17:00:24.803660 np0000006734 devstack@c-api.service[97101]: INFO cinder.api.openstack.wsgi [None req-8d1b1bc4-7b37-4352-b487-bef827f5a374 None None] https://10.4.3.186/volume// returned with HTTP 300
Aug 07 17:00:24.804046 np0000006734 devstack@c-api.service[97101]: [pid: 97101|app: 0|req: 82/242] 10.4.3.186 () {66 vars in 1426 bytes} [Fri Aug 7 17:00:24 2026] GET /volume/ => generated 386 bytes in 2 msecs (HTTP/1.1 300) 7 headers in 299 bytes (1 switches on core 0)
Aug 07 17:00:24.809020 np0000006734 devstack@c-api.service[97102]: INFO cinder.volume.api [None req-b75a4a5d-9bf5-4f59-adf9-f68c879143cb tempest-DeleteServersTestJSON-371389823 tempest-DeleteServersTestJSON-371389823-project-member] Volume info retrieved successfully.
Aug 07 17:00:24.814019 np0000006734 devstack@c-api.service[97101]: DEBUG cinder.api.middleware.request_id [req-ece62e03-97e6-435d-912f-9ecbe51816ad req-a2d492f0-2de7-4224-a302-1df96edc1f2b None None] RequestId filter calling following filter/app {{(pid=97101) _context_setter /opt/stack/cinder/cinder/api/middleware/request_id.py:62}}
Aug 07 17:00:24.814943 np0000006734 devstack@c-api.service[97102]: INFO cinder.api.openstack.wsgi [None req-b75a4a5d-9bf5-4f59-adf9-f68c879143cb tempest-DeleteServersTestJSON-371389823 tempest-DeleteServersTestJSON-371389823-project-member] https://10.4.3.186/volume/v3/volumes/74799877-321a-4cb5-8532-009388d5d792 returned with HTTP 200
Aug 07 17:00:24.815530 np0000006734 devstack@c-api.service[97102]: [pid: 97102|app: 0|req: 87/243] 10.4.3.186 () {66 vars in 1348 bytes} [Fri Aug 7 17:00:24 2026] GET /volume/v3/volumes/74799877-321a-4cb5-8532-009388d5d792 => generated 843 bytes in 31 msecs (HTTP/1.1 200) 7 headers in 285 bytes (1 switches on core 0)
Aug 07 17:00:24.816707 np0000006734 devstack@c-api.service[97101]: INFO cinder.api.openstack.wsgi [req-ece62e03-97e6-435d-912f-9ecbe51816ad req-a2d492f0-2de7-4224-a302-1df96edc1f2b tempest-DeleteServersTestJSON-371389823 tempest-DeleteServersTestJSON-371389823-project-member] GET https://10.4.3.186/volume/v3/volumes/74799877-321a-4cb5-8532-009388d5d792
Aug 07 17:00:24.817004 np0000006734 devstack@c-api.service[97101]: DEBUG cinder.api.openstack.wsgi [req-ece62e03-97e6-435d-912f-9ecbe51816ad req-a2d492f0-2de7-4224-a302-1df96edc1f2b tempest-DeleteServersTestJSON-371389823 tempest-DeleteServersTestJSON-371389823-project-member] Empty body provided in request {{(pid=97101) get_body /opt/stack/cinder/cinder/api/openstack/wsgi.py:725}}
Aug 07 17:00:24.817308 np0000006734 devstack@c-api.service[97101]: DEBUG cinder.api.openstack.wsgi [req-ece62e03-97e6-435d-912f-9ecbe51816ad req-a2d492f0-2de7-4224-a302-1df96edc1f2b tempest-DeleteServersTestJSON-371389823 tempest-DeleteServersTestJSON-371389823-project-member] Calling method 'show' {{(pid=97101) _process_stack /opt/stack/cinder/cinder/api/openstack/wsgi.py:878}}
Aug 07 17:00:24.831910 np0000006734 devstack@c-api.service[97101]: /opt/stack/data/venv/lib/python3.12/site-packages/oslo_context/context.py:102: DeprecationWarning: Policy enforcement is depending on the value of is_admin. This key is deprecated. Please update your policy file to use the standard policy values.
Aug 07 17:00:24.831910 np0000006734 devstack@c-api.service[97101]: warnings.warn(
Aug 07 17:00:24.834192 np0000006734 devstack@c-api.service[97103]: INFO cinder.api.openstack.wsgi [None req-ba0131aa-fcf7-4739-addf-f43cef935f17 tempest-VolumesBackupsAdminTest-1076856506 tempest-VolumesBackupsAdminTest-1076856506-project-member] https://10.4.3.186/volume/v3/backups returned with HTTP 202
Aug 07 17:00:24.834949 np0000006734 devstack@c-api.service[97103]: [pid: 97103|app: 0|req: 75/244] 10.4.3.186 () {68 vars in 1259 bytes} [Fri Aug 7 17:00:24 2026] POST /volume/v3/backups => generated 335 bytes in 94 msecs (HTTP/1.1 202) 7 headers in 291 bytes (1 switches on core 0)
Aug 07 17:00:24.837699 np0000006734 devstack@c-api.service[97101]: INFO cinder.volume.api [req-ece62e03-97e6-435d-912f-9ecbe51816ad req-a2d492f0-2de7-4224-a302-1df96edc1f2b tempest-DeleteServersTestJSON-371389823 tempest-DeleteServersTestJSON-371389823-project-member] Volume info retrieved successfully.
Aug 07 17:00:24.843554 np0000006734 devstack@c-api.service[97101]: INFO cinder.api.openstack.wsgi [req-ece62e03-97e6-435d-912f-9ecbe51816ad req-a2d492f0-2de7-4224-a302-1df96edc1f2b tempest-DeleteServersTestJSON-371389823 tempest-DeleteServersTestJSON-371389823-project-member] https://10.4.3.186/volume/v3/volumes/74799877-321a-4cb5-8532-009388d5d792 returned with HTTP 200
Aug 07 17:00:24.844163 np0000006734 devstack@c-api.service[97101]: [pid: 97101|app: 0|req: 83/245] 10.4.3.186 () {70 vars in 1639 bytes} [Fri Aug 7 17:00:24 2026] GET /volume/v3/volumes/74799877-321a-4cb5-8532-009388d5d792 => generated 1024 bytes in 31 msecs (HTTP/1.1 200) 7 headers in 287 bytes (1 switches on core 0)
Aug 07 17:00:24.844936 np0000006734 devstack@c-api.service[97102]: DEBUG cinder.api.middleware.request_id [None req-4221af01-ceb2-4a8a-b77b-c0175c25f7bd None None] RequestId filter calling following filter/app {{(pid=97102) _context_setter /opt/stack/cinder/cinder/api/middleware/request_id.py:62}}
Aug 07 17:00:24.847268 np0000006734 devstack@c-api.service[97102]: INFO cinder.api.openstack.wsgi [None req-4221af01-ceb2-4a8a-b77b-c0175c25f7bd tempest-VolumesBackupsAdminTest-1076856506 tempest-VolumesBackupsAdminTest-1076856506-project-member] GET https://10.4.3.186/volume/v3/backups/3a1a4764-2132-40a7-b2ae-29b8b77639c6
Aug 07 17:00:24.847943 np0000006734 devstack@c-api.service[97102]: DEBUG cinder.api.openstack.wsgi [None req-4221af01-ceb2-4a8a-b77b-c0175c25f7bd tempest-VolumesBackupsAdminTest-1076856506 tempest-VolumesBackupsAdminTest-1076856506-project-member] Empty body provided in request {{(pid=97102) get_body /opt/stack/cinder/cinder/api/openstack/wsgi.py:725}}
Aug 07 17:00:24.847943 np0000006734 devstack@c-api.service[97102]: DEBUG cinder.api.openstack.wsgi [None req-4221af01-ceb2-4a8a-b77b-c0175c25f7bd tempest-VolumesBackupsAdminTest-1076856506 tempest-VolumesBackupsAdminTest-1076856506-project-member] Calling method 'show' {{(pid=97102) _process_stack /opt/stack/cinder/cinder/api/openstack/wsgi.py:878}}
Aug 07 17:00:24.847943 np0000006734 devstack@c-api.service[97102]: DEBUG cinder.api.v3.backups [None req-4221af01-ceb2-4a8a-b77b-c0175c25f7bd tempest-VolumesBackupsAdminTest-1076856506 tempest-VolumesBackupsAdminTest-1076856506-project-member] Show backup with id 3a1a4764-2132-40a7-b2ae-29b8b77639c6. {{(pid=97102) show /opt/stack/cinder/cinder/api/v3/backups.py:75}}
Aug 07 17:00:24.852685 np0000006734 devstack@c-api.service[97102]: /opt/stack/data/venv/lib/python3.12/site-packages/oslo_context/context.py:102: DeprecationWarning: Policy enforcement is depending on the value of is_admin. This key is deprecated. Please update your policy file to use the standard policy values.
Aug 07 17:00:24.852685 np0000006734 devstack@c-api.service[97102]: warnings.warn(
Aug 07 17:00:24.853633 np0000006734 devstack@c-api.service[97102]: INFO cinder.api.openstack.wsgi [None req-4221af01-ceb2-4a8a-b77b-c0175c25f7bd tempest-VolumesBackupsAdminTest-1076856506 tempest-VolumesBackupsAdminTest-1076856506-project-member] https://10.4.3.186/volume/v3/backups/3a1a4764-2132-40a7-b2ae-29b8b77639c6 returned with HTTP 200
Aug 07 17:00:24.854110 np0000006734 devstack@c-api.service[97102]: [pid: 97102|app: 0|req: 88/246] 10.4.3.186 () {66 vars in 1348 bytes} [Fri Aug 7 17:00:24 2026] GET /volume/v3/backups/3a1a4764-2132-40a7-b2ae-29b8b77639c6 => generated 799 bytes in 10 msecs (HTTP/1.1 200) 7 headers in 285 bytes (1 switches on core 0)
Aug 07 17:00:24.923644 np0000006734 devstack@c-api.service[97103]: DEBUG cinder.api.middleware.request_id [req-ece62e03-97e6-435d-912f-9ecbe51816ad req-39dc3574-b8fb-432d-9e91-99c08d2f2005 None None] RequestId filter calling following filter/app {{(pid=97103) _context_setter /opt/stack/cinder/cinder/api/middleware/request_id.py:62}}
Aug 07 17:00:24.925963 np0000006734 devstack@c-api.service[97103]: INFO cinder.api.openstack.wsgi [req-ece62e03-97e6-435d-912f-9ecbe51816ad req-39dc3574-b8fb-432d-9e91-99c08d2f2005 tempest-DeleteServersTestJSON-371389823 tempest-DeleteServersTestJSON-371389823-project-member] PUT https://10.4.3.186/volume/v3/attachments/9786222f-21ca-47ea-8f60-8d879aa04bc0
Aug 07 17:00:24.926710 np0000006734 devstack@c-api.service[97103]: DEBUG cinder.api.openstack.wsgi [req-ece62e03-97e6-435d-912f-9ecbe51816ad req-39dc3574-b8fb-432d-9e91-99c08d2f2005 tempest-DeleteServersTestJSON-371389823 tempest-DeleteServersTestJSON-371389823-project-member] Action: 'update', calling method: version_select, body: {"attachment": {"connector": {"platform": "x86_64", "os_type": "linux", "ip": "10.4.3.186", "host": "np0000006734", "multipath": false, "enforce_multipath": true, "initiator": "iqn.2016-04.com.open-iscsi:694cd530b841", "do_local_attach": false, "nvme_hostid": "efdb1edf-aa16-4edc-81eb-6128d5affc8c", "uuid": "8515de1c-ba7e-467b-adde-6d9f8a8dbc1f", "system uuid": "348d3059-6701-452b-8843-790c2fb857df", "nqn": "nqn.2014-08.org.nvmexpress:uuid:348d3059-6701-452b-8843-790c2fb857df", "nvme_native_multipath": true, "found_dsc": "", "host_ips": ["10.4.3.186", "fe80::f816:3eff:fe21:bf15", "192.168.10.6", "fe80::f816:3eff:febe:7750", "192.168.20.6", "fe80::f816:3eff:feff:d738", "192.168.30.6", "fe80::f816:3eff:fea2:e888", "192.168.122.1", "172.24.5.1", "2001:db8::2", "fe80::e4bd:75ff:feb1:ee44", "fe80::f816:3eff:fe0d:bd57", "fe80::60f3:59ff:fee2:4ded", "fe80::f816:3eff:fed8:5c16", "fe80::4a9:feff:fea1:1630", "fe80::f816:3eff:fe83:3cd", "fe80::c5e:2fff:fef0:4c27", "fe80::f816:3eff:fee5:4bf5", "fe80::b09a:16ff:fe3f:3058", "fe80::f816:3eff:fecc:8ba3", "fe80::4c27:a4ff:fe61:45ac", "fe80::f816:3eff:fe18:775a", "fe80::f816:3eff:fe0d:6b0b", "fe80::bc31:afff:fe99:c058", "fe80::f816:3eff:fef5:8d6f", "fe80::f816:3eff:fe04:11ee", "fe80::f816:3eff:fe85:4e0c", "fe80::f816:3eff:fe36:5155", "fe80::f816:3eff:febb:bf8d", "fe80::7469:f5ff:feb1:d482", "fe80::1058:25ff:feeb:fa86"], "mountpoint": "/dev/vdb"}}} {{(pid=97103) _process_stack /opt/stack/cinder/cinder/api/openstack/wsgi.py:876}}
Aug 07 17:00:24.935880 np0000006734 devstack@c-api.service[97103]: DEBUG cinder.coordination [req-ece62e03-97e6-435d-912f-9ecbe51816ad req-39dc3574-b8fb-432d-9e91-99c08d2f2005 tempest-DeleteServersTestJSON-371389823 tempest-DeleteServersTestJSON-371389823-project-member] Acquiring lock "cinder-attachment_update-74799877-321a-4cb5-8532-009388d5d792-np0000006734" by "attachment_update" {{(pid=97103) __acquire /opt/stack/cinder/cinder/coordination.py:138}}
Aug 07 17:00:24.941853 np0000006734 devstack@c-api.service[97103]: DEBUG cinder.coordination [req-ece62e03-97e6-435d-912f-9ecbe51816ad req-39dc3574-b8fb-432d-9e91-99c08d2f2005 tempest-DeleteServersTestJSON-371389823 tempest-DeleteServersTestJSON-371389823-project-member] Lock "cinder-attachment_update-74799877-321a-4cb5-8532-009388d5d792-np0000006734" acquired by "attachment_update" :: waited 0.005s {{(pid=97103) __acquire /opt/stack/cinder/cinder/coordination.py:141}}
Aug 07 17:00:24.942419 np0000006734 devstack@c-api.service[97103]: /opt/stack/data/venv/lib/python3.12/site-packages/oslo_context/context.py:102: DeprecationWarning: Policy enforcement is depending on the value of is_admin. This key is deprecated. Please update your policy file to use the standard policy values.
Aug 07 17:00:24.942419 np0000006734 devstack@c-api.service[97103]: warnings.warn(
Aug 07 17:00:25.025304 np0000006734 devstack@c-api.service[97103]: DEBUG cinder.coordination [req-ece62e03-97e6-435d-912f-9ecbe51816ad req-39dc3574-b8fb-432d-9e91-99c08d2f2005 tempest-DeleteServersTestJSON-371389823 tempest-DeleteServersTestJSON-371389823-project-member] Lock "cinder-attachment_update-74799877-321a-4cb5-8532-009388d5d792-np0000006734" released by "attachment_update" :: held 0.084s {{(pid=97103) __release /opt/stack/cinder/cinder/coordination.py:152}}
Aug 07 17:00:25.025702 np0000006734 devstack@c-api.service[97103]: INFO cinder.api.openstack.wsgi [req-ece62e03-97e6-435d-912f-9ecbe51816ad req-39dc3574-b8fb-432d-9e91-99c08d2f2005 tempest-DeleteServersTestJSON-371389823 tempest-DeleteServersTestJSON-371389823-project-member] https://10.4.3.186/volume/v3/attachments/9786222f-21ca-47ea-8f60-8d879aa04bc0 returned with HTTP 200
Aug 07 17:00:25.026448 np0000006734 devstack@c-api.service[97103]: [pid: 97103|app: 0|req: 76/247] 10.4.3.186 () {74 vars in 1705 bytes} [Fri Aug 7 17:00:24 2026] PUT /volume/v3/attachments/9786222f-21ca-47ea-8f60-8d879aa04bc0 => generated 535 bytes in 104 msecs (HTTP/1.1 200) 7 headers in 286 bytes (1 switches on core 0)
Aug 07 17:00:25.330870 np0000006734 devstack@c-api.service[97101]: DEBUG cinder.api.middleware.request_id [req-ece62e03-97e6-435d-912f-9ecbe51816ad req-776a8558-e0af-447e-bd51-23657890751b None None] RequestId filter calling following filter/app {{(pid=97101) _context_setter /opt/stack/cinder/cinder/api/middleware/request_id.py:62}}
Aug 07 17:00:25.333344 np0000006734 devstack@c-api.service[97101]: INFO cinder.api.openstack.wsgi [req-ece62e03-97e6-435d-912f-9ecbe51816ad req-776a8558-e0af-447e-bd51-23657890751b tempest-DeleteServersTestJSON-371389823 tempest-DeleteServersTestJSON-371389823-project-member] POST https://10.4.3.186/volume/v3/attachments/9786222f-21ca-47ea-8f60-8d879aa04bc0/action
Aug 07 17:00:25.334026 np0000006734 devstack@c-api.service[97101]: DEBUG cinder.api.openstack.wsgi [req-ece62e03-97e6-435d-912f-9ecbe51816ad req-776a8558-e0af-447e-bd51-23657890751b tempest-DeleteServersTestJSON-371389823 tempest-DeleteServersTestJSON-371389823-project-member] Action body: b'{"os-complete": null}' {{(pid=97101) get_method /opt/stack/cinder/cinder/api/openstack/wsgi.py:993}}
Aug 07 17:00:25.334026 np0000006734 devstack@c-api.service[97101]: DEBUG cinder.api.openstack.wsgi [req-ece62e03-97e6-435d-912f-9ecbe51816ad req-776a8558-e0af-447e-bd51-23657890751b tempest-DeleteServersTestJSON-371389823 tempest-DeleteServersTestJSON-371389823-project-member] Action: 'action', calling method: version_select, body: {"os-complete": null} {{(pid=97101) _process_stack /opt/stack/cinder/cinder/api/openstack/wsgi.py:876}}
Aug 07 17:00:25.351355 np0000006734 devstack@c-api.service[97101]: /opt/stack/data/venv/lib/python3.12/site-packages/oslo_context/context.py:102: DeprecationWarning: Policy enforcement is depending on the value of is_admin. This key is deprecated. Please update your policy file to use the standard policy values.
Aug 07 17:00:25.351355 np0000006734 devstack@c-api.service[97101]: warnings.warn(
Aug 07 17:00:25.361915 np0000006734 devstack@c-api.service[97101]: INFO cinder.api.openstack.wsgi [req-ece62e03-97e6-435d-912f-9ecbe51816ad req-776a8558-e0af-447e-bd51-23657890751b tempest-DeleteServersTestJSON-371389823 tempest-DeleteServersTestJSON-371389823-project-member] https://10.4.3.186/volume/v3/attachments/9786222f-21ca-47ea-8f60-8d879aa04bc0/action returned with HTTP 204
Aug 07 17:00:25.362565 np0000006734 devstack@c-api.service[97101]: [pid: 97101|app: 0|req: 84/248] 10.4.3.186 () {74 vars in 1725 bytes} [Fri Aug 7 17:00:25 2026] POST /volume/v3/attachments/9786222f-21ca-47ea-8f60-8d879aa04bc0/action => generated 0 bytes in 32 msecs (HTTP/1.1 204) 7 headers in 292 bytes (1 switches on core 0)
Aug 07 17:00:25.819033 np0000006734 devstack@c-api.service[97102]: DEBUG cinder.api.middleware.request_id [None req-c127035f-f311-4a90-8fd7-1c4675c49ab3 None None] RequestId filter calling following filter/app {{(pid=97102) _context_setter /opt/stack/cinder/cinder/api/middleware/request_id.py:62}}
Aug 07 17:00:25.821203 np0000006734 devstack@c-api.service[97102]: INFO cinder.api.openstack.wsgi [None req-c127035f-f311-4a90-8fd7-1c4675c49ab3 tempest-VolumesTransfersV355Test-660068318 tempest-VolumesTransfersV355Test-660068318-project-admin] GET https://10.4.3.186/volume/v3/volumes/0248df5b-4854-4cce-919f-c1f5ff696661
Aug 07 17:00:25.821651 np0000006734 devstack@c-api.service[97102]: DEBUG cinder.api.openstack.wsgi [None req-c127035f-f311-4a90-8fd7-1c4675c49ab3 tempest-VolumesTransfersV355Test-660068318 tempest-VolumesTransfersV355Test-660068318-project-admin] Empty body provided in request {{(pid=97102) get_body /opt/stack/cinder/cinder/api/openstack/wsgi.py:725}}
Aug 07 17:00:25.821765 np0000006734 devstack@c-api.service[97102]: DEBUG cinder.api.openstack.wsgi [None req-c127035f-f311-4a90-8fd7-1c4675c49ab3 tempest-VolumesTransfersV355Test-660068318 tempest-VolumesTransfersV355Test-660068318-project-admin] Calling method 'show' {{(pid=97102) _process_stack /opt/stack/cinder/cinder/api/openstack/wsgi.py:878}}
Aug 07 17:00:25.834512 np0000006734 devstack@c-api.service[97102]: INFO cinder.api.openstack.wsgi [None req-c127035f-f311-4a90-8fd7-1c4675c49ab3 tempest-VolumesTransfersV355Test-660068318 tempest-VolumesTransfersV355Test-660068318-project-admin] https://10.4.3.186/volume/v3/volumes/0248df5b-4854-4cce-919f-c1f5ff696661 returned with HTTP 404
Aug 07 17:00:25.834783 np0000006734 devstack@c-api.service[97103]: DEBUG cinder.api.middleware.request_id [None req-2d0084df-c0ed-4039-937f-631e60015746 None None] RequestId filter calling following filter/app {{(pid=97103) _context_setter /opt/stack/cinder/cinder/api/middleware/request_id.py:62}}
Aug 07 17:00:25.835363 np0000006734 devstack@c-api.service[97102]: [pid: 97102|app: 0|req: 89/249] 10.4.3.186 () {68 vars in 1389 bytes} [Fri Aug 7 17:00:25 2026] GET /volume/v3/volumes/0248df5b-4854-4cce-919f-c1f5ff696661 => generated 109 bytes in 17 msecs (HTTP/1.1 404) 7 headers in 293 bytes (1 switches on core 0)
Aug 07 17:00:25.837765 np0000006734 devstack@c-api.service[97103]: INFO cinder.api.openstack.wsgi [None req-2d0084df-c0ed-4039-937f-631e60015746 tempest-DeleteServersTestJSON-371389823 tempest-DeleteServersTestJSON-371389823-project-member] GET https://10.4.3.186/volume/v3/volumes/74799877-321a-4cb5-8532-009388d5d792
Aug 07 17:00:25.838270 np0000006734 devstack@c-api.service[97103]: DEBUG cinder.api.openstack.wsgi [None req-2d0084df-c0ed-4039-937f-631e60015746 tempest-DeleteServersTestJSON-371389823 tempest-DeleteServersTestJSON-371389823-project-member] Empty body provided in request {{(pid=97103) get_body /opt/stack/cinder/cinder/api/openstack/wsgi.py:725}}
Aug 07 17:00:25.838613 np0000006734 devstack@c-api.service[97103]: DEBUG cinder.api.openstack.wsgi [None req-2d0084df-c0ed-4039-937f-631e60015746 tempest-DeleteServersTestJSON-371389823 tempest-DeleteServersTestJSON-371389823-project-member] Calling method 'show' {{(pid=97103) _process_stack /opt/stack/cinder/cinder/api/openstack/wsgi.py:878}}
Aug 07 17:00:25.845479 np0000006734 devstack@c-api.service[97101]: DEBUG cinder.api.middleware.request_id [None req-74b0d5f2-a1e3-45dc-8d45-9bd49f35dd74 None None] RequestId filter calling following filter/app {{(pid=97101) _context_setter /opt/stack/cinder/cinder/api/middleware/request_id.py:62}}
Aug 07 17:00:25.848400 np0000006734 devstack@c-api.service[97101]: INFO cinder.api.openstack.wsgi [None req-74b0d5f2-a1e3-45dc-8d45-9bd49f35dd74 tempest-VolumesTransfersV355Test-2114816109 tempest-VolumesTransfersV355Test-2114816109-project-member] GET https://10.4.3.186/volume/v3/volumes/0248df5b-4854-4cce-919f-c1f5ff696661
Aug 07 17:00:25.848662 np0000006734 devstack@c-api.service[97101]: DEBUG cinder.api.openstack.wsgi [None req-74b0d5f2-a1e3-45dc-8d45-9bd49f35dd74 tempest-VolumesTransfersV355Test-2114816109 tempest-VolumesTransfersV355Test-2114816109-project-member] Empty body provided in request {{(pid=97101) get_body /opt/stack/cinder/cinder/api/openstack/wsgi.py:725}}
Aug 07 17:00:25.848906 np0000006734 devstack@c-api.service[97101]: DEBUG cinder.api.openstack.wsgi [None req-74b0d5f2-a1e3-45dc-8d45-9bd49f35dd74 tempest-VolumesTransfersV355Test-2114816109 tempest-VolumesTransfersV355Test-2114816109-project-member] Calling method 'show' {{(pid=97101) _process_stack /opt/stack/cinder/cinder/api/openstack/wsgi.py:878}}
Aug 07 17:00:25.854685 np0000006734 devstack@c-api.service[97103]: /opt/stack/data/venv/lib/python3.12/site-packages/oslo_context/context.py:102: DeprecationWarning: Policy enforcement is depending on the value of is_admin. This key is deprecated. Please update your policy file to use the standard policy values.
