Aug 07 17:01:01.344793 np0000006734 devstack@g-api.service[99834]: DEBUG glance.api.middleware.version_negotiation [None req-c8c467e0-55ab-4be9-8ffe-44c56fccce30 tempest-VolumesActionsTest-2056608992 tempest-VolumesActionsTest-2056608992-project-member] Matched version: v2 {{(pid=99834) process_request /opt/stack/glance/glance/api/middleware/version_negotiation.py:69}}
Aug 07 17:01:01.344793 np0000006734 devstack@g-api.service[99834]: DEBUG glance.api.middleware.version_negotiation [None req-c8c467e0-55ab-4be9-8ffe-44c56fccce30 tempest-VolumesActionsTest-2056608992 tempest-VolumesActionsTest-2056608992-project-member] new path /v2/images/63dcb6af-8102-455b-ae15-654c4c04f3c4 {{(pid=99834) process_request /opt/stack/glance/glance/api/middleware/version_negotiation.py:70}}
Aug 07 17:01:01.358780 np0000006734 devstack@g-api.service[99834]: [pid: 99834|app: 0|req: 30/96] 127.0.0.1 () {40 vars in 838 bytes} [Fri Aug 7 17:01:01 2026] GET /v2/images/63dcb6af-8102-455b-ae15-654c4c04f3c4 => generated 650 bytes in 15 msecs (HTTP/1.1 200) 4 headers in 157 bytes (1 switches on core 0)
Aug 07 17:01:02.369332 np0000006734 devstack@g-api.service[99835]: DEBUG glance.api.middleware.version_negotiation [None req-d68958e4-e4eb-4a84-af54-b539d5bb0bbf tempest-VolumesActionsTest-2056608992 tempest-VolumesActionsTest-2056608992-project-member] Determining version of request: GET /v2/images/63dcb6af-8102-455b-ae15-654c4c04f3c4 Accept: application/json {{(pid=99835) process_request /opt/stack/glance/glance/api/middleware/version_negotiation.py:44}}
Aug 07 17:01:02.369332 np0000006734 devstack@g-api.service[99835]: DEBUG glance.api.middleware.version_negotiation [None req-d68958e4-e4eb-4a84-af54-b539d5bb0bbf tempest-VolumesActionsTest-2056608992 tempest-VolumesActionsTest-2056608992-project-member] Using url versioning {{(pid=99835) process_request /opt/stack/glance/glance/api/middleware/version_negotiation.py:57}}
Aug 07 17:01:02.369332 np0000006734 devstack@g-api.service[99835]: DEBUG glance.api.middleware.version_negotiation [None req-d68958e4-e4eb-4a84-af54-b539d5bb0bbf tempest-VolumesActionsTest-2056608992 tempest-VolumesActionsTest-2056608992-project-member] Matched version: v2 {{(pid=99835) process_request /opt/stack/glance/glance/api/middleware/version_negotiation.py:69}}
Aug 07 17:01:02.369332 np0000006734 devstack@g-api.service[99835]: DEBUG glance.api.middleware.version_negotiation [None req-d68958e4-e4eb-4a84-af54-b539d5bb0bbf tempest-VolumesActionsTest-2056608992 tempest-VolumesActionsTest-2056608992-project-member] new path /v2/images/63dcb6af-8102-455b-ae15-654c4c04f3c4 {{(pid=99835) process_request /opt/stack/glance/glance/api/middleware/version_negotiation.py:70}}
Aug 07 17:01:02.380041 np0000006734 devstack@g-api.service[99835]: [pid: 99835|app: 0|req: 32/97] 127.0.0.1 () {40 vars in 838 bytes} [Fri Aug 7 17:01:02 2026] GET /v2/images/63dcb6af-8102-455b-ae15-654c4c04f3c4 => generated 650 bytes in 11 msecs (HTTP/1.1 200) 4 headers in 157 bytes (1 switches on core 0)
Aug 07 17:01:02.477258 np0000006734 devstack@g-api.service[99836]: DEBUG swiftclient [None req-06faf07b-90db-4237-8801-a8afcd1ade55 tempest-VolumesActionsTest-2056608992 tempest-VolumesActionsTest-2056608992-project-member] REQ: curl -i https://10.4.3.186:8080/v1/AUTH_965c29be39754a7880f567fe7e6dd347/glance/63dcb6af-8102-455b-ae15-654c4c04f3c4-00001 -X PUT -H "X-Auth-Token: gAAAAABqdg9L-rDV..." {{(pid=99836) http_log /opt/stack/data/venv/lib/python3.12/site-packages/swiftclient/client.py:160}}
Aug 07 17:01:02.477568 np0000006734 devstack@g-api.service[99836]: DEBUG swiftclient [None req-06faf07b-90db-4237-8801-a8afcd1ade55 tempest-VolumesActionsTest-2056608992 tempest-VolumesActionsTest-2056608992-project-member] RESP STATUS: 201 Created {{(pid=99836) http_log /opt/stack/data/venv/lib/python3.12/site-packages/swiftclient/client.py:161}}
Aug 07 17:01:02.477568 np0000006734 devstack@g-api.service[99836]: DEBUG swiftclient [None req-06faf07b-90db-4237-8801-a8afcd1ade55 tempest-VolumesActionsTest-2056608992 tempest-VolumesActionsTest-2056608992-project-member] RESP HEADERS: {'Date': 'Fri, 07 Aug 2026 17:01:02 GMT', 'Server': 'Apache/2.4.58 (Ubuntu)', 'Content-Type': 'text/html; charset=UTF-8', 'Content-Length': '0', 'Etag': 'eda9a9889837ac4bc81d6387d92c1bec', 'Last-Modified': 'Fri, 07 Aug 2026 17:01:01 GMT', 'X-Trans-Id': 'tx2370a86ef0b94cc5a52ed-006a760f4c', 'X-Openstack-Request-Id': 'tx2370a86ef0b94cc5a52ed-006a760f4c', 'Connection': 'close'} {{(pid=99836) http_log /opt/stack/data/venv/lib/python3.12/site-packages/swiftclient/client.py:162}}
Aug 07 17:01:02.477799 np0000006734 devstack@g-api.service[99836]: DEBUG glance_store._drivers.swift.store [None req-06faf07b-90db-4237-8801-a8afcd1ade55 tempest-VolumesActionsTest-2056608992 tempest-VolumesActionsTest-2056608992-project-member] Wrote chunk 63dcb6af-8102-455b-ae15-654c4c04f3c4-00001 (1/?) of length 204800000 to Swift returning MD5 of content: eda9a9889837ac4bc81d6387d92c1bec {{(pid=99836) add /opt/stack/data/venv/lib/python3.12/site-packages/glance_store/_drivers/swift/store.py:1059}}
Aug 07 17:01:03.389640 np0000006734 devstack@g-api.service[99834]: DEBUG glance.api.middleware.version_negotiation [None req-bce3d942-fb82-4248-9ba9-2855b3805841 tempest-VolumesActionsTest-2056608992 tempest-VolumesActionsTest-2056608992-project-member] Determining version of request: GET /v2/images/63dcb6af-8102-455b-ae15-654c4c04f3c4 Accept: application/json {{(pid=99834) process_request /opt/stack/glance/glance/api/middleware/version_negotiation.py:44}}
Aug 07 17:01:03.390147 np0000006734 devstack@g-api.service[99834]: DEBUG glance.api.middleware.version_negotiation [None req-bce3d942-fb82-4248-9ba9-2855b3805841 tempest-VolumesActionsTest-2056608992 tempest-VolumesActionsTest-2056608992-project-member] Using url versioning {{(pid=99834) process_request /opt/stack/glance/glance/api/middleware/version_negotiation.py:57}}
Aug 07 17:01:03.390147 np0000006734 devstack@g-api.service[99834]: DEBUG glance.api.middleware.version_negotiation [None req-bce3d942-fb82-4248-9ba9-2855b3805841 tempest-VolumesActionsTest-2056608992 tempest-VolumesActionsTest-2056608992-project-member] Matched version: v2 {{(pid=99834) process_request /opt/stack/glance/glance/api/middleware/version_negotiation.py:69}}
Aug 07 17:01:03.390311 np0000006734 devstack@g-api.service[99834]: DEBUG glance.api.middleware.version_negotiation [None req-bce3d942-fb82-4248-9ba9-2855b3805841 tempest-VolumesActionsTest-2056608992 tempest-VolumesActionsTest-2056608992-project-member] new path /v2/images/63dcb6af-8102-455b-ae15-654c4c04f3c4 {{(pid=99834) process_request /opt/stack/glance/glance/api/middleware/version_negotiation.py:70}}
Aug 07 17:01:03.408140 np0000006734 devstack@g-api.service[99834]: [pid: 99834|app: 0|req: 31/98] 127.0.0.1 () {40 vars in 838 bytes} [Fri Aug 7 17:01:03 2026] GET /v2/images/63dcb6af-8102-455b-ae15-654c4c04f3c4 => generated 650 bytes in 18 msecs (HTTP/1.1 200) 4 headers in 157 bytes (1 switches on core 0)
Aug 07 17:01:04.415467 np0000006734 devstack@g-api.service[99835]: DEBUG glance.api.middleware.version_negotiation [None req-1c1196e2-61d5-4a2c-9d00-8377f0a916e2 tempest-VolumesActionsTest-2056608992 tempest-VolumesActionsTest-2056608992-project-member] Determining version of request: GET /v2/images/63dcb6af-8102-455b-ae15-654c4c04f3c4 Accept: application/json {{(pid=99835) process_request /opt/stack/glance/glance/api/middleware/version_negotiation.py:44}}
Aug 07 17:01:04.415838 np0000006734 devstack@g-api.service[99835]: DEBUG glance.api.middleware.version_negotiation [None req-1c1196e2-61d5-4a2c-9d00-8377f0a916e2 tempest-VolumesActionsTest-2056608992 tempest-VolumesActionsTest-2056608992-project-member] Using url versioning {{(pid=99835) process_request /opt/stack/glance/glance/api/middleware/version_negotiation.py:57}}
Aug 07 17:01:04.415838 np0000006734 devstack@g-api.service[99835]: DEBUG glance.api.middleware.version_negotiation [None req-1c1196e2-61d5-4a2c-9d00-8377f0a916e2 tempest-VolumesActionsTest-2056608992 tempest-VolumesActionsTest-2056608992-project-member] Matched version: v2 {{(pid=99835) process_request /opt/stack/glance/glance/api/middleware/version_negotiation.py:69}}
Aug 07 17:01:04.415838 np0000006734 devstack@g-api.service[99835]: DEBUG glance.api.middleware.version_negotiation [None req-1c1196e2-61d5-4a2c-9d00-8377f0a916e2 tempest-VolumesActionsTest-2056608992 tempest-VolumesActionsTest-2056608992-project-member] new path /v2/images/63dcb6af-8102-455b-ae15-654c4c04f3c4 {{(pid=99835) process_request /opt/stack/glance/glance/api/middleware/version_negotiation.py:70}}
Aug 07 17:01:04.431770 np0000006734 devstack@g-api.service[99835]: [pid: 99835|app: 0|req: 33/99] 127.0.0.1 () {40 vars in 838 bytes} [Fri Aug 7 17:01:04 2026] GET /v2/images/63dcb6af-8102-455b-ae15-654c4c04f3c4 => generated 650 bytes in 16 msecs (HTTP/1.1 200) 4 headers in 157 bytes (1 switches on core 0)
Aug 07 17:01:04.615967 np0000006734 devstack@g-api.service[99836]: DEBUG swiftclient [None req-06faf07b-90db-4237-8801-a8afcd1ade55 tempest-VolumesActionsTest-2056608992 tempest-VolumesActionsTest-2056608992-project-member] REQ: curl -i https://10.4.3.186:8080/v1/AUTH_965c29be39754a7880f567fe7e6dd347/glance/63dcb6af-8102-455b-ae15-654c4c04f3c4-00002 -X PUT -H "X-Auth-Token: gAAAAABqdg9L-rDV..." {{(pid=99836) http_log /opt/stack/data/venv/lib/python3.12/site-packages/swiftclient/client.py:160}}
Aug 07 17:01:04.615967 np0000006734 devstack@g-api.service[99836]: DEBUG swiftclient [None req-06faf07b-90db-4237-8801-a8afcd1ade55 tempest-VolumesActionsTest-2056608992 tempest-VolumesActionsTest-2056608992-project-member] RESP STATUS: 201 Created {{(pid=99836) http_log /opt/stack/data/venv/lib/python3.12/site-packages/swiftclient/client.py:161}}
Aug 07 17:01:04.615967 np0000006734 devstack@g-api.service[99836]: DEBUG swiftclient [None req-06faf07b-90db-4237-8801-a8afcd1ade55 tempest-VolumesActionsTest-2056608992 tempest-VolumesActionsTest-2056608992-project-member] RESP HEADERS: {'Date': 'Fri, 07 Aug 2026 17:01:04 GMT', 'Server': 'Apache/2.4.58 (Ubuntu)', 'Content-Type': 'text/html; charset=UTF-8', 'Content-Length': '0', 'Etag': 'eda9a9889837ac4bc81d6387d92c1bec', 'Last-Modified': 'Fri, 07 Aug 2026 17:01:03 GMT', 'X-Trans-Id': 'tx628284a0085b4427a01f4-006a760f4e', 'X-Openstack-Request-Id': 'tx628284a0085b4427a01f4-006a760f4e', 'Connection': 'close'} {{(pid=99836) http_log /opt/stack/data/venv/lib/python3.12/site-packages/swiftclient/client.py:162}}
Aug 07 17:01:04.615967 np0000006734 devstack@g-api.service[99836]: DEBUG glance_store._drivers.swift.store [None req-06faf07b-90db-4237-8801-a8afcd1ade55 tempest-VolumesActionsTest-2056608992 tempest-VolumesActionsTest-2056608992-project-member] Wrote chunk 63dcb6af-8102-455b-ae15-654c4c04f3c4-00002 (2/?) of length 204800000 to Swift returning MD5 of content: eda9a9889837ac4bc81d6387d92c1bec {{(pid=99836) add /opt/stack/data/venv/lib/python3.12/site-packages/glance_store/_drivers/swift/store.py:1059}}
Aug 07 17:01:04.953781 np0000006734 devstack@g-api.service[99834]: DEBUG glance.api.middleware.version_negotiation [None req-403ae61f-b9ba-415e-b3b1-3e5eb15e9c5d tempest-VolumesActionsTest-2056608992 tempest-VolumesActionsTest-2056608992-project-member] Determining version of request: GET /v2/images/11b1356c-a4ea-4356-a791-efdf49237561 Accept: */* {{(pid=99834) process_request /opt/stack/glance/glance/api/middleware/version_negotiation.py:44}}
Aug 07 17:01:04.954265 np0000006734 devstack@g-api.service[99834]: DEBUG glance.api.middleware.version_negotiation [None req-403ae61f-b9ba-415e-b3b1-3e5eb15e9c5d tempest-VolumesActionsTest-2056608992 tempest-VolumesActionsTest-2056608992-project-member] Using url versioning {{(pid=99834) process_request /opt/stack/glance/glance/api/middleware/version_negotiation.py:57}}
Aug 07 17:01:04.954265 np0000006734 devstack@g-api.service[99834]: DEBUG glance.api.middleware.version_negotiation [None req-403ae61f-b9ba-415e-b3b1-3e5eb15e9c5d tempest-VolumesActionsTest-2056608992 tempest-VolumesActionsTest-2056608992-project-member] Matched version: v2 {{(pid=99834) process_request /opt/stack/glance/glance/api/middleware/version_negotiation.py:69}}
Aug 07 17:01:04.954265 np0000006734 devstack@g-api.service[99834]: DEBUG glance.api.middleware.version_negotiation [None req-403ae61f-b9ba-415e-b3b1-3e5eb15e9c5d tempest-VolumesActionsTest-2056608992 tempest-VolumesActionsTest-2056608992-project-member] new path /v2/images/11b1356c-a4ea-4356-a791-efdf49237561 {{(pid=99834) process_request /opt/stack/glance/glance/api/middleware/version_negotiation.py:70}}
Aug 07 17:01:05.120500 np0000006734 devstack@g-api.service[99834]: [pid: 99834|app: 0|req: 32/100] 127.0.0.1 () {44 vars in 1115 bytes} [Fri Aug 7 17:01:04 2026] GET /v2/images/11b1356c-a4ea-4356-a791-efdf49237561 => generated 1044 bytes in 166 msecs (HTTP/1.1 200) 4 headers in 158 bytes (1 switches on core 0)
Aug 07 17:01:05.179024 np0000006734 devstack@g-api.service[99835]: DEBUG glance.api.middleware.version_negotiation [None req-e67963ef-d43a-477d-810c-e24a78a6caec tempest-VolumesActionsTest-2056608992 tempest-VolumesActionsTest-2056608992-project-member] Determining version of request: GET /v2/schemas/image Accept: */* {{(pid=99835) process_request /opt/stack/glance/glance/api/middleware/version_negotiation.py:44}}
Aug 07 17:01:05.179967 np0000006734 devstack@g-api.service[99835]: DEBUG glance.api.middleware.version_negotiation [None req-e67963ef-d43a-477d-810c-e24a78a6caec tempest-VolumesActionsTest-2056608992 tempest-VolumesActionsTest-2056608992-project-member] Using url versioning {{(pid=99835) process_request /opt/stack/glance/glance/api/middleware/version_negotiation.py:57}}
Aug 07 17:01:05.180262 np0000006734 devstack@g-api.service[99835]: DEBUG glance.api.middleware.version_negotiation [None req-e67963ef-d43a-477d-810c-e24a78a6caec tempest-VolumesActionsTest-2056608992 tempest-VolumesActionsTest-2056608992-project-member] Matched version: v2 {{(pid=99835) process_request /opt/stack/glance/glance/api/middleware/version_negotiation.py:69}}
Aug 07 17:01:05.181075 np0000006734 devstack@g-api.service[99835]: DEBUG glance.api.middleware.version_negotiation [None req-e67963ef-d43a-477d-810c-e24a78a6caec tempest-VolumesActionsTest-2056608992 tempest-VolumesActionsTest-2056608992-project-member] new path /v2/schemas/image {{(pid=99835) process_request /opt/stack/glance/glance/api/middleware/version_negotiation.py:70}}
Aug 07 17:01:05.186121 np0000006734 devstack@g-api.service[99835]: [pid: 99835|app: 0|req: 34/101] 127.0.0.1 () {44 vars in 1055 bytes} [Fri Aug 7 17:01:05 2026] GET /v2/schemas/image => generated 6083 bytes in 7 msecs (HTTP/1.1 200) 4 headers in 158 bytes (1 switches on core 0)
Aug 07 17:01:05.447222 np0000006734 devstack@g-api.service[99834]: DEBUG glance.api.middleware.version_negotiation [None req-8d292388-f0a1-4d3b-88c9-9970a1a0ff5a tempest-VolumesBackupsTest-295078334 tempest-VolumesBackupsTest-295078334-project-member] Determining version of request: GET /v2/images/63dcb6af-8102-455b-ae15-654c4c04f3c4 Accept: application/json {{(pid=99834) process_request /opt/stack/glance/glance/api/middleware/version_negotiation.py:44}}
Aug 07 17:01:05.448151 np0000006734 devstack@g-api.service[99834]: DEBUG glance.api.middleware.version_negotiation [None req-8d292388-f0a1-4d3b-88c9-9970a1a0ff5a tempest-VolumesBackupsTest-295078334 tempest-VolumesBackupsTest-295078334-project-member] Using url versioning {{(pid=99834) process_request /opt/stack/glance/glance/api/middleware/version_negotiation.py:57}}
Aug 07 17:01:05.448402 np0000006734 devstack@g-api.service[99834]: DEBUG glance.api.middleware.version_negotiation [None req-8d292388-f0a1-4d3b-88c9-9970a1a0ff5a tempest-VolumesBackupsTest-295078334 tempest-VolumesBackupsTest-295078334-project-member] Matched version: v2 {{(pid=99834) process_request /opt/stack/glance/glance/api/middleware/version_negotiation.py:69}}
Aug 07 17:01:05.449585 np0000006734 devstack@g-api.service[99834]: DEBUG glance.api.middleware.version_negotiation [None req-8d292388-f0a1-4d3b-88c9-9970a1a0ff5a tempest-VolumesBackupsTest-295078334 tempest-VolumesBackupsTest-295078334-project-member] new path /v2/images/63dcb6af-8102-455b-ae15-654c4c04f3c4 {{(pid=99834) process_request /opt/stack/glance/glance/api/middleware/version_negotiation.py:70}}
Aug 07 17:01:05.467665 np0000006734 devstack@g-api.service[99834]: [pid: 99834|app: 0|req: 33/102] 127.0.0.1 () {40 vars in 838 bytes} [Fri Aug 7 17:01:05 2026] GET /v2/images/63dcb6af-8102-455b-ae15-654c4c04f3c4 => generated 650 bytes in 20 msecs (HTTP/1.1 200) 4 headers in 157 bytes (1 switches on core 0)
Aug 07 17:01:06.476302 np0000006734 devstack@g-api.service[99835]: DEBUG glance.api.middleware.version_negotiation [None req-8d292388-f0a1-4d3b-88c9-9970a1a0ff5a tempest-VolumesBackupsTest-295078334 tempest-VolumesBackupsTest-295078334-project-member] Determining version of request: GET /v2/images/63dcb6af-8102-455b-ae15-654c4c04f3c4 Accept: application/json {{(pid=99835) process_request /opt/stack/glance/glance/api/middleware/version_negotiation.py:44}}
Aug 07 17:01:06.476302 np0000006734 devstack@g-api.service[99835]: DEBUG glance.api.middleware.version_negotiation [None req-8d292388-f0a1-4d3b-88c9-9970a1a0ff5a tempest-VolumesBackupsTest-295078334 tempest-VolumesBackupsTest-295078334-project-member] Using url versioning {{(pid=99835) process_request /opt/stack/glance/glance/api/middleware/version_negotiation.py:57}}
Aug 07 17:01:06.476302 np0000006734 devstack@g-api.service[99835]: DEBUG glance.api.middleware.version_negotiation [None req-8d292388-f0a1-4d3b-88c9-9970a1a0ff5a tempest-VolumesBackupsTest-295078334 tempest-VolumesBackupsTest-295078334-project-member] Matched version: v2 {{(pid=99835) process_request /opt/stack/glance/glance/api/middleware/version_negotiation.py:69}}
Aug 07 17:01:06.476302 np0000006734 devstack@g-api.service[99835]: DEBUG glance.api.middleware.version_negotiation [None req-8d292388-f0a1-4d3b-88c9-9970a1a0ff5a tempest-VolumesBackupsTest-295078334 tempest-VolumesBackupsTest-295078334-project-member] new path /v2/images/63dcb6af-8102-455b-ae15-654c4c04f3c4 {{(pid=99835) process_request /opt/stack/glance/glance/api/middleware/version_negotiation.py:70}}
Aug 07 17:01:06.484862 np0000006734 devstack@g-api.service[99835]: [pid: 99835|app: 0|req: 35/103] 127.0.0.1 () {40 vars in 838 bytes} [Fri Aug 7 17:01:06 2026] GET /v2/images/63dcb6af-8102-455b-ae15-654c4c04f3c4 => generated 650 bytes in 9 msecs (HTTP/1.1 200) 4 headers in 157 bytes (1 switches on core 0)
Aug 07 17:01:06.709579 np0000006734 devstack@g-api.service[99836]: DEBUG swiftclient [None req-06faf07b-90db-4237-8801-a8afcd1ade55 tempest-VolumesActionsTest-2056608992 tempest-VolumesActionsTest-2056608992-project-member] REQ: curl -i https://10.4.3.186:8080/v1/AUTH_965c29be39754a7880f567fe7e6dd347/glance/63dcb6af-8102-455b-ae15-654c4c04f3c4-00003 -X PUT -H "X-Auth-Token: gAAAAABqdg9L-rDV..." {{(pid=99836) http_log /opt/stack/data/venv/lib/python3.12/site-packages/swiftclient/client.py:160}}
Aug 07 17:01:06.709875 np0000006734 devstack@g-api.service[99836]: DEBUG swiftclient [None req-06faf07b-90db-4237-8801-a8afcd1ade55 tempest-VolumesActionsTest-2056608992 tempest-VolumesActionsTest-2056608992-project-member] RESP STATUS: 201 Created {{(pid=99836) http_log /opt/stack/data/venv/lib/python3.12/site-packages/swiftclient/client.py:161}}
Aug 07 17:01:06.709916 np0000006734 devstack@g-api.service[99836]: DEBUG swiftclient [None req-06faf07b-90db-4237-8801-a8afcd1ade55 tempest-VolumesActionsTest-2056608992 tempest-VolumesActionsTest-2056608992-project-member] RESP HEADERS: {'Date': 'Fri, 07 Aug 2026 17:01:06 GMT', 'Server': 'Apache/2.4.58 (Ubuntu)', 'Content-Type': 'text/html; charset=UTF-8', 'Content-Length': '0', 'Etag': 'eda9a9889837ac4bc81d6387d92c1bec', 'Last-Modified': 'Fri, 07 Aug 2026 17:01:05 GMT', 'X-Trans-Id': 'tx5171b50712fb4343854d4-006a760f50', 'X-Openstack-Request-Id': 'tx5171b50712fb4343854d4-006a760f50', 'Connection': 'close'} {{(pid=99836) http_log /opt/stack/data/venv/lib/python3.12/site-packages/swiftclient/client.py:162}}
Aug 07 17:01:06.710047 np0000006734 devstack@g-api.service[99836]: DEBUG glance_store._drivers.swift.store [None req-06faf07b-90db-4237-8801-a8afcd1ade55 tempest-VolumesActionsTest-2056608992 tempest-VolumesActionsTest-2056608992-project-member] Wrote chunk 63dcb6af-8102-455b-ae15-654c4c04f3c4-00003 (3/?) of length 204800000 to Swift returning MD5 of content: eda9a9889837ac4bc81d6387d92c1bec {{(pid=99836) add /opt/stack/data/venv/lib/python3.12/site-packages/glance_store/_drivers/swift/store.py:1059}}
Aug 07 17:01:07.497062 np0000006734 devstack@g-api.service[99834]: DEBUG glance.api.middleware.version_negotiation [None req-fbc4b155-c265-4ff8-b661-c5acb9dab36e tempest-VolumesActionsTest-2056608992 tempest-VolumesActionsTest-2056608992-project-member] Determining version of request: GET /v2/images/63dcb6af-8102-455b-ae15-654c4c04f3c4 Accept: application/json {{(pid=99834) process_request /opt/stack/glance/glance/api/middleware/version_negotiation.py:44}}
Aug 07 17:01:07.497062 np0000006734 devstack@g-api.service[99834]: DEBUG glance.api.middleware.version_negotiation [None req-fbc4b155-c265-4ff8-b661-c5acb9dab36e tempest-VolumesActionsTest-2056608992 tempest-VolumesActionsTest-2056608992-project-member] Using url versioning {{(pid=99834) process_request /opt/stack/glance/glance/api/middleware/version_negotiation.py:57}}
Aug 07 17:01:07.497062 np0000006734 devstack@g-api.service[99834]: DEBUG glance.api.middleware.version_negotiation [None req-fbc4b155-c265-4ff8-b661-c5acb9dab36e tempest-VolumesActionsTest-2056608992 tempest-VolumesActionsTest-2056608992-project-member] Matched version: v2 {{(pid=99834) process_request /opt/stack/glance/glance/api/middleware/version_negotiation.py:69}}
Aug 07 17:01:07.497062 np0000006734 devstack@g-api.service[99834]: DEBUG glance.api.middleware.version_negotiation [None req-fbc4b155-c265-4ff8-b661-c5acb9dab36e tempest-VolumesActionsTest-2056608992 tempest-VolumesActionsTest-2056608992-project-member] new path /v2/images/63dcb6af-8102-455b-ae15-654c4c04f3c4 {{(pid=99834) process_request /opt/stack/glance/glance/api/middleware/version_negotiation.py:70}}
Aug 07 17:01:07.514306 np0000006734 devstack@g-api.service[99834]: [pid: 99834|app: 0|req: 34/104] 127.0.0.1 () {40 vars in 838 bytes} [Fri Aug 7 17:01:07 2026] GET /v2/images/63dcb6af-8102-455b-ae15-654c4c04f3c4 => generated 650 bytes in 18 msecs (HTTP/1.1 200) 4 headers in 157 bytes (1 switches on core 0)
Aug 07 17:01:08.525773 np0000006734 devstack@g-api.service[99835]: DEBUG glance.api.middleware.version_negotiation [None req-0efa46ff-35ef-4ba3-ad17-abe1572ab60b tempest-VolumesActionsTest-2056608992 tempest-VolumesActionsTest-2056608992-project-member] Determining version of request: GET /v2/images/63dcb6af-8102-455b-ae15-654c4c04f3c4 Accept: application/json {{(pid=99835) process_request /opt/stack/glance/glance/api/middleware/version_negotiation.py:44}}
Aug 07 17:01:08.526026 np0000006734 devstack@g-api.service[99835]: DEBUG glance.api.middleware.version_negotiation [None req-0efa46ff-35ef-4ba3-ad17-abe1572ab60b tempest-VolumesActionsTest-2056608992 tempest-VolumesActionsTest-2056608992-project-member] Using url versioning {{(pid=99835) process_request /opt/stack/glance/glance/api/middleware/version_negotiation.py:57}}
Aug 07 17:01:08.526163 np0000006734 devstack@g-api.service[99835]: DEBUG glance.api.middleware.version_negotiation [None req-0efa46ff-35ef-4ba3-ad17-abe1572ab60b tempest-VolumesActionsTest-2056608992 tempest-VolumesActionsTest-2056608992-project-member] Matched version: v2 {{(pid=99835) process_request /opt/stack/glance/glance/api/middleware/version_negotiation.py:69}}
Aug 07 17:01:08.526235 np0000006734 devstack@g-api.service[99835]: DEBUG glance.api.middleware.version_negotiation [None req-0efa46ff-35ef-4ba3-ad17-abe1572ab60b tempest-VolumesActionsTest-2056608992 tempest-VolumesActionsTest-2056608992-project-member] new path /v2/images/63dcb6af-8102-455b-ae15-654c4c04f3c4 {{(pid=99835) process_request /opt/stack/glance/glance/api/middleware/version_negotiation.py:70}}
Aug 07 17:01:08.537854 np0000006734 devstack@g-api.service[99835]: [pid: 99835|app: 0|req: 36/105] 127.0.0.1 () {40 vars in 838 bytes} [Fri Aug 7 17:01:08 2026] GET /v2/images/63dcb6af-8102-455b-ae15-654c4c04f3c4 => generated 650 bytes in 12 msecs (HTTP/1.1 200) 4 headers in 157 bytes (1 switches on core 0)
Aug 07 17:01:08.735857 np0000006734 devstack@g-api.service[99836]: DEBUG swiftclient [None req-06faf07b-90db-4237-8801-a8afcd1ade55 tempest-VolumesActionsTest-2056608992 tempest-VolumesActionsTest-2056608992-project-member] REQ: curl -i https://10.4.3.186:8080/v1/AUTH_965c29be39754a7880f567fe7e6dd347/glance/63dcb6af-8102-455b-ae15-654c4c04f3c4-00004 -X PUT -H "X-Auth-Token: gAAAAABqdg9L-rDV..." {{(pid=99836) http_log /opt/stack/data/venv/lib/python3.12/site-packages/swiftclient/client.py:160}}
Aug 07 17:01:08.735857 np0000006734 devstack@g-api.service[99836]: DEBUG swiftclient [None req-06faf07b-90db-4237-8801-a8afcd1ade55 tempest-VolumesActionsTest-2056608992 tempest-VolumesActionsTest-2056608992-project-member] RESP STATUS: 201 Created {{(pid=99836) http_log /opt/stack/data/venv/lib/python3.12/site-packages/swiftclient/client.py:161}}
Aug 07 17:01:08.736296 np0000006734 devstack@g-api.service[99836]: DEBUG swiftclient [None req-06faf07b-90db-4237-8801-a8afcd1ade55 tempest-VolumesActionsTest-2056608992 tempest-VolumesActionsTest-2056608992-project-member] RESP HEADERS: {'Date': 'Fri, 07 Aug 2026 17:01:08 GMT', 'Server': 'Apache/2.4.58 (Ubuntu)', 'Content-Type': 'text/html; charset=UTF-8', 'Content-Length': '0', 'Etag': 'eda9a9889837ac4bc81d6387d92c1bec', 'Last-Modified': 'Fri, 07 Aug 2026 17:01:07 GMT', 'X-Trans-Id': 'tx4fcaf0c84c1a4c3186004-006a760f52', 'X-Openstack-Request-Id': 'tx4fcaf0c84c1a4c3186004-006a760f52', 'Connection': 'close'} {{(pid=99836) http_log /opt/stack/data/venv/lib/python3.12/site-packages/swiftclient/client.py:162}}
Aug 07 17:01:08.736498 np0000006734 devstack@g-api.service[99836]: DEBUG glance_store._drivers.swift.store [None req-06faf07b-90db-4237-8801-a8afcd1ade55 tempest-VolumesActionsTest-2056608992 tempest-VolumesActionsTest-2056608992-project-member] Wrote chunk 63dcb6af-8102-455b-ae15-654c4c04f3c4-00004 (4/?) of length 204800000 to Swift returning MD5 of content: eda9a9889837ac4bc81d6387d92c1bec {{(pid=99836) add /opt/stack/data/venv/lib/python3.12/site-packages/glance_store/_drivers/swift/store.py:1059}}
Aug 07 17:01:09.550277 np0000006734 devstack@g-api.service[99834]: DEBUG glance.api.middleware.version_negotiation [None req-9b3c47ed-0c4c-4471-89ae-07662fd48571 tempest-VolumesActionsTest-2056608992 tempest-VolumesActionsTest-2056608992-project-member] Determining version of request: GET /v2/images/63dcb6af-8102-455b-ae15-654c4c04f3c4 Accept: application/json {{(pid=99834) process_request /opt/stack/glance/glance/api/middleware/version_negotiation.py:44}}
Aug 07 17:01:09.550277 np0000006734 devstack@g-api.service[99834]: DEBUG glance.api.middleware.version_negotiation [None req-9b3c47ed-0c4c-4471-89ae-07662fd48571 tempest-VolumesActionsTest-2056608992 tempest-VolumesActionsTest-2056608992-project-member] Using url versioning {{(pid=99834) process_request /opt/stack/glance/glance/api/middleware/version_negotiation.py:57}}
Aug 07 17:01:09.550638 np0000006734 devstack@g-api.service[99834]: DEBUG glance.api.middleware.version_negotiation [None req-9b3c47ed-0c4c-4471-89ae-07662fd48571 tempest-VolumesActionsTest-2056608992 tempest-VolumesActionsTest-2056608992-project-member] Matched version: v2 {{(pid=99834) process_request /opt/stack/glance/glance/api/middleware/version_negotiation.py:69}}
Aug 07 17:01:09.550638 np0000006734 devstack@g-api.service[99834]: DEBUG glance.api.middleware.version_negotiation [None req-9b3c47ed-0c4c-4471-89ae-07662fd48571 tempest-VolumesActionsTest-2056608992 tempest-VolumesActionsTest-2056608992-project-member] new path /v2/images/63dcb6af-8102-455b-ae15-654c4c04f3c4 {{(pid=99834) process_request /opt/stack/glance/glance/api/middleware/version_negotiation.py:70}}
Aug 07 17:01:09.569712 np0000006734 devstack@g-api.service[99834]: [pid: 99834|app: 0|req: 35/106] 127.0.0.1 () {40 vars in 838 bytes} [Fri Aug 7 17:01:09 2026] GET /v2/images/63dcb6af-8102-455b-ae15-654c4c04f3c4 => generated 650 bytes in 20 msecs (HTTP/1.1 200) 4 headers in 157 bytes (1 switches on core 0)
Aug 07 17:01:09.825454 np0000006734 devstack@g-api.service[99836]: DEBUG dbcounter [-] [99836] Writing DB stats glance:SELECT=14,glance:INSERT=1,glance:UPDATE=1 {{(pid=99836) stat_writer /opt/stack/data/venv/lib/python3.12/site-packages/dbcounter.py:115}}
Aug 07 17:01:10.579909 np0000006734 devstack@g-api.service[99835]: DEBUG glance.api.middleware.version_negotiation [None req-ff2422af-77d6-4fab-928a-1ad85460f3b3 tempest-VolumesActionsTest-2056608992 tempest-VolumesActionsTest-2056608992-project-member] Determining version of request: GET /v2/images/63dcb6af-8102-455b-ae15-654c4c04f3c4 Accept: application/json {{(pid=99835) process_request /opt/stack/glance/glance/api/middleware/version_negotiation.py:44}}
Aug 07 17:01:10.581444 np0000006734 devstack@g-api.service[99835]: DEBUG glance.api.middleware.version_negotiation [None req-ff2422af-77d6-4fab-928a-1ad85460f3b3 tempest-VolumesActionsTest-2056608992 tempest-VolumesActionsTest-2056608992-project-member] Using url versioning {{(pid=99835) process_request /opt/stack/glance/glance/api/middleware/version_negotiation.py:57}}
Aug 07 17:01:10.581444 np0000006734 devstack@g-api.service[99835]: DEBUG glance.api.middleware.version_negotiation [None req-ff2422af-77d6-4fab-928a-1ad85460f3b3 tempest-VolumesActionsTest-2056608992 tempest-VolumesActionsTest-2056608992-project-member] Matched version: v2 {{(pid=99835) process_request /opt/stack/glance/glance/api/middleware/version_negotiation.py:69}}
Aug 07 17:01:10.581444 np0000006734 devstack@g-api.service[99835]: DEBUG glance.api.middleware.version_negotiation [None req-ff2422af-77d6-4fab-928a-1ad85460f3b3 tempest-VolumesActionsTest-2056608992 tempest-VolumesActionsTest-2056608992-project-member] new path /v2/images/63dcb6af-8102-455b-ae15-654c4c04f3c4 {{(pid=99835) process_request /opt/stack/glance/glance/api/middleware/version_negotiation.py:70}}
Aug 07 17:01:10.595185 np0000006734 devstack@g-api.service[99835]: [pid: 99835|app: 0|req: 37/107] 127.0.0.1 () {40 vars in 838 bytes} [Fri Aug 7 17:01:10 2026] GET /v2/images/63dcb6af-8102-455b-ae15-654c4c04f3c4 => generated 650 bytes in 15 msecs (HTTP/1.1 200) 4 headers in 157 bytes (1 switches on core 0)
Aug 07 17:01:10.902954 np0000006734 devstack@g-api.service[99836]: DEBUG swiftclient [None req-06faf07b-90db-4237-8801-a8afcd1ade55 tempest-VolumesActionsTest-2056608992 tempest-VolumesActionsTest-2056608992-project-member] REQ: curl -i https://10.4.3.186:8080/v1/AUTH_965c29be39754a7880f567fe7e6dd347/glance/63dcb6af-8102-455b-ae15-654c4c04f3c4-00005 -X PUT -H "X-Auth-Token: gAAAAABqdg9L-rDV..." {{(pid=99836) http_log /opt/stack/data/venv/lib/python3.12/site-packages/swiftclient/client.py:160}}
Aug 07 17:01:10.902954 np0000006734 devstack@g-api.service[99836]: DEBUG swiftclient [None req-06faf07b-90db-4237-8801-a8afcd1ade55 tempest-VolumesActionsTest-2056608992 tempest-VolumesActionsTest-2056608992-project-member] RESP STATUS: 201 Created {{(pid=99836) http_log /opt/stack/data/venv/lib/python3.12/site-packages/swiftclient/client.py:161}}
Aug 07 17:01:10.902954 np0000006734 devstack@g-api.service[99836]: DEBUG swiftclient [None req-06faf07b-90db-4237-8801-a8afcd1ade55 tempest-VolumesActionsTest-2056608992 tempest-VolumesActionsTest-2056608992-project-member] RESP HEADERS: {'Date': 'Fri, 07 Aug 2026 17:01:10 GMT', 'Server': 'Apache/2.4.58 (Ubuntu)', 'Content-Type': 'text/html; charset=UTF-8', 'Content-Length': '0', 'Etag': 'eda9a9889837ac4bc81d6387d92c1bec', 'Last-Modified': 'Fri, 07 Aug 2026 17:01:09 GMT', 'X-Trans-Id': 'tx5ecb8c29f7d24fcb88ca7-006a760f54', 'X-Openstack-Request-Id': 'tx5ecb8c29f7d24fcb88ca7-006a760f54', 'Connection': 'close'} {{(pid=99836) http_log /opt/stack/data/venv/lib/python3.12/site-packages/swiftclient/client.py:162}}
Aug 07 17:01:10.902954 np0000006734 devstack@g-api.service[99836]: DEBUG glance_store._drivers.swift.store [None req-06faf07b-90db-4237-8801-a8afcd1ade55 tempest-VolumesActionsTest-2056608992 tempest-VolumesActionsTest-2056608992-project-member] Wrote chunk 63dcb6af-8102-455b-ae15-654c4c04f3c4-00005 (5/?) of length 204800000 to Swift returning MD5 of content: eda9a9889837ac4bc81d6387d92c1bec {{(pid=99836) add /opt/stack/data/venv/lib/python3.12/site-packages/glance_store/_drivers/swift/store.py:1059}}
Aug 07 17:01:11.517497 np0000006734 devstack@g-api.service[99836]: DEBUG swiftclient [None req-06faf07b-90db-4237-8801-a8afcd1ade55 tempest-VolumesActionsTest-2056608992 tempest-VolumesActionsTest-2056608992-project-member] REQ: curl -i https://10.4.3.186:8080/v1/AUTH_965c29be39754a7880f567fe7e6dd347/glance/63dcb6af-8102-455b-ae15-654c4c04f3c4-00006 -X PUT -H "X-Auth-Token: gAAAAABqdg9L-rDV..." {{(pid=99836) http_log /opt/stack/data/venv/lib/python3.12/site-packages/swiftclient/client.py:160}}
Aug 07 17:01:11.517734 np0000006734 devstack@g-api.service[99836]: DEBUG swiftclient [None req-06faf07b-90db-4237-8801-a8afcd1ade55 tempest-VolumesActionsTest-2056608992 tempest-VolumesActionsTest-2056608992-project-member] RESP STATUS: 201 Created {{(pid=99836) http_log /opt/stack/data/venv/lib/python3.12/site-packages/swiftclient/client.py:161}}
Aug 07 17:01:11.517933 np0000006734 devstack@g-api.service[99836]: DEBUG swiftclient [None req-06faf07b-90db-4237-8801-a8afcd1ade55 tempest-VolumesActionsTest-2056608992 tempest-VolumesActionsTest-2056608992-project-member] RESP HEADERS: {'Date': 'Fri, 07 Aug 2026 17:01:11 GMT', 'Server': 'Apache/2.4.58 (Ubuntu)', 'Content-Type': 'text/html; charset=UTF-8', 'Content-Length': '0', 'Etag': '708761f3b8777ec77058e63da08eeeb6', 'Last-Modified': 'Fri, 07 Aug 2026 17:01:11 GMT', 'X-Trans-Id': 'tx6116014e766245f0a2d22-006a760f56', 'X-Openstack-Request-Id': 'tx6116014e766245f0a2d22-006a760f56', 'Connection': 'close'} {{(pid=99836) http_log /opt/stack/data/venv/lib/python3.12/site-packages/swiftclient/client.py:162}}
Aug 07 17:01:11.518057 np0000006734 devstack@g-api.service[99836]: DEBUG glance_store._drivers.swift.store [None req-06faf07b-90db-4237-8801-a8afcd1ade55 tempest-VolumesActionsTest-2056608992 tempest-VolumesActionsTest-2056608992-project-member] Wrote chunk 63dcb6af-8102-455b-ae15-654c4c04f3c4-00006 (6/?) of length 49741824 to Swift returning MD5 of content: 708761f3b8777ec77058e63da08eeeb6 {{(pid=99836) add /opt/stack/data/venv/lib/python3.12/site-packages/glance_store/_drivers/swift/store.py:1059}}
Aug 07 17:01:11.518397 np0000006734 devstack@g-api.service[99836]: DEBUG glance_store._drivers.swift.store [None req-06faf07b-90db-4237-8801-a8afcd1ade55 tempest-VolumesActionsTest-2056608992 tempest-VolumesActionsTest-2056608992-project-member] Not writing zero-length chunk. {{(pid=99836) add /opt/stack/data/venv/lib/python3.12/site-packages/glance_store/_drivers/swift/store.py:1028}}
Aug 07 17:01:11.545339 np0000006734 devstack@g-api.service[99836]: DEBUG swiftclient [None req-06faf07b-90db-4237-8801-a8afcd1ade55 tempest-VolumesActionsTest-2056608992 tempest-VolumesActionsTest-2056608992-project-member] REQ: curl -i https://10.4.3.186:8080/v1/AUTH_965c29be39754a7880f567fe7e6dd347/glance/63dcb6af-8102-455b-ae15-654c4c04f3c4 -X PUT -H "X-Object-Manifest: glance/63dcb6af-8102-455b-ae15-654c4c04f3c4-" -H "X-Auth-Token: gAAAAABqdg9L-rDV..." -H "Content-Length: 0" {{(pid=99836) http_log /opt/stack/data/venv/lib/python3.12/site-packages/swiftclient/client.py:160}}
Aug 07 17:01:11.545524 np0000006734 devstack@g-api.service[99836]: DEBUG swiftclient [None req-06faf07b-90db-4237-8801-a8afcd1ade55 tempest-VolumesActionsTest-2056608992 tempest-VolumesActionsTest-2056608992-project-member] RESP STATUS: 201 Created {{(pid=99836) http_log /opt/stack/data/venv/lib/python3.12/site-packages/swiftclient/client.py:161}}
Aug 07 17:01:11.545682 np0000006734 devstack@g-api.service[99836]: DEBUG swiftclient [None req-06faf07b-90db-4237-8801-a8afcd1ade55 tempest-VolumesActionsTest-2056608992 tempest-VolumesActionsTest-2056608992-project-member] RESP HEADERS: {'Date': 'Fri, 07 Aug 2026 17:01:11 GMT', 'Server': 'Apache/2.4.58 (Ubuntu)', 'Content-Type': 'text/html; charset=UTF-8', 'Content-Length': '0', 'Etag': 'd41d8cd98f00b204e9800998ecf8427e', 'Last-Modified': 'Fri, 07 Aug 2026 17:01:12 GMT', 'X-Trans-Id': 'tx4d0be93b756a4fe5afe27-006a760f57', 'X-Openstack-Request-Id': 'tx4d0be93b756a4fe5afe27-006a760f57', 'Connection': 'close'} {{(pid=99836) http_log /opt/stack/data/venv/lib/python3.12/site-packages/swiftclient/client.py:162}}
Aug 07 17:01:11.546276 np0000006734 devstack@g-api.service[99836]: INFO glance.location [None req-06faf07b-90db-4237-8801-a8afcd1ade55 tempest-VolumesActionsTest-2056608992 tempest-VolumesActionsTest-2056608992-project-member] Image format matched and virtual size computed: 1073741824
Aug 07 17:01:11.583453 np0000006734 devstack@g-api.service[99836]: DEBUG glance_store.backend [None req-06faf07b-90db-4237-8801-a8afcd1ade55 tempest-VolumesActionsTest-2056608992 tempest-VolumesActionsTest-2056608992-project-member] Attempting to import store swift {{(pid=99836) _load_store /opt/stack/data/venv/lib/python3.12/site-packages/glance_store/backend.py:215}}
Aug 07 17:01:11.584358 np0000006734 devstack@g-api.service[99836]: DEBUG glance_store.capabilities [None req-06faf07b-90db-4237-8801-a8afcd1ade55 tempest-VolumesActionsTest-2056608992 tempest-VolumesActionsTest-2056608992-project-member] Store glance_store._drivers.swift.store.SingleTenantStore doesn't support updating dynamic storage capabilities. Please overwrite 'update_capabilities' method of the store to implement updating logics if needed. {{(pid=99836) update_capabilities /opt/stack/data/venv/lib/python3.12/site-packages/glance_store/capabilities.py:91}}
Aug 07 17:01:11.585037 np0000006734 devstack@g-api.service[99836]: DEBUG glance_store.driver [None req-06faf07b-90db-4237-8801-a8afcd1ade55 tempest-VolumesActionsTest-2056608992 tempest-VolumesActionsTest-2056608992-project-member] Late loading location class glance_store._drivers.swift.store.StoreLocation {{(pid=99836) get_store_location_class /opt/stack/data/venv/lib/python3.12/site-packages/glance_store/driver.py:134}}
Aug 07 17:01:11.585037 np0000006734 devstack@g-api.service[99836]: DEBUG glance_store.location [None req-06faf07b-90db-4237-8801-a8afcd1ade55 tempest-VolumesActionsTest-2056608992 tempest-VolumesActionsTest-2056608992-project-member] Registering scheme swift+https with {'store': , 'location_class': , 'store_entry': 'swift'} {{(pid=99836) register_scheme_map /opt/stack/data/venv/lib/python3.12/site-packages/glance_store/location.py:146}}
Aug 07 17:01:11.585037 np0000006734 devstack@g-api.service[99836]: DEBUG glance_store.location [None req-06faf07b-90db-4237-8801-a8afcd1ade55 tempest-VolumesActionsTest-2056608992 tempest-VolumesActionsTest-2056608992-project-member] Registering scheme swift+https with {'store': , 'location_class': , 'store_entry': 'swift'} {{(pid=99836) register_scheme_map /opt/stack/data/venv/lib/python3.12/site-packages/glance_store/location.py:146}}
Aug 07 17:01:11.585037 np0000006734 devstack@g-api.service[99836]: DEBUG glance_store.location [None req-06faf07b-90db-4237-8801-a8afcd1ade55 tempest-VolumesActionsTest-2056608992 tempest-VolumesActionsTest-2056608992-project-member] Registering scheme swift with {'store': , 'location_class': , 'store_entry': 'swift'} {{(pid=99836) register_scheme_map /opt/stack/data/venv/lib/python3.12/site-packages/glance_store/location.py:146}}
Aug 07 17:01:11.585037 np0000006734 devstack@g-api.service[99836]: DEBUG glance_store.location [None req-06faf07b-90db-4237-8801-a8afcd1ade55 tempest-VolumesActionsTest-2056608992 tempest-VolumesActionsTest-2056608992-project-member] Registering scheme swift+https with {'store': , 'location_class': , 'store_entry': 'swift'} {{(pid=99836) register_scheme_map /opt/stack/data/venv/lib/python3.12/site-packages/glance_store/location.py:146}}
Aug 07 17:01:11.585037 np0000006734 devstack@g-api.service[99836]: DEBUG glance_store.location [None req-06faf07b-90db-4237-8801-a8afcd1ade55 tempest-VolumesActionsTest-2056608992 tempest-VolumesActionsTest-2056608992-project-member] Registering scheme swift with {'store': , 'location_class': , 'store_entry': 'swift'} {{(pid=99836) register_scheme_map /opt/stack/data/venv/lib/python3.12/site-packages/glance_store/location.py:146}}
Aug 07 17:01:11.585037 np0000006734 devstack@g-api.service[99836]: DEBUG glance_store.location [None req-06faf07b-90db-4237-8801-a8afcd1ade55 tempest-VolumesActionsTest-2056608992 tempest-VolumesActionsTest-2056608992-project-member] Registering scheme swift+http with {'store': , 'location_class': , 'store_entry': 'swift'} {{(pid=99836) register_scheme_map /opt/stack/data/venv/lib/python3.12/site-packages/glance_store/location.py:146}}
Aug 07 17:01:11.585037 np0000006734 devstack@g-api.service[99836]: DEBUG glance_store.location [None req-06faf07b-90db-4237-8801-a8afcd1ade55 tempest-VolumesActionsTest-2056608992 tempest-VolumesActionsTest-2056608992-project-member] Registering scheme swift+https with {'store': , 'location_class': , 'store_entry': 'swift'} {{(pid=99836) register_scheme_map /opt/stack/data/venv/lib/python3.12/site-packages/glance_store/location.py:146}}
Aug 07 17:01:11.585037 np0000006734 devstack@g-api.service[99836]: DEBUG glance_store.location [None req-06faf07b-90db-4237-8801-a8afcd1ade55 tempest-VolumesActionsTest-2056608992 tempest-VolumesActionsTest-2056608992-project-member] Registering scheme swift with {'store': , 'location_class': , 'store_entry': 'swift'} {{(pid=99836) register_scheme_map /opt/stack/data/venv/lib/python3.12/site-packages/glance_store/location.py:146}}
Aug 07 17:01:11.585683 np0000006734 devstack@g-api.service[99836]: DEBUG glance_store.location [None req-06faf07b-90db-4237-8801-a8afcd1ade55 tempest-VolumesActionsTest-2056608992 tempest-VolumesActionsTest-2056608992-project-member] Registering scheme swift+http with {'store': , 'location_class': , 'store_entry': 'swift'} {{(pid=99836) register_scheme_map /opt/stack/data/venv/lib/python3.12/site-packages/glance_store/location.py:146}}
Aug 07 17:01:11.585683 np0000006734 devstack@g-api.service[99836]: DEBUG glance_store.location [None req-06faf07b-90db-4237-8801-a8afcd1ade55 tempest-VolumesActionsTest-2056608992 tempest-VolumesActionsTest-2056608992-project-member] Registering scheme swift+config with {'store': , 'location_class': , 'store_entry': 'swift'} {{(pid=99836) register_scheme_map /opt/stack/data/venv/lib/python3.12/site-packages/glance_store/location.py:146}}
Aug 07 17:01:11.585683 np0000006734 devstack@g-api.service[99836]: DEBUG glance_store.backend [None req-06faf07b-90db-4237-8801-a8afcd1ade55 tempest-VolumesActionsTest-2056608992 tempest-VolumesActionsTest-2056608992-project-member] Skipping store.set_acls... not implemented. {{(pid=99836) set_acls /opt/stack/data/venv/lib/python3.12/site-packages/glance_store/backend.py:507}}
Aug 07 17:01:11.588473 np0000006734 devstack@g-api.service[99836]: [pid: 99836|app: 0|req: 36/108] 127.0.0.1 () {46 vars in 1158 bytes} [Fri Aug 7 17:00:58 2026] PUT /v2/images/63dcb6af-8102-455b-ae15-654c4c04f3c4/file => generated 0 bytes in 13061 msecs (HTTP/1.1 204) 4 headers in 171 bytes (1 switches on core 0)
Aug 07 17:01:11.602503 np0000006734 devstack@g-api.service[99834]: DEBUG glance.api.middleware.version_negotiation [None req-9f408fc8-05f4-4b29-b1d1-dfd059473c70 tempest-VolumesActionsTest-2056608992 tempest-VolumesActionsTest-2056608992-project-member] Determining version of request: GET /v2/images/63dcb6af-8102-455b-ae15-654c4c04f3c4 Accept: application/json {{(pid=99834) process_request /opt/stack/glance/glance/api/middleware/version_negotiation.py:44}}
Aug 07 17:01:11.603070 np0000006734 devstack@g-api.service[99834]: DEBUG glance.api.middleware.version_negotiation [None req-9f408fc8-05f4-4b29-b1d1-dfd059473c70 tempest-VolumesActionsTest-2056608992 tempest-VolumesActionsTest-2056608992-project-member] Using url versioning {{(pid=99834) process_request /opt/stack/glance/glance/api/middleware/version_negotiation.py:57}}
Aug 07 17:01:11.603296 np0000006734 devstack@g-api.service[99834]: DEBUG glance.api.middleware.version_negotiation [None req-9f408fc8-05f4-4b29-b1d1-dfd059473c70 tempest-VolumesActionsTest-2056608992 tempest-VolumesActionsTest-2056608992-project-member] Matched version: v2 {{(pid=99834) process_request /opt/stack/glance/glance/api/middleware/version_negotiation.py:69}}
Aug 07 17:01:11.603400 np0000006734 devstack@g-api.service[99834]: DEBUG glance.api.middleware.version_negotiation [None req-9f408fc8-05f4-4b29-b1d1-dfd059473c70 tempest-VolumesActionsTest-2056608992 tempest-VolumesActionsTest-2056608992-project-member] new path /v2/images/63dcb6af-8102-455b-ae15-654c4c04f3c4 {{(pid=99834) process_request /opt/stack/glance/glance/api/middleware/version_negotiation.py:70}}
Aug 07 17:01:11.614497 np0000006734 devstack@g-api.service[99835]: DEBUG glance.api.middleware.version_negotiation [None req-ff263943-bdce-49db-b63b-0f5891ec65cb tempest-VolumesActionsTest-2056608992 tempest-VolumesActionsTest-2056608992-project-member] Determining version of request: GET /v2/images/63dcb6af-8102-455b-ae15-654c4c04f3c4 Accept: */* {{(pid=99835) process_request /opt/stack/glance/glance/api/middleware/version_negotiation.py:44}}
Aug 07 17:01:11.615490 np0000006734 devstack@g-api.service[99834]: [pid: 99834|app: 0|req: 36/109] 127.0.0.1 () {40 vars in 838 bytes} [Fri Aug 7 17:01:11 2026] GET /v2/images/63dcb6af-8102-455b-ae15-654c4c04f3c4 => generated 822 bytes in 13 msecs (HTTP/1.1 200) 4 headers in 157 bytes (1 switches on core 0)
Aug 07 17:01:11.615584 np0000006734 devstack@g-api.service[99835]: DEBUG glance.api.middleware.version_negotiation [None req-ff263943-bdce-49db-b63b-0f5891ec65cb tempest-VolumesActionsTest-2056608992 tempest-VolumesActionsTest-2056608992-project-member] Using url versioning {{(pid=99835) process_request /opt/stack/glance/glance/api/middleware/version_negotiation.py:57}}
Aug 07 17:01:11.619249 np0000006734 devstack@g-api.service[99835]: DEBUG glance.api.middleware.version_negotiation [None req-ff263943-bdce-49db-b63b-0f5891ec65cb tempest-VolumesActionsTest-2056608992 tempest-VolumesActionsTest-2056608992-project-member] Matched version: v2 {{(pid=99835) process_request /opt/stack/glance/glance/api/middleware/version_negotiation.py:69}}
Aug 07 17:01:11.619795 np0000006734 devstack@g-api.service[99835]: DEBUG glance.api.middleware.version_negotiation [None req-ff263943-bdce-49db-b63b-0f5891ec65cb tempest-VolumesActionsTest-2056608992 tempest-VolumesActionsTest-2056608992-project-member] new path /v2/images/63dcb6af-8102-455b-ae15-654c4c04f3c4 {{(pid=99835) process_request /opt/stack/glance/glance/api/middleware/version_negotiation.py:70}}
Aug 07 17:01:11.634596 np0000006734 devstack@g-api.service[99835]: [pid: 99835|app: 0|req: 38/110] 127.0.0.1 () {44 vars in 1115 bytes} [Fri Aug 7 17:01:11 2026] GET /v2/images/63dcb6af-8102-455b-ae15-654c4c04f3c4 => generated 822 bytes in 20 msecs (HTTP/1.1 200) 4 headers in 157 bytes (1 switches on core 0)
Aug 07 17:01:11.642649 np0000006734 devstack@g-api.service[99836]: DEBUG glance.api.middleware.version_negotiation [None req-06faf07b-90db-4237-8801-a8afcd1ade55 tempest-VolumesActionsTest-2056608992 tempest-VolumesActionsTest-2056608992-project-member] Determining version of request: GET /v2/schemas/image Accept: */* {{(pid=99836) process_request /opt/stack/glance/glance/api/middleware/version_negotiation.py:44}}
Aug 07 17:01:11.642798 np0000006734 devstack@g-api.service[99836]: DEBUG glance.api.middleware.version_negotiation [None req-06faf07b-90db-4237-8801-a8afcd1ade55 tempest-VolumesActionsTest-2056608992 tempest-VolumesActionsTest-2056608992-project-member] Using url versioning {{(pid=99836) process_request /opt/stack/glance/glance/api/middleware/version_negotiation.py:57}}
Aug 07 17:01:11.642912 np0000006734 devstack@g-api.service[99836]: DEBUG glance.api.middleware.version_negotiation [None req-06faf07b-90db-4237-8801-a8afcd1ade55 tempest-VolumesActionsTest-2056608992 tempest-VolumesActionsTest-2056608992-project-member] Matched version: v2 {{(pid=99836) process_request /opt/stack/glance/glance/api/middleware/version_negotiation.py:69}}
Aug 07 17:01:11.643021 np0000006734 devstack@g-api.service[99836]: DEBUG glance.api.middleware.version_negotiation [None req-06faf07b-90db-4237-8801-a8afcd1ade55 tempest-VolumesActionsTest-2056608992 tempest-VolumesActionsTest-2056608992-project-member] new path /v2/schemas/image {{(pid=99836) process_request /opt/stack/glance/glance/api/middleware/version_negotiation.py:70}}
Aug 07 17:01:11.645368 np0000006734 devstack@g-api.service[99836]: [pid: 99836|app: 0|req: 37/111] 127.0.0.1 () {44 vars in 1055 bytes} [Fri Aug 7 17:01:11 2026] GET /v2/schemas/image => generated 6083 bytes in 3 msecs (HTTP/1.1 200) 4 headers in 158 bytes (1 switches on core 0)
Aug 07 17:01:11.655030 np0000006734 devstack@g-api.service[99834]: DEBUG glance.api.middleware.version_negotiation [None req-657e8813-e33d-4755-b66a-0e880e15018c tempest-VolumesActionsTest-2056608992 tempest-VolumesActionsTest-2056608992-project-member] Determining version of request: GET /v2/schemas/image Accept: */* {{(pid=99834) process_request /opt/stack/glance/glance/api/middleware/version_negotiation.py:44}}
