Jun 29 09:18:36.420719 np0000003899 devstack@neutron-api.service[87386]: DEBUG neutron.plugins.ml2.drivers.ovn.mech_driver.ovsdb.ovsdb_monitor [-] Hash Ring: Node ff15ac81eb0b541c81e090ce9f8663fb (host: np0000003899) handling event "create" for row 5ae14b9c-efcf-412a-abab-71631002b550 (table: Datapath_Binding) {{(pid=87386) notify /opt/stack/neutron/neutron/plugins/ml2/drivers/ovn/mech_driver/ovsdb/ovsdb_monitor.py:1015}}
Jun 29 09:18:36.483373 np0000003899 devstack@neutron-api.service[87386]: INFO neutron.db.ovn_revision_numbers_db [None req-4161a5a9-14f2-4522-936d-4bca9850aff2 admin admin] Successfully bumped revision number for resource cbfb9b47-f296-464d-8814-77fa58b1ced5 (type: routers) to 1
Jun 29 09:18:36.491835 np0000003899 devstack@neutron-api.service[87386]: DEBUG neutron_lib.callbacks.manager [None req-4161a5a9-14f2-4522-936d-4bca9850aff2 admin admin] Publish callbacks [] for router (None), before_response {{(pid=87386) _notify_loop /opt/stack/data/venv/lib/python3.12/site-packages/neutron_lib/callbacks/manager.py:184}}
Jun 29 09:18:36.492512 np0000003899 devstack@neutron-api.service[87386]: [pid: 87386|app: 0|req: 6/14] 10.4.3.162 () {68 vars in 1323 bytes} [Mon Jun 29 09:18:36 2026] POST /networking/v2.0/routers => generated 599 bytes in 196 msecs (HTTP/1.1 201) 4 headers in 162 bytes (1 switches on core 0)
Jun 29 09:18:36.723044 np0000003899 devstack@neutron-api.service[87388]: DEBUG neutron.api.wsgi [None req-70e48791-e7a6-49ae-92f5-8c56e5e3c83b admin admin] Missing Content-Type {{(pid=87388) get_content_type /opt/stack/neutron/neutron/api/wsgi.py:80}}
Jun 29 09:18:36.723375 np0000003899 devstack@neutron-api.service[87388]: DEBUG neutron.api.wsgi [None req-70e48791-e7a6-49ae-92f5-8c56e5e3c83b admin admin] https://10.4.3.162/networking/v2.0/extensions returned with HTTP 200 {{(pid=87388) __call__ /opt/stack/neutron/neutron/api/wsgi.py:540}}
Jun 29 09:18:36.723652 np0000003899 devstack@neutron-api.service[87388]: [pid: 87388|app: 0|req: 5/15] 10.4.3.162 () {64 vars in 1292 bytes} [Mon Jun 29 09:18:36 2026] GET /networking/v2.0/extensions => generated 16171 bytes in 3 msecs (HTTP/1.1 200) 4 headers in 159 bytes (1 switches on core 0)
Jun 29 09:18:36.975896 np0000003899 devstack@neutron-api.service[87387]: DEBUG neutron.api.v2.base [None req-b36df5c3-b2fb-4eb1-a296-9eb49faddabd admin admin] Request body: {'network': {'name': 'public', 'admin_state_up': True, 'provider:network_type': 'flat', 'provider:physical_network': 'public', 'router:external': True, 'is_default': True}} {{(pid=87387) prepare_request_body /opt/stack/neutron/neutron/api/v2/base.py:727}}
Jun 29 09:18:36.989894 np0000003899 devstack@neutron-api.service[87387]: DEBUG neutron.pecan_wsgi.hooks.quota_enforcement [None req-b36df5c3-b2fb-4eb1-a296-9eb49faddabd admin admin] Made reservation on behalf of cf0d00ef3671479ba276c041075eedd2 for: {'network': 1} {{(pid=87387) before /opt/stack/neutron/neutron/pecan_wsgi/hooks/quota_enforcement.py:66}}
Jun 29 09:18:36.993457 np0000003899 devstack@neutron-api.service[87387]: DEBUG neutron_lib.callbacks.manager [None req-b36df5c3-b2fb-4eb1-a296-9eb49faddabd admin admin] Publish callbacks ['neutron.plugins.ml2.plugin.SecurityGroupDbMixin._ensure_default_security_group_handler-191110'] for network (None), before_create {{(pid=87387) _notify_loop /opt/stack/data/venv/lib/python3.12/site-packages/neutron_lib/callbacks/manager.py:184}}
Jun 29 09:18:37.025617 np0000003899 devstack@neutron-api.service[87387]: DEBUG neutron.plugins.ml2.drivers.type_flat [None req-b36df5c3-b2fb-4eb1-a296-9eb49faddabd admin admin] Reserving flat network on physical network public {{(pid=87387) reserve_provider_segment /opt/stack/neutron/neutron/plugins/ml2/drivers/type_flat.py:100}}
Jun 29 09:18:37.036956 np0000003899 devstack@neutron-api.service[87387]: DEBUG neutron_lib.callbacks.manager [None req-b36df5c3-b2fb-4eb1-a296-9eb49faddabd admin admin] Publish callbacks ['neutron.services.segments.db._add_segment_host_mapping_for_segment-8571628183242', 'neutron.plugins.ml2.plugin.Ml2Plugin._handle_segment_change-999894'] for segment (8f2a5ef1-0217-434b-8866-5e41c7457a62), precommit_create {{(pid=87387) _notify_loop /opt/stack/data/venv/lib/python3.12/site-packages/neutron_lib/callbacks/manager.py:184}}
Jun 29 09:18:37.037431 np0000003899 devstack@neutron-api.service[87387]: DEBUG neutron_lib.callbacks.manager [None req-b36df5c3-b2fb-4eb1-a296-9eb49faddabd admin admin] Unsubscribe: segment precommit_create {{(pid=87387) unsubscribe /opt/stack/data/venv/lib/python3.12/site-packages/neutron_lib/callbacks/manager.py:90}}
Jun 29 09:18:37.037431 np0000003899 devstack@neutron-api.service[87387]: INFO neutron.db.segments_db [None req-b36df5c3-b2fb-4eb1-a296-9eb49faddabd admin admin] Added segment 8f2a5ef1-0217-434b-8866-5e41c7457a62 of type flat for network 579deaef-6995-45de-8205-3b67f9ed5609
Jun 29 09:18:37.076611 np0000003899 devstack@neutron-api.service[87387]: DEBUG neutron_lib.callbacks.manager [None req-b36df5c3-b2fb-4eb1-a296-9eb49faddabd admin admin] Publish callbacks ['neutron.services.auto_allocate.db._ensure_external_network_default_value_callback-8571625564724'] for network (579deaef-6995-45de-8205-3b67f9ed5609), precommit_create {{(pid=87387) _notify_loop /opt/stack/data/venv/lib/python3.12/site-packages/neutron_lib/callbacks/manager.py:184}}
Jun 29 09:18:37.094961 np0000003899 devstack@neutron-api.service[87387]: DEBUG neutron.plugins.ml2.drivers.ovn.mech_driver.mech_driver [None req-b36df5c3-b2fb-4eb1-a296-9eb49faddabd admin admin] Validating network segment with type flat, segmentation ID None, physical network public {{(pid=87387) _validate_network_segments /opt/stack/neutron/neutron/plugins/ml2/drivers/ovn/mech_driver/mech_driver.py:646}}
Jun 29 09:18:37.095088 np0000003899 devstack@neutron-api.service[87387]: DEBUG neutron.db.ovn_revision_numbers_db [None req-b36df5c3-b2fb-4eb1-a296-9eb49faddabd admin admin] create_initial_revision uuid=579deaef-6995-45de-8205-3b67f9ed5609, type=networks, rev=-1 {{(pid=87387) create_initial_revision /opt/stack/neutron/neutron/db/ovn_revision_numbers_db.py:98}}
Jun 29 09:18:37.111946 np0000003899 devstack@neutron-api.service[87387]: DEBUG neutron_lib.callbacks.manager [None req-b36df5c3-b2fb-4eb1-a296-9eb49faddabd admin admin] Publish callbacks ['neutron.plugins.ml2.ovo_rpc._ObjectChangeHandler.handle_event-6662466'] for network (579deaef-6995-45de-8205-3b67f9ed5609), after_create {{(pid=87387) _notify_loop /opt/stack/data/venv/lib/python3.12/site-packages/neutron_lib/callbacks/manager.py:184}}
Jun 29 09:18:37.355234 np0000003899 devstack@neutron-api.service[87387]: DEBUG neutron.api.rpc.handlers.resources_rpc [None req-b36df5c3-b2fb-4eb1-a296-9eb49faddabd admin admin] Pushing event updated for resources: {'Network': ['ID=579deaef-6995-45de-8205-3b67f9ed5609,revision_number=1']} {{(pid=87387) push /opt/stack/neutron/neutron/api/rpc/handlers/resources_rpc.py:237}}
Jun 29 09:18:37.360093 np0000003899 devstack@neutron-api.service[87387]: DEBUG neutron.api.rpc.callbacks.version_manager [None req-b36df5c3-b2fb-4eb1-a296-9eb49faddabd admin admin] Tracked resource versions report:
Jun 29 09:18:37.360093 np0000003899 devstack@neutron-api.service[87387]: pushed versions:
Jun 29 09:18:37.360093 np0000003899 devstack@neutron-api.service[87387]: { 'AddressGroup': {'1.2'},
Jun 29 09:18:37.360093 np0000003899 devstack@neutron-api.service[87387]: 'Agent': {'1.1'},
Jun 29 09:18:37.360093 np0000003899 devstack@neutron-api.service[87387]: 'ConntrackHelper': {'1.0'},
Jun 29 09:18:37.360093 np0000003899 devstack@neutron-api.service[87387]: 'LocalIPAssociation': {'1.0'},
Jun 29 09:18:37.360093 np0000003899 devstack@neutron-api.service[87387]: 'Log': {'1.0'},
Jun 29 09:18:37.360093 np0000003899 devstack@neutron-api.service[87387]: 'NDPProxy': {'1.0'},
Jun 29 09:18:37.360093 np0000003899 devstack@neutron-api.service[87387]: 'Network': {'1.3'},
Jun 29 09:18:37.360093 np0000003899 devstack@neutron-api.service[87387]: 'Port': {'1.11'},
Jun 29 09:18:37.360093 np0000003899 devstack@neutron-api.service[87387]: 'PortForwarding': {'1.3'},
Jun 29 09:18:37.360093 np0000003899 devstack@neutron-api.service[87387]: 'QosPolicy': {'1.10'},
Jun 29 09:18:37.360093 np0000003899 devstack@neutron-api.service[87387]: 'SecurityGroup': {'1.6'},
Jun 29 09:18:37.360093 np0000003899 devstack@neutron-api.service[87387]: 'SecurityGroupRule': {'1.3'},
Jun 29 09:18:37.360093 np0000003899 devstack@neutron-api.service[87387]: 'SubPort': {'1.0'},
Jun 29 09:18:37.360093 np0000003899 devstack@neutron-api.service[87387]: 'Subnet': {'1.2'},
Jun 29 09:18:37.360093 np0000003899 devstack@neutron-api.service[87387]: 'Trunk': {'1.1'}}
Jun 29 09:18:37.360093 np0000003899 devstack@neutron-api.service[87387]: consumer versions:
Jun 29 09:18:37.360093 np0000003899 devstack@neutron-api.service[87387]: { OVN Neutron agent@np0000003899: {},
Jun 29 09:18:37.360093 np0000003899 devstack@neutron-api.service[87387]: OVN Controller Gateway agent@np0000003899: {}}
Jun 29 09:18:37.360093 np0000003899 devstack@neutron-api.service[87387]: {{(pid=87387) report /opt/stack/neutron/neutron/api/rpc/callbacks/version_manager.py:183}}
Jun 29 09:18:37.374919 np0000003899 devstack@neutron-api.service[87387]: DEBUG ovsdbapp.backend.ovs_idl.transaction [-] Running txn n=1 command(idx=0): AddNetworkCommand(_result=None, network_uuid=579deaef-6995-45de-8205-3b67f9ed5609, may_exist=True, columns={'external_ids': {'neutron:network_name': 'public', 'neutron:mtu': '1430', 'neutron:revision_number': '1', 'neutron:availability_zone_hints': '', 'neutron:provnet-network-type': 'flat', 'neutron:provnet-physical-network': 'public'}, 'other_config': {'mcast_snoop': 'false', 'mcast_flood_unregistered': 'false', 'vlan-passthru': 'false', 'fdb_age_threshold': '300', 'broadcast-arps-to-all-routers': 'true'}}) {{(pid=87387) do_commit /opt/stack/data/venv/lib/python3.12/site-packages/ovsdbapp/backend/ovs_idl/transaction.py:89}}
Jun 29 09:18:37.375431 np0000003899 devstack@neutron-api.service[87387]: DEBUG neutron.common.ovn.utils [-] OVS persist_uuid supported=True {{(pid=87387) ovs_persist_uuid_supported /opt/stack/neutron/neutron/common/ovn/utils.py:1544}}
Jun 29 09:18:37.375832 np0000003899 devstack@neutron-api.service[87387]: DEBUG ovsdbapp.backend.ovs_idl.transaction [-] Running txn n=1 command(idx=1): AddLSwitchPortCommand(_result=None, lport=provnet-8f2a5ef1-0217-434b-8866-5e41c7457a62, lswitch=neutron-579deaef-6995-45de-8205-3b67f9ed5609, may_exist=True, network_uuid=579deaef-6995-45de-8205-3b67f9ed5609, columns={'addresses': ['unknown'], 'external_ids': {'neutron:provnet-physical-network': 'public'}, 'type': 'localnet', 'tag_request': [], 'options': {'network_name': 'public', 'mcast_flood_reports': 'true', 'mcast_flood': 'false', 'localnet_learn_fdb': 'false'}}) {{(pid=87387) do_commit /opt/stack/data/venv/lib/python3.12/site-packages/ovsdbapp/backend/ovs_idl/transaction.py:89}}
Jun 29 09:18:37.383206 np0000003899 devstack@neutron-api.service[87386]: DEBUG neutron.plugins.ml2.drivers.ovn.mech_driver.ovsdb.ovsdb_monitor [-] Hash Ring: Node ff15ac81eb0b541c81e090ce9f8663fb (host: np0000003899) handling event "create" for row 579deaef-6995-45de-8205-3b67f9ed5609 (table: Logical_Switch) {{(pid=87386) notify /opt/stack/neutron/neutron/plugins/ml2/drivers/ovn/mech_driver/ovsdb/ovsdb_monitor.py:1015}}
Jun 29 09:18:37.383206 np0000003899 devstack@neutron-api.service[87386]: DEBUG neutron.plugins.ml2.drivers.ovn.mech_driver.ovsdb.ovsdb_monitor [-] Hash Ring: Node ff15ac81eb0b541c81e090ce9f8663fb (host: np0000003899) handling event "create" for row 93bba153-ec78-4df2-8bc0-f44f6b80062e (table: Logical_Switch_Port) {{(pid=87386) notify /opt/stack/neutron/neutron/plugins/ml2/drivers/ovn/mech_driver/ovsdb/ovsdb_monitor.py:1015}}
Jun 29 09:18:37.383610 np0000003899 devstack@neutron-api.service[87386]: DEBUG neutron.plugins.ml2.drivers.ovn.mech_driver.ovsdb.ovsdb_monitor [-] Hash Ring: Node ff15ac81eb0b541c81e090ce9f8663fb (host: np0000003899) handling event "update" for row 93bba153-ec78-4df2-8bc0-f44f6b80062e (table: Logical_Switch_Port) {{(pid=87386) notify /opt/stack/neutron/neutron/plugins/ml2/drivers/ovn/mech_driver/ovsdb/ovsdb_monitor.py:1015}}
Jun 29 09:18:37.387452 np0000003899 devstack@neutron-api.service[87388]: DEBUG neutron.plugins.ml2.drivers.ovn.mech_driver.ovsdb.ovsdb_monitor [-] Hash Ring: Node fd392b7c7e0156ea9d0a12960421a332 (host: np0000003899) handling event "create" for row 93bba153-ec78-4df2-8bc0-f44f6b80062e (table: Logical_Switch_Port) {{(pid=87388) notify /opt/stack/neutron/neutron/plugins/ml2/drivers/ovn/mech_driver/ovsdb/ovsdb_monitor.py:1015}}
Jun 29 09:18:37.390348 np0000003899 devstack@neutron-api.service[87386]: DEBUG neutron.plugins.ml2.drivers.ovn.mech_driver.ovsdb.ovsdb_monitor [-] Hash Ring: Node ff15ac81eb0b541c81e090ce9f8663fb (host: np0000003899) handling event "create" for row ffafb75e-8b59-4d6a-a969-ffc2c6c354fc (table: Datapath_Binding) {{(pid=87386) notify /opt/stack/neutron/neutron/plugins/ml2/drivers/ovn/mech_driver/ovsdb/ovsdb_monitor.py:1015}}
Jun 29 09:18:37.390348 np0000003899 devstack@neutron-api.service[87386]: DEBUG neutron.plugins.ml2.drivers.ovn.mech_driver.ovsdb.ovsdb_monitor [-] Hash Ring: Node ff15ac81eb0b541c81e090ce9f8663fb (host: np0000003899) handling event "create" for row 6e8bc506-452e-46b9-8d4a-50e7dcb71fc2 (table: Port_Binding) {{(pid=87386) notify /opt/stack/neutron/neutron/plugins/ml2/drivers/ovn/mech_driver/ovsdb/ovsdb_monitor.py:1015}}
Jun 29 09:18:37.391765 np0000003899 devstack@neutron-api.service[87388]: DEBUG neutron.plugins.ml2.drivers.ovn.mech_driver.ovsdb.ovsdb_monitor [-] Hash Ring: Node fd392b7c7e0156ea9d0a12960421a332 (host: np0000003899) handling event "update" for row 93bba153-ec78-4df2-8bc0-f44f6b80062e (table: Logical_Switch_Port) {{(pid=87388) notify /opt/stack/neutron/neutron/plugins/ml2/drivers/ovn/mech_driver/ovsdb/ovsdb_monitor.py:1015}}
Jun 29 09:18:37.399791 np0000003899 devstack@neutron-api.service[87387]: DEBUG neutron.plugins.ml2.drivers.ovn.mech_driver.ovsdb.ovsdb_monitor [-] Hash Ring: Node eaaf4462315d57b4b5c21730e065abbc (host: np0000003899) handling event "create" for row 6e8bc506-452e-46b9-8d4a-50e7dcb71fc2 (table: Port_Binding) {{(pid=87387) notify /opt/stack/neutron/neutron/plugins/ml2/drivers/ovn/mech_driver/ovsdb/ovsdb_monitor.py:1015}}
Jun 29 09:18:37.417114 np0000003899 devstack@neutron-api.service[87387]: INFO neutron.db.ovn_revision_numbers_db [None req-b36df5c3-b2fb-4eb1-a296-9eb49faddabd admin admin] Successfully bumped revision number for resource 579deaef-6995-45de-8205-3b67f9ed5609 (type: networks) to 1
Jun 29 09:18:37.457618 np0000003899 devstack@neutron-api.service[87387]: DEBUG neutron_lib.callbacks.manager [None req-b36df5c3-b2fb-4eb1-a296-9eb49faddabd admin admin] Publish callbacks ['neutron.plugins.ml2.plugin.SecurityGroupDbMixin._ensure_default_security_group_handler-191110'] for port (None), before_create {{(pid=87387) _notify_loop /opt/stack/data/venv/lib/python3.12/site-packages/neutron_lib/callbacks/manager.py:184}}
Jun 29 09:18:37.536263 np0000003899 devstack@neutron-api.service[87387]: DEBUG neutron_lib.callbacks.manager [None req-b36df5c3-b2fb-4eb1-a296-9eb49faddabd admin admin] Publish callbacks ['neutron.plugins.ml2.drivers.ovn.mech_driver.mech_driver.OVNMechanismDriver._validate_allowed_address_pairs-331727'] for allowed_address_pair (e379a160-73ba-4f7b-a4c5-d3edc6cc9f15), before_create {{(pid=87387) _notify_loop /opt/stack/data/venv/lib/python3.12/site-packages/neutron_lib/callbacks/manager.py:184}}
Jun 29 09:18:37.536730 np0000003899 devstack@neutron-api.service[87387]: DEBUG neutron_lib.callbacks.manager [None req-b36df5c3-b2fb-4eb1-a296-9eb49faddabd admin admin] Publish callbacks [] for port (e379a160-73ba-4f7b-a4c5-d3edc6cc9f15), precommit_create {{(pid=87387) _notify_loop /opt/stack/data/venv/lib/python3.12/site-packages/neutron_lib/callbacks/manager.py:184}}
Jun 29 09:18:37.536889 np0000003899 devstack@neutron-api.service[87387]: DEBUG neutron.plugins.ml2.drivers.ovn.mech_driver.mech_driver [None req-b36df5c3-b2fb-4eb1-a296-9eb49faddabd admin admin] No provisioning block for port e379a160-73ba-4f7b-a4c5-d3edc6cc9f15 since it does not have a host {{(pid=87387) _is_port_provisioning_required /opt/stack/neutron/neutron/plugins/ml2/drivers/ovn/mech_driver/mech_driver.py:899}}
Jun 29 09:18:37.536994 np0000003899 devstack@neutron-api.service[87387]: DEBUG neutron.db.ovn_revision_numbers_db [None req-b36df5c3-b2fb-4eb1-a296-9eb49faddabd admin admin] create_initial_revision uuid=e379a160-73ba-4f7b-a4c5-d3edc6cc9f15, type=ports, rev=-1 {{(pid=87387) create_initial_revision /opt/stack/neutron/neutron/db/ovn_revision_numbers_db.py:98}}
Jun 29 09:18:37.576457 np0000003899 devstack@neutron-api.service[87387]: DEBUG neutron_lib.callbacks.manager [None req-b36df5c3-b2fb-4eb1-a296-9eb49faddabd admin admin] Publish callbacks ['neutron.plugins.ml2.ovo_rpc._ObjectChangeHandler.handle_event-6662614'] for port (e379a160-73ba-4f7b-a4c5-d3edc6cc9f15), after_create {{(pid=87387) _notify_loop /opt/stack/data/venv/lib/python3.12/site-packages/neutron_lib/callbacks/manager.py:184}}
Jun 29 09:18:37.622426 np0000003899 devstack@neutron-api.service[87387]: DEBUG neutron.api.rpc.handlers.resources_rpc [None req-b36df5c3-b2fb-4eb1-a296-9eb49faddabd admin admin] Pushing event updated for resources: {'Port': ['ID=e379a160-73ba-4f7b-a4c5-d3edc6cc9f15,revision_number=1']} {{(pid=87387) push /opt/stack/neutron/neutron/api/rpc/handlers/resources_rpc.py:237}}
Jun 29 09:18:37.649470 np0000003899 devstack@neutron-api.service[87387]: DEBUG neutron.plugins.ml2.drivers.ovn.mech_driver.ovsdb.commands [None req-b36df5c3-b2fb-4eb1-a296-9eb49faddabd admin admin] Converting tag [] to a tag_request {{(pid=87387) _tag_column_to_tag_request /opt/stack/neutron/neutron/plugins/ml2/drivers/ovn/mech_driver/ovsdb/commands.py:205}}
Jun 29 09:18:37.650265 np0000003899 devstack@neutron-api.service[87387]: DEBUG ovsdbapp.backend.ovs_idl.transaction [-] Running txn n=1 command(idx=0): AddLSwitchPortCommand(_result=None, lport=e379a160-73ba-4f7b-a4c5-d3edc6cc9f15, lswitch=neutron-579deaef-6995-45de-8205-3b67f9ed5609, may_exist=True, network_uuid=579deaef-6995-45de-8205-3b67f9ed5609, columns={'addresses': ['fa:16:3e:9a:77:fe'], 'external_ids': {'neutron:port_name': '', 'neutron:device_id': 'ovnmeta-579deaef-6995-45de-8205-3b67f9ed5609', 'neutron:project_id': 'cf0d00ef3671479ba276c041075eedd2', 'neutron:cidrs': '', 'neutron:device_owner': 'network:distributed', 'neutron:subnet_pool_addr_scope4': '', 'neutron:subnet_pool_addr_scope6': '', 'neutron:network_name': 'neutron-579deaef-6995-45de-8205-3b67f9ed5609', 'neutron:security_group_ids': '', 'neutron:revision_number': '1', 'neutron:vnic_type': 'normal', 'neutron:port_capabilities': '', 'neutron:mtu': '1430'}, 'parent_name': [], 'enabled': True, 'options': {}, 'type': 'localport', 'port_security': [], 'dhcpv4_options': [], 'dhcpv6_options': [], 'tag_request': []}) {{(pid=87387) do_commit /opt/stack/data/venv/lib/python3.12/site-packages/ovsdbapp/backend/ovs_idl/transaction.py:89}}
Jun 29 09:18:37.650807 np0000003899 devstack@neutron-api.service[87387]: DEBUG ovsdbapp.backend.ovs_idl.transaction [-] Running txn n=1 command(idx=1): QoSDelCommand(_result=None, switch=neutron-579deaef-6995-45de-8205-3b67f9ed5609, conditions=[('direction', '=', 'to-lport'), ('priority', '=', 2002), ('match', '=', 'outport == "e379a160-73ba-4f7b-a4c5-d3edc6cc9f15"')], if_exists=True) {{(pid=87387) do_commit /opt/stack/data/venv/lib/python3.12/site-packages/ovsdbapp/backend/ovs_idl/transaction.py:89}}
Jun 29 09:18:37.650975 np0000003899 devstack@neutron-api.service[87387]: DEBUG ovsdbapp.backend.ovs_idl.transaction [-] Running txn n=1 command(idx=2): QoSDelCommand(_result=None, switch=neutron-579deaef-6995-45de-8205-3b67f9ed5609, conditions=[('direction', '=', 'from-lport'), ('priority', '=', 2002), ('match', '=', 'inport == "e379a160-73ba-4f7b-a4c5-d3edc6cc9f15"')], if_exists=True) {{(pid=87387) do_commit /opt/stack/data/venv/lib/python3.12/site-packages/ovsdbapp/backend/ovs_idl/transaction.py:89}}
Jun 29 09:18:37.651129 np0000003899 devstack@neutron-api.service[87387]: DEBUG ovsdbapp.backend.ovs_idl.transaction [-] Running txn n=1 command(idx=3): UpdateLSwitchPortQosOptionsCommand(_result=None, lport=AddLSwitchPortCommand(_result=103ea061-8c0f-4a0f-b950-c7ee0a5a3423, lport=e379a160-73ba-4f7b-a4c5-d3edc6cc9f15, lswitch=neutron-579deaef-6995-45de-8205-3b67f9ed5609, may_exist=True, network_uuid=579deaef-6995-45de-8205-3b67f9ed5609, columns={'addresses': ['fa:16:3e:9a:77:fe'], 'external_ids': {'neutron:port_name': '', 'neutron:device_id': 'ovnmeta-579deaef-6995-45de-8205-3b67f9ed5609', 'neutron:project_id': 'cf0d00ef3671479ba276c041075eedd2', 'neutron:cidrs': '', 'neutron:device_owner': 'network:distributed', 'neutron:subnet_pool_addr_scope4': '', 'neutron:subnet_pool_addr_scope6': '', 'neutron:network_name': 'neutron-579deaef-6995-45de-8205-3b67f9ed5609', 'neutron:security_group_ids': '', 'neutron:revision_number': '1', 'neutron:vnic_type': 'normal', 'neutron:port_capabilities': '', 'neutron:mtu': '1430'}, 'parent_name': [], 'enabled': True, 'options': {}, 'type': 'localport', 'port_security': [], 'tag_request': []}), if_exists=True, qos={'qos_max_rate': None, 'qos_burst': None, 'qos_min_rate': None}) {{(pid=87387) do_commit /opt/stack/data/venv/lib/python3.12/site-packages/ovsdbapp/backend/ovs_idl/transaction.py:89}}
Jun 29 09:18:37.654156 np0000003899 devstack@neutron-api.service[87386]: DEBUG neutron.plugins.ml2.drivers.ovn.mech_driver.ovsdb.ovsdb_monitor [-] Hash Ring: Node ff15ac81eb0b541c81e090ce9f8663fb (host: np0000003899) handling event "update" for row 579deaef-6995-45de-8205-3b67f9ed5609 (table: Logical_Switch) {{(pid=87386) notify /opt/stack/neutron/neutron/plugins/ml2/drivers/ovn/mech_driver/ovsdb/ovsdb_monitor.py:1015}}
Jun 29 09:18:37.654330 np0000003899 devstack@neutron-api.service[87386]: DEBUG neutron.plugins.ml2.drivers.ovn.mech_driver.ovsdb.ovsdb_monitor [-] Hash Ring: Node ff15ac81eb0b541c81e090ce9f8663fb (host: np0000003899) handling event "create" for row 646f7173-d40e-488b-9b49-761954301dfe (table: Logical_Switch_Port) {{(pid=87386) notify /opt/stack/neutron/neutron/plugins/ml2/drivers/ovn/mech_driver/ovsdb/ovsdb_monitor.py:1015}}
Jun 29 09:18:37.655118 np0000003899 devstack@neutron-api.service[87386]: DEBUG ovsdbapp.backend.ovs_idl.event [-] Matched CREATE: LogicalSwitchPortCreateEvent(events=('create',), table='Logical_Switch_Port', conditions=[], old_conditions=None), priority=20 to row=Logical_Switch_Port(uuid=646f7173-d40e-488b-9b49-761954301dfe, addresses=['fa:16:3e:9a:77:fe'], dhcpv4_options=[], dhcpv6_options=[], dynamic_addresses=[], enabled=True, external_ids={'neutron:cidrs': '', 'neutron:device_id': 'ovnmeta-579deaef-6995-45de-8205-3b67f9ed5609', 'neutron:device_owner': 'network:distributed', 'neutron:mtu': '1430', 'neutron:network_name': 'neutron-579deaef-6995-45de-8205-3b67f9ed5609', 'neutron:port_capabilities': '', 'neutron:port_name': '', 'neutron:project_id': 'cf0d00ef3671479ba276c041075eedd2', 'neutron:revision_number': '1', 'neutron:security_group_ids': '', 'neutron:subnet_pool_addr_scope4': '', 'neutron:subnet_pool_addr_scope6': '', 'neutron:vnic_type': 'normal'}, ha_chassis_group=[], mirror_rules=[], name='e379a160-73ba-4f7b-a4c5-d3edc6cc9f15', options={}, parent_name=[], port_security=[], tag=[], tag_request=[], type='localport', up=[]) old= {{(pid=87386) matches /opt/stack/data/venv/lib/python3.12/site-packages/ovsdbapp/backend/ovs_idl/event.py:55}}
Jun 29 09:18:37.656989 np0000003899 devstack@neutron-api.service[87387]: DEBUG neutron.plugins.ml2.drivers.ovn.mech_driver.ovsdb.ovsdb_monitor [-] Hash Ring: Node eaaf4462315d57b4b5c21730e065abbc (host: np0000003899) handling event "create" for row eb9f479e-ba75-4c1f-9794-3105c975cc5d (table: Port_Binding) {{(pid=87387) notify /opt/stack/neutron/neutron/plugins/ml2/drivers/ovn/mech_driver/ovsdb/ovsdb_monitor.py:1015}}
Jun 29 09:18:37.657161 np0000003899 devstack@neutron-api.service[87386]: INFO neutron.plugins.ml2.drivers.ovn.mech_driver.mech_driver [None req-919ae739-789c-4c47-98ba-3f197e357406 None None] OVN reports status down for port: e379a160-73ba-4f7b-a4c5-d3edc6cc9f15
Jun 29 09:18:37.657704 np0000003899 devstack@neutron-api.service[87387]: DEBUG neutron.plugins.ml2.drivers.ovn.mech_driver.ovsdb.ovsdb_monitor [-] Hash Ring: Node eaaf4462315d57b4b5c21730e065abbc (host: np0000003899) handling event "create" for row 646f7173-d40e-488b-9b49-761954301dfe (table: Logical_Switch_Port) {{(pid=87387) notify /opt/stack/neutron/neutron/plugins/ml2/drivers/ovn/mech_driver/ovsdb/ovsdb_monitor.py:1015}}
Jun 29 09:18:37.659112 np0000003899 devstack@neutron-api.service[87387]: DEBUG ovsdbapp.backend.ovs_idl.event [-] Matched CREATE: LogicalSwitchPortCreateEvent(events=('create',), table='Logical_Switch_Port', conditions=[], old_conditions=None), priority=20 to row=Logical_Switch_Port(uuid=646f7173-d40e-488b-9b49-761954301dfe, addresses=['fa:16:3e:9a:77:fe'], dhcpv4_options=[], dhcpv6_options=[], dynamic_addresses=[], enabled=True, external_ids={'neutron:cidrs': '', 'neutron:device_id': 'ovnmeta-579deaef-6995-45de-8205-3b67f9ed5609', 'neutron:device_owner': 'network:distributed', 'neutron:mtu': '1430', 'neutron:network_name': 'neutron-579deaef-6995-45de-8205-3b67f9ed5609', 'neutron:port_capabilities': '', 'neutron:port_name': '', 'neutron:project_id': 'cf0d00ef3671479ba276c041075eedd2', 'neutron:revision_number': '1', 'neutron:security_group_ids': '', 'neutron:subnet_pool_addr_scope4': '', 'neutron:subnet_pool_addr_scope6': '', 'neutron:vnic_type': 'normal'}, ha_chassis_group=[], mirror_rules=[], name='e379a160-73ba-4f7b-a4c5-d3edc6cc9f15', options={}, parent_name=[], port_security=[], tag=[], tag_request=[], type='localport', up=[]) old= {{(pid=87387) matches /opt/stack/data/venv/lib/python3.12/site-packages/ovsdbapp/backend/ovs_idl/event.py:55}}
Jun 29 09:18:37.659311 np0000003899 devstack@neutron-api.service[87386]: DEBUG neutron.plugins.ml2.drivers.ovn.mech_driver.ovsdb.ovsdb_monitor [-] Hash Ring: Node ff15ac81eb0b541c81e090ce9f8663fb (host: np0000003899) handling event "create" for row eb9f479e-ba75-4c1f-9794-3105c975cc5d (table: Port_Binding) {{(pid=87386) notify /opt/stack/neutron/neutron/plugins/ml2/drivers/ovn/mech_driver/ovsdb/ovsdb_monitor.py:1015}}
Jun 29 09:18:37.660397 np0000003899 devstack@neutron-api.service[87387]: DEBUG neutron.plugins.ml2.drivers.ovn.mech_driver.ovsdb.ovsdb_monitor [-] Hash Ring: Node eaaf4462315d57b4b5c21730e065abbc (host: np0000003899) handling event "update" for row 646f7173-d40e-488b-9b49-761954301dfe (table: Logical_Switch_Port) {{(pid=87387) notify /opt/stack/neutron/neutron/plugins/ml2/drivers/ovn/mech_driver/ovsdb/ovsdb_monitor.py:1015}}
Jun 29 09:18:37.666354 np0000003899 devstack@neutron-api.service[87386]: DEBUG neutron.plugins.ml2.drivers.ovn.mech_driver.ovsdb.ovsdb_monitor [-] Hash Ring: Node ff15ac81eb0b541c81e090ce9f8663fb (host: np0000003899) handling event "update" for row 646f7173-d40e-488b-9b49-761954301dfe (table: Logical_Switch_Port) {{(pid=87386) notify /opt/stack/neutron/neutron/plugins/ml2/drivers/ovn/mech_driver/ovsdb/ovsdb_monitor.py:1015}}
Jun 29 09:18:37.668168 np0000003899 devstack@neutron-api.service[87387]: INFO neutron.plugins.ml2.drivers.ovn.mech_driver.mech_driver [None req-9ce7d7ed-8d5a-43fb-ad2b-af5bef3178fe None None] OVN reports status down for port: e379a160-73ba-4f7b-a4c5-d3edc6cc9f15
Jun 29 09:18:37.679417 np0000003899 devstack@neutron-api.service[87386]: DEBUG neutron.db.provisioning_blocks [None req-919ae739-789c-4c47-98ba-3f197e357406 None None] Transition to ACTIVE for port object e379a160-73ba-4f7b-a4c5-d3edc6cc9f15 will not be triggered until provisioned by entity L2. {{(pid=87386) add_provisioning_component /opt/stack/neutron/neutron/db/provisioning_blocks.py:74}}
Jun 29 09:18:37.699226 np0000003899 devstack@neutron-api.service[87386]: DEBUG neutron.plugins.ml2.plugin [None req-919ae739-789c-4c47-98ba-3f197e357406 None None] Current status of the port e379a160-73ba-4f7b-a4c5-d3edc6cc9f15 is: DOWN; New status is: DOWN {{(pid=87386) _update_individual_port_db_status /opt/stack/neutron/neutron/plugins/ml2/plugin.py:2473}}
Jun 29 09:18:37.700845 np0000003899 devstack@neutron-api.service[87386]: DEBUG ovsdbapp.backend.ovs_idl.transaction [-] Running txn n=1 command(idx=0): DbRemoveCommand(_result=None, table=Logical_Switch_Port, record=e379a160-73ba-4f7b-a4c5-d3edc6cc9f15, column=external_ids, values=('neutron:host_id',), keyvalues={}, if_exists=True) {{(pid=87386) do_commit /opt/stack/data/venv/lib/python3.12/site-packages/ovsdbapp/backend/ovs_idl/transaction.py:89}}
Jun 29 09:18:37.701231 np0000003899 devstack@neutron-api.service[87387]: INFO neutron.db.ovn_revision_numbers_db [None req-b36df5c3-b2fb-4eb1-a296-9eb49faddabd admin admin] Successfully bumped revision number for resource e379a160-73ba-4f7b-a4c5-d3edc6cc9f15 (type: ports) to 1
Jun 29 09:18:37.712688 np0000003899 devstack@neutron-api.service[87387]: DEBUG neutron.pecan_wsgi.hooks.policy_enforcement [None req-b36df5c3-b2fb-4eb1-a296-9eb49faddabd admin admin] Attributes excluded by policy engine: ['standard_attr_id'] {{(pid=87387) _exclude_attributes_by_policy /opt/stack/neutron/neutron/pecan_wsgi/hooks/policy_enforcement.py:259}}
Jun 29 09:18:37.713157 np0000003899 devstack@neutron-api.service[87387]: DEBUG neutron_lib.callbacks.manager [None req-b36df5c3-b2fb-4eb1-a296-9eb49faddabd admin admin] Publish callbacks [] for network (None), before_response {{(pid=87387) _notify_loop /opt/stack/data/venv/lib/python3.12/site-packages/neutron_lib/callbacks/manager.py:184}}
Jun 29 09:18:37.731049 np0000003899 devstack@neutron-api.service[87387]: [pid: 87387|app: 0|req: 5/16] 10.4.3.162 () {68 vars in 1327 bytes} [Mon Jun 29 09:18:36 2026] POST /networking/v2.0/networks => generated 679 bytes in 758 msecs (HTTP/1.1 201) 4 headers in 162 bytes (1 switches on core 0)
Jun 29 09:18:37.734552 np0000003899 devstack@neutron-api.service[87387]: DEBUG neutron.db.provisioning_blocks [None req-9ce7d7ed-8d5a-43fb-ad2b-af5bef3178fe None None] Ignored duplicate provisioning block setup for port e379a160-73ba-4f7b-a4c5-d3edc6cc9f15 by entity L2. {{(pid=87387) add_provisioning_component /opt/stack/neutron/neutron/db/provisioning_blocks.py:69}}
Jun 29 09:18:37.750326 np0000003899 devstack@neutron-api.service[87387]: DEBUG neutron.plugins.ml2.plugin [None req-9ce7d7ed-8d5a-43fb-ad2b-af5bef3178fe None None] Current status of the port e379a160-73ba-4f7b-a4c5-d3edc6cc9f15 is: DOWN; New status is: DOWN {{(pid=87387) _update_individual_port_db_status /opt/stack/neutron/neutron/plugins/ml2/plugin.py:2473}}
Jun 29 09:18:37.751571 np0000003899 devstack@neutron-api.service[87387]: DEBUG ovsdbapp.backend.ovs_idl.transaction [-] Running txn n=1 command(idx=0): DbRemoveCommand(_result=None, table=Logical_Switch_Port, record=e379a160-73ba-4f7b-a4c5-d3edc6cc9f15, column=external_ids, values=('neutron:host_id',), keyvalues={}, if_exists=True) {{(pid=87387) do_commit /opt/stack/data/venv/lib/python3.12/site-packages/ovsdbapp/backend/ovs_idl/transaction.py:89}}
Jun 29 09:18:37.956934 np0000003899 devstack@neutron-api.service[87386]: DEBUG neutron.pecan_wsgi.hooks.policy_enforcement [None req-67022df6-ec8c-46ba-94de-196b09988cd9 admin admin] Attributes excluded by policy engine: ['standard_attr_id', 'shared'] {{(pid=87386) _exclude_attributes_by_policy /opt/stack/neutron/neutron/pecan_wsgi/hooks/policy_enforcement.py:259}}
Jun 29 09:18:37.957987 np0000003899 devstack@neutron-api.service[87386]: [pid: 87386|app: 0|req: 7/17] 10.4.3.162 () {64 vars in 1381 bytes} [Mon Jun 29 09:18:37 2026] GET /networking/v2.0/subnets/93e0c642-4c3c-4c30-b2dd-968c85211467 => generated 666 bytes in 18 msecs (HTTP/1.1 200) 4 headers in 157 bytes (1 switches on core 0)
Jun 29 09:18:37.969044 np0000003899 devstack@neutron-api.service[87388]: DEBUG neutron.api.wsgi [None req-7f3f2561-c793-44de-8279-9f2c1d01a00c admin admin] Missing Content-Type {{(pid=87388) get_content_type /opt/stack/neutron/neutron/api/wsgi.py:80}}
Jun 29 09:18:38.061824 np0000003899 devstack@neutron-api.service[87388]: [pid: 87388|app: 0|req: 6/18] 10.4.3.162 () {64 vars in 1381 bytes} [Mon Jun 29 09:18:37 2026] GET /networking/v2.0/routers/cbfb9b47-f296-464d-8814-77fa58b1ced5 => generated 599 bytes in 95 msecs (HTTP/1.1 200) 4 headers in 157 bytes (1 switches on core 0)
Jun 29 09:18:38.216495 np0000003899 devstack@neutron-api.service[87387]: DEBUG neutron_lib.callbacks.manager [None req-dc76ddd9-ca58-4784-9512-96d026da25fc admin admin] Publish callbacks ['neutron.plugins.ml2.plugin.SecurityGroupDbMixin._ensure_default_security_group_handler-191110'] for port (None), before_create {{(pid=87387) _notify_loop /opt/stack/data/venv/lib/python3.12/site-packages/neutron_lib/callbacks/manager.py:184}}
Jun 29 09:18:38.323898 np0000003899 devstack@neutron-api.service[87387]: DEBUG neutron.db.db_base_plugin_common [None req-dc76ddd9-ca58-4784-9512-96d026da25fc admin admin] Allocated IP 10.1.0.1 (2602828f-75ca-4518-90df-c8b9f2b26278/93e0c642-4c3c-4c30-b2dd-968c85211467/cb9142ca-0503-4fbe-a774-acf80089358f) {{(pid=87387) _store_ip_allocation /opt/stack/neutron/neutron/db/db_base_plugin_common.py:131}}
Jun 29 09:18:38.379840 np0000003899 devstack@neutron-api.service[87387]: DEBUG neutron_lib.callbacks.manager [None req-dc76ddd9-ca58-4784-9512-96d026da25fc admin admin] Publish callbacks ['neutron.plugins.ml2.drivers.ovn.mech_driver.mech_driver.OVNMechanismDriver._validate_allowed_address_pairs-331727'] for allowed_address_pair (cb9142ca-0503-4fbe-a774-acf80089358f), before_create {{(pid=87387) _notify_loop /opt/stack/data/venv/lib/python3.12/site-packages/neutron_lib/callbacks/manager.py:184}}
Jun 29 09:18:38.380458 np0000003899 devstack@neutron-api.service[87387]: DEBUG neutron_lib.callbacks.manager [None req-dc76ddd9-ca58-4784-9512-96d026da25fc admin admin] Publish callbacks [] for port (cb9142ca-0503-4fbe-a774-acf80089358f), precommit_create {{(pid=87387) _notify_loop /opt/stack/data/venv/lib/python3.12/site-packages/neutron_lib/callbacks/manager.py:184}}
Jun 29 09:18:38.380706 np0000003899 devstack@neutron-api.service[87387]: DEBUG neutron.plugins.ml2.drivers.ovn.mech_driver.mech_driver [None req-dc76ddd9-ca58-4784-9512-96d026da25fc admin admin] No provisioning block for port cb9142ca-0503-4fbe-a774-acf80089358f since it does not have a host {{(pid=87387) _is_port_provisioning_required /opt/stack/neutron/neutron/plugins/ml2/drivers/ovn/mech_driver/mech_driver.py:899}}
Jun 29 09:18:38.380849 np0000003899 devstack@neutron-api.service[87387]: DEBUG neutron.db.ovn_revision_numbers_db [None req-dc76ddd9-ca58-4784-9512-96d026da25fc admin admin] create_initial_revision uuid=cb9142ca-0503-4fbe-a774-acf80089358f, type=ports, rev=-1 {{(pid=87387) create_initial_revision /opt/stack/neutron/neutron/db/ovn_revision_numbers_db.py:98}}
Jun 29 09:18:38.439869 np0000003899 devstack@neutron-api.service[87387]: DEBUG neutron.db.ovn_revision_numbers_db [None req-dc76ddd9-ca58-4784-9512-96d026da25fc admin admin] create_initial_revision uuid=cb9142ca-0503-4fbe-a774-acf80089358f, type=router_ports, rev=-1 {{(pid=87387) create_initial_revision /opt/stack/neutron/neutron/db/ovn_revision_numbers_db.py:98}}
Jun 29 09:18:38.462261 np0000003899 devstack@neutron-api.service[87387]: DEBUG neutron_lib.callbacks.manager [None req-dc76ddd9-ca58-4784-9512-96d026da25fc admin admin] Publish callbacks ['neutron.plugins.ml2.ovo_rpc._ObjectChangeHandler.handle_event-6662614'] for port (cb9142ca-0503-4fbe-a774-acf80089358f), after_create {{(pid=87387) _notify_loop /opt/stack/data/venv/lib/python3.12/site-packages/neutron_lib/callbacks/manager.py:184}}
Jun 29 09:18:38.482314 np0000003899 devstack@neutron-api.service[87387]: DEBUG neutron.api.rpc.handlers.resources_rpc [None req-dc76ddd9-ca58-4784-9512-96d026da25fc admin admin] Pushing event updated for resources: {'Port': ['ID=cb9142ca-0503-4fbe-a774-acf80089358f,revision_number=1']} {{(pid=87387) push /opt/stack/neutron/neutron/api/rpc/handlers/resources_rpc.py:237}}
Jun 29 09:18:38.534512 np0000003899 devstack@neutron-api.service[87387]: DEBUG neutron.plugins.ml2.drivers.ovn.mech_driver.ovsdb.commands [None req-dc76ddd9-ca58-4784-9512-96d026da25fc admin admin] Converting tag [] to a tag_request {{(pid=87387) _tag_column_to_tag_request /opt/stack/neutron/neutron/plugins/ml2/drivers/ovn/mech_driver/ovsdb/commands.py:205}}
Jun 29 09:18:38.535321 np0000003899 devstack@neutron-api.service[87387]: DEBUG ovsdbapp.backend.ovs_idl.transaction [-] Running txn n=1 command(idx=0): AddLSwitchPortCommand(_result=None, lport=cb9142ca-0503-4fbe-a774-acf80089358f, lswitch=neutron-2602828f-75ca-4518-90df-c8b9f2b26278, may_exist=True, network_uuid=2602828f-75ca-4518-90df-c8b9f2b26278, columns={'addresses': ['unknown'], 'external_ids': {'neutron:port_name': '', 'neutron:device_id': 'cbfb9b47-f296-464d-8814-77fa58b1ced5', 'neutron:project_id': 'cf0d00ef3671479ba276c041075eedd2', 'neutron:cidrs': '10.1.0.1/26', 'neutron:device_owner': 'network:router_interface', 'neutron:subnet_pool_addr_scope4': '', 'neutron:subnet_pool_addr_scope6': '', 'neutron:network_name': 'neutron-2602828f-75ca-4518-90df-c8b9f2b26278', 'neutron:security_group_ids': '', 'neutron:revision_number': '1', 'neutron:vnic_type': 'normal', 'neutron:port_capabilities': '', 'neutron:mtu': ''}, 'parent_name': [], 'enabled': True, 'options': {}, 'type': '', 'port_security': [], 'dhcpv4_options': [], 'dhcpv6_options': [], 'tag_request': []}) {{(pid=87387) do_commit /opt/stack/data/venv/lib/python3.12/site-packages/ovsdbapp/backend/ovs_idl/transaction.py:89}}
Jun 29 09:18:38.535813 np0000003899 devstack@neutron-api.service[87387]: DEBUG ovsdbapp.backend.ovs_idl.transaction [-] Running txn n=1 command(idx=1): QoSDelCommand(_result=None, switch=neutron-2602828f-75ca-4518-90df-c8b9f2b26278, conditions=[('direction', '=', 'to-lport'), ('priority', '=', 2002), ('match', '=', 'outport == "cb9142ca-0503-4fbe-a774-acf80089358f"')], if_exists=True) {{(pid=87387) do_commit /opt/stack/data/venv/lib/python3.12/site-packages/ovsdbapp/backend/ovs_idl/transaction.py:89}}
Jun 29 09:18:38.535976 np0000003899 devstack@neutron-api.service[87387]: DEBUG ovsdbapp.backend.ovs_idl.transaction [-] Running txn n=1 command(idx=2): QoSDelCommand(_result=None, switch=neutron-2602828f-75ca-4518-90df-c8b9f2b26278, conditions=[('direction', '=', 'from-lport'), ('priority', '=', 2002), ('match', '=', 'inport == "cb9142ca-0503-4fbe-a774-acf80089358f"')], if_exists=True) {{(pid=87387) do_commit /opt/stack/data/venv/lib/python3.12/site-packages/ovsdbapp/backend/ovs_idl/transaction.py:89}}
Jun 29 09:18:38.545752 np0000003899 devstack@neutron-api.service[87387]: DEBUG neutron.plugins.ml2.drivers.ovn.mech_driver.ovsdb.ovsdb_monitor [-] Hash Ring: Node eaaf4462315d57b4b5c21730e065abbc (host: np0000003899) handling event "create" for row a23f1cf0-0e76-4d31-87ff-e368c60f1d68 (table: Logical_Switch_Port) {{(pid=87387) notify /opt/stack/neutron/neutron/plugins/ml2/drivers/ovn/mech_driver/ovsdb/ovsdb_monitor.py:1015}}
Jun 29 09:18:38.546077 np0000003899 devstack@neutron-api.service[87386]: DEBUG neutron.plugins.ml2.drivers.ovn.mech_driver.ovsdb.ovsdb_monitor [-] Hash Ring: Node ff15ac81eb0b541c81e090ce9f8663fb (host: np0000003899) handling event "update" for row 2602828f-75ca-4518-90df-c8b9f2b26278 (table: Logical_Switch) {{(pid=87386) notify /opt/stack/neutron/neutron/plugins/ml2/drivers/ovn/mech_driver/ovsdb/ovsdb_monitor.py:1015}}
Jun 29 09:18:38.546716 np0000003899 devstack@neutron-api.service[87388]: DEBUG neutron.plugins.ml2.drivers.ovn.mech_driver.ovsdb.ovsdb_monitor [-] Hash Ring: Node fd392b7c7e0156ea9d0a12960421a332 (host: np0000003899) handling event "update" for row 2602828f-75ca-4518-90df-c8b9f2b26278 (table: Logical_Switch) {{(pid=87388) notify /opt/stack/neutron/neutron/plugins/ml2/drivers/ovn/mech_driver/ovsdb/ovsdb_monitor.py:1015}}
Jun 29 09:18:38.547106 np0000003899 devstack@neutron-api.service[87386]: DEBUG neutron.plugins.ml2.drivers.ovn.mech_driver.ovsdb.ovsdb_monitor [-] Hash Ring: Node ff15ac81eb0b541c81e090ce9f8663fb (host: np0000003899) handling event "create" for row a23f1cf0-0e76-4d31-87ff-e368c60f1d68 (table: Logical_Switch_Port) {{(pid=87386) notify /opt/stack/neutron/neutron/plugins/ml2/drivers/ovn/mech_driver/ovsdb/ovsdb_monitor.py:1015}}
Jun 29 09:18:38.547476 np0000003899 devstack@neutron-api.service[87387]: DEBUG ovsdbapp.backend.ovs_idl.event [-] Matched CREATE: LogicalSwitchPortCreateEvent(events=('create',), table='Logical_Switch_Port', conditions=[], old_conditions=None), priority=20 to row=Logical_Switch_Port(uuid=a23f1cf0-0e76-4d31-87ff-e368c60f1d68, addresses=['unknown'], dhcpv4_options=[], dhcpv6_options=[], dynamic_addresses=[], enabled=True, external_ids={'neutron:cidrs': '10.1.0.1/26', 'neutron:device_id': 'cbfb9b47-f296-464d-8814-77fa58b1ced5', 'neutron:device_owner': 'network:router_interface', 'neutron:mtu': '', 'neutron:network_name': 'neutron-2602828f-75ca-4518-90df-c8b9f2b26278', 'neutron:port_capabilities': '', 'neutron:port_name': '', 'neutron:project_id': 'cf0d00ef3671479ba276c041075eedd2', 'neutron:revision_number': '1', 'neutron:security_group_ids': '', 'neutron:subnet_pool_addr_scope4': '', 'neutron:subnet_pool_addr_scope6': '', 'neutron:vnic_type': 'normal'}, ha_chassis_group=[], mirror_rules=[], name='cb9142ca-0503-4fbe-a774-acf80089358f', options={}, parent_name=[], port_security=[], tag=[], tag_request=[], type='', up=[]) old= {{(pid=87387) matches /opt/stack/data/venv/lib/python3.12/site-packages/ovsdbapp/backend/ovs_idl/event.py:55}}
Jun 29 09:18:38.547648 np0000003899 devstack@neutron-api.service[87386]: DEBUG ovsdbapp.backend.ovs_idl.event [-] Matched CREATE: LogicalSwitchPortCreateEvent(events=('create',), table='Logical_Switch_Port', conditions=[], old_conditions=None), priority=20 to row=Logical_Switch_Port(uuid=a23f1cf0-0e76-4d31-87ff-e368c60f1d68, addresses=['unknown'], dhcpv4_options=[], dhcpv6_options=[], dynamic_addresses=[], enabled=True, external_ids={'neutron:cidrs': '10.1.0.1/26', 'neutron:device_id': 'cbfb9b47-f296-464d-8814-77fa58b1ced5', 'neutron:device_owner': 'network:router_interface', 'neutron:mtu': '', 'neutron:network_name': 'neutron-2602828f-75ca-4518-90df-c8b9f2b26278', 'neutron:port_capabilities': '', 'neutron:port_name': '', 'neutron:project_id': 'cf0d00ef3671479ba276c041075eedd2', 'neutron:revision_number': '1', 'neutron:security_group_ids': '', 'neutron:subnet_pool_addr_scope4': '', 'neutron:subnet_pool_addr_scope6': '', 'neutron:vnic_type': 'normal'}, ha_chassis_group=[], mirror_rules=[], name='cb9142ca-0503-4fbe-a774-acf80089358f', options={}, parent_name=[], port_security=[], tag=[], tag_request=[], type='', up=[]) old= {{(pid=87386) matches /opt/stack/data/venv/lib/python3.12/site-packages/ovsdbapp/backend/ovs_idl/event.py:55}}
Jun 29 09:18:38.549464 np0000003899 devstack@neutron-api.service[87387]: INFO neutron.plugins.ml2.drivers.ovn.mech_driver.mech_driver [None req-9ce7d7ed-8d5a-43fb-ad2b-af5bef3178fe None None] OVN reports status down for port: cb9142ca-0503-4fbe-a774-acf80089358f
Jun 29 09:18:38.550229 np0000003899 devstack@neutron-api.service[87386]: DEBUG neutron.plugins.ml2.drivers.ovn.mech_driver.ovsdb.ovsdb_monitor [-] Hash Ring: Node ff15ac81eb0b541c81e090ce9f8663fb (host: np0000003899) handling event "update" for row a23f1cf0-0e76-4d31-87ff-e368c60f1d68 (table: Logical_Switch_Port) {{(pid=87386) notify /opt/stack/neutron/neutron/plugins/ml2/drivers/ovn/mech_driver/ovsdb/ovsdb_monitor.py:1015}}
Jun 29 09:18:38.551044 np0000003899 devstack@neutron-api.service[87387]: DEBUG neutron.plugins.ml2.drivers.ovn.mech_driver.ovsdb.ovsdb_monitor [-] Hash Ring: Node eaaf4462315d57b4b5c21730e065abbc (host: np0000003899) handling event "update" for row a23f1cf0-0e76-4d31-87ff-e368c60f1d68 (table: Logical_Switch_Port) {{(pid=87387) notify /opt/stack/neutron/neutron/plugins/ml2/drivers/ovn/mech_driver/ovsdb/ovsdb_monitor.py:1015}}
Jun 29 09:18:38.551209 np0000003899 devstack@neutron-api.service[87386]: INFO neutron.plugins.ml2.drivers.ovn.mech_driver.mech_driver [None req-919ae739-789c-4c47-98ba-3f197e357406 None None] OVN reports status down for port: cb9142ca-0503-4fbe-a774-acf80089358f
Jun 29 09:18:38.552771 np0000003899 devstack@neutron-api.service[87386]: DEBUG neutron.plugins.ml2.drivers.ovn.mech_driver.ovsdb.ovsdb_monitor [-] Hash Ring: Node ff15ac81eb0b541c81e090ce9f8663fb (host: np0000003899) handling event "create" for row c43404f4-8cb6-46c3-9dda-ec5f689bf03c (table: Port_Binding) {{(pid=87386) notify /opt/stack/neutron/neutron/plugins/ml2/drivers/ovn/mech_driver/ovsdb/ovsdb_monitor.py:1015}}
Jun 29 09:18:38.588689 np0000003899 devstack@neutron-api.service[87386]: DEBUG neutron.db.provisioning_blocks [None req-919ae739-789c-4c47-98ba-3f197e357406 None None] Transition to ACTIVE for port object cb9142ca-0503-4fbe-a774-acf80089358f will not be triggered until provisioned by entity L2. {{(pid=87386) add_provisioning_component /opt/stack/neutron/neutron/db/provisioning_blocks.py:74}}
Jun 29 09:18:38.592768 np0000003899 devstack@neutron-api.service[87387]: DEBUG neutron.db.provisioning_blocks [None req-9ce7d7ed-8d5a-43fb-ad2b-af5bef3178fe None None] Ignored duplicate provisioning block setup for port cb9142ca-0503-4fbe-a774-acf80089358f by entity L2. {{(pid=87387) add_provisioning_component /opt/stack/neutron/neutron/db/provisioning_blocks.py:69}}
Jun 29 09:18:38.596058 np0000003899 devstack@neutron-api.service[87387]: INFO neutron.db.ovn_revision_numbers_db [None req-dc76ddd9-ca58-4784-9512-96d026da25fc admin admin] Successfully bumped revision number for resource cb9142ca-0503-4fbe-a774-acf80089358f (type: ports) to 1
Jun 29 09:18:38.606175 np0000003899 devstack@neutron-api.service[87386]: DEBUG neutron.plugins.ml2.plugin [None req-919ae739-789c-4c47-98ba-3f197e357406 None None] Current status of the port cb9142ca-0503-4fbe-a774-acf80089358f is: DOWN; New status is: DOWN {{(pid=87386) _update_individual_port_db_status /opt/stack/neutron/neutron/plugins/ml2/plugin.py:2473}}
Jun 29 09:18:38.607095 np0000003899 devstack@neutron-api.service[87386]: DEBUG ovsdbapp.backend.ovs_idl.transaction [-] Running txn n=1 command(idx=0): DbRemoveCommand(_result=None, table=Logical_Switch_Port, record=cb9142ca-0503-4fbe-a774-acf80089358f, column=external_ids, values=('neutron:host_id',), keyvalues={}, if_exists=True) {{(pid=87386) do_commit /opt/stack/data/venv/lib/python3.12/site-packages/ovsdbapp/backend/ovs_idl/transaction.py:89}}
Jun 29 09:18:38.613559 np0000003899 devstack@neutron-api.service[87387]: DEBUG neutron_lib.callbacks.manager [None req-dc76ddd9-ca58-4784-9512-96d026da25fc admin admin] Publish callbacks [] for router_interface (cbfb9b47-f296-464d-8814-77fa58b1ced5), before_create {{(pid=87387) _notify_loop /opt/stack/data/venv/lib/python3.12/site-packages/neutron_lib/callbacks/manager.py:184}}
Jun 29 09:18:38.630532 np0000003899 devstack@neutron-api.service[87387]: DEBUG neutron.plugins.ml2.plugin [None req-9ce7d7ed-8d5a-43fb-ad2b-af5bef3178fe None None] Current status of the port cb9142ca-0503-4fbe-a774-acf80089358f is: DOWN; New status is: DOWN {{(pid=87387) _update_individual_port_db_status /opt/stack/neutron/neutron/plugins/ml2/plugin.py:2473}}
Jun 29 09:18:38.634087 np0000003899 devstack@neutron-api.service[87387]: DEBUG ovsdbapp.backend.ovs_idl.transaction [-] Running txn n=1 command(idx=0): DbRemoveCommand(_result=None, table=Logical_Switch_Port, record=cb9142ca-0503-4fbe-a774-acf80089358f, column=external_ids, values=('neutron:host_id',), keyvalues={}, if_exists=True) {{(pid=87387) do_commit /opt/stack/data/venv/lib/python3.12/site-packages/ovsdbapp/backend/ovs_idl/transaction.py:89}}
Jun 29 09:18:38.782274 np0000003899 devstack@neutron-api.service[87387]: DEBUG neutron_lib.callbacks.manager [None req-dc76ddd9-ca58-4784-9512-96d026da25fc admin admin] Publish callbacks ['neutron.plugins.ml2.plugin.SecurityGroupDbMixin._ensure_default_security_group_handler-191110', 'neutron.services.ovn_l3.plugin.OVNL3RouterPlugin._port_update-8571625573306', 'neutron.db.l3_db.L3_NAT_dbonly_mixin._prevent_internal_ip_change_for_fip-8571628025026'] for port (cb9142ca-0503-4fbe-a774-acf80089358f), before_update {{(pid=87387) _notify_loop /opt/stack/data/venv/lib/python3.12/site-packages/neutron_lib/callbacks/manager.py:184}}
Jun 29 09:18:38.901901 np0000003899 devstack@neutron-api.service[87387]: DEBUG neutron_lib.callbacks.manager [None req-dc76ddd9-ca58-4784-9512-96d026da25fc admin admin] Publish callbacks [] for port (cb9142ca-0503-4fbe-a774-acf80089358f), precommit_update {{(pid=87387) _notify_loop /opt/stack/data/venv/lib/python3.12/site-packages/neutron_lib/callbacks/manager.py:184}}
Jun 29 09:18:38.902065 np0000003899 devstack@neutron-api.service[87387]: DEBUG neutron.plugins.ml2.drivers.ovn.mech_driver.mech_driver [None req-dc76ddd9-ca58-4784-9512-96d026da25fc admin admin] No provisioning block for port cb9142ca-0503-4fbe-a774-acf80089358f since it does not have a host {{(pid=87387) _is_port_provisioning_required /opt/stack/neutron/neutron/plugins/ml2/drivers/ovn/mech_driver/mech_driver.py:899}}
Jun 29 09:18:38.942822 np0000003899 devstack@neutron-api.service[87387]: DEBUG neutron_lib.callbacks.manager [None req-dc76ddd9-ca58-4784-9512-96d026da25fc admin admin] Publish callbacks ['neutron.plugins.ml2.ovo_rpc._ObjectChangeHandler.handle_event-6662614', 'neutron.services.ovn_l3.plugin.OVNL3RouterPlugin._port_update-8571625573306'] for port (cb9142ca-0503-4fbe-a774-acf80089358f), after_update {{(pid=87387) _notify_loop /opt/stack/data/venv/lib/python3.12/site-packages/neutron_lib/callbacks/manager.py:184}}
