Jul 31 13:49:28.735890 np0000006230 systemd[1]: Starting devstack@n-api-meta.service - Devstack devstack@n-api-meta.service...
Jul 31 13:49:28.742436 np0000006230 devstack@n-api-meta.service[95936]: [uWSGI] getting INI configuration from /etc/nova/nova-metadata-uwsgi.ini
Jul 31 13:49:28.745323 np0000006230 devstack@n-api-meta.service[95936]: *** Starting uWSGI 2.0.24-debian (64bit) on [Fri Jul 31 13:49:28 2026] ***
Jul 31 13:49:28.745323 np0000006230 devstack@n-api-meta.service[95936]: compiled with version: 13.2.0 on 17 April 2024 16:23:48
Jul 31 13:49:28.745323 np0000006230 devstack@n-api-meta.service[95936]: os: Linux-6.8.0-100-generic #100-Ubuntu SMP PREEMPT_DYNAMIC Tue Jan 13 16:40:06 UTC 2026
Jul 31 13:49:28.745323 np0000006230 devstack@n-api-meta.service[95936]: nodename: np0000006230
Jul 31 13:49:28.745323 np0000006230 devstack@n-api-meta.service[95936]: machine: x86_64
Jul 31 13:49:28.745323 np0000006230 devstack@n-api-meta.service[95936]: clock source: unix
Jul 31 13:49:28.745323 np0000006230 devstack@n-api-meta.service[95936]: pcre jit disabled
Jul 31 13:49:28.745323 np0000006230 devstack@n-api-meta.service[95936]: detected number of CPU cores: 16
Jul 31 13:49:28.745323 np0000006230 devstack@n-api-meta.service[95936]: current working directory: /
Jul 31 13:49:28.745541 np0000006230 devstack@n-api-meta.service[95936]: detected binary path: /usr/bin/uwsgi-core
Jul 31 13:49:28.745541 np0000006230 devstack@n-api-meta.service[95936]: your processes number limit is 257052
Jul 31 13:49:28.745541 np0000006230 devstack@n-api-meta.service[95936]: your memory page size is 4096 bytes
Jul 31 13:49:28.745541 np0000006230 devstack@n-api-meta.service[95936]: detected max file descriptor number: 2048
Jul 31 13:49:28.745541 np0000006230 devstack@n-api-meta.service[95936]: lock engine: pthread robust mutexes
Jul 31 13:49:28.745763 np0000006230 devstack@n-api-meta.service[95936]: thunder lock: enabled
Jul 31 13:49:28.746058 np0000006230 devstack@n-api-meta.service[95936]: uWSGI http bound on 0.0.0.0:8775 fd 5
Jul 31 13:49:28.746092 np0000006230 devstack@n-api-meta.service[95936]: uwsgi socket 0 bound to TCP address 127.0.0.1:34905 (port auto-assigned) fd 4
Jul 31 13:49:28.746189 np0000006230 devstack@n-api-meta.service[95936]: Python version: 3.12.3 (main, Jun 19 2026, 12:46:00) [GCC 13.3.0]
Jul 31 13:49:28.746232 np0000006230 devstack@n-api-meta.service[95936]: PEP 405 virtualenv detected: /opt/stack/data/venv
Jul 31 13:49:28.746232 np0000006230 devstack@n-api-meta.service[95936]: Set PythonHome to /opt/stack/data/venv
Jul 31 13:49:28.784989 np0000006230 devstack@n-api-meta.service[95936]: Python main interpreter initialized at 0x71f8310a4668
Jul 31 13:49:28.784989 np0000006230 devstack@n-api-meta.service[95936]: python threads support enabled
Jul 31 13:49:28.784989 np0000006230 devstack@n-api-meta.service[95936]: your server socket listen backlog is limited to 100 connections
Jul 31 13:49:28.784989 np0000006230 devstack@n-api-meta.service[95936]: your mercy for graceful operations on workers is 80 seconds
Jul 31 13:49:28.785649 np0000006230 devstack@n-api-meta.service[95936]: mapped 671795 bytes (656 KB) for 4 cores
Jul 31 13:49:28.785818 np0000006230 devstack@n-api-meta.service[95936]: *** Operational MODE: preforking ***
Jul 31 13:49:28.786045 np0000006230 devstack@n-api-meta.service[95936]: *** uWSGI is running in multiple interpreter mode ***
Jul 31 13:49:28.786045 np0000006230 devstack@n-api-meta.service[95936]: spawned uWSGI master process (pid: 95936)
Jul 31 13:49:28.786163 np0000006230 systemd[1]: Started devstack@n-api-meta.service - Devstack devstack@n-api-meta.service.
Jul 31 13:49:28.786715 np0000006230 devstack@n-api-meta.service[95936]: spawned uWSGI worker 1 (pid: 95940, cores: 1)
Jul 31 13:49:28.787337 np0000006230 devstack@n-api-meta.service[95936]: spawned uWSGI worker 2 (pid: 95941, cores: 1)
Jul 31 13:49:28.787956 np0000006230 devstack@n-api-meta.service[95936]: spawned uWSGI worker 3 (pid: 95942, cores: 1)
Jul 31 13:49:28.788574 np0000006230 devstack@n-api-meta.service[95936]: spawned uWSGI worker 4 (pid: 95944, cores: 1)
Jul 31 13:49:28.789300 np0000006230 devstack@n-api-meta.service[95936]: spawned uWSGI http 1 (pid: 95945)
Jul 31 13:49:28.789300 np0000006230 devstack@n-api-meta.service[95936]: running "unix_signal:15 gracefully_kill_them_all" (master-start)...
Jul 31 13:49:30.349822 np0000006230 devstack@n-api-meta.service[95944]: INFO dbcounter [None req-ee2e0bd5-76c9-419a-b6c7-cf0f02e229d2 None None] Registered counter for database nova_api
Jul 31 13:49:30.389244 np0000006230 devstack@n-api-meta.service[95944]: DEBUG oslo_db.sqlalchemy.engines [None req-ee2e0bd5-76c9-419a-b6c7-cf0f02e229d2 None None] MySQL server mode set to STRICT_TRANS_TABLES,STRICT_ALL_TABLES,NO_ZERO_IN_DATE,NO_ZERO_DATE,ERROR_FOR_DIVISION_BY_ZERO,TRADITIONAL,NO_ENGINE_SUBSTITUTION {{(pid=95944) _check_effective_sql_mode /opt/stack/data/venv/lib/python3.12/site-packages/oslo_db/sqlalchemy/engines.py:325}}
Jul 31 13:49:30.390632 np0000006230 devstack@n-api-meta.service[95942]: INFO dbcounter [None req-5b95efb5-57f6-4be9-80d9-5bb9e381e0f0 None None] Registered counter for database nova_api
Jul 31 13:49:30.391723 np0000006230 devstack@n-api-meta.service[95941]: INFO dbcounter [None req-4802384e-e585-4f3d-a916-60577878ebc0 None None] Registered counter for database nova_api
Jul 31 13:49:30.408342 np0000006230 devstack@n-api-meta.service[95940]: INFO dbcounter [None req-cf99db34-e32d-4913-aa20-fb44178a2089 None None] Registered counter for database nova_api
Jul 31 13:49:30.417249 np0000006230 devstack@n-api-meta.service[95944]: DEBUG dbcounter [-] [95944] Writer thread running {{(pid=95944) stat_writer /opt/stack/data/venv/lib/python3.12/site-packages/dbcounter.py:102}}
Jul 31 13:49:30.419488 np0000006230 devstack@n-api-meta.service[95944]: DEBUG nova.context [None req-ee2e0bd5-76c9-419a-b6c7-cf0f02e229d2 None None] Found 2 cells: 00000000-0000-0000-0000-000000000000(cell0),70423dd8-3229-4fda-88f2-f5e5407c8517(cell1) {{(pid=95944) load_cells /opt/stack/nova/nova/context.py:509}}
Jul 31 13:49:30.419756 np0000006230 devstack@n-api-meta.service[95944]: INFO nova.utils [None req-ee2e0bd5-76c9-419a-b6c7-cf0f02e229d2 None None] The cell worker thread pool MainProcess.cell_worker is initialized
Jul 31 13:49:30.421405 np0000006230 devstack@n-api-meta.service[95944]: DEBUG oslo_concurrency.lockutils [None req-ee2e0bd5-76c9-419a-b6c7-cf0f02e229d2 None None] Acquiring lock "00000000-0000-0000-0000-000000000000" by "nova.context.set_target_cell..get_or_set_cached_cell_and_set_connections" {{(pid=95944) inner /opt/stack/data/venv/lib/python3.12/site-packages/oslo_concurrency/lockutils.py:512}}
Jul 31 13:49:30.421617 np0000006230 devstack@n-api-meta.service[95944]: DEBUG oslo_concurrency.lockutils [None req-ee2e0bd5-76c9-419a-b6c7-cf0f02e229d2 None None] Lock "00000000-0000-0000-0000-000000000000" acquired by "nova.context.set_target_cell..get_or_set_cached_cell_and_set_connections" :: waited 0.000s {{(pid=95944) inner /opt/stack/data/venv/lib/python3.12/site-packages/oslo_concurrency/lockutils.py:525}}
Jul 31 13:49:30.421965 np0000006230 devstack@n-api-meta.service[95944]: DEBUG oslo_concurrency.lockutils [None req-ee2e0bd5-76c9-419a-b6c7-cf0f02e229d2 None None] Lock "00000000-0000-0000-0000-000000000000" "released" by "nova.context.set_target_cell..get_or_set_cached_cell_and_set_connections" :: held 0.000s {{(pid=95944) inner /opt/stack/data/venv/lib/python3.12/site-packages/oslo_concurrency/lockutils.py:544}}
Jul 31 13:49:30.422677 np0000006230 devstack@n-api-meta.service[95944]: DEBUG oslo_concurrency.lockutils [None req-ee2e0bd5-76c9-419a-b6c7-cf0f02e229d2 None None] Acquiring lock "70423dd8-3229-4fda-88f2-f5e5407c8517" by "nova.context.set_target_cell..get_or_set_cached_cell_and_set_connections" {{(pid=95944) inner /opt/stack/data/venv/lib/python3.12/site-packages/oslo_concurrency/lockutils.py:512}}
Jul 31 13:49:30.422825 np0000006230 devstack@n-api-meta.service[95944]: DEBUG oslo_concurrency.lockutils [None req-ee2e0bd5-76c9-419a-b6c7-cf0f02e229d2 None None] Lock "70423dd8-3229-4fda-88f2-f5e5407c8517" acquired by "nova.context.set_target_cell..get_or_set_cached_cell_and_set_connections" :: waited 0.000s {{(pid=95944) inner /opt/stack/data/venv/lib/python3.12/site-packages/oslo_concurrency/lockutils.py:525}}
Jul 31 13:49:30.423623 np0000006230 devstack@n-api-meta.service[95944]: DEBUG oslo_concurrency.lockutils [None req-ee2e0bd5-76c9-419a-b6c7-cf0f02e229d2 None None] Lock "70423dd8-3229-4fda-88f2-f5e5407c8517" "released" by "nova.context.set_target_cell..get_or_set_cached_cell_and_set_connections" :: held 0.001s {{(pid=95944) inner /opt/stack/data/venv/lib/python3.12/site-packages/oslo_concurrency/lockutils.py:544}}
Jul 31 13:49:30.426587 np0000006230 devstack@n-api-meta.service[95944]: INFO dbcounter [None req-ee2e0bd5-76c9-419a-b6c7-cf0f02e229d2 None None] Registered counter for database nova_cell0
Jul 31 13:49:30.429007 np0000006230 devstack@n-api-meta.service[95944]: INFO dbcounter [None req-ee2e0bd5-76c9-419a-b6c7-cf0f02e229d2 None None] Registered counter for database nova_cell1
Jul 31 13:49:30.435361 np0000006230 devstack@n-api-meta.service[95942]: DEBUG oslo_db.sqlalchemy.engines [None req-5b95efb5-57f6-4be9-80d9-5bb9e381e0f0 None None] MySQL server mode set to STRICT_TRANS_TABLES,STRICT_ALL_TABLES,NO_ZERO_IN_DATE,NO_ZERO_DATE,ERROR_FOR_DIVISION_BY_ZERO,TRADITIONAL,NO_ENGINE_SUBSTITUTION {{(pid=95942) _check_effective_sql_mode /opt/stack/data/venv/lib/python3.12/site-packages/oslo_db/sqlalchemy/engines.py:325}}
Jul 31 13:49:30.435803 np0000006230 devstack@n-api-meta.service[95941]: DEBUG oslo_db.sqlalchemy.engines [None req-4802384e-e585-4f3d-a916-60577878ebc0 None None] MySQL server mode set to STRICT_TRANS_TABLES,STRICT_ALL_TABLES,NO_ZERO_IN_DATE,NO_ZERO_DATE,ERROR_FOR_DIVISION_BY_ZERO,TRADITIONAL,NO_ENGINE_SUBSTITUTION {{(pid=95941) _check_effective_sql_mode /opt/stack/data/venv/lib/python3.12/site-packages/oslo_db/sqlalchemy/engines.py:325}}
Jul 31 13:49:30.452067 np0000006230 devstack@n-api-meta.service[95940]: DEBUG oslo_db.sqlalchemy.engines [None req-cf99db34-e32d-4913-aa20-fb44178a2089 None None] MySQL server mode set to STRICT_TRANS_TABLES,STRICT_ALL_TABLES,NO_ZERO_IN_DATE,NO_ZERO_DATE,ERROR_FOR_DIVISION_BY_ZERO,TRADITIONAL,NO_ENGINE_SUBSTITUTION {{(pid=95940) _check_effective_sql_mode /opt/stack/data/venv/lib/python3.12/site-packages/oslo_db/sqlalchemy/engines.py:325}}
Jul 31 13:49:30.463529 np0000006230 devstack@n-api-meta.service[95941]: DEBUG dbcounter [-] [95941] Writer thread running {{(pid=95941) stat_writer /opt/stack/data/venv/lib/python3.12/site-packages/dbcounter.py:102}}
Jul 31 13:49:30.466103 np0000006230 devstack@n-api-meta.service[95941]: DEBUG nova.context [None req-4802384e-e585-4f3d-a916-60577878ebc0 None None] Found 2 cells: 00000000-0000-0000-0000-000000000000(cell0),70423dd8-3229-4fda-88f2-f5e5407c8517(cell1) {{(pid=95941) load_cells /opt/stack/nova/nova/context.py:509}}
Jul 31 13:49:30.466364 np0000006230 devstack@n-api-meta.service[95941]: INFO nova.utils [None req-4802384e-e585-4f3d-a916-60577878ebc0 None None] The cell worker thread pool MainProcess.cell_worker is initialized
Jul 31 13:49:30.468036 np0000006230 devstack@n-api-meta.service[95941]: DEBUG oslo_concurrency.lockutils [None req-4802384e-e585-4f3d-a916-60577878ebc0 None None] Acquiring lock "00000000-0000-0000-0000-000000000000" by "nova.context.set_target_cell..get_or_set_cached_cell_and_set_connections" {{(pid=95941) inner /opt/stack/data/venv/lib/python3.12/site-packages/oslo_concurrency/lockutils.py:512}}
Jul 31 13:49:30.468228 np0000006230 devstack@n-api-meta.service[95941]: DEBUG oslo_concurrency.lockutils [None req-4802384e-e585-4f3d-a916-60577878ebc0 None None] Lock "00000000-0000-0000-0000-000000000000" acquired by "nova.context.set_target_cell..get_or_set_cached_cell_and_set_connections" :: waited 0.000s {{(pid=95941) inner /opt/stack/data/venv/lib/python3.12/site-packages/oslo_concurrency/lockutils.py:525}}
Jul 31 13:49:30.468583 np0000006230 devstack@n-api-meta.service[95941]: DEBUG oslo_concurrency.lockutils [None req-4802384e-e585-4f3d-a916-60577878ebc0 None None] Lock "00000000-0000-0000-0000-000000000000" "released" by "nova.context.set_target_cell..get_or_set_cached_cell_and_set_connections" :: held 0.000s {{(pid=95941) inner /opt/stack/data/venv/lib/python3.12/site-packages/oslo_concurrency/lockutils.py:544}}
Jul 31 13:49:30.469259 np0000006230 devstack@n-api-meta.service[95941]: DEBUG oslo_concurrency.lockutils [None req-4802384e-e585-4f3d-a916-60577878ebc0 None None] Acquiring lock "70423dd8-3229-4fda-88f2-f5e5407c8517" by "nova.context.set_target_cell..get_or_set_cached_cell_and_set_connections" {{(pid=95941) inner /opt/stack/data/venv/lib/python3.12/site-packages/oslo_concurrency/lockutils.py:512}}
Jul 31 13:49:30.469322 np0000006230 devstack@n-api-meta.service[95942]: DEBUG dbcounter [-] [95942] Writer thread running {{(pid=95942) stat_writer /opt/stack/data/venv/lib/python3.12/site-packages/dbcounter.py:102}}
Jul 31 13:49:30.469381 np0000006230 devstack@n-api-meta.service[95941]: DEBUG oslo_concurrency.lockutils [None req-4802384e-e585-4f3d-a916-60577878ebc0 None None] Lock "70423dd8-3229-4fda-88f2-f5e5407c8517" acquired by "nova.context.set_target_cell..get_or_set_cached_cell_and_set_connections" :: waited 0.000s {{(pid=95941) inner /opt/stack/data/venv/lib/python3.12/site-packages/oslo_concurrency/lockutils.py:525}}
Jul 31 13:49:30.470198 np0000006230 devstack@n-api-meta.service[95941]: DEBUG oslo_concurrency.lockutils [None req-4802384e-e585-4f3d-a916-60577878ebc0 None None] Lock "70423dd8-3229-4fda-88f2-f5e5407c8517" "released" by "nova.context.set_target_cell..get_or_set_cached_cell_and_set_connections" :: held 0.001s {{(pid=95941) inner /opt/stack/data/venv/lib/python3.12/site-packages/oslo_concurrency/lockutils.py:544}}
Jul 31 13:49:30.471990 np0000006230 devstack@n-api-meta.service[95942]: DEBUG nova.context [None req-5b95efb5-57f6-4be9-80d9-5bb9e381e0f0 None None] Found 2 cells: 00000000-0000-0000-0000-000000000000(cell0),70423dd8-3229-4fda-88f2-f5e5407c8517(cell1) {{(pid=95942) load_cells /opt/stack/nova/nova/context.py:509}}
Jul 31 13:49:30.472118 np0000006230 devstack@n-api-meta.service[95941]: INFO dbcounter [None req-4802384e-e585-4f3d-a916-60577878ebc0 None None] Registered counter for database nova_cell0
Jul 31 13:49:30.472288 np0000006230 devstack@n-api-meta.service[95942]: INFO nova.utils [None req-5b95efb5-57f6-4be9-80d9-5bb9e381e0f0 None None] The cell worker thread pool MainProcess.cell_worker is initialized
Jul 31 13:49:30.474439 np0000006230 devstack@n-api-meta.service[95942]: DEBUG oslo_concurrency.lockutils [None req-5b95efb5-57f6-4be9-80d9-5bb9e381e0f0 None None] Acquiring lock "00000000-0000-0000-0000-000000000000" by "nova.context.set_target_cell..get_or_set_cached_cell_and_set_connections" {{(pid=95942) inner /opt/stack/data/venv/lib/python3.12/site-packages/oslo_concurrency/lockutils.py:512}}
Jul 31 13:49:30.474670 np0000006230 devstack@n-api-meta.service[95942]: DEBUG oslo_concurrency.lockutils [None req-5b95efb5-57f6-4be9-80d9-5bb9e381e0f0 None None] Lock "00000000-0000-0000-0000-000000000000" acquired by "nova.context.set_target_cell..get_or_set_cached_cell_and_set_connections" :: waited 0.000s {{(pid=95942) inner /opt/stack/data/venv/lib/python3.12/site-packages/oslo_concurrency/lockutils.py:525}}
Jul 31 13:49:30.475018 np0000006230 devstack@n-api-meta.service[95941]: INFO dbcounter [None req-4802384e-e585-4f3d-a916-60577878ebc0 None None] Registered counter for database nova_cell1
Jul 31 13:49:30.475126 np0000006230 devstack@n-api-meta.service[95942]: DEBUG oslo_concurrency.lockutils [None req-5b95efb5-57f6-4be9-80d9-5bb9e381e0f0 None None] Lock "00000000-0000-0000-0000-000000000000" "released" by "nova.context.set_target_cell..get_or_set_cached_cell_and_set_connections" :: held 0.000s {{(pid=95942) inner /opt/stack/data/venv/lib/python3.12/site-packages/oslo_concurrency/lockutils.py:544}}
Jul 31 13:49:30.475927 np0000006230 devstack@n-api-meta.service[95942]: DEBUG oslo_concurrency.lockutils [None req-5b95efb5-57f6-4be9-80d9-5bb9e381e0f0 None None] Acquiring lock "70423dd8-3229-4fda-88f2-f5e5407c8517" by "nova.context.set_target_cell..get_or_set_cached_cell_and_set_connections" {{(pid=95942) inner /opt/stack/data/venv/lib/python3.12/site-packages/oslo_concurrency/lockutils.py:512}}
Jul 31 13:49:30.476601 np0000006230 devstack@n-api-meta.service[95944]: DEBUG oslo_db.sqlalchemy.engines [None req-ee2e0bd5-76c9-419a-b6c7-cf0f02e229d2 None None] MySQL server mode set to STRICT_TRANS_TABLES,STRICT_ALL_TABLES,NO_ZERO_IN_DATE,NO_ZERO_DATE,ERROR_FOR_DIVISION_BY_ZERO,TRADITIONAL,NO_ENGINE_SUBSTITUTION {{(pid=95944) _check_effective_sql_mode /opt/stack/data/venv/lib/python3.12/site-packages/oslo_db/sqlalchemy/engines.py:325}}
Jul 31 13:49:30.477762 np0000006230 devstack@n-api-meta.service[95942]: INFO dbcounter [None req-5b95efb5-57f6-4be9-80d9-5bb9e381e0f0 None None] Registered counter for database nova_cell0
Jul 31 13:49:30.479602 np0000006230 devstack@n-api-meta.service[95942]: DEBUG oslo_concurrency.lockutils [None req-5b95efb5-57f6-4be9-80d9-5bb9e381e0f0 None None] Lock "70423dd8-3229-4fda-88f2-f5e5407c8517" acquired by "nova.context.set_target_cell..get_or_set_cached_cell_and_set_connections" :: waited 0.002s {{(pid=95942) inner /opt/stack/data/venv/lib/python3.12/site-packages/oslo_concurrency/lockutils.py:525}}
Jul 31 13:49:30.480784 np0000006230 devstack@n-api-meta.service[95940]: DEBUG dbcounter [-] [95940] Writer thread running {{(pid=95940) stat_writer /opt/stack/data/venv/lib/python3.12/site-packages/dbcounter.py:102}}
Jul 31 13:49:30.481177 np0000006230 devstack@n-api-meta.service[95942]: DEBUG oslo_concurrency.lockutils [None req-5b95efb5-57f6-4be9-80d9-5bb9e381e0f0 None None] Lock "70423dd8-3229-4fda-88f2-f5e5407c8517" "released" by "nova.context.set_target_cell..get_or_set_cached_cell_and_set_connections" :: held 0.004s {{(pid=95942) inner /opt/stack/data/venv/lib/python3.12/site-packages/oslo_concurrency/lockutils.py:544}}
Jul 31 13:49:30.483570 np0000006230 devstack@n-api-meta.service[95942]: INFO dbcounter [None req-5b95efb5-57f6-4be9-80d9-5bb9e381e0f0 None None] Registered counter for database nova_cell1
Jul 31 13:49:30.485000 np0000006230 devstack@n-api-meta.service[95940]: DEBUG nova.context [None req-cf99db34-e32d-4913-aa20-fb44178a2089 None None] Found 2 cells: 00000000-0000-0000-0000-000000000000(cell0),70423dd8-3229-4fda-88f2-f5e5407c8517(cell1) {{(pid=95940) load_cells /opt/stack/nova/nova/context.py:509}}
Jul 31 13:49:30.485300 np0000006230 devstack@n-api-meta.service[95940]: INFO nova.utils [None req-cf99db34-e32d-4913-aa20-fb44178a2089 None None] The cell worker thread pool MainProcess.cell_worker is initialized
Jul 31 13:49:30.487058 np0000006230 devstack@n-api-meta.service[95940]: DEBUG oslo_concurrency.lockutils [None req-cf99db34-e32d-4913-aa20-fb44178a2089 None None] Acquiring lock "00000000-0000-0000-0000-000000000000" by "nova.context.set_target_cell..get_or_set_cached_cell_and_set_connections" {{(pid=95940) inner /opt/stack/data/venv/lib/python3.12/site-packages/oslo_concurrency/lockutils.py:512}}
Jul 31 13:49:30.487241 np0000006230 devstack@n-api-meta.service[95940]: DEBUG oslo_concurrency.lockutils [None req-cf99db34-e32d-4913-aa20-fb44178a2089 None None] Lock "00000000-0000-0000-0000-000000000000" acquired by "nova.context.set_target_cell..get_or_set_cached_cell_and_set_connections" :: waited 0.000s {{(pid=95940) inner /opt/stack/data/venv/lib/python3.12/site-packages/oslo_concurrency/lockutils.py:525}}
Jul 31 13:49:30.487594 np0000006230 devstack@n-api-meta.service[95940]: DEBUG oslo_concurrency.lockutils [None req-cf99db34-e32d-4913-aa20-fb44178a2089 None None] Lock "00000000-0000-0000-0000-000000000000" "released" by "nova.context.set_target_cell..get_or_set_cached_cell_and_set_connections" :: held 0.000s {{(pid=95940) inner /opt/stack/data/venv/lib/python3.12/site-packages/oslo_concurrency/lockutils.py:544}}
Jul 31 13:49:30.488216 np0000006230 devstack@n-api-meta.service[95940]: DEBUG oslo_concurrency.lockutils [None req-cf99db34-e32d-4913-aa20-fb44178a2089 None None] Acquiring lock "70423dd8-3229-4fda-88f2-f5e5407c8517" by "nova.context.set_target_cell..get_or_set_cached_cell_and_set_connections" {{(pid=95940) inner /opt/stack/data/venv/lib/python3.12/site-packages/oslo_concurrency/lockutils.py:512}}
Jul 31 13:49:30.491279 np0000006230 devstack@n-api-meta.service[95940]: INFO dbcounter [None req-cf99db34-e32d-4913-aa20-fb44178a2089 None None] Registered counter for database nova_cell0
Jul 31 13:49:30.491401 np0000006230 devstack@n-api-meta.service[95940]: DEBUG oslo_concurrency.lockutils [None req-cf99db34-e32d-4913-aa20-fb44178a2089 None None] Lock "70423dd8-3229-4fda-88f2-f5e5407c8517" acquired by "nova.context.set_target_cell..get_or_set_cached_cell_and_set_connections" :: waited 0.002s {{(pid=95940) inner /opt/stack/data/venv/lib/python3.12/site-packages/oslo_concurrency/lockutils.py:525}}
Jul 31 13:49:30.492469 np0000006230 devstack@n-api-meta.service[95940]: DEBUG oslo_concurrency.lockutils [None req-cf99db34-e32d-4913-aa20-fb44178a2089 None None] Lock "70423dd8-3229-4fda-88f2-f5e5407c8517" "released" by "nova.context.set_target_cell..get_or_set_cached_cell_and_set_connections" :: held 0.002s {{(pid=95940) inner /opt/stack/data/venv/lib/python3.12/site-packages/oslo_concurrency/lockutils.py:544}}
Jul 31 13:49:30.494268 np0000006230 devstack@n-api-meta.service[95940]: INFO dbcounter [None req-cf99db34-e32d-4913-aa20-fb44178a2089 None None] Registered counter for database nova_cell1
Jul 31 13:49:30.528047 np0000006230 devstack@n-api-meta.service[95941]: DEBUG oslo_db.sqlalchemy.engines [None req-4802384e-e585-4f3d-a916-60577878ebc0 None None] MySQL server mode set to STRICT_TRANS_TABLES,STRICT_ALL_TABLES,NO_ZERO_IN_DATE,NO_ZERO_DATE,ERROR_FOR_DIVISION_BY_ZERO,TRADITIONAL,NO_ENGINE_SUBSTITUTION {{(pid=95941) _check_effective_sql_mode /opt/stack/data/venv/lib/python3.12/site-packages/oslo_db/sqlalchemy/engines.py:325}}
Jul 31 13:49:30.533235 np0000006230 devstack@n-api-meta.service[95942]: DEBUG oslo_db.sqlalchemy.engines [None req-5b95efb5-57f6-4be9-80d9-5bb9e381e0f0 None None] MySQL server mode set to STRICT_TRANS_TABLES,STRICT_ALL_TABLES,NO_ZERO_IN_DATE,NO_ZERO_DATE,ERROR_FOR_DIVISION_BY_ZERO,TRADITIONAL,NO_ENGINE_SUBSTITUTION {{(pid=95942) _check_effective_sql_mode /opt/stack/data/venv/lib/python3.12/site-packages/oslo_db/sqlalchemy/engines.py:325}}
Jul 31 13:49:30.540313 np0000006230 devstack@n-api-meta.service[95940]: DEBUG oslo_db.sqlalchemy.engines [None req-cf99db34-e32d-4913-aa20-fb44178a2089 None None] MySQL server mode set to STRICT_TRANS_TABLES,STRICT_ALL_TABLES,NO_ZERO_IN_DATE,NO_ZERO_DATE,ERROR_FOR_DIVISION_BY_ZERO,TRADITIONAL,NO_ENGINE_SUBSTITUTION {{(pid=95940) _check_effective_sql_mode /opt/stack/data/venv/lib/python3.12/site-packages/oslo_db/sqlalchemy/engines.py:325}}
Jul 31 13:49:30.542622 np0000006230 devstack@n-api-meta.service[95942]: DEBUG oslo_db.sqlalchemy.engines [None req-5b95efb5-57f6-4be9-80d9-5bb9e381e0f0 None None] MySQL server mode set to STRICT_TRANS_TABLES,STRICT_ALL_TABLES,NO_ZERO_IN_DATE,NO_ZERO_DATE,ERROR_FOR_DIVISION_BY_ZERO,TRADITIONAL,NO_ENGINE_SUBSTITUTION {{(pid=95942) _check_effective_sql_mode /opt/stack/data/venv/lib/python3.12/site-packages/oslo_db/sqlalchemy/engines.py:325}}
Jul 31 13:49:30.557876 np0000006230 devstack@n-api-meta.service[95944]: DEBUG oslo_db.sqlalchemy.engines [None req-ee2e0bd5-76c9-419a-b6c7-cf0f02e229d2 None None] MySQL server mode set to STRICT_TRANS_TABLES,STRICT_ALL_TABLES,NO_ZERO_IN_DATE,NO_ZERO_DATE,ERROR_FOR_DIVISION_BY_ZERO,TRADITIONAL,NO_ENGINE_SUBSTITUTION {{(pid=95944) _check_effective_sql_mode /opt/stack/data/venv/lib/python3.12/site-packages/oslo_db/sqlalchemy/engines.py:325}}
Jul 31 13:49:30.570189 np0000006230 devstack@n-api-meta.service[95944]: DEBUG dbcounter [-] [95944] Writer thread running {{(pid=95944) stat_writer /opt/stack/data/venv/lib/python3.12/site-packages/dbcounter.py:102}}
Jul 31 13:49:30.576635 np0000006230 devstack@n-api-meta.service[95944]: DEBUG dbcounter [-] [95944] Writer thread running {{(pid=95944) stat_writer /opt/stack/data/venv/lib/python3.12/site-packages/dbcounter.py:102}}
Jul 31 13:49:30.579494 np0000006230 devstack@n-api-meta.service[95944]: INFO dbcounter [None req-ee2e0bd5-76c9-419a-b6c7-cf0f02e229d2 None None] Registered counter for database nova_cell0
Jul 31 13:49:30.596644 np0000006230 devstack@n-api-meta.service[95940]: DEBUG oslo_db.sqlalchemy.engines [None req-cf99db34-e32d-4913-aa20-fb44178a2089 None None] MySQL server mode set to STRICT_TRANS_TABLES,STRICT_ALL_TABLES,NO_ZERO_IN_DATE,NO_ZERO_DATE,ERROR_FOR_DIVISION_BY_ZERO,TRADITIONAL,NO_ENGINE_SUBSTITUTION {{(pid=95940) _check_effective_sql_mode /opt/stack/data/venv/lib/python3.12/site-packages/oslo_db/sqlalchemy/engines.py:325}}
Jul 31 13:49:30.608371 np0000006230 devstack@n-api-meta.service[95941]: DEBUG oslo_db.sqlalchemy.engines [None req-4802384e-e585-4f3d-a916-60577878ebc0 None None] MySQL server mode set to STRICT_TRANS_TABLES,STRICT_ALL_TABLES,NO_ZERO_IN_DATE,NO_ZERO_DATE,ERROR_FOR_DIVISION_BY_ZERO,TRADITIONAL,NO_ENGINE_SUBSTITUTION {{(pid=95941) _check_effective_sql_mode /opt/stack/data/venv/lib/python3.12/site-packages/oslo_db/sqlalchemy/engines.py:325}}
Jul 31 13:49:30.610336 np0000006230 devstack@n-api-meta.service[95941]: DEBUG dbcounter [-] [95941] Writer thread running {{(pid=95941) stat_writer /opt/stack/data/venv/lib/python3.12/site-packages/dbcounter.py:102}}
Jul 31 13:49:30.614957 np0000006230 devstack@n-api-meta.service[95942]: DEBUG dbcounter [-] [95942] Writer thread running {{(pid=95942) stat_writer /opt/stack/data/venv/lib/python3.12/site-packages/dbcounter.py:102}}
Jul 31 13:49:30.615077 np0000006230 devstack@n-api-meta.service[95944]: DEBUG oslo_db.sqlalchemy.engines [None req-ee2e0bd5-76c9-419a-b6c7-cf0f02e229d2 None None] MySQL server mode set to STRICT_TRANS_TABLES,STRICT_ALL_TABLES,NO_ZERO_IN_DATE,NO_ZERO_DATE,ERROR_FOR_DIVISION_BY_ZERO,TRADITIONAL,NO_ENGINE_SUBSTITUTION {{(pid=95944) _check_effective_sql_mode /opt/stack/data/venv/lib/python3.12/site-packages/oslo_db/sqlalchemy/engines.py:325}}
Jul 31 13:49:30.617753 np0000006230 devstack@n-api-meta.service[95941]: DEBUG dbcounter [-] [95941] Writer thread running {{(pid=95941) stat_writer /opt/stack/data/venv/lib/python3.12/site-packages/dbcounter.py:102}}
Jul 31 13:49:30.619614 np0000006230 devstack@n-api-meta.service[95942]: DEBUG dbcounter [-] [95942] Writer thread running {{(pid=95942) stat_writer /opt/stack/data/venv/lib/python3.12/site-packages/dbcounter.py:102}}
Jul 31 13:49:30.620763 np0000006230 devstack@n-api-meta.service[95944]: DEBUG dbcounter [-] [95944] Writer thread running {{(pid=95944) stat_writer /opt/stack/data/venv/lib/python3.12/site-packages/dbcounter.py:102}}
Jul 31 13:49:30.620935 np0000006230 devstack@n-api-meta.service[95941]: INFO dbcounter [None req-4802384e-e585-4f3d-a916-60577878ebc0 None None] Registered counter for database nova_cell0
Jul 31 13:49:30.625539 np0000006230 devstack@n-api-meta.service[95942]: INFO dbcounter [None req-5b95efb5-57f6-4be9-80d9-5bb9e381e0f0 None None] Registered counter for database nova_cell0
Jul 31 13:49:30.626273 np0000006230 devstack@n-api-meta.service[95940]: DEBUG dbcounter [-] [95940] Writer thread running {{(pid=95940) stat_writer /opt/stack/data/venv/lib/python3.12/site-packages/dbcounter.py:102}}
Jul 31 13:49:30.631595 np0000006230 devstack@n-api-meta.service[95940]: DEBUG dbcounter [-] [95940] Writer thread running {{(pid=95940) stat_writer /opt/stack/data/venv/lib/python3.12/site-packages/dbcounter.py:102}}
Jul 31 13:49:30.634262 np0000006230 devstack@n-api-meta.service[95940]: INFO dbcounter [None req-cf99db34-e32d-4913-aa20-fb44178a2089 None None] Registered counter for database nova_cell0
Jul 31 13:49:30.653933 np0000006230 devstack@n-api-meta.service[95941]: DEBUG oslo_db.sqlalchemy.engines [None req-4802384e-e585-4f3d-a916-60577878ebc0 None None] MySQL server mode set to STRICT_TRANS_TABLES,STRICT_ALL_TABLES,NO_ZERO_IN_DATE,NO_ZERO_DATE,ERROR_FOR_DIVISION_BY_ZERO,TRADITIONAL,NO_ENGINE_SUBSTITUTION {{(pid=95941) _check_effective_sql_mode /opt/stack/data/venv/lib/python3.12/site-packages/oslo_db/sqlalchemy/engines.py:325}}
Jul 31 13:49:30.656272 np0000006230 devstack@n-api-meta.service[95944]: WARNING nova.api.metadata.handler [None req-ee2e0bd5-76c9-419a-b6c7-cf0f02e229d2 None None] metadata_proxy_shared_secret is not configured, the metadata information returned by the proxy cannot be trusted
Jul 31 13:49:30.658407 np0000006230 devstack@n-api-meta.service[95944]: DEBUG nova.api.openstack.wsgi_app [None req-ee2e0bd5-76c9-419a-b6c7-cf0f02e229d2 None None] ******************************************************************************** {{(pid=95944) log_opt_values /opt/stack/data/venv/lib/python3.12/site-packages/oslo_config/cfg.py:3226}}
Jul 31 13:49:30.658487 np0000006230 devstack@n-api-meta.service[95944]: DEBUG nova.api.openstack.wsgi_app [None req-ee2e0bd5-76c9-419a-b6c7-cf0f02e229d2 None None] Configuration options gathered from: {{(pid=95944) log_opt_values /opt/stack/data/venv/lib/python3.12/site-packages/oslo_config/cfg.py:3227}}
Jul 31 13:49:30.658588 np0000006230 devstack@n-api-meta.service[95944]: DEBUG nova.api.openstack.wsgi_app [None req-ee2e0bd5-76c9-419a-b6c7-cf0f02e229d2 None None] command line args: [] {{(pid=95944) log_opt_values /opt/stack/data/venv/lib/python3.12/site-packages/oslo_config/cfg.py:3228}}
Jul 31 13:49:30.658728 np0000006230 devstack@n-api-meta.service[95944]: DEBUG nova.api.openstack.wsgi_app [None req-ee2e0bd5-76c9-419a-b6c7-cf0f02e229d2 None None] config files: ['/etc/nova/api-paste.ini', '/etc/nova/nova.conf'] {{(pid=95944) log_opt_values /opt/stack/data/venv/lib/python3.12/site-packages/oslo_config/cfg.py:3229}}
Jul 31 13:49:30.658826 np0000006230 devstack@n-api-meta.service[95944]: DEBUG nova.api.openstack.wsgi_app [None req-ee2e0bd5-76c9-419a-b6c7-cf0f02e229d2 None None] ================================================================================ {{(pid=95944) log_opt_values /opt/stack/data/venv/lib/python3.12/site-packages/oslo_config/cfg.py:3234}}
Jul 31 13:49:30.659000 np0000006230 devstack@n-api-meta.service[95944]: DEBUG nova.api.openstack.wsgi_app [None req-ee2e0bd5-76c9-419a-b6c7-cf0f02e229d2 None None] allow_resize_to_same_host = True {{(pid=95944) log_opt_values /opt/stack/data/venv/lib/python3.12/site-packages/oslo_config/cfg.py:3242}}
Jul 31 13:49:30.659128 np0000006230 devstack@n-api-meta.service[95944]: DEBUG nova.api.openstack.wsgi_app [None req-ee2e0bd5-76c9-419a-b6c7-cf0f02e229d2 None None] arq_binding_timeout = 300 {{(pid=95944) log_opt_values /opt/stack/data/venv/lib/python3.12/site-packages/oslo_config/cfg.py:3242}}
Jul 31 13:49:30.659257 np0000006230 devstack@n-api-meta.service[95944]: DEBUG nova.api.openstack.wsgi_app [None req-ee2e0bd5-76c9-419a-b6c7-cf0f02e229d2 None None] block_device_allocate_retries = 60 {{(pid=95944) log_opt_values /opt/stack/data/venv/lib/python3.12/site-packages/oslo_config/cfg.py:3242}}
Jul 31 13:49:30.659372 np0000006230 devstack@n-api-meta.service[95944]: DEBUG nova.api.openstack.wsgi_app [None req-ee2e0bd5-76c9-419a-b6c7-cf0f02e229d2 None None] block_device_allocate_retries_interval = 3 {{(pid=95944) log_opt_values /opt/stack/data/venv/lib/python3.12/site-packages/oslo_config/cfg.py:3242}}
Jul 31 13:49:30.659486 np0000006230 devstack@n-api-meta.service[95944]: DEBUG nova.api.openstack.wsgi_app [None req-ee2e0bd5-76c9-419a-b6c7-cf0f02e229d2 None None] cell_worker_thread_pool_size = 5 {{(pid=95944) log_opt_values /opt/stack/data/venv/lib/python3.12/site-packages/oslo_config/cfg.py:3242}}
Jul 31 13:49:30.659551 np0000006230 devstack@n-api-meta.service[95941]: DEBUG dbcounter [-] [95941] Writer thread running {{(pid=95941) stat_writer /opt/stack/data/venv/lib/python3.12/site-packages/dbcounter.py:102}}
Jul 31 13:49:30.659630 np0000006230 devstack@n-api-meta.service[95944]: DEBUG nova.api.openstack.wsgi_app [None req-ee2e0bd5-76c9-419a-b6c7-cf0f02e229d2 None None] cert = self.pem {{(pid=95944) log_opt_values /opt/stack/data/venv/lib/python3.12/site-packages/oslo_config/cfg.py:3242}}
Jul 31 13:49:30.659758 np0000006230 devstack@n-api-meta.service[95944]: DEBUG nova.api.openstack.wsgi_app [None req-ee2e0bd5-76c9-419a-b6c7-cf0f02e229d2 None None] compute_driver = libvirt.LibvirtDriver {{(pid=95944) log_opt_values /opt/stack/data/venv/lib/python3.12/site-packages/oslo_config/cfg.py:3242}}
Jul 31 13:49:30.661531 np0000006230 devstack@n-api-meta.service[95944]: DEBUG nova.api.openstack.wsgi_app [None req-ee2e0bd5-76c9-419a-b6c7-cf0f02e229d2 None None] compute_monitors = [] {{(pid=95944) log_opt_values /opt/stack/data/venv/lib/python3.12/site-packages/oslo_config/cfg.py:3242}}
Jul 31 13:49:30.661531 np0000006230 devstack@n-api-meta.service[95944]: DEBUG nova.api.openstack.wsgi_app [None req-ee2e0bd5-76c9-419a-b6c7-cf0f02e229d2 None None] concurrency_backend = auto {{(pid=95944) log_opt_values /opt/stack/data/venv/lib/python3.12/site-packages/oslo_config/cfg.py:3242}}
Jul 31 13:49:30.661531 np0000006230 devstack@n-api-meta.service[95944]: DEBUG nova.api.openstack.wsgi_app [None req-ee2e0bd5-76c9-419a-b6c7-cf0f02e229d2 None None] config_dir = [] {{(pid=95944) log_opt_values /opt/stack/data/venv/lib/python3.12/site-packages/oslo_config/cfg.py:3242}}
Jul 31 13:49:30.661531 np0000006230 devstack@n-api-meta.service[95944]: DEBUG nova.api.openstack.wsgi_app [None req-ee2e0bd5-76c9-419a-b6c7-cf0f02e229d2 None None] config_drive_format = iso9660 {{(pid=95944) log_opt_values /opt/stack/data/venv/lib/python3.12/site-packages/oslo_config/cfg.py:3242}}
Jul 31 13:49:30.661531 np0000006230 devstack@n-api-meta.service[95944]: DEBUG nova.api.openstack.wsgi_app [None req-ee2e0bd5-76c9-419a-b6c7-cf0f02e229d2 None None] config_file = ['/etc/nova/api-paste.ini', '/etc/nova/nova.conf'] {{(pid=95944) log_opt_values /opt/stack/data/venv/lib/python3.12/site-packages/oslo_config/cfg.py:3242}}
Jul 31 13:49:30.661531 np0000006230 devstack@n-api-meta.service[95944]: DEBUG nova.api.openstack.wsgi_app [None req-ee2e0bd5-76c9-419a-b6c7-cf0f02e229d2 None None] config_source = [] {{(pid=95944) log_opt_values /opt/stack/data/venv/lib/python3.12/site-packages/oslo_config/cfg.py:3242}}
Jul 31 13:49:30.661531 np0000006230 devstack@n-api-meta.service[95944]: DEBUG nova.api.openstack.wsgi_app [None req-ee2e0bd5-76c9-419a-b6c7-cf0f02e229d2 None None] console_host = np0000006230 {{(pid=95944) log_opt_values /opt/stack/data/venv/lib/python3.12/site-packages/oslo_config/cfg.py:3242}}
Jul 31 13:49:30.661784 np0000006230 devstack@n-api-meta.service[95944]: DEBUG nova.api.openstack.wsgi_app [None req-ee2e0bd5-76c9-419a-b6c7-cf0f02e229d2 None None] control_exchange = nova {{(pid=95944) log_opt_values /opt/stack/data/venv/lib/python3.12/site-packages/oslo_config/cfg.py:3242}}
Jul 31 13:49:30.661784 np0000006230 devstack@n-api-meta.service[95944]: DEBUG nova.api.openstack.wsgi_app [None req-ee2e0bd5-76c9-419a-b6c7-cf0f02e229d2 None None] cpu_allocation_ratio = None {{(pid=95944) log_opt_values /opt/stack/data/venv/lib/python3.12/site-packages/oslo_config/cfg.py:3242}}
Jul 31 13:49:30.661784 np0000006230 devstack@n-api-meta.service[95944]: DEBUG nova.api.openstack.wsgi_app [None req-ee2e0bd5-76c9-419a-b6c7-cf0f02e229d2 None None] daemon = False {{(pid=95944) log_opt_values /opt/stack/data/venv/lib/python3.12/site-packages/oslo_config/cfg.py:3242}}
Jul 31 13:49:30.661784 np0000006230 devstack@n-api-meta.service[95944]: DEBUG nova.api.openstack.wsgi_app [None req-ee2e0bd5-76c9-419a-b6c7-cf0f02e229d2 None None] debug = True {{(pid=95944) log_opt_values /opt/stack/data/venv/lib/python3.12/site-packages/oslo_config/cfg.py:3242}}
Jul 31 13:49:30.661784 np0000006230 devstack@n-api-meta.service[95944]: DEBUG nova.api.openstack.wsgi_app [None req-ee2e0bd5-76c9-419a-b6c7-cf0f02e229d2 None None] default_access_ip_network_name = None {{(pid=95944) log_opt_values /opt/stack/data/venv/lib/python3.12/site-packages/oslo_config/cfg.py:3242}}
Jul 31 13:49:30.661784 np0000006230 devstack@n-api-meta.service[95944]: DEBUG nova.api.openstack.wsgi_app [None req-ee2e0bd5-76c9-419a-b6c7-cf0f02e229d2 None None] default_availability_zone = nova {{(pid=95944) log_opt_values /opt/stack/data/venv/lib/python3.12/site-packages/oslo_config/cfg.py:3242}}
Jul 31 13:49:30.661784 np0000006230 devstack@n-api-meta.service[95944]: DEBUG nova.api.openstack.wsgi_app [None req-ee2e0bd5-76c9-419a-b6c7-cf0f02e229d2 None None] default_ephemeral_format = ext4 {{(pid=95944) log_opt_values /opt/stack/data/venv/lib/python3.12/site-packages/oslo_config/cfg.py:3242}}
Jul 31 13:49:30.661992 np0000006230 devstack@n-api-meta.service[95944]: DEBUG nova.api.openstack.wsgi_app [None req-ee2e0bd5-76c9-419a-b6c7-cf0f02e229d2 None None] default_green_pool_size = 1000 {{(pid=95944) log_opt_values /opt/stack/data/venv/lib/python3.12/site-packages/oslo_config/cfg.py:3242}}
Jul 31 13:49:30.661992 np0000006230 devstack@n-api-meta.service[95944]: DEBUG nova.api.openstack.wsgi_app [None req-ee2e0bd5-76c9-419a-b6c7-cf0f02e229d2 None None] default_log_levels = ['amqp=WARN', 'boto=WARN', 'sqlalchemy=WARN', 'suds=INFO', 'oslo.messaging=INFO', 'oslo_messaging=INFO', 'iso8601=WARN', 'requests.packages.urllib3.connectionpool=WARN', 'urllib3.connectionpool=WARN', 'websocket=WARN', 'requests.packages.urllib3.util.retry=WARN', 'urllib3.util.retry=WARN', 'keystonemiddleware=WARN', 'routes.middleware=WARN', 'stevedore=WARN', 'taskflow=WARN', 'keystoneauth=WARN', 'oslo.cache=INFO', 'oslo_policy=INFO', 'dogpile.core.dogpile=INFO', 'glanceclient=WARN', 'oslo.privsep.daemon=INFO'] {{(pid=95944) log_opt_values /opt/stack/data/venv/lib/python3.12/site-packages/oslo_config/cfg.py:3242}}
Jul 31 13:49:30.661992 np0000006230 devstack@n-api-meta.service[95944]: DEBUG nova.api.openstack.wsgi_app [None req-ee2e0bd5-76c9-419a-b6c7-cf0f02e229d2 None None] default_schedule_zone = None {{(pid=95944) log_opt_values /opt/stack/data/venv/lib/python3.12/site-packages/oslo_config/cfg.py:3242}}
Jul 31 13:49:30.661992 np0000006230 devstack@n-api-meta.service[95944]: DEBUG nova.api.openstack.wsgi_app [None req-ee2e0bd5-76c9-419a-b6c7-cf0f02e229d2 None None] default_thread_pool_size = 10 {{(pid=95944) log_opt_values /opt/stack/data/venv/lib/python3.12/site-packages/oslo_config/cfg.py:3242}}
Jul 31 13:49:30.662170 np0000006230 devstack@n-api-meta.service[95944]: DEBUG nova.api.openstack.wsgi_app [None req-ee2e0bd5-76c9-419a-b6c7-cf0f02e229d2 None None] disk_allocation_ratio = None {{(pid=95944) log_opt_values /opt/stack/data/venv/lib/python3.12/site-packages/oslo_config/cfg.py:3242}}
Jul 31 13:49:30.662170 np0000006230 devstack@n-api-meta.service[95944]: DEBUG nova.api.openstack.wsgi_app [None req-ee2e0bd5-76c9-419a-b6c7-cf0f02e229d2 None None] enable_new_services = True {{(pid=95944) log_opt_values /opt/stack/data/venv/lib/python3.12/site-packages/oslo_config/cfg.py:3242}}
Jul 31 13:49:30.662247 np0000006230 devstack@n-api-meta.service[95944]: DEBUG nova.api.openstack.wsgi_app [None req-ee2e0bd5-76c9-419a-b6c7-cf0f02e229d2 None None] flat_injected = False {{(pid=95944) log_opt_values /opt/stack/data/venv/lib/python3.12/site-packages/oslo_config/cfg.py:3242}}
Jul 31 13:49:30.662359 np0000006230 devstack@n-api-meta.service[95944]: DEBUG nova.api.openstack.wsgi_app [None req-ee2e0bd5-76c9-419a-b6c7-cf0f02e229d2 None None] force_config_drive = True {{(pid=95944) log_opt_values /opt/stack/data/venv/lib/python3.12/site-packages/oslo_config/cfg.py:3242}}
Jul 31 13:49:30.662467 np0000006230 devstack@n-api-meta.service[95944]: DEBUG nova.api.openstack.wsgi_app [None req-ee2e0bd5-76c9-419a-b6c7-cf0f02e229d2 None None] force_raw_images = True {{(pid=95944) log_opt_values /opt/stack/data/venv/lib/python3.12/site-packages/oslo_config/cfg.py:3242}}
Jul 31 13:49:30.662606 np0000006230 devstack@n-api-meta.service[95944]: DEBUG nova.api.openstack.wsgi_app [None req-ee2e0bd5-76c9-419a-b6c7-cf0f02e229d2 None None] graceful_shutdown_timeout = 5 {{(pid=95944) log_opt_values /opt/stack/data/venv/lib/python3.12/site-packages/oslo_config/cfg.py:3242}}
Jul 31 13:49:30.662722 np0000006230 devstack@n-api-meta.service[95944]: DEBUG nova.api.openstack.wsgi_app [None req-ee2e0bd5-76c9-419a-b6c7-cf0f02e229d2 None None] heal_instance_info_cache_interval = -1 {{(pid=95944) log_opt_values /opt/stack/data/venv/lib/python3.12/site-packages/oslo_config/cfg.py:3242}}
Jul 31 13:49:30.662882 np0000006230 devstack@n-api-meta.service[95944]: DEBUG nova.api.openstack.wsgi_app [None req-ee2e0bd5-76c9-419a-b6c7-cf0f02e229d2 None None] host = np0000006230 {{(pid=95944) log_opt_values /opt/stack/data/venv/lib/python3.12/site-packages/oslo_config/cfg.py:3242}}
Jul 31 13:49:30.663001 np0000006230 devstack@n-api-meta.service[95944]: DEBUG nova.api.openstack.wsgi_app [None req-ee2e0bd5-76c9-419a-b6c7-cf0f02e229d2 None None] initial_cpu_allocation_ratio = 4.0 {{(pid=95944) log_opt_values /opt/stack/data/venv/lib/python3.12/site-packages/oslo_config/cfg.py:3242}}
Jul 31 13:49:30.663111 np0000006230 devstack@n-api-meta.service[95944]: DEBUG nova.api.openstack.wsgi_app [None req-ee2e0bd5-76c9-419a-b6c7-cf0f02e229d2 None None] initial_disk_allocation_ratio = 1.0 {{(pid=95944) log_opt_values /opt/stack/data/venv/lib/python3.12/site-packages/oslo_config/cfg.py:3242}}
Jul 31 13:49:30.663233 np0000006230 devstack@n-api-meta.service[95944]: DEBUG nova.api.openstack.wsgi_app [None req-ee2e0bd5-76c9-419a-b6c7-cf0f02e229d2 None None] initial_ram_allocation_ratio = 1.0 {{(pid=95944) log_opt_values /opt/stack/data/venv/lib/python3.12/site-packages/oslo_config/cfg.py:3242}}
Jul 31 13:49:30.663389 np0000006230 devstack@n-api-meta.service[95944]: DEBUG nova.api.openstack.wsgi_app [None req-ee2e0bd5-76c9-419a-b6c7-cf0f02e229d2 None None] injected_network_template = /opt/stack/nova/nova/virt/interfaces.template {{(pid=95944) log_opt_values /opt/stack/data/venv/lib/python3.12/site-packages/oslo_config/cfg.py:3242}}
Jul 31 13:49:30.663505 np0000006230 devstack@n-api-meta.service[95944]: DEBUG nova.api.openstack.wsgi_app [None req-ee2e0bd5-76c9-419a-b6c7-cf0f02e229d2 None None] instance_build_timeout = 0 {{(pid=95944) log_opt_values /opt/stack/data/venv/lib/python3.12/site-packages/oslo_config/cfg.py:3242}}
Jul 31 13:49:30.663637 np0000006230 devstack@n-api-meta.service[95944]: DEBUG nova.api.openstack.wsgi_app [None req-ee2e0bd5-76c9-419a-b6c7-cf0f02e229d2 None None] instance_delete_interval = 300 {{(pid=95944) log_opt_values /opt/stack/data/venv/lib/python3.12/site-packages/oslo_config/cfg.py:3242}}
Jul 31 13:49:30.663753 np0000006230 devstack@n-api-meta.service[95944]: DEBUG nova.api.openstack.wsgi_app [None req-ee2e0bd5-76c9-419a-b6c7-cf0f02e229d2 None None] instance_format = [instance: %(uuid)s] {{(pid=95944) log_opt_values /opt/stack/data/venv/lib/python3.12/site-packages/oslo_config/cfg.py:3242}}
Jul 31 13:49:30.663867 np0000006230 devstack@n-api-meta.service[95944]: DEBUG nova.api.openstack.wsgi_app [None req-ee2e0bd5-76c9-419a-b6c7-cf0f02e229d2 None None] instance_name_template = instance-%08x {{(pid=95944) log_opt_values /opt/stack/data/venv/lib/python3.12/site-packages/oslo_config/cfg.py:3242}}
Jul 31 13:49:30.663977 np0000006230 devstack@n-api-meta.service[95944]: DEBUG nova.api.openstack.wsgi_app [None req-ee2e0bd5-76c9-419a-b6c7-cf0f02e229d2 None None] instance_usage_audit = False {{(pid=95944) log_opt_values /opt/stack/data/venv/lib/python3.12/site-packages/oslo_config/cfg.py:3242}}
Jul 31 13:49:30.664103 np0000006230 devstack@n-api-meta.service[95944]: DEBUG nova.api.openstack.wsgi_app [None req-ee2e0bd5-76c9-419a-b6c7-cf0f02e229d2 None None] instance_usage_audit_period = month {{(pid=95944) log_opt_values /opt/stack/data/venv/lib/python3.12/site-packages/oslo_config/cfg.py:3242}}
Jul 31 13:49:30.664229 np0000006230 devstack@n-api-meta.service[95944]: DEBUG nova.api.openstack.wsgi_app [None req-ee2e0bd5-76c9-419a-b6c7-cf0f02e229d2 None None] instance_uuid_format = [instance: %(uuid)s] {{(pid=95944) log_opt_values /opt/stack/data/venv/lib/python3.12/site-packages/oslo_config/cfg.py:3242}}
Jul 31 13:49:30.664343 np0000006230 devstack@n-api-meta.service[95944]: DEBUG nova.api.openstack.wsgi_app [None req-ee2e0bd5-76c9-419a-b6c7-cf0f02e229d2 None None] instances_path = /opt/stack/data/nova/instances {{(pid=95944) log_opt_values /opt/stack/data/venv/lib/python3.12/site-packages/oslo_config/cfg.py:3242}}
Jul 31 13:49:30.664457 np0000006230 devstack@n-api-meta.service[95944]: DEBUG nova.api.openstack.wsgi_app [None req-ee2e0bd5-76c9-419a-b6c7-cf0f02e229d2 None None] internal_service_availability_zone = internal {{(pid=95944) log_opt_values /opt/stack/data/venv/lib/python3.12/site-packages/oslo_config/cfg.py:3242}}
Jul 31 13:49:30.664587 np0000006230 devstack@n-api-meta.service[95944]: DEBUG nova.api.openstack.wsgi_app [None req-ee2e0bd5-76c9-419a-b6c7-cf0f02e229d2 None None] key = None {{(pid=95944) log_opt_values /opt/stack/data/venv/lib/python3.12/site-packages/oslo_config/cfg.py:3242}}
Jul 31 13:49:30.664698 np0000006230 devstack@n-api-meta.service[95944]: DEBUG nova.api.openstack.wsgi_app [None req-ee2e0bd5-76c9-419a-b6c7-cf0f02e229d2 None None] live_migration_retry_count = 30 {{(pid=95944) log_opt_values /opt/stack/data/venv/lib/python3.12/site-packages/oslo_config/cfg.py:3242}}
Jul 31 13:49:30.664814 np0000006230 devstack@n-api-meta.service[95944]: DEBUG nova.api.openstack.wsgi_app [None req-ee2e0bd5-76c9-419a-b6c7-cf0f02e229d2 None None] log_color = False {{(pid=95944) log_opt_values /opt/stack/data/venv/lib/python3.12/site-packages/oslo_config/cfg.py:3242}}
Jul 31 13:49:30.664925 np0000006230 devstack@n-api-meta.service[95944]: DEBUG nova.api.openstack.wsgi_app [None req-ee2e0bd5-76c9-419a-b6c7-cf0f02e229d2 None None] log_config_append = None {{(pid=95944) log_opt_values /opt/stack/data/venv/lib/python3.12/site-packages/oslo_config/cfg.py:3242}}
Jul 31 13:49:30.666530 np0000006230 devstack@n-api-meta.service[95944]: DEBUG nova.api.openstack.wsgi_app [None req-ee2e0bd5-76c9-419a-b6c7-cf0f02e229d2 None None] log_date_format = %Y-%m-%d %H:%M:%S {{(pid=95944) log_opt_values /opt/stack/data/venv/lib/python3.12/site-packages/oslo_config/cfg.py:3242}}
Jul 31 13:49:30.666530 np0000006230 devstack@n-api-meta.service[95944]: DEBUG nova.api.openstack.wsgi_app [None req-ee2e0bd5-76c9-419a-b6c7-cf0f02e229d2 None None] log_dir = None {{(pid=95944) log_opt_values /opt/stack/data/venv/lib/python3.12/site-packages/oslo_config/cfg.py:3242}}
Jul 31 13:49:30.666530 np0000006230 devstack@n-api-meta.service[95944]: DEBUG nova.api.openstack.wsgi_app [None req-ee2e0bd5-76c9-419a-b6c7-cf0f02e229d2 None None] log_file = None {{(pid=95944) log_opt_values /opt/stack/data/venv/lib/python3.12/site-packages/oslo_config/cfg.py:3242}}
Jul 31 13:49:30.666530 np0000006230 devstack@n-api-meta.service[95944]: DEBUG nova.api.openstack.wsgi_app [None req-ee2e0bd5-76c9-419a-b6c7-cf0f02e229d2 None None] log_options = True {{(pid=95944) log_opt_values /opt/stack/data/venv/lib/python3.12/site-packages/oslo_config/cfg.py:3242}}
Jul 31 13:49:30.666530 np0000006230 devstack@n-api-meta.service[95944]: DEBUG nova.api.openstack.wsgi_app [None req-ee2e0bd5-76c9-419a-b6c7-cf0f02e229d2 None None] log_rotate_interval = 1 {{(pid=95944) log_opt_values /opt/stack/data/venv/lib/python3.12/site-packages/oslo_config/cfg.py:3242}}
Jul 31 13:49:30.666530 np0000006230 devstack@n-api-meta.service[95944]: DEBUG nova.api.openstack.wsgi_app [None req-ee2e0bd5-76c9-419a-b6c7-cf0f02e229d2 None None] log_rotate_interval_type = days {{(pid=95944) log_opt_values /opt/stack/data/venv/lib/python3.12/site-packages/oslo_config/cfg.py:3242}}
Jul 31 13:49:30.666530 np0000006230 devstack@n-api-meta.service[95944]: DEBUG nova.api.openstack.wsgi_app [None req-ee2e0bd5-76c9-419a-b6c7-cf0f02e229d2 None None] log_rotation_type = none {{(pid=95944) log_opt_values /opt/stack/data/venv/lib/python3.12/site-packages/oslo_config/cfg.py:3242}}
Jul 31 13:49:30.666774 np0000006230 devstack@n-api-meta.service[95944]: DEBUG nova.api.openstack.wsgi_app [None req-ee2e0bd5-76c9-419a-b6c7-cf0f02e229d2 None None] logging_context_format_string = %(color)s%(levelname)s %(name)s [%(global_request_id)s %(request_id)s %(project_name)s %(user_name)s%(color)s] %(instance)s%(color)s%(message)s {{(pid=95944) log_opt_values /opt/stack/data/venv/lib/python3.12/site-packages/oslo_config/cfg.py:3242}}
Jul 31 13:49:30.666774 np0000006230 devstack@n-api-meta.service[95944]: DEBUG nova.api.openstack.wsgi_app [None req-ee2e0bd5-76c9-419a-b6c7-cf0f02e229d2 None None] logging_debug_format_suffix = {{(pid=%(process)d) %(funcName)s %(pathname)s:%(lineno)d}} {{(pid=95944) log_opt_values /opt/stack/data/venv/lib/python3.12/site-packages/oslo_config/cfg.py:3242}}
Jul 31 13:49:30.666774 np0000006230 devstack@n-api-meta.service[95944]: DEBUG nova.api.openstack.wsgi_app [None req-ee2e0bd5-76c9-419a-b6c7-cf0f02e229d2 None None] logging_default_format_string = %(color)s%(levelname)s %(name)s [-%(color)s] %(instance)s%(color)s%(message)s {{(pid=95944) log_opt_values /opt/stack/data/venv/lib/python3.12/site-packages/oslo_config/cfg.py:3242}}
Jul 31 13:49:30.666774 np0000006230 devstack@n-api-meta.service[95944]: DEBUG nova.api.openstack.wsgi_app [None req-ee2e0bd5-76c9-419a-b6c7-cf0f02e229d2 None None] logging_exception_prefix = ERROR %(name)s %(instance)s {{(pid=95944) log_opt_values /opt/stack/data/venv/lib/python3.12/site-packages/oslo_config/cfg.py:3242}}
Jul 31 13:49:30.666774 np0000006230 devstack@n-api-meta.service[95944]: DEBUG nova.api.openstack.wsgi_app [None req-ee2e0bd5-76c9-419a-b6c7-cf0f02e229d2 None None] logging_user_identity_format = %(user)s %(project)s %(domain)s %(system_scope)s %(user_domain)s %(project_domain)s {{(pid=95944) log_opt_values /opt/stack/data/venv/lib/python3.12/site-packages/oslo_config/cfg.py:3242}}
