Jul 31 13:52:02.679464 np0000006230 devstack@n-api.service[87464]: DEBUG oslo_concurrency.lockutils [None req-474b7604-272f-4e24-aecc-506b3b13bfc9 tempest-AttachSCSIVolumeTestJSON-1145170148 tempest-AttachSCSIVolumeTestJSON-1145170148-project-member] Acquiring lock "70423dd8-3229-4fda-88f2-f5e5407c8517" by "nova.context.set_target_cell..get_or_set_cached_cell_and_set_connections" {{(pid=87464) inner /opt/stack/data/venv/lib/python3.12/site-packages/oslo_concurrency/lockutils.py:512}}
Jul 31 13:52:02.679780 np0000006230 devstack@n-api.service[87464]: DEBUG oslo_concurrency.lockutils [None req-474b7604-272f-4e24-aecc-506b3b13bfc9 tempest-AttachSCSIVolumeTestJSON-1145170148 tempest-AttachSCSIVolumeTestJSON-1145170148-project-member] Lock "70423dd8-3229-4fda-88f2-f5e5407c8517" acquired by "nova.context.set_target_cell..get_or_set_cached_cell_and_set_connections" :: waited 0.000s {{(pid=87464) inner /opt/stack/data/venv/lib/python3.12/site-packages/oslo_concurrency/lockutils.py:525}}
Jul 31 13:52:02.680141 np0000006230 devstack@n-api.service[87464]: DEBUG oslo_concurrency.lockutils [None req-474b7604-272f-4e24-aecc-506b3b13bfc9 tempest-AttachSCSIVolumeTestJSON-1145170148 tempest-AttachSCSIVolumeTestJSON-1145170148-project-member] Lock "70423dd8-3229-4fda-88f2-f5e5407c8517" "released" by "nova.context.set_target_cell..get_or_set_cached_cell_and_set_connections" :: held 0.000s {{(pid=87464) inner /opt/stack/data/venv/lib/python3.12/site-packages/oslo_concurrency/lockutils.py:544}}
Jul 31 13:52:02.709199 np0000006230 devstack@n-api.service[87463]: DEBUG nova.policy [None req-6828afbb-a63f-4d86-a247-e0d7aad03427 tempest-ServerBootFromVolumeStableRescueTest-571808253 tempest-ServerBootFromVolumeStableRescueTest-571808253-project-member] Policy check for os_compute_api:os-extended-server-attributes failed with credentials {'is_admin': False, 'user_id': 'f3117e1d84554678b22e6626dbc06dd5', 'user_domain_id': 'default', 'system_scope': None, 'domain_id': None, 'project_id': 'b6f9adcab231448d8b37b520fc703ad9', 'project_domain_id': 'default', 'roles': ['member', 'reader'], 'is_admin_project': True, 'service_user_id': None, 'service_user_domain_id': None, 'service_project_id': None, 'service_project_domain_id': None, 'service_roles': []} {{(pid=87463) authorize /opt/stack/nova/nova/policy.py:202}}
Jul 31 13:52:02.721881 np0000006230 devstack@n-api.service[87463]: DEBUG nova.policy [None req-6828afbb-a63f-4d86-a247-e0d7aad03427 tempest-ServerBootFromVolumeStableRescueTest-571808253 tempest-ServerBootFromVolumeStableRescueTest-571808253-project-member] Policy check for os_compute_api:servers:show:host_status failed with credentials {'is_admin': False, 'user_id': 'f3117e1d84554678b22e6626dbc06dd5', 'user_domain_id': 'default', 'system_scope': None, 'domain_id': None, 'project_id': 'b6f9adcab231448d8b37b520fc703ad9', 'project_domain_id': 'default', 'roles': ['member', 'reader'], 'is_admin_project': True, 'service_user_id': None, 'service_user_domain_id': None, 'service_project_id': None, 'service_project_domain_id': None, 'service_roles': []} {{(pid=87463) authorize /opt/stack/nova/nova/policy.py:202}}
Jul 31 13:52:02.722675 np0000006230 devstack@n-api.service[87463]: DEBUG nova.policy [None req-6828afbb-a63f-4d86-a247-e0d7aad03427 tempest-ServerBootFromVolumeStableRescueTest-571808253 tempest-ServerBootFromVolumeStableRescueTest-571808253-project-member] Policy check for os_compute_api:servers:show:host_status:unknown-only failed with credentials {'is_admin': False, 'user_id': 'f3117e1d84554678b22e6626dbc06dd5', 'user_domain_id': 'default', 'system_scope': None, 'domain_id': None, 'project_id': 'b6f9adcab231448d8b37b520fc703ad9', 'project_domain_id': 'default', 'roles': ['member', 'reader'], 'is_admin_project': True, 'service_user_id': None, 'service_user_domain_id': None, 'service_project_id': None, 'service_project_domain_id': None, 'service_roles': []} {{(pid=87463) authorize /opt/stack/nova/nova/policy.py:202}}
Jul 31 13:52:02.736123 np0000006230 devstack@n-api.service[87463]: INFO nova.api.openstack.requestlog [None req-6828afbb-a63f-4d86-a247-e0d7aad03427 tempest-ServerBootFromVolumeStableRescueTest-571808253 tempest-ServerBootFromVolumeStableRescueTest-571808253-project-member] 10.4.3.140 "GET /compute/v2.1/servers/2dec0b30-19c7-453c-ba61-80097d0bd638" status: 200 len: 1697 microversion: 2.87 time: 0.346349
Jul 31 13:52:02.737534 np0000006230 devstack@n-api.service[87463]: [pid: 87463|app: 0|req: 11/42] 10.4.3.140 () {68 vars in 1395 bytes} [Fri Jul 31 13:52:02 2026] GET /compute/v2.1/servers/2dec0b30-19c7-453c-ba61-80097d0bd638 => generated 1697 bytes in 347 msecs (HTTP/1.1 200) 9 headers in 360 bytes (1 switches on core 0)
Jul 31 13:52:02.750574 np0000006230 devstack@n-api.service[87464]: WARNING neutronclient.v2_0.client [None req-474b7604-272f-4e24-aecc-506b3b13bfc9 tempest-AttachSCSIVolumeTestJSON-1145170148 tempest-AttachSCSIVolumeTestJSON-1145170148-project-member] The python binding code in neutronclient is deprecated in favor of OpenstackSDK, please use that as this will be removed in a future release.
Jul 31 13:52:02.763063 np0000006230 devstack@n-api.service[87462]: DEBUG nova.api.openstack.wsgi [None req-005991df-5360-49a1-bb7e-7c2358f5aed8 tempest-ServerBootFromVolumeStableRescueTest-571808253 tempest-ServerBootFromVolumeStableRescueTest-571808253-project-member] Action: 'action', calling method: >, body: {"createImage": {"name": "tempest-ServerBootFromVolumeStableRescueTest-image-1686308472"}} {{(pid=87462) _process_stack /opt/stack/nova/nova/api/openstack/wsgi.py:549}}
Jul 31 13:52:02.765827 np0000006230 devstack@n-api.service[87462]: DEBUG nova.compute.api [None req-005991df-5360-49a1-bb7e-7c2358f5aed8 tempest-ServerBootFromVolumeStableRescueTest-571808253 tempest-ServerBootFromVolumeStableRescueTest-571808253-project-member] [instance: 2dec0b30-19c7-453c-ba61-80097d0bd638] Fetching instance by UUID {{(pid=87462) get /opt/stack/nova/nova/compute/api.py:3068}}
Jul 31 13:52:02.772944 np0000006230 devstack@n-api.service[87462]: DEBUG oslo_concurrency.lockutils [None req-005991df-5360-49a1-bb7e-7c2358f5aed8 tempest-ServerBootFromVolumeStableRescueTest-571808253 tempest-ServerBootFromVolumeStableRescueTest-571808253-project-member] Acquiring lock "70423dd8-3229-4fda-88f2-f5e5407c8517" by "nova.context.set_target_cell..get_or_set_cached_cell_and_set_connections" {{(pid=87462) inner /opt/stack/data/venv/lib/python3.12/site-packages/oslo_concurrency/lockutils.py:512}}
Jul 31 13:52:02.774389 np0000006230 devstack@n-api.service[87462]: DEBUG oslo_concurrency.lockutils [None req-005991df-5360-49a1-bb7e-7c2358f5aed8 tempest-ServerBootFromVolumeStableRescueTest-571808253 tempest-ServerBootFromVolumeStableRescueTest-571808253-project-member] Lock "70423dd8-3229-4fda-88f2-f5e5407c8517" acquired by "nova.context.set_target_cell..get_or_set_cached_cell_and_set_connections" :: waited 0.000s {{(pid=87462) inner /opt/stack/data/venv/lib/python3.12/site-packages/oslo_concurrency/lockutils.py:525}}
Jul 31 13:52:02.774389 np0000006230 devstack@n-api.service[87462]: DEBUG oslo_concurrency.lockutils [None req-005991df-5360-49a1-bb7e-7c2358f5aed8 tempest-ServerBootFromVolumeStableRescueTest-571808253 tempest-ServerBootFromVolumeStableRescueTest-571808253-project-member] Lock "70423dd8-3229-4fda-88f2-f5e5407c8517" "released" by "nova.context.set_target_cell..get_or_set_cached_cell_and_set_connections" :: held 0.000s {{(pid=87462) inner /opt/stack/data/venv/lib/python3.12/site-packages/oslo_concurrency/lockutils.py:544}}
Jul 31 13:52:02.774389 np0000006230 devstack@n-api.service[87462]: DEBUG oslo_concurrency.lockutils [None req-005991df-5360-49a1-bb7e-7c2358f5aed8 tempest-ServerBootFromVolumeStableRescueTest-571808253 tempest-ServerBootFromVolumeStableRescueTest-571808253-project-member] Acquiring lock "70423dd8-3229-4fda-88f2-f5e5407c8517" by "nova.context.set_target_cell..get_or_set_cached_cell_and_set_connections" {{(pid=87462) inner /opt/stack/data/venv/lib/python3.12/site-packages/oslo_concurrency/lockutils.py:512}}
Jul 31 13:52:02.774389 np0000006230 devstack@n-api.service[87462]: DEBUG oslo_concurrency.lockutils [None req-005991df-5360-49a1-bb7e-7c2358f5aed8 tempest-ServerBootFromVolumeStableRescueTest-571808253 tempest-ServerBootFromVolumeStableRescueTest-571808253-project-member] Lock "70423dd8-3229-4fda-88f2-f5e5407c8517" acquired by "nova.context.set_target_cell..get_or_set_cached_cell_and_set_connections" :: waited 0.000s {{(pid=87462) inner /opt/stack/data/venv/lib/python3.12/site-packages/oslo_concurrency/lockutils.py:525}}
Jul 31 13:52:02.774676 np0000006230 devstack@n-api.service[87462]: DEBUG oslo_concurrency.lockutils [None req-005991df-5360-49a1-bb7e-7c2358f5aed8 tempest-ServerBootFromVolumeStableRescueTest-571808253 tempest-ServerBootFromVolumeStableRescueTest-571808253-project-member] Lock "70423dd8-3229-4fda-88f2-f5e5407c8517" "released" by "nova.context.set_target_cell..get_or_set_cached_cell_and_set_connections" :: held 0.000s {{(pid=87462) inner /opt/stack/data/venv/lib/python3.12/site-packages/oslo_concurrency/lockutils.py:544}}
Jul 31 13:52:02.834285 np0000006230 devstack@n-api.service[87464]: DEBUG nova.policy [None req-474b7604-272f-4e24-aecc-506b3b13bfc9 tempest-AttachSCSIVolumeTestJSON-1145170148 tempest-AttachSCSIVolumeTestJSON-1145170148-project-member] Policy check for os_compute_api:os-extended-server-attributes failed with credentials {'is_admin': False, 'user_id': '35a9def8d1c343ab9675771c1ba125a7', 'user_domain_id': 'default', 'system_scope': None, 'domain_id': None, 'project_id': 'c54638abac2e4667bdc80be3aaa59c2a', 'project_domain_id': 'default', 'roles': ['member', 'reader'], 'is_admin_project': True, 'service_user_id': None, 'service_user_domain_id': None, 'service_project_id': None, 'service_project_domain_id': None, 'service_roles': []} {{(pid=87464) authorize /opt/stack/nova/nova/policy.py:202}}
Jul 31 13:52:02.844328 np0000006230 devstack@n-api.service[87464]: INFO nova.api.openstack.requestlog [None req-474b7604-272f-4e24-aecc-506b3b13bfc9 tempest-AttachSCSIVolumeTestJSON-1145170148 tempest-AttachSCSIVolumeTestJSON-1145170148-project-member] 10.4.3.140 "GET /compute/v2.1/servers/9b82f036-e917-414d-81fd-ea40f1140130" status: 200 len: 1295 microversion: 2.1 time: 0.179608
Jul 31 13:52:02.844481 np0000006230 devstack@n-api.service[87464]: [pid: 87464|app: 0|req: 11/43] 10.4.3.140 () {66 vars in 1354 bytes} [Fri Jul 31 13:52:02 2026] GET /compute/v2.1/servers/9b82f036-e917-414d-81fd-ea40f1140130 => generated 1295 bytes in 180 msecs (HTTP/1.1 200) 9 headers in 358 bytes (1 switches on core 0)
Jul 31 13:52:03.208657 np0000006230 devstack@n-api.service[87465]: DEBUG nova.api.openstack.wsgi [None req-0f15c884-0ee7-4669-a330-0b0f605299eb tempest-VolumesAssistedSnapshotsTest-1217880419 tempest-VolumesAssistedSnapshotsTest-1217880419-project-member] Action: 'create', calling method: >, body: {"keypair": {"name": "tempest-keypair-1711061160", "public_key": "ecdsa-sha2-nistp384 AAAAE2VjZHNhLXNoYTItbmlzdHAzODQAAAAIbmlzdHAzODQAAABhBAcyC/p76MqX2tWX3P7+d1hA4ZWDdhrTfVhaeFuujkrrpqLAST7+oh2u8XUKC0XaKnFUS2bXs50loBYgsD6mYHZJFrnYEc45JE6vPcx0fBfgPIYCDSyb+rnf547nwHkNIg=="}} {{(pid=87465) _process_stack /opt/stack/nova/nova/api/openstack/wsgi.py:549}}
Jul 31 13:52:03.239590 np0000006230 devstack@n-api.service[87465]: DEBUG nova.quota [None req-0f15c884-0ee7-4669-a330-0b0f605299eb tempest-VolumesAssistedSnapshotsTest-1217880419 tempest-VolumesAssistedSnapshotsTest-1217880419-project-member] Getting quotas for project e9e34d32ea5048239b6756a35c3ab54b. Resources: {'key_pairs'} {{(pid=87465) _get_quotas /opt/stack/nova/nova/quota.py:389}}
Jul 31 13:52:03.247327 np0000006230 devstack@n-api.service[87465]: DEBUG nova.quota [None req-0f15c884-0ee7-4669-a330-0b0f605299eb tempest-VolumesAssistedSnapshotsTest-1217880419 tempest-VolumesAssistedSnapshotsTest-1217880419-project-member] Getting quotas for user 970508e057e04c5db8b0a2d6be289717 and project e9e34d32ea5048239b6756a35c3ab54b. Resources: {'key_pairs'} {{(pid=87465) _get_quotas /opt/stack/nova/nova/quota.py:379}}
Jul 31 13:52:03.305406 np0000006230 devstack@n-api.service[87465]: INFO nova.api.openstack.requestlog [None req-0f15c884-0ee7-4669-a330-0b0f605299eb tempest-VolumesAssistedSnapshotsTest-1217880419 tempest-VolumesAssistedSnapshotsTest-1217880419-project-member] 10.4.3.140 "POST /compute/v2.1/os-keypairs" status: 200 len: 386 microversion: 2.1 time: 0.432393
Jul 31 13:52:03.305406 np0000006230 devstack@n-api.service[87465]: [pid: 87465|app: 0|req: 13/44] 10.4.3.140 () {68 vars in 1277 bytes} [Fri Jul 31 13:52:02 2026] POST /compute/v2.1/os-keypairs => generated 386 bytes in 433 msecs (HTTP/1.1 200) 9 headers in 357 bytes (1 switches on core 0)
Jul 31 13:52:03.869660 np0000006230 devstack@n-api.service[87463]: DEBUG nova.api.openstack.wsgi [None req-beb67813-f002-40db-9c72-32ada9fb4ee6 tempest-AttachSCSIVolumeTestJSON-1145170148 tempest-AttachSCSIVolumeTestJSON-1145170148-project-member] Calling method '>' {{(pid=87463) _process_stack /opt/stack/nova/nova/api/openstack/wsgi.py:551}}
Jul 31 13:52:03.871710 np0000006230 devstack@n-api.service[87463]: DEBUG nova.compute.api [None req-beb67813-f002-40db-9c72-32ada9fb4ee6 tempest-AttachSCSIVolumeTestJSON-1145170148 tempest-AttachSCSIVolumeTestJSON-1145170148-project-member] [instance: 9b82f036-e917-414d-81fd-ea40f1140130] Fetching instance by UUID {{(pid=87463) get /opt/stack/nova/nova/compute/api.py:3068}}
Jul 31 13:52:03.877560 np0000006230 devstack@n-api.service[87463]: DEBUG oslo_concurrency.lockutils [None req-beb67813-f002-40db-9c72-32ada9fb4ee6 tempest-AttachSCSIVolumeTestJSON-1145170148 tempest-AttachSCSIVolumeTestJSON-1145170148-project-member] Acquiring lock "70423dd8-3229-4fda-88f2-f5e5407c8517" by "nova.context.set_target_cell..get_or_set_cached_cell_and_set_connections" {{(pid=87463) inner /opt/stack/data/venv/lib/python3.12/site-packages/oslo_concurrency/lockutils.py:512}}
Jul 31 13:52:03.877560 np0000006230 devstack@n-api.service[87463]: DEBUG oslo_concurrency.lockutils [None req-beb67813-f002-40db-9c72-32ada9fb4ee6 tempest-AttachSCSIVolumeTestJSON-1145170148 tempest-AttachSCSIVolumeTestJSON-1145170148-project-member] Lock "70423dd8-3229-4fda-88f2-f5e5407c8517" acquired by "nova.context.set_target_cell..get_or_set_cached_cell_and_set_connections" :: waited 0.000s {{(pid=87463) inner /opt/stack/data/venv/lib/python3.12/site-packages/oslo_concurrency/lockutils.py:525}}
Jul 31 13:52:03.877765 np0000006230 devstack@n-api.service[87463]: DEBUG oslo_concurrency.lockutils [None req-beb67813-f002-40db-9c72-32ada9fb4ee6 tempest-AttachSCSIVolumeTestJSON-1145170148 tempest-AttachSCSIVolumeTestJSON-1145170148-project-member] Lock "70423dd8-3229-4fda-88f2-f5e5407c8517" "released" by "nova.context.set_target_cell..get_or_set_cached_cell_and_set_connections" :: held 0.000s {{(pid=87463) inner /opt/stack/data/venv/lib/python3.12/site-packages/oslo_concurrency/lockutils.py:544}}
Jul 31 13:52:03.878133 np0000006230 devstack@n-api.service[87463]: DEBUG oslo_concurrency.lockutils [None req-beb67813-f002-40db-9c72-32ada9fb4ee6 tempest-AttachSCSIVolumeTestJSON-1145170148 tempest-AttachSCSIVolumeTestJSON-1145170148-project-member] Acquiring lock "70423dd8-3229-4fda-88f2-f5e5407c8517" by "nova.context.set_target_cell..get_or_set_cached_cell_and_set_connections" {{(pid=87463) inner /opt/stack/data/venv/lib/python3.12/site-packages/oslo_concurrency/lockutils.py:512}}
Jul 31 13:52:03.878452 np0000006230 devstack@n-api.service[87463]: DEBUG oslo_concurrency.lockutils [None req-beb67813-f002-40db-9c72-32ada9fb4ee6 tempest-AttachSCSIVolumeTestJSON-1145170148 tempest-AttachSCSIVolumeTestJSON-1145170148-project-member] Lock "70423dd8-3229-4fda-88f2-f5e5407c8517" acquired by "nova.context.set_target_cell..get_or_set_cached_cell_and_set_connections" :: waited 0.000s {{(pid=87463) inner /opt/stack/data/venv/lib/python3.12/site-packages/oslo_concurrency/lockutils.py:525}}
Jul 31 13:52:03.878834 np0000006230 devstack@n-api.service[87463]: DEBUG oslo_concurrency.lockutils [None req-beb67813-f002-40db-9c72-32ada9fb4ee6 tempest-AttachSCSIVolumeTestJSON-1145170148 tempest-AttachSCSIVolumeTestJSON-1145170148-project-member] Lock "70423dd8-3229-4fda-88f2-f5e5407c8517" "released" by "nova.context.set_target_cell..get_or_set_cached_cell_and_set_connections" :: held 0.000s {{(pid=87463) inner /opt/stack/data/venv/lib/python3.12/site-packages/oslo_concurrency/lockutils.py:544}}
Jul 31 13:52:03.947774 np0000006230 devstack@n-api.service[87463]: WARNING neutronclient.v2_0.client [None req-beb67813-f002-40db-9c72-32ada9fb4ee6 tempest-AttachSCSIVolumeTestJSON-1145170148 tempest-AttachSCSIVolumeTestJSON-1145170148-project-member] The python binding code in neutronclient is deprecated in favor of OpenstackSDK, please use that as this will be removed in a future release.
Jul 31 13:52:03.978450 np0000006230 devstack@n-api.service[87462]: DEBUG oslo_concurrency.lockutils [None req-005991df-5360-49a1-bb7e-7c2358f5aed8 tempest-ServerBootFromVolumeStableRescueTest-571808253 tempest-ServerBootFromVolumeStableRescueTest-571808253-project-member] Acquiring lock "compute-rpcapi-router" {{(pid=87462) lock /opt/stack/data/venv/lib/python3.12/site-packages/oslo_concurrency/lockutils.py:396}}
Jul 31 13:52:03.978450 np0000006230 devstack@n-api.service[87462]: DEBUG oslo_concurrency.lockutils [None req-005991df-5360-49a1-bb7e-7c2358f5aed8 tempest-ServerBootFromVolumeStableRescueTest-571808253 tempest-ServerBootFromVolumeStableRescueTest-571808253-project-member] Acquired lock "compute-rpcapi-router" {{(pid=87462) lock /opt/stack/data/venv/lib/python3.12/site-packages/oslo_concurrency/lockutils.py:399}}
Jul 31 13:52:03.980001 np0000006230 devstack@n-api.service[87462]: DEBUG oslo_concurrency.lockutils [None req-905c04b9-b483-49ed-91a8-809e576f3add None None] Acquiring lock "00000000-0000-0000-0000-000000000000" by "nova.context.set_target_cell..get_or_set_cached_cell_and_set_connections" {{(pid=87462) inner /opt/stack/data/venv/lib/python3.12/site-packages/oslo_concurrency/lockutils.py:512}}
Jul 31 13:52:03.980001 np0000006230 devstack@n-api.service[87462]: DEBUG oslo_concurrency.lockutils [None req-905c04b9-b483-49ed-91a8-809e576f3add None None] Lock "00000000-0000-0000-0000-000000000000" acquired by "nova.context.set_target_cell..get_or_set_cached_cell_and_set_connections" :: waited 0.000s {{(pid=87462) inner /opt/stack/data/venv/lib/python3.12/site-packages/oslo_concurrency/lockutils.py:525}}
Jul 31 13:52:03.980001 np0000006230 devstack@n-api.service[87462]: DEBUG oslo_concurrency.lockutils [None req-905c04b9-b483-49ed-91a8-809e576f3add None None] Lock "00000000-0000-0000-0000-000000000000" "released" by "nova.context.set_target_cell..get_or_set_cached_cell_and_set_connections" :: held 0.000s {{(pid=87462) inner /opt/stack/data/venv/lib/python3.12/site-packages/oslo_concurrency/lockutils.py:544}}
Jul 31 13:52:03.980001 np0000006230 devstack@n-api.service[87462]: DEBUG oslo_concurrency.lockutils [None req-905c04b9-b483-49ed-91a8-809e576f3add None None] Acquiring lock "70423dd8-3229-4fda-88f2-f5e5407c8517" by "nova.context.set_target_cell..get_or_set_cached_cell_and_set_connections" {{(pid=87462) inner /opt/stack/data/venv/lib/python3.12/site-packages/oslo_concurrency/lockutils.py:512}}
Jul 31 13:52:03.980001 np0000006230 devstack@n-api.service[87462]: DEBUG oslo_concurrency.lockutils [None req-905c04b9-b483-49ed-91a8-809e576f3add None None] Lock "70423dd8-3229-4fda-88f2-f5e5407c8517" acquired by "nova.context.set_target_cell..get_or_set_cached_cell_and_set_connections" :: waited 0.000s {{(pid=87462) inner /opt/stack/data/venv/lib/python3.12/site-packages/oslo_concurrency/lockutils.py:525}}
Jul 31 13:52:03.980555 np0000006230 devstack@n-api.service[87462]: DEBUG oslo_concurrency.lockutils [None req-905c04b9-b483-49ed-91a8-809e576f3add None None] Lock "70423dd8-3229-4fda-88f2-f5e5407c8517" "released" by "nova.context.set_target_cell..get_or_set_cached_cell_and_set_connections" :: held 0.000s {{(pid=87462) inner /opt/stack/data/venv/lib/python3.12/site-packages/oslo_concurrency/lockutils.py:544}}
Jul 31 13:52:03.988488 np0000006230 devstack@n-api.service[87462]: INFO nova.compute.rpcapi [None req-905c04b9-b483-49ed-91a8-809e576f3add None None] Automatically selected compute RPC version 6.5 from minimum service version 72
Jul 31 13:52:03.989067 np0000006230 devstack@n-api.service[87462]: DEBUG oslo_concurrency.lockutils [None req-905c04b9-b483-49ed-91a8-809e576f3add None None] Releasing lock "compute-rpcapi-router" {{(pid=87462) lock /opt/stack/data/venv/lib/python3.12/site-packages/oslo_concurrency/lockutils.py:419}}
Jul 31 13:52:04.004218 np0000006230 devstack@n-api.service[87462]: INFO nova.api.openstack.requestlog [None req-905c04b9-b483-49ed-91a8-809e576f3add None None] 10.4.3.140 "POST /compute/v2.1/servers/2dec0b30-19c7-453c-ba61-80097d0bd638/action" status: 202 len: 52 microversion: 2.87 time: 1.246723
Jul 31 13:52:04.004671 np0000006230 devstack@n-api.service[87462]: [pid: 87462|app: 0|req: 10/45] 10.4.3.140 () {70 vars in 1437 bytes} [Fri Jul 31 13:52:02 2026] POST /compute/v2.1/servers/2dec0b30-19c7-453c-ba61-80097d0bd638/action => generated 52 bytes in 1248 msecs (HTTP/1.1 202) 9 headers in 364 bytes (1 switches on core 0)
Jul 31 13:52:04.767917 np0000006230 devstack@n-api.service[87463]: DEBUG nova.policy [None req-beb67813-f002-40db-9c72-32ada9fb4ee6 tempest-AttachSCSIVolumeTestJSON-1145170148 tempest-AttachSCSIVolumeTestJSON-1145170148-project-member] Policy check for os_compute_api:os-extended-server-attributes failed with credentials {'is_admin': False, 'user_id': '35a9def8d1c343ab9675771c1ba125a7', 'user_domain_id': 'default', 'system_scope': None, 'domain_id': None, 'project_id': 'c54638abac2e4667bdc80be3aaa59c2a', 'project_domain_id': 'default', 'roles': ['member', 'reader'], 'is_admin_project': True, 'service_user_id': None, 'service_user_domain_id': None, 'service_project_id': None, 'service_project_domain_id': None, 'service_roles': []} {{(pid=87463) authorize /opt/stack/nova/nova/policy.py:202}}
Jul 31 13:52:04.782000 np0000006230 devstack@n-api.service[87463]: INFO nova.api.openstack.requestlog [None req-beb67813-f002-40db-9c72-32ada9fb4ee6 tempest-AttachSCSIVolumeTestJSON-1145170148 tempest-AttachSCSIVolumeTestJSON-1145170148-project-member] 10.4.3.140 "GET /compute/v2.1/servers/9b82f036-e917-414d-81fd-ea40f1140130" status: 200 len: 1369 microversion: 2.1 time: 0.914960
Jul 31 13:52:04.782802 np0000006230 devstack@n-api.service[87463]: [pid: 87463|app: 0|req: 12/46] 10.4.3.140 () {66 vars in 1354 bytes} [Fri Jul 31 13:52:03 2026] GET /compute/v2.1/servers/9b82f036-e917-414d-81fd-ea40f1140130 => generated 1369 bytes in 916 msecs (HTTP/1.1 200) 9 headers in 358 bytes (1 switches on core 0)
Jul 31 13:52:05.323538 np0000006230 devstack@n-api.service[87464]: DEBUG nova.api.openstack.wsgi [req-c0b98f47-cbc0-494a-8895-13e198bf6851 req-2f2e841e-275a-480f-8df2-1d3a74beb9cf service nova] Action: 'create', calling method: >, body: {"events": [{"name": "network-changed", "server_uuid": "9b82f036-e917-414d-81fd-ea40f1140130", "tag": "4d9c3a96-68d4-4642-8632-3ea3b0b351da"}]} {{(pid=87464) _process_stack /opt/stack/nova/nova/api/openstack/wsgi.py:549}}
Jul 31 13:52:05.330774 np0000006230 devstack@n-api.service[87464]: DEBUG oslo_concurrency.lockutils [req-c0b98f47-cbc0-494a-8895-13e198bf6851 req-2f2e841e-275a-480f-8df2-1d3a74beb9cf service nova] Acquiring lock "70423dd8-3229-4fda-88f2-f5e5407c8517" by "nova.context.set_target_cell..get_or_set_cached_cell_and_set_connections" {{(pid=87464) inner /opt/stack/data/venv/lib/python3.12/site-packages/oslo_concurrency/lockutils.py:512}}
Jul 31 13:52:05.330975 np0000006230 devstack@n-api.service[87464]: DEBUG oslo_concurrency.lockutils [req-c0b98f47-cbc0-494a-8895-13e198bf6851 req-2f2e841e-275a-480f-8df2-1d3a74beb9cf service nova] Lock "70423dd8-3229-4fda-88f2-f5e5407c8517" acquired by "nova.context.set_target_cell..get_or_set_cached_cell_and_set_connections" :: waited 0.000s {{(pid=87464) inner /opt/stack/data/venv/lib/python3.12/site-packages/oslo_concurrency/lockutils.py:525}}
Jul 31 13:52:05.331183 np0000006230 devstack@n-api.service[87464]: DEBUG oslo_concurrency.lockutils [req-c0b98f47-cbc0-494a-8895-13e198bf6851 req-2f2e841e-275a-480f-8df2-1d3a74beb9cf service nova] Lock "70423dd8-3229-4fda-88f2-f5e5407c8517" "released" by "nova.context.set_target_cell..get_or_set_cached_cell_and_set_connections" :: held 0.000s {{(pid=87464) inner /opt/stack/data/venv/lib/python3.12/site-packages/oslo_concurrency/lockutils.py:544}}
Jul 31 13:52:05.339888 np0000006230 devstack@n-api.service[87464]: INFO nova.api.openstack.compute.server_external_events [req-c0b98f47-cbc0-494a-8895-13e198bf6851 req-2f2e841e-275a-480f-8df2-1d3a74beb9cf service nova] Creating event network-changed:4d9c3a96-68d4-4642-8632-3ea3b0b351da for instance 9b82f036-e917-414d-81fd-ea40f1140130 on np0000006230
Jul 31 13:52:05.340075 np0000006230 devstack@n-api.service[87464]: DEBUG nova.compute.rpcapi [req-c0b98f47-cbc0-494a-8895-13e198bf6851 req-2f2e841e-275a-480f-8df2-1d3a74beb9cf service nova] RPC: Sending the message to topic: compute-alt {{(pid=87464) prepare_for_alt_rpcserver /opt/stack/nova/nova/compute/rpcapi.py:595}}
Jul 31 13:52:05.345028 np0000006230 devstack@n-api.service[87464]: INFO nova.api.openstack.requestlog [req-c0b98f47-cbc0-494a-8895-13e198bf6851 req-2f2e841e-275a-480f-8df2-1d3a74beb9cf service nova] 10.4.3.140 "POST /compute/v2.1/os-server-external-events" status: 200 len: 179 microversion: 2.1 time: 0.023454
Jul 31 13:52:05.345461 np0000006230 devstack@n-api.service[87464]: [pid: 87464|app: 0|req: 12/47] 10.4.3.140 () {72 vars in 1432 bytes} [Fri Jul 31 13:52:05 2026] POST /compute/v2.1/os-server-external-events => generated 179 bytes in 24 msecs (HTTP/1.1 200) 9 headers in 357 bytes (1 switches on core 0)
Jul 31 13:52:05.619820 np0000006230 devstack@n-api.service[87465]: DEBUG nova.api.openstack.wsgi [None req-5e02cb2e-0dde-4135-8d57-fe5572025c2e tempest-VolumesAssistedSnapshotsTest-1217880419 tempest-VolumesAssistedSnapshotsTest-1217880419-project-member] Action: 'create', calling method: >, body: {"server": {"name": "tempest-VolumesAssistedSnapshotsTest-server-1006712701", "imageRef": "d403e576-0e0d-43e7-bc7a-6d7b2c037aa6", "flavorRef": "42", "networks": [{"uuid": "291db8a0-1a56-40aa-b3eb-e693348a6360"}], "security_groups": [{"name": "tempest-securitygroup--1553598668"}], "key_name": "tempest-keypair-1711061160", "user_data": "IyEvYmluL3NoCmVjaG8gIlByaW50aW5nIGNpcnJvcyB1c2VyIGF1dGhvcml6ZWQga2V5cyIKY2F0IH5jaXJyb3MvLnNzaC9hdXRob3JpemVkX2tleXMgfHwgdHJ1ZQo="}} {{(pid=87465) _process_stack /opt/stack/nova/nova/api/openstack/wsgi.py:549}}
Jul 31 13:52:05.804659 np0000006230 devstack@n-api.service[87462]: DEBUG nova.api.openstack.wsgi [None req-a607c59f-e94e-4c0a-a493-941f25fdc53e tempest-AttachSCSIVolumeTestJSON-1145170148 tempest-AttachSCSIVolumeTestJSON-1145170148-project-member] Calling method '>' {{(pid=87462) _process_stack /opt/stack/nova/nova/api/openstack/wsgi.py:551}}
Jul 31 13:52:05.806840 np0000006230 devstack@n-api.service[87462]: DEBUG nova.compute.api [None req-a607c59f-e94e-4c0a-a493-941f25fdc53e tempest-AttachSCSIVolumeTestJSON-1145170148 tempest-AttachSCSIVolumeTestJSON-1145170148-project-member] [instance: 9b82f036-e917-414d-81fd-ea40f1140130] Fetching instance by UUID {{(pid=87462) get /opt/stack/nova/nova/compute/api.py:3068}}
Jul 31 13:52:05.815633 np0000006230 devstack@n-api.service[87462]: DEBUG oslo_concurrency.lockutils [None req-a607c59f-e94e-4c0a-a493-941f25fdc53e tempest-AttachSCSIVolumeTestJSON-1145170148 tempest-AttachSCSIVolumeTestJSON-1145170148-project-member] Acquiring lock "70423dd8-3229-4fda-88f2-f5e5407c8517" by "nova.context.set_target_cell..get_or_set_cached_cell_and_set_connections" {{(pid=87462) inner /opt/stack/data/venv/lib/python3.12/site-packages/oslo_concurrency/lockutils.py:512}}
Jul 31 13:52:05.815633 np0000006230 devstack@n-api.service[87462]: DEBUG oslo_concurrency.lockutils [None req-a607c59f-e94e-4c0a-a493-941f25fdc53e tempest-AttachSCSIVolumeTestJSON-1145170148 tempest-AttachSCSIVolumeTestJSON-1145170148-project-member] Lock "70423dd8-3229-4fda-88f2-f5e5407c8517" acquired by "nova.context.set_target_cell..get_or_set_cached_cell_and_set_connections" :: waited 0.000s {{(pid=87462) inner /opt/stack/data/venv/lib/python3.12/site-packages/oslo_concurrency/lockutils.py:525}}
Jul 31 13:52:05.815633 np0000006230 devstack@n-api.service[87462]: DEBUG oslo_concurrency.lockutils [None req-a607c59f-e94e-4c0a-a493-941f25fdc53e tempest-AttachSCSIVolumeTestJSON-1145170148 tempest-AttachSCSIVolumeTestJSON-1145170148-project-member] Lock "70423dd8-3229-4fda-88f2-f5e5407c8517" "released" by "nova.context.set_target_cell..get_or_set_cached_cell_and_set_connections" :: held 0.000s {{(pid=87462) inner /opt/stack/data/venv/lib/python3.12/site-packages/oslo_concurrency/lockutils.py:544}}
Jul 31 13:52:05.815633 np0000006230 devstack@n-api.service[87462]: DEBUG oslo_concurrency.lockutils [None req-a607c59f-e94e-4c0a-a493-941f25fdc53e tempest-AttachSCSIVolumeTestJSON-1145170148 tempest-AttachSCSIVolumeTestJSON-1145170148-project-member] Acquiring lock "70423dd8-3229-4fda-88f2-f5e5407c8517" by "nova.context.set_target_cell..get_or_set_cached_cell_and_set_connections" {{(pid=87462) inner /opt/stack/data/venv/lib/python3.12/site-packages/oslo_concurrency/lockutils.py:512}}
Jul 31 13:52:05.816347 np0000006230 devstack@n-api.service[87462]: DEBUG oslo_concurrency.lockutils [None req-a607c59f-e94e-4c0a-a493-941f25fdc53e tempest-AttachSCSIVolumeTestJSON-1145170148 tempest-AttachSCSIVolumeTestJSON-1145170148-project-member] Lock "70423dd8-3229-4fda-88f2-f5e5407c8517" acquired by "nova.context.set_target_cell..get_or_set_cached_cell_and_set_connections" :: waited 0.000s {{(pid=87462) inner /opt/stack/data/venv/lib/python3.12/site-packages/oslo_concurrency/lockutils.py:525}}
Jul 31 13:52:05.816347 np0000006230 devstack@n-api.service[87462]: DEBUG oslo_concurrency.lockutils [None req-a607c59f-e94e-4c0a-a493-941f25fdc53e tempest-AttachSCSIVolumeTestJSON-1145170148 tempest-AttachSCSIVolumeTestJSON-1145170148-project-member] Lock "70423dd8-3229-4fda-88f2-f5e5407c8517" "released" by "nova.context.set_target_cell..get_or_set_cached_cell_and_set_connections" :: held 0.000s {{(pid=87462) inner /opt/stack/data/venv/lib/python3.12/site-packages/oslo_concurrency/lockutils.py:544}}
Jul 31 13:52:05.818058 np0000006230 devstack@n-api.service[87465]: DEBUG oslo_concurrency.lockutils [None req-5e02cb2e-0dde-4135-8d57-fe5572025c2e tempest-VolumesAssistedSnapshotsTest-1217880419 tempest-VolumesAssistedSnapshotsTest-1217880419-project-member] Acquiring lock "00000000-0000-0000-0000-000000000000" by "nova.context.set_target_cell..get_or_set_cached_cell_and_set_connections" {{(pid=87465) inner /opt/stack/data/venv/lib/python3.12/site-packages/oslo_concurrency/lockutils.py:512}}
Jul 31 13:52:05.818756 np0000006230 devstack@n-api.service[87465]: DEBUG oslo_concurrency.lockutils [None req-5e02cb2e-0dde-4135-8d57-fe5572025c2e tempest-VolumesAssistedSnapshotsTest-1217880419 tempest-VolumesAssistedSnapshotsTest-1217880419-project-member] Lock "00000000-0000-0000-0000-000000000000" acquired by "nova.context.set_target_cell..get_or_set_cached_cell_and_set_connections" :: waited 0.001s {{(pid=87465) inner /opt/stack/data/venv/lib/python3.12/site-packages/oslo_concurrency/lockutils.py:525}}
Jul 31 13:52:05.819239 np0000006230 devstack@n-api.service[87465]: DEBUG oslo_concurrency.lockutils [None req-5e02cb2e-0dde-4135-8d57-fe5572025c2e tempest-VolumesAssistedSnapshotsTest-1217880419 tempest-VolumesAssistedSnapshotsTest-1217880419-project-member] Lock "00000000-0000-0000-0000-000000000000" "released" by "nova.context.set_target_cell..get_or_set_cached_cell_and_set_connections" :: held 0.001s {{(pid=87465) inner /opt/stack/data/venv/lib/python3.12/site-packages/oslo_concurrency/lockutils.py:544}}
Jul 31 13:52:05.820276 np0000006230 devstack@n-api.service[87465]: DEBUG oslo_concurrency.lockutils [None req-5e02cb2e-0dde-4135-8d57-fe5572025c2e tempest-VolumesAssistedSnapshotsTest-1217880419 tempest-VolumesAssistedSnapshotsTest-1217880419-project-member] Acquiring lock "70423dd8-3229-4fda-88f2-f5e5407c8517" by "nova.context.set_target_cell..get_or_set_cached_cell_and_set_connections" {{(pid=87465) inner /opt/stack/data/venv/lib/python3.12/site-packages/oslo_concurrency/lockutils.py:512}}
Jul 31 13:52:05.821734 np0000006230 devstack@n-api.service[87465]: DEBUG oslo_concurrency.lockutils [None req-5e02cb2e-0dde-4135-8d57-fe5572025c2e tempest-VolumesAssistedSnapshotsTest-1217880419 tempest-VolumesAssistedSnapshotsTest-1217880419-project-member] Lock "70423dd8-3229-4fda-88f2-f5e5407c8517" acquired by "nova.context.set_target_cell..get_or_set_cached_cell_and_set_connections" :: waited 0.001s {{(pid=87465) inner /opt/stack/data/venv/lib/python3.12/site-packages/oslo_concurrency/lockutils.py:525}}
Jul 31 13:52:05.822116 np0000006230 devstack@n-api.service[87465]: DEBUG oslo_concurrency.lockutils [None req-5e02cb2e-0dde-4135-8d57-fe5572025c2e tempest-VolumesAssistedSnapshotsTest-1217880419 tempest-VolumesAssistedSnapshotsTest-1217880419-project-member] Lock "70423dd8-3229-4fda-88f2-f5e5407c8517" "released" by "nova.context.set_target_cell..get_or_set_cached_cell_and_set_connections" :: held 0.000s {{(pid=87465) inner /opt/stack/data/venv/lib/python3.12/site-packages/oslo_concurrency/lockutils.py:544}}
Jul 31 13:52:05.830543 np0000006230 devstack@n-api.service[87465]: WARNING neutronclient.v2_0.client [None req-5e02cb2e-0dde-4135-8d57-fe5572025c2e tempest-VolumesAssistedSnapshotsTest-1217880419 tempest-VolumesAssistedSnapshotsTest-1217880419-project-member] The python binding code in neutronclient is deprecated in favor of OpenstackSDK, please use that as this will be removed in a future release.
Jul 31 13:52:05.862659 np0000006230 devstack@n-api.service[87464]: DEBUG dbcounter [-] [87464] Writing DB stats nova_cell0:SELECT=2 {{(pid=87464) stat_writer /opt/stack/data/venv/lib/python3.12/site-packages/dbcounter.py:115}}
Jul 31 13:52:05.881164 np0000006230 devstack@n-api.service[87462]: WARNING neutronclient.v2_0.client [None req-a607c59f-e94e-4c0a-a493-941f25fdc53e tempest-AttachSCSIVolumeTestJSON-1145170148 tempest-AttachSCSIVolumeTestJSON-1145170148-project-member] The python binding code in neutronclient is deprecated in favor of OpenstackSDK, please use that as this will be removed in a future release.
Jul 31 13:52:05.992073 np0000006230 devstack@n-api.service[87465]: DEBUG nova.network.neutron [None req-5e02cb2e-0dde-4135-8d57-fe5572025c2e tempest-VolumesAssistedSnapshotsTest-1217880419 tempest-VolumesAssistedSnapshotsTest-1217880419-project-member] validate_networks() for [('291db8a0-1a56-40aa-b3eb-e693348a6360', None, None, None, None, None)] {{(pid=87465) validate_networks /opt/stack/nova/nova/network/neutron.py:2686}}
Jul 31 13:52:05.992477 np0000006230 devstack@n-api.service[87465]: WARNING neutronclient.v2_0.client [None req-5e02cb2e-0dde-4135-8d57-fe5572025c2e tempest-VolumesAssistedSnapshotsTest-1217880419 tempest-VolumesAssistedSnapshotsTest-1217880419-project-member] The python binding code in neutronclient is deprecated in favor of OpenstackSDK, please use that as this will be removed in a future release.
Jul 31 13:52:06.249539 np0000006230 devstack@n-api.service[87462]: DEBUG nova.policy [None req-a607c59f-e94e-4c0a-a493-941f25fdc53e tempest-AttachSCSIVolumeTestJSON-1145170148 tempest-AttachSCSIVolumeTestJSON-1145170148-project-member] Policy check for os_compute_api:os-extended-server-attributes failed with credentials {'is_admin': False, 'user_id': '35a9def8d1c343ab9675771c1ba125a7', 'user_domain_id': 'default', 'system_scope': None, 'domain_id': None, 'project_id': 'c54638abac2e4667bdc80be3aaa59c2a', 'project_domain_id': 'default', 'roles': ['member', 'reader'], 'is_admin_project': True, 'service_user_id': None, 'service_user_domain_id': None, 'service_project_id': None, 'service_project_domain_id': None, 'service_roles': []} {{(pid=87462) authorize /opt/stack/nova/nova/policy.py:202}}
Jul 31 13:52:06.266177 np0000006230 devstack@n-api.service[87462]: INFO nova.api.openstack.requestlog [None req-a607c59f-e94e-4c0a-a493-941f25fdc53e tempest-AttachSCSIVolumeTestJSON-1145170148 tempest-AttachSCSIVolumeTestJSON-1145170148-project-member] 10.4.3.140 "GET /compute/v2.1/servers/9b82f036-e917-414d-81fd-ea40f1140130" status: 200 len: 1369 microversion: 2.1 time: 0.464099
Jul 31 13:52:06.267121 np0000006230 devstack@n-api.service[87462]: [pid: 87462|app: 0|req: 11/48] 10.4.3.140 () {66 vars in 1354 bytes} [Fri Jul 31 13:52:05 2026] GET /compute/v2.1/servers/9b82f036-e917-414d-81fd-ea40f1140130 => generated 1369 bytes in 466 msecs (HTTP/1.1 200) 9 headers in 358 bytes (1 switches on core 0)
Jul 31 13:52:07.288198 np0000006230 devstack@n-api.service[87463]: DEBUG nova.api.openstack.wsgi [None req-609c3238-1c0b-4b1a-8edc-e82f4a56d7fd tempest-AttachSCSIVolumeTestJSON-1145170148 tempest-AttachSCSIVolumeTestJSON-1145170148-project-member] Calling method '>' {{(pid=87463) _process_stack /opt/stack/nova/nova/api/openstack/wsgi.py:551}}
Jul 31 13:52:07.289783 np0000006230 devstack@n-api.service[87463]: DEBUG nova.compute.api [None req-609c3238-1c0b-4b1a-8edc-e82f4a56d7fd tempest-AttachSCSIVolumeTestJSON-1145170148 tempest-AttachSCSIVolumeTestJSON-1145170148-project-member] [instance: 9b82f036-e917-414d-81fd-ea40f1140130] Fetching instance by UUID {{(pid=87463) get /opt/stack/nova/nova/compute/api.py:3068}}
Jul 31 13:52:07.295980 np0000006230 devstack@n-api.service[87463]: DEBUG oslo_concurrency.lockutils [None req-609c3238-1c0b-4b1a-8edc-e82f4a56d7fd tempest-AttachSCSIVolumeTestJSON-1145170148 tempest-AttachSCSIVolumeTestJSON-1145170148-project-member] Acquiring lock "70423dd8-3229-4fda-88f2-f5e5407c8517" by "nova.context.set_target_cell..get_or_set_cached_cell_and_set_connections" {{(pid=87463) inner /opt/stack/data/venv/lib/python3.12/site-packages/oslo_concurrency/lockutils.py:512}}
Jul 31 13:52:07.296185 np0000006230 devstack@n-api.service[87463]: DEBUG oslo_concurrency.lockutils [None req-609c3238-1c0b-4b1a-8edc-e82f4a56d7fd tempest-AttachSCSIVolumeTestJSON-1145170148 tempest-AttachSCSIVolumeTestJSON-1145170148-project-member] Lock "70423dd8-3229-4fda-88f2-f5e5407c8517" acquired by "nova.context.set_target_cell..get_or_set_cached_cell_and_set_connections" :: waited 0.000s {{(pid=87463) inner /opt/stack/data/venv/lib/python3.12/site-packages/oslo_concurrency/lockutils.py:525}}
Jul 31 13:52:07.296622 np0000006230 devstack@n-api.service[87463]: DEBUG oslo_concurrency.lockutils [None req-609c3238-1c0b-4b1a-8edc-e82f4a56d7fd tempest-AttachSCSIVolumeTestJSON-1145170148 tempest-AttachSCSIVolumeTestJSON-1145170148-project-member] Lock "70423dd8-3229-4fda-88f2-f5e5407c8517" "released" by "nova.context.set_target_cell..get_or_set_cached_cell_and_set_connections" :: held 0.000s {{(pid=87463) inner /opt/stack/data/venv/lib/python3.12/site-packages/oslo_concurrency/lockutils.py:544}}
Jul 31 13:52:07.296858 np0000006230 devstack@n-api.service[87463]: DEBUG oslo_concurrency.lockutils [None req-609c3238-1c0b-4b1a-8edc-e82f4a56d7fd tempest-AttachSCSIVolumeTestJSON-1145170148 tempest-AttachSCSIVolumeTestJSON-1145170148-project-member] Acquiring lock "70423dd8-3229-4fda-88f2-f5e5407c8517" by "nova.context.set_target_cell..get_or_set_cached_cell_and_set_connections" {{(pid=87463) inner /opt/stack/data/venv/lib/python3.12/site-packages/oslo_concurrency/lockutils.py:512}}
Jul 31 13:52:07.297158 np0000006230 devstack@n-api.service[87463]: DEBUG oslo_concurrency.lockutils [None req-609c3238-1c0b-4b1a-8edc-e82f4a56d7fd tempest-AttachSCSIVolumeTestJSON-1145170148 tempest-AttachSCSIVolumeTestJSON-1145170148-project-member] Lock "70423dd8-3229-4fda-88f2-f5e5407c8517" acquired by "nova.context.set_target_cell..get_or_set_cached_cell_and_set_connections" :: waited 0.000s {{(pid=87463) inner /opt/stack/data/venv/lib/python3.12/site-packages/oslo_concurrency/lockutils.py:525}}
Jul 31 13:52:07.297451 np0000006230 devstack@n-api.service[87463]: DEBUG oslo_concurrency.lockutils [None req-609c3238-1c0b-4b1a-8edc-e82f4a56d7fd tempest-AttachSCSIVolumeTestJSON-1145170148 tempest-AttachSCSIVolumeTestJSON-1145170148-project-member] Lock "70423dd8-3229-4fda-88f2-f5e5407c8517" "released" by "nova.context.set_target_cell..get_or_set_cached_cell_and_set_connections" :: held 0.000s {{(pid=87463) inner /opt/stack/data/venv/lib/python3.12/site-packages/oslo_concurrency/lockutils.py:544}}
Jul 31 13:52:07.326182 np0000006230 devstack@n-api.service[87463]: WARNING neutronclient.v2_0.client [None req-609c3238-1c0b-4b1a-8edc-e82f4a56d7fd tempest-AttachSCSIVolumeTestJSON-1145170148 tempest-AttachSCSIVolumeTestJSON-1145170148-project-member] The python binding code in neutronclient is deprecated in favor of OpenstackSDK, please use that as this will be removed in a future release.
Jul 31 13:52:07.403660 np0000006230 devstack@n-api.service[87464]: DEBUG nova.api.openstack.wsgi [req-25f70f91-d650-442b-8d22-010a5da481c4 req-752da418-b534-42ed-8dd4-7c1f9b6d501b service nova] Action: 'create', calling method: >, body: {"events": [{"server_uuid": "9b82f036-e917-414d-81fd-ea40f1140130", "name": "network-vif-plugged", "status": "completed", "tag": "4d9c3a96-68d4-4642-8632-3ea3b0b351da"}, {"server_uuid": "9b82f036-e917-414d-81fd-ea40f1140130", "name": "network-vif-plugged", "status": "completed", "tag": "4d9c3a96-68d4-4642-8632-3ea3b0b351da"}]} {{(pid=87464) _process_stack /opt/stack/nova/nova/api/openstack/wsgi.py:549}}
Jul 31 13:52:07.408158 np0000006230 devstack@n-api.service[87464]: DEBUG oslo_concurrency.lockutils [req-25f70f91-d650-442b-8d22-010a5da481c4 req-752da418-b534-42ed-8dd4-7c1f9b6d501b service nova] Acquiring lock "70423dd8-3229-4fda-88f2-f5e5407c8517" by "nova.context.set_target_cell..get_or_set_cached_cell_and_set_connections" {{(pid=87464) inner /opt/stack/data/venv/lib/python3.12/site-packages/oslo_concurrency/lockutils.py:512}}
Jul 31 13:52:07.408158 np0000006230 devstack@n-api.service[87464]: DEBUG oslo_concurrency.lockutils [req-25f70f91-d650-442b-8d22-010a5da481c4 req-752da418-b534-42ed-8dd4-7c1f9b6d501b service nova] Lock "70423dd8-3229-4fda-88f2-f5e5407c8517" acquired by "nova.context.set_target_cell..get_or_set_cached_cell_and_set_connections" :: waited 0.000s {{(pid=87464) inner /opt/stack/data/venv/lib/python3.12/site-packages/oslo_concurrency/lockutils.py:525}}
Jul 31 13:52:07.408586 np0000006230 devstack@n-api.service[87464]: DEBUG oslo_concurrency.lockutils [req-25f70f91-d650-442b-8d22-010a5da481c4 req-752da418-b534-42ed-8dd4-7c1f9b6d501b service nova] Lock "70423dd8-3229-4fda-88f2-f5e5407c8517" "released" by "nova.context.set_target_cell..get_or_set_cached_cell_and_set_connections" :: held 0.000s {{(pid=87464) inner /opt/stack/data/venv/lib/python3.12/site-packages/oslo_concurrency/lockutils.py:544}}
Jul 31 13:52:07.416332 np0000006230 devstack@n-api.service[87464]: INFO nova.api.openstack.compute.server_external_events [req-25f70f91-d650-442b-8d22-010a5da481c4 req-752da418-b534-42ed-8dd4-7c1f9b6d501b service nova] Creating event network-vif-plugged:4d9c3a96-68d4-4642-8632-3ea3b0b351da for instance 9b82f036-e917-414d-81fd-ea40f1140130 on np0000006230
Jul 31 13:52:07.416609 np0000006230 devstack@n-api.service[87464]: INFO nova.api.openstack.compute.server_external_events [req-25f70f91-d650-442b-8d22-010a5da481c4 req-752da418-b534-42ed-8dd4-7c1f9b6d501b service nova] Creating event network-vif-plugged:4d9c3a96-68d4-4642-8632-3ea3b0b351da for instance 9b82f036-e917-414d-81fd-ea40f1140130 on np0000006230
Jul 31 13:52:07.416989 np0000006230 devstack@n-api.service[87464]: DEBUG nova.compute.rpcapi [req-25f70f91-d650-442b-8d22-010a5da481c4 req-752da418-b534-42ed-8dd4-7c1f9b6d501b service nova] RPC: Sending the message to topic: compute-alt {{(pid=87464) prepare_for_alt_rpcserver /opt/stack/nova/nova/compute/rpcapi.py:595}}
Jul 31 13:52:07.424679 np0000006230 devstack@n-api.service[87464]: INFO nova.api.openstack.requestlog [req-25f70f91-d650-442b-8d22-010a5da481c4 req-752da418-b534-42ed-8dd4-7c1f9b6d501b service nova] 10.4.3.140 "POST /compute/v2.1/os-server-external-events" status: 200 len: 354 microversion: 2.1 time: 0.026227
Jul 31 13:52:07.424679 np0000006230 devstack@n-api.service[87464]: [pid: 87464|app: 0|req: 13/49] 10.4.3.140 () {72 vars in 1432 bytes} [Fri Jul 31 13:52:07 2026] POST /compute/v2.1/os-server-external-events => generated 354 bytes in 27 msecs (HTTP/1.1 200) 9 headers in 357 bytes (1 switches on core 0)
Jul 31 13:52:07.484667 np0000006230 devstack@n-api.service[87465]: WARNING neutronclient.v2_0.client [None req-5e02cb2e-0dde-4135-8d57-fe5572025c2e tempest-VolumesAssistedSnapshotsTest-1217880419 tempest-VolumesAssistedSnapshotsTest-1217880419-project-member] The python binding code in neutronclient is deprecated in favor of OpenstackSDK, please use that as this will be removed in a future release.
Jul 31 13:52:07.549850 np0000006230 devstack@n-api.service[87463]: DEBUG dbcounter [-] [87463] Writing DB stats nova_cell0:SELECT=3 {{(pid=87463) stat_writer /opt/stack/data/venv/lib/python3.12/site-packages/dbcounter.py:115}}
Jul 31 13:52:07.681775 np0000006230 devstack@n-api.service[87464]: DEBUG dbcounter [-] [87464] Writing DB stats nova_cell0:SELECT=1 {{(pid=87464) stat_writer /opt/stack/data/venv/lib/python3.12/site-packages/dbcounter.py:115}}
Jul 31 13:52:08.321981 np0000006230 devstack@n-api.service[87463]: DEBUG nova.policy [None req-609c3238-1c0b-4b1a-8edc-e82f4a56d7fd tempest-AttachSCSIVolumeTestJSON-1145170148 tempest-AttachSCSIVolumeTestJSON-1145170148-project-member] Policy check for os_compute_api:os-extended-server-attributes failed with credentials {'is_admin': False, 'user_id': '35a9def8d1c343ab9675771c1ba125a7', 'user_domain_id': 'default', 'system_scope': None, 'domain_id': None, 'project_id': 'c54638abac2e4667bdc80be3aaa59c2a', 'project_domain_id': 'default', 'roles': ['member', 'reader'], 'is_admin_project': True, 'service_user_id': None, 'service_user_domain_id': None, 'service_project_id': None, 'service_project_domain_id': None, 'service_roles': []} {{(pid=87463) authorize /opt/stack/nova/nova/policy.py:202}}
Jul 31 13:52:08.330580 np0000006230 devstack@n-api.service[87463]: INFO nova.api.openstack.requestlog [None req-609c3238-1c0b-4b1a-8edc-e82f4a56d7fd tempest-AttachSCSIVolumeTestJSON-1145170148 tempest-AttachSCSIVolumeTestJSON-1145170148-project-member] 10.4.3.140 "GET /compute/v2.1/servers/9b82f036-e917-414d-81fd-ea40f1140130" status: 200 len: 1369 microversion: 2.1 time: 1.045387
Jul 31 13:52:08.331235 np0000006230 devstack@n-api.service[87463]: [pid: 87463|app: 0|req: 13/50] 10.4.3.140 () {66 vars in 1354 bytes} [Fri Jul 31 13:52:07 2026] GET /compute/v2.1/servers/9b82f036-e917-414d-81fd-ea40f1140130 => generated 1369 bytes in 1046 msecs (HTTP/1.1 200) 9 headers in 358 bytes (1 switches on core 0)
Jul 31 13:52:08.740625 np0000006230 devstack@n-api.service[87465]: DEBUG nova.virt.hardware [None req-5e02cb2e-0dde-4135-8d57-fe5572025c2e tempest-VolumesAssistedSnapshotsTest-1217880419 tempest-VolumesAssistedSnapshotsTest-1217880419-project-member] Flavor limits 0:0:0 {{(pid=87465) get_cpu_topology_constraints /opt/stack/nova/nova/virt/hardware.py:516}}
Jul 31 13:52:08.740955 np0000006230 devstack@n-api.service[87465]: DEBUG nova.virt.hardware [None req-5e02cb2e-0dde-4135-8d57-fe5572025c2e tempest-VolumesAssistedSnapshotsTest-1217880419 tempest-VolumesAssistedSnapshotsTest-1217880419-project-member] Image limits 0:0:0 {{(pid=87465) get_cpu_topology_constraints /opt/stack/nova/nova/virt/hardware.py:520}}
Jul 31 13:52:08.741202 np0000006230 devstack@n-api.service[87465]: DEBUG nova.virt.hardware [None req-5e02cb2e-0dde-4135-8d57-fe5572025c2e tempest-VolumesAssistedSnapshotsTest-1217880419 tempest-VolumesAssistedSnapshotsTest-1217880419-project-member] Flavor pref 0:0:0 {{(pid=87465) get_cpu_topology_constraints /opt/stack/nova/nova/virt/hardware.py:556}}
Jul 31 13:52:08.741445 np0000006230 devstack@n-api.service[87465]: DEBUG nova.virt.hardware [None req-5e02cb2e-0dde-4135-8d57-fe5572025c2e tempest-VolumesAssistedSnapshotsTest-1217880419 tempest-VolumesAssistedSnapshotsTest-1217880419-project-member] Image pref 0:0:0 {{(pid=87465) get_cpu_topology_constraints /opt/stack/nova/nova/virt/hardware.py:560}}
Jul 31 13:52:08.741663 np0000006230 devstack@n-api.service[87465]: DEBUG nova.virt.hardware [None req-5e02cb2e-0dde-4135-8d57-fe5572025c2e tempest-VolumesAssistedSnapshotsTest-1217880419 tempest-VolumesAssistedSnapshotsTest-1217880419-project-member] Chose sockets=0, cores=0, threads=0; limits were sockets=65536, cores=65536, threads=65536 {{(pid=87465) get_cpu_topology_constraints /opt/stack/nova/nova/virt/hardware.py:598}}
Jul 31 13:52:08.748957 np0000006230 devstack@n-api.service[87465]: DEBUG oslo_concurrency.lockutils [None req-5e02cb2e-0dde-4135-8d57-fe5572025c2e tempest-VolumesAssistedSnapshotsTest-1217880419 tempest-VolumesAssistedSnapshotsTest-1217880419-project-member] Acquiring lock "00000000-0000-0000-0000-000000000000" by "nova.context.set_target_cell..get_or_set_cached_cell_and_set_connections" {{(pid=87465) inner /opt/stack/data/venv/lib/python3.12/site-packages/oslo_concurrency/lockutils.py:512}}
Jul 31 13:52:08.749180 np0000006230 devstack@n-api.service[87465]: DEBUG oslo_concurrency.lockutils [None req-5e02cb2e-0dde-4135-8d57-fe5572025c2e tempest-VolumesAssistedSnapshotsTest-1217880419 tempest-VolumesAssistedSnapshotsTest-1217880419-project-member] Lock "00000000-0000-0000-0000-000000000000" acquired by "nova.context.set_target_cell..get_or_set_cached_cell_and_set_connections" :: waited 0.000s {{(pid=87465) inner /opt/stack/data/venv/lib/python3.12/site-packages/oslo_concurrency/lockutils.py:525}}
