Jun 24 14:29:16.371813 np0000003551 devstack@g-api.service[99475]: DEBUG glance_store.location [-] Registering scheme filesystem with {'store': , 'location_class': , 'store_entry': 'file'} {{(pid=99475) register_scheme_map /opt/stack/data/venv/lib/python3.12/site-packages/glance_store/location.py:146}}
Jun 24 14:29:16.371849 np0000003551 devstack@g-api.service[99475]: DEBUG glance_store.backend [-] Attempting to import store swift {{(pid=99475) _load_store /opt/stack/data/venv/lib/python3.12/site-packages/glance_store/backend.py:215}}
Jun 24 14:29:16.372013 np0000003551 devstack@g-api.service[99475]: WARNING oslo_config.cfg [-] Deprecated: Option "default_store" from group "glance_store" is deprecated for removal (
Jun 24 14:29:16.372013 np0000003551 devstack@g-api.service[99475]: This option is deprecated against new config option
Jun 24 14:29:16.372013 np0000003551 devstack@g-api.service[99475]: ``default_backend`` which acts similar to ``default_store`` config
Jun 24 14:29:16.372013 np0000003551 devstack@g-api.service[99475]: option.
Jun 24 14:29:16.372013 np0000003551 devstack@g-api.service[99475]: This option is scheduled for removal in the U development
Jun 24 14:29:16.372013 np0000003551 devstack@g-api.service[99475]: cycle.
Jun 24 14:29:16.372013 np0000003551 devstack@g-api.service[99475]: ). Its value may be silently ignored in the future.
Jun 24 14:29:16.373191 np0000003551 devstack@g-api.service[99475]: DEBUG glance_store.capabilities [-] Store glance_store._drivers.swift.store.SingleTenantStore doesn't support updating dynamic storage capabilities. Please overwrite 'update_capabilities' method of the store to implement updating logics if needed. {{(pid=99475) update_capabilities /opt/stack/data/venv/lib/python3.12/site-packages/glance_store/capabilities.py:91}}
Jun 24 14:29:16.373254 np0000003551 devstack@g-api.service[99475]: DEBUG glance_store.backend [-] Registering store swift with schemes ('swift+https', 'swift', 'swift+http', 'swift+config') {{(pid=99475) create_stores /opt/stack/data/venv/lib/python3.12/site-packages/glance_store/backend.py:261}}
Jun 24 14:29:16.373297 np0000003551 devstack@g-api.service[99475]: DEBUG glance_store.driver [-] Late loading location class glance_store._drivers.swift.store.StoreLocation {{(pid=99475) get_store_location_class /opt/stack/data/venv/lib/python3.12/site-packages/glance_store/driver.py:134}}
Jun 24 14:29:16.373389 np0000003551 devstack@g-api.service[99475]: DEBUG glance_store.location [-] Registering scheme swift+https with {'store': , 'location_class': , 'store_entry': 'swift'} {{(pid=99475) register_scheme_map /opt/stack/data/venv/lib/python3.12/site-packages/glance_store/location.py:146}}
Jun 24 14:29:16.373455 np0000003551 devstack@g-api.service[99475]: DEBUG glance_store.location [-] Registering scheme swift with {'store': , 'location_class': , 'store_entry': 'swift'} {{(pid=99475) register_scheme_map /opt/stack/data/venv/lib/python3.12/site-packages/glance_store/location.py:146}}
Jun 24 14:29:16.373455 np0000003551 devstack@g-api.service[99475]: DEBUG glance_store.location [-] Registering scheme swift+http with {'store': , 'location_class': , 'store_entry': 'swift'} {{(pid=99475) register_scheme_map /opt/stack/data/venv/lib/python3.12/site-packages/glance_store/location.py:146}}
Jun 24 14:29:16.373550 np0000003551 devstack@g-api.service[99475]: DEBUG glance_store.location [-] Registering scheme swift+config with {'store': , 'location_class': , 'store_entry': 'swift'} {{(pid=99475) register_scheme_map /opt/stack/data/venv/lib/python3.12/site-packages/glance_store/location.py:146}}
Jun 24 14:29:16.373607 np0000003551 devstack@g-api.service[99475]: DEBUG glance_store.backend [-] Attempting to import store swift {{(pid=99475) _load_store /opt/stack/data/venv/lib/python3.12/site-packages/glance_store/backend.py:215}}
Jun 24 14:29:16.374543 np0000003551 devstack@g-api.service[99475]: DEBUG glance_store.capabilities [-] Store glance_store._drivers.swift.store.SingleTenantStore doesn't support updating dynamic storage capabilities. Please overwrite 'update_capabilities' method of the store to implement updating logics if needed. {{(pid=99475) update_capabilities /opt/stack/data/venv/lib/python3.12/site-packages/glance_store/capabilities.py:91}}
Jun 24 14:29:16.374627 np0000003551 devstack@g-api.service[99475]: DEBUG glance_store.driver [-] Late loading location class glance_store._drivers.swift.store.StoreLocation {{(pid=99475) get_store_location_class /opt/stack/data/venv/lib/python3.12/site-packages/glance_store/driver.py:134}}
Jun 24 14:29:16.374678 np0000003551 devstack@g-api.service[99475]: DEBUG glance_store.location [-] Registering scheme swift+https with {'store': , 'location_class': , 'store_entry': 'swift'} {{(pid=99475) register_scheme_map /opt/stack/data/venv/lib/python3.12/site-packages/glance_store/location.py:146}}
Jun 24 14:29:16.374707 np0000003551 devstack@g-api.service[99475]: DEBUG glance_store.location [-] Registering scheme swift+https with {'store': , 'location_class': , 'store_entry': 'swift'} {{(pid=99475) register_scheme_map /opt/stack/data/venv/lib/python3.12/site-packages/glance_store/location.py:146}}
Jun 24 14:29:16.374768 np0000003551 devstack@g-api.service[99475]: DEBUG glance_store.location [-] Registering scheme swift with {'store': , 'location_class': , 'store_entry': 'swift'} {{(pid=99475) register_scheme_map /opt/stack/data/venv/lib/python3.12/site-packages/glance_store/location.py:146}}
Jun 24 14:29:16.374824 np0000003551 devstack@g-api.service[99475]: DEBUG glance_store.location [-] Registering scheme swift+https with {'store': , 'location_class': , 'store_entry': 'swift'} {{(pid=99475) register_scheme_map /opt/stack/data/venv/lib/python3.12/site-packages/glance_store/location.py:146}}
Jun 24 14:29:16.374874 np0000003551 devstack@g-api.service[99475]: DEBUG glance_store.location [-] Registering scheme swift with {'store': , 'location_class': , 'store_entry': 'swift'} {{(pid=99475) register_scheme_map /opt/stack/data/venv/lib/python3.12/site-packages/glance_store/location.py:146}}
Jun 24 14:29:16.374921 np0000003551 devstack@g-api.service[99475]: DEBUG glance_store.location [-] Registering scheme swift+http with {'store': , 'location_class': , 'store_entry': 'swift'} {{(pid=99475) register_scheme_map /opt/stack/data/venv/lib/python3.12/site-packages/glance_store/location.py:146}}
Jun 24 14:29:16.374954 np0000003551 devstack@g-api.service[99475]: DEBUG glance_store.location [-] Registering scheme swift+https with {'store': , 'location_class': , 'store_entry': 'swift'} {{(pid=99475) register_scheme_map /opt/stack/data/venv/lib/python3.12/site-packages/glance_store/location.py:146}}
Jun 24 14:29:16.374980 np0000003551 devstack@g-api.service[99475]: DEBUG glance_store.location [-] Registering scheme swift with {'store': , 'location_class': , 'store_entry': 'swift'} {{(pid=99475) register_scheme_map /opt/stack/data/venv/lib/python3.12/site-packages/glance_store/location.py:146}}
Jun 24 14:29:16.375035 np0000003551 devstack@g-api.service[99475]: DEBUG glance_store.location [-] Registering scheme swift+http with {'store': , 'location_class': , 'store_entry': 'swift'} {{(pid=99475) register_scheme_map /opt/stack/data/venv/lib/python3.12/site-packages/glance_store/location.py:146}}
Jun 24 14:29:16.375092 np0000003551 devstack@g-api.service[99475]: DEBUG glance_store.location [-] Registering scheme swift+config with {'store': , 'location_class': , 'store_entry': 'swift'} {{(pid=99475) register_scheme_map /opt/stack/data/venv/lib/python3.12/site-packages/glance_store/location.py:146}}
Jun 24 14:29:16.375337 np0000003551 devstack@g-api.service[99475]: DEBUG glance.sqlite_migration [-] SQLite caching database not located, skipping migration {{(pid=99475) get_db_path /opt/stack/glance/glance/sqlite_migration.py:68}}
Jun 24 14:29:16.375505 np0000003551 devstack@g-api.service[99475]: WARNING glance.common.wsgi_app [-] Import methods are enabled but staging directory /tmp/staging/ does not exist; Imports will fail!
Jun 24 14:29:16.467750 np0000003551 devstack@g-api.service[99476]: DEBUG glance.common.config [None req-60bde02b-ba97-455f-969d-1da9d19e336a None None] Loading glance-api-keystone+cachemanagement from /etc/glance/glance-api-paste.ini {{(pid=99476) load_paste_app /opt/stack/glance/glance/common/config.py:758}}
Jun 24 14:29:16.491532 np0000003551 devstack@g-api.service[99477]: DEBUG glance.common.config [None req-3d21328f-0c26-4f54-a63b-3060ba0d2251 None None] Loading glance-api-keystone+cachemanagement from /etc/glance/glance-api-paste.ini {{(pid=99477) load_paste_app /opt/stack/glance/glance/common/config.py:758}}
Jun 24 14:29:16.503293 np0000003551 devstack@g-api.service[99475]: DEBUG glance.common.config [None req-83b7ee44-e78a-4230-8a50-bdb125c3295a None None] Loading glance-api-keystone+cachemanagement from /etc/glance/glance-api-paste.ini {{(pid=99475) load_paste_app /opt/stack/glance/glance/common/config.py:758}}
Jun 24 14:29:17.102044 np0000003551 devstack@g-api.service[99476]: INFO glance.image_cache [None req-60bde02b-ba97-455f-969d-1da9d19e336a None None] Image cache loaded driver 'centralized_db'.
Jun 24 14:29:17.104440 np0000003551 devstack@g-api.service[99475]: INFO glance.image_cache [None req-83b7ee44-e78a-4230-8a50-bdb125c3295a None None] Image cache loaded driver 'centralized_db'.
Jun 24 14:29:17.114686 np0000003551 devstack@g-api.service[99477]: INFO glance.image_cache [None req-3d21328f-0c26-4f54-a63b-3060ba0d2251 None None] Image cache loaded driver 'centralized_db'.
Jun 24 14:29:17.147514 np0000003551 devstack@g-api.service[99475]: INFO dbcounter [None req-83b7ee44-e78a-4230-8a50-bdb125c3295a None None] Registered counter for database glance
Jun 24 14:29:17.148893 np0000003551 devstack@g-api.service[99476]: INFO dbcounter [None req-60bde02b-ba97-455f-969d-1da9d19e336a None None] Registered counter for database glance
Jun 24 14:29:17.164830 np0000003551 devstack@g-api.service[99477]: INFO dbcounter [None req-3d21328f-0c26-4f54-a63b-3060ba0d2251 None None] Registered counter for database glance
Jun 24 14:29:17.184063 np0000003551 devstack@g-api.service[99475]: DEBUG oslo_db.sqlalchemy.engines [None req-83b7ee44-e78a-4230-8a50-bdb125c3295a None None] MySQL server mode set to STRICT_TRANS_TABLES,STRICT_ALL_TABLES,NO_ZERO_IN_DATE,NO_ZERO_DATE,ERROR_FOR_DIVISION_BY_ZERO,TRADITIONAL,NO_ENGINE_SUBSTITUTION {{(pid=99475) _check_effective_sql_mode /opt/stack/data/venv/lib/python3.12/site-packages/oslo_db/sqlalchemy/engines.py:325}}
Jun 24 14:29:17.187703 np0000003551 devstack@g-api.service[99476]: DEBUG oslo_db.sqlalchemy.engines [None req-60bde02b-ba97-455f-969d-1da9d19e336a None None] MySQL server mode set to STRICT_TRANS_TABLES,STRICT_ALL_TABLES,NO_ZERO_IN_DATE,NO_ZERO_DATE,ERROR_FOR_DIVISION_BY_ZERO,TRADITIONAL,NO_ENGINE_SUBSTITUTION {{(pid=99476) _check_effective_sql_mode /opt/stack/data/venv/lib/python3.12/site-packages/oslo_db/sqlalchemy/engines.py:325}}
Jun 24 14:29:17.202648 np0000003551 devstack@g-api.service[99477]: DEBUG oslo_db.sqlalchemy.engines [None req-3d21328f-0c26-4f54-a63b-3060ba0d2251 None None] MySQL server mode set to STRICT_TRANS_TABLES,STRICT_ALL_TABLES,NO_ZERO_IN_DATE,NO_ZERO_DATE,ERROR_FOR_DIVISION_BY_ZERO,TRADITIONAL,NO_ENGINE_SUBSTITUTION {{(pid=99477) _check_effective_sql_mode /opt/stack/data/venv/lib/python3.12/site-packages/oslo_db/sqlalchemy/engines.py:325}}
Jun 24 14:29:17.205160 np0000003551 devstack@g-api.service[99475]: DEBUG dbcounter [-] [99475] Writer thread running {{(pid=99475) stat_writer /opt/stack/data/venv/lib/python3.12/site-packages/dbcounter.py:102}}
Jun 24 14:29:17.213177 np0000003551 devstack@g-api.service[99476]: DEBUG dbcounter [-] [99476] Writer thread running {{(pid=99476) stat_writer /opt/stack/data/venv/lib/python3.12/site-packages/dbcounter.py:102}}
Jun 24 14:29:17.215897 np0000003551 devstack@g-api.service[99476]: DEBUG glance.image_cache.drivers.centralized_db [None req-60bde02b-ba97-455f-969d-1da9d19e336a None None] Node reference is already recorded, ignoring it {{(pid=99476) configure /opt/stack/glance/glance/image_cache/drivers/centralized_db.py:71}}
Jun 24 14:29:17.218985 np0000003551 devstack@g-api.service[99475]: INFO glance.image_cache [None req-83b7ee44-e78a-4230-8a50-bdb125c3295a None None] Image cache loaded driver 'centralized_db'.
Jun 24 14:29:17.222623 np0000003551 devstack@g-api.service[99476]: INFO glance.image_cache [None req-60bde02b-ba97-455f-969d-1da9d19e336a None None] Image cache loaded driver 'centralized_db'.
Jun 24 14:29:17.222977 np0000003551 devstack@g-api.service[99477]: DEBUG dbcounter [-] [99477] Writer thread running {{(pid=99477) stat_writer /opt/stack/data/venv/lib/python3.12/site-packages/dbcounter.py:102}}
Jun 24 14:29:17.226904 np0000003551 devstack@g-api.service[99475]: DEBUG glance.image_cache.drivers.centralized_db [None req-83b7ee44-e78a-4230-8a50-bdb125c3295a None None] Node reference is already recorded, ignoring it {{(pid=99475) configure /opt/stack/glance/glance/image_cache/drivers/centralized_db.py:71}}
Jun 24 14:29:17.226997 np0000003551 devstack@g-api.service[99477]: DEBUG glance.image_cache.drivers.centralized_db [None req-3d21328f-0c26-4f54-a63b-3060ba0d2251 None None] Node reference is already recorded, ignoring it {{(pid=99477) configure /opt/stack/glance/glance/image_cache/drivers/centralized_db.py:71}}
Jun 24 14:29:17.231995 np0000003551 devstack@g-api.service[99477]: INFO glance.image_cache [None req-3d21328f-0c26-4f54-a63b-3060ba0d2251 None None] Image cache loaded driver 'centralized_db'.
Jun 24 14:29:17.239504 np0000003551 devstack@g-api.service[99477]: DEBUG glance.image_cache.drivers.centralized_db [None req-3d21328f-0c26-4f54-a63b-3060ba0d2251 None None] Node reference is already recorded, ignoring it {{(pid=99477) configure /opt/stack/glance/glance/image_cache/drivers/centralized_db.py:71}}
Jun 24 14:29:17.316396 np0000003551 devstack@g-api.service[99475]: DEBUG glance.api.v2.cached_images [None req-83b7ee44-e78a-4230-8a50-bdb125c3295a None None] Started cache worker thread {{(pid=99475) __init__ /opt/stack/glance/glance/api/v2/cached_images.py:69}}
Jun 24 14:29:17.317097 np0000003551 devstack@g-api.service[99475]: INFO glance.image_cache [None req-83b7ee44-e78a-4230-8a50-bdb125c3295a None None] Image cache loaded driver 'centralized_db'.
Jun 24 14:29:17.323588 np0000003551 devstack@g-api.service[99476]: DEBUG glance.image_cache.drivers.centralized_db [None req-60bde02b-ba97-455f-969d-1da9d19e336a None None] Node reference is already recorded, ignoring it {{(pid=99476) configure /opt/stack/glance/glance/image_cache/drivers/centralized_db.py:71}}
Jun 24 14:29:17.324387 np0000003551 devstack@g-api.service[99475]: DEBUG glance.image_cache.drivers.centralized_db [None req-83b7ee44-e78a-4230-8a50-bdb125c3295a None None] Node reference is already recorded, ignoring it {{(pid=99475) configure /opt/stack/glance/glance/image_cache/drivers/centralized_db.py:71}}
Jun 24 14:29:17.328356 np0000003551 devstack@g-api.service[99476]: DEBUG glance.api.v2.cached_images [None req-60bde02b-ba97-455f-969d-1da9d19e336a None None] Started cache worker thread {{(pid=99476) __init__ /opt/stack/glance/glance/api/v2/cached_images.py:69}}
Jun 24 14:29:17.328811 np0000003551 devstack@g-api.service[99475]: INFO glance.api.middleware.cache_manage [None req-83b7ee44-e78a-4230-8a50-bdb125c3295a None None] Initialized image cache management middleware
Jun 24 14:29:17.328950 np0000003551 devstack@g-api.service[99475]: INFO glance.image_cache [None req-83b7ee44-e78a-4230-8a50-bdb125c3295a None None] Image cache loaded driver 'centralized_db'.
Jun 24 14:29:17.328989 np0000003551 devstack@g-api.service[99476]: INFO glance.image_cache [None req-60bde02b-ba97-455f-969d-1da9d19e336a None None] Image cache loaded driver 'centralized_db'.
Jun 24 14:29:17.332085 np0000003551 devstack@g-api.service[99477]: DEBUG glance.api.v2.cached_images [None req-3d21328f-0c26-4f54-a63b-3060ba0d2251 None None] Started cache worker thread {{(pid=99477) __init__ /opt/stack/glance/glance/api/v2/cached_images.py:69}}
Jun 24 14:29:17.332826 np0000003551 devstack@g-api.service[99477]: INFO glance.image_cache [None req-3d21328f-0c26-4f54-a63b-3060ba0d2251 None None] Image cache loaded driver 'centralized_db'.
Jun 24 14:29:17.335330 np0000003551 devstack@g-api.service[99475]: DEBUG glance.image_cache.drivers.centralized_db [None req-83b7ee44-e78a-4230-8a50-bdb125c3295a None None] Node reference is already recorded, ignoring it {{(pid=99475) configure /opt/stack/glance/glance/image_cache/drivers/centralized_db.py:71}}
Jun 24 14:29:17.335501 np0000003551 devstack@g-api.service[99476]: DEBUG glance.image_cache.drivers.centralized_db [None req-60bde02b-ba97-455f-969d-1da9d19e336a None None] Node reference is already recorded, ignoring it {{(pid=99476) configure /opt/stack/glance/glance/image_cache/drivers/centralized_db.py:71}}
Jun 24 14:29:17.338967 np0000003551 devstack@g-api.service[99475]: INFO glance.api.middleware.cache [None req-83b7ee44-e78a-4230-8a50-bdb125c3295a None None] Initialized image cache middleware
Jun 24 14:29:17.339616 np0000003551 devstack@g-api.service[99477]: DEBUG glance.image_cache.drivers.centralized_db [None req-3d21328f-0c26-4f54-a63b-3060ba0d2251 None None] Node reference is already recorded, ignoring it {{(pid=99477) configure /opt/stack/glance/glance/image_cache/drivers/centralized_db.py:71}}
Jun 24 14:29:17.340926 np0000003551 devstack@g-api.service[99476]: INFO glance.api.middleware.cache_manage [None req-60bde02b-ba97-455f-969d-1da9d19e336a None None] Initialized image cache management middleware
Jun 24 14:29:17.341068 np0000003551 devstack@g-api.service[99476]: INFO glance.image_cache [None req-60bde02b-ba97-455f-969d-1da9d19e336a None None] Image cache loaded driver 'centralized_db'.
Jun 24 14:29:17.344081 np0000003551 devstack@g-api.service[99477]: INFO glance.api.middleware.cache_manage [None req-3d21328f-0c26-4f54-a63b-3060ba0d2251 None None] Initialized image cache management middleware
Jun 24 14:29:17.344227 np0000003551 devstack@g-api.service[99477]: INFO glance.image_cache [None req-3d21328f-0c26-4f54-a63b-3060ba0d2251 None None] Image cache loaded driver 'centralized_db'.
Jun 24 14:29:17.347250 np0000003551 devstack@g-api.service[99476]: DEBUG glance.image_cache.drivers.centralized_db [None req-60bde02b-ba97-455f-969d-1da9d19e336a None None] Node reference is already recorded, ignoring it {{(pid=99476) configure /opt/stack/glance/glance/image_cache/drivers/centralized_db.py:71}}
Jun 24 14:29:17.350410 np0000003551 devstack@g-api.service[99477]: DEBUG glance.image_cache.drivers.centralized_db [None req-3d21328f-0c26-4f54-a63b-3060ba0d2251 None None] Node reference is already recorded, ignoring it {{(pid=99477) configure /opt/stack/glance/glance/image_cache/drivers/centralized_db.py:71}}
Jun 24 14:29:17.350847 np0000003551 devstack@g-api.service[99476]: INFO glance.api.middleware.cache [None req-60bde02b-ba97-455f-969d-1da9d19e336a None None] Initialized image cache middleware
Jun 24 14:29:17.351199 np0000003551 devstack@g-api.service[99475]: DEBUG glance.common.config [None req-83b7ee44-e78a-4230-8a50-bdb125c3295a None None] ******************************************************************************** {{(pid=99475) log_opt_values /opt/stack/data/venv/lib/python3.12/site-packages/oslo_config/cfg.py:3226}}
Jun 24 14:29:17.351334 np0000003551 devstack@g-api.service[99475]: DEBUG glance.common.config [None req-83b7ee44-e78a-4230-8a50-bdb125c3295a None None] Configuration options gathered from: {{(pid=99475) log_opt_values /opt/stack/data/venv/lib/python3.12/site-packages/oslo_config/cfg.py:3227}}
Jun 24 14:29:17.351751 np0000003551 devstack@g-api.service[99475]: DEBUG glance.common.config [None req-83b7ee44-e78a-4230-8a50-bdb125c3295a None None] command line args: [] {{(pid=99475) log_opt_values /opt/stack/data/venv/lib/python3.12/site-packages/oslo_config/cfg.py:3228}}
Jun 24 14:29:17.351882 np0000003551 devstack@g-api.service[99475]: DEBUG glance.common.config [None req-83b7ee44-e78a-4230-8a50-bdb125c3295a None None] config files: ['/etc/glance/glance-image-import.conf', '/etc/glance/glance-api.conf'] {{(pid=99475) log_opt_values /opt/stack/data/venv/lib/python3.12/site-packages/oslo_config/cfg.py:3229}}
Jun 24 14:29:17.351948 np0000003551 devstack@g-api.service[99475]: DEBUG glance.common.config [None req-83b7ee44-e78a-4230-8a50-bdb125c3295a None None] ================================================================================ {{(pid=99475) log_opt_values /opt/stack/data/venv/lib/python3.12/site-packages/oslo_config/cfg.py:3234}}
Jun 24 14:29:17.352099 np0000003551 devstack@g-api.service[99475]: DEBUG glance.common.config [None req-83b7ee44-e78a-4230-8a50-bdb125c3295a None None] allow_anonymous_access = False {{(pid=99475) log_opt_values /opt/stack/data/venv/lib/python3.12/site-packages/oslo_config/cfg.py:3242}}
Jun 24 14:29:17.352156 np0000003551 devstack@g-api.service[99475]: DEBUG glance.common.config [None req-83b7ee44-e78a-4230-8a50-bdb125c3295a None None] api_limit_max = 1000 {{(pid=99475) log_opt_values /opt/stack/data/venv/lib/python3.12/site-packages/oslo_config/cfg.py:3242}}
Jun 24 14:29:17.352257 np0000003551 devstack@g-api.service[99475]: DEBUG glance.common.config [None req-83b7ee44-e78a-4230-8a50-bdb125c3295a None None] backlog = 4096 {{(pid=99475) log_opt_values /opt/stack/data/venv/lib/python3.12/site-packages/oslo_config/cfg.py:3242}}
Jun 24 14:29:17.352386 np0000003551 devstack@g-api.service[99475]: DEBUG glance.common.config [None req-83b7ee44-e78a-4230-8a50-bdb125c3295a None None] bind_host = 0.0.0.0 {{(pid=99475) log_opt_values /opt/stack/data/venv/lib/python3.12/site-packages/oslo_config/cfg.py:3242}}
Jun 24 14:29:17.352487 np0000003551 devstack@g-api.service[99475]: DEBUG glance.common.config [None req-83b7ee44-e78a-4230-8a50-bdb125c3295a None None] bind_port = 19292 {{(pid=99475) log_opt_values /opt/stack/data/venv/lib/python3.12/site-packages/oslo_config/cfg.py:3242}}
Jun 24 14:29:17.352579 np0000003551 devstack@g-api.service[99475]: DEBUG glance.common.config [None req-83b7ee44-e78a-4230-8a50-bdb125c3295a None None] client_socket_timeout = 900 {{(pid=99475) log_opt_values /opt/stack/data/venv/lib/python3.12/site-packages/oslo_config/cfg.py:3242}}
Jun 24 14:29:17.352679 np0000003551 devstack@g-api.service[99475]: DEBUG glance.common.config [None req-83b7ee44-e78a-4230-8a50-bdb125c3295a None None] config_dir = [] {{(pid=99475) log_opt_values /opt/stack/data/venv/lib/python3.12/site-packages/oslo_config/cfg.py:3242}}
Jun 24 14:29:17.352774 np0000003551 devstack@g-api.service[99475]: DEBUG glance.common.config [None req-83b7ee44-e78a-4230-8a50-bdb125c3295a None None] config_file = ['/etc/glance/glance-image-import.conf', '/etc/glance/glance-api.conf'] {{(pid=99475) log_opt_values /opt/stack/data/venv/lib/python3.12/site-packages/oslo_config/cfg.py:3242}}
Jun 24 14:29:17.352873 np0000003551 devstack@g-api.service[99475]: DEBUG glance.common.config [None req-83b7ee44-e78a-4230-8a50-bdb125c3295a None None] config_source = [] {{(pid=99475) log_opt_values /opt/stack/data/venv/lib/python3.12/site-packages/oslo_config/cfg.py:3242}}
Jun 24 14:29:17.352967 np0000003551 devstack@g-api.service[99475]: DEBUG glance.common.config [None req-83b7ee44-e78a-4230-8a50-bdb125c3295a None None] control_exchange = glance {{(pid=99475) log_opt_values /opt/stack/data/venv/lib/python3.12/site-packages/oslo_config/cfg.py:3242}}
Jun 24 14:29:17.353025 np0000003551 devstack@g-api.service[99475]: DEBUG glance.common.config [None req-83b7ee44-e78a-4230-8a50-bdb125c3295a None None] debug = True {{(pid=99475) log_opt_values /opt/stack/data/venv/lib/python3.12/site-packages/oslo_config/cfg.py:3242}}
Jun 24 14:29:17.353178 np0000003551 devstack@g-api.service[99475]: DEBUG glance.common.config [None req-83b7ee44-e78a-4230-8a50-bdb125c3295a None None] default_log_levels = ['amqp=WARN', 'boto=WARN', 'sqlalchemy=WARN', 'suds=INFO', 'oslo.messaging=INFO', 'oslo_messaging=INFO', 'iso8601=WARN', 'requests.packages.urllib3.connectionpool=WARN', 'urllib3.connectionpool=WARN', 'websocket=WARN', 'requests.packages.urllib3.util.retry=WARN', 'urllib3.util.retry=WARN', 'keystonemiddleware=WARN', 'routes.middleware=WARN', 'stevedore=WARN', 'taskflow=WARN', 'keystoneauth=WARN', 'oslo.cache=INFO', 'oslo_policy=INFO', 'dogpile.core.dogpile=INFO'] {{(pid=99475) log_opt_values /opt/stack/data/venv/lib/python3.12/site-packages/oslo_config/cfg.py:3242}}
Jun 24 14:29:17.353263 np0000003551 devstack@g-api.service[99475]: DEBUG glance.common.config [None req-83b7ee44-e78a-4230-8a50-bdb125c3295a None None] default_publisher_id = image.localhost {{(pid=99475) log_opt_values /opt/stack/data/venv/lib/python3.12/site-packages/oslo_config/cfg.py:3242}}
Jun 24 14:29:17.353371 np0000003551 devstack@g-api.service[99475]: DEBUG glance.common.config [None req-83b7ee44-e78a-4230-8a50-bdb125c3295a None None] delayed_delete = False {{(pid=99475) log_opt_values /opt/stack/data/venv/lib/python3.12/site-packages/oslo_config/cfg.py:3242}}
Jun 24 14:29:17.353478 np0000003551 devstack@g-api.service[99475]: DEBUG glance.common.config [None req-83b7ee44-e78a-4230-8a50-bdb125c3295a None None] digest_algorithm = sha256 {{(pid=99475) log_opt_values /opt/stack/data/venv/lib/python3.12/site-packages/oslo_config/cfg.py:3242}}
Jun 24 14:29:17.353568 np0000003551 devstack@g-api.service[99475]: DEBUG glance.common.config [None req-83b7ee44-e78a-4230-8a50-bdb125c3295a None None] disabled_notifications = [] {{(pid=99475) log_opt_values /opt/stack/data/venv/lib/python3.12/site-packages/oslo_config/cfg.py:3242}}
Jun 24 14:29:17.353652 np0000003551 devstack@g-api.service[99475]: DEBUG glance.common.config [None req-83b7ee44-e78a-4230-8a50-bdb125c3295a None None] do_secure_hash = True {{(pid=99475) log_opt_values /opt/stack/data/venv/lib/python3.12/site-packages/oslo_config/cfg.py:3242}}
Jun 24 14:29:17.353717 np0000003551 devstack@g-api.service[99477]: INFO glance.api.middleware.cache [None req-3d21328f-0c26-4f54-a63b-3060ba0d2251 None None] Initialized image cache middleware
Jun 24 14:29:17.353771 np0000003551 devstack@g-api.service[99475]: DEBUG glance.common.config [None req-83b7ee44-e78a-4230-8a50-bdb125c3295a None None] enabled_backends = None {{(pid=99475) log_opt_values /opt/stack/data/venv/lib/python3.12/site-packages/oslo_config/cfg.py:3242}}
Jun 24 14:29:17.353880 np0000003551 devstack@g-api.service[99475]: DEBUG glance.common.config [None req-83b7ee44-e78a-4230-8a50-bdb125c3295a None None] enabled_import_methods = ['glance-direct', 'web-download', 'copy-image'] {{(pid=99475) log_opt_values /opt/stack/data/venv/lib/python3.12/site-packages/oslo_config/cfg.py:3242}}
Jun 24 14:29:17.353967 np0000003551 devstack@g-api.service[99475]: DEBUG glance.common.config [None req-83b7ee44-e78a-4230-8a50-bdb125c3295a None None] fatal_deprecations = False {{(pid=99475) log_opt_values /opt/stack/data/venv/lib/python3.12/site-packages/oslo_config/cfg.py:3242}}
Jun 24 14:29:17.354057 np0000003551 devstack@g-api.service[99475]: DEBUG glance.common.config [None req-83b7ee44-e78a-4230-8a50-bdb125c3295a None None] hashing_algorithm = sha512 {{(pid=99475) log_opt_values /opt/stack/data/venv/lib/python3.12/site-packages/oslo_config/cfg.py:3242}}
Jun 24 14:29:17.354140 np0000003551 devstack@g-api.service[99475]: DEBUG glance.common.config [None req-83b7ee44-e78a-4230-8a50-bdb125c3295a None None] http_keepalive = True {{(pid=99475) log_opt_values /opt/stack/data/venv/lib/python3.12/site-packages/oslo_config/cfg.py:3242}}
Jun 24 14:29:17.354240 np0000003551 devstack@g-api.service[99475]: DEBUG glance.common.config [None req-83b7ee44-e78a-4230-8a50-bdb125c3295a None None] http_retries = 3 {{(pid=99475) log_opt_values /opt/stack/data/venv/lib/python3.12/site-packages/oslo_config/cfg.py:3242}}
Jun 24 14:29:17.354354 np0000003551 devstack@g-api.service[99475]: DEBUG glance.common.config [None req-83b7ee44-e78a-4230-8a50-bdb125c3295a None None] image_cache_dir = /opt/stack/data/glance/cache/ {{(pid=99475) log_opt_values /opt/stack/data/venv/lib/python3.12/site-packages/oslo_config/cfg.py:3242}}
Jun 24 14:29:17.354448 np0000003551 devstack@g-api.service[99475]: DEBUG glance.common.config [None req-83b7ee44-e78a-4230-8a50-bdb125c3295a None None] image_cache_driver = centralized_db {{(pid=99475) log_opt_values /opt/stack/data/venv/lib/python3.12/site-packages/oslo_config/cfg.py:3242}}
Jun 24 14:29:17.354558 np0000003551 devstack@g-api.service[99475]: DEBUG glance.common.config [None req-83b7ee44-e78a-4230-8a50-bdb125c3295a None None] image_cache_max_size = 10737418240 {{(pid=99475) log_opt_values /opt/stack/data/venv/lib/python3.12/site-packages/oslo_config/cfg.py:3242}}
Jun 24 14:29:17.354728 np0000003551 devstack@g-api.service[99475]: DEBUG glance.common.config [None req-83b7ee44-e78a-4230-8a50-bdb125c3295a None None] image_cache_sqlite_db = cache.db {{(pid=99475) log_opt_values /opt/stack/data/venv/lib/python3.12/site-packages/oslo_config/cfg.py:3242}}
Jun 24 14:29:17.354853 np0000003551 devstack@g-api.service[99475]: DEBUG glance.common.config [None req-83b7ee44-e78a-4230-8a50-bdb125c3295a None None] image_cache_stall_time = 86400 {{(pid=99475) log_opt_values /opt/stack/data/venv/lib/python3.12/site-packages/oslo_config/cfg.py:3242}}
Jun 24 14:29:17.354945 np0000003551 devstack@g-api.service[99475]: DEBUG glance.common.config [None req-83b7ee44-e78a-4230-8a50-bdb125c3295a None None] image_location_quota = 10 {{(pid=99475) log_opt_values /opt/stack/data/venv/lib/python3.12/site-packages/oslo_config/cfg.py:3242}}
Jun 24 14:29:17.355032 np0000003551 devstack@g-api.service[99475]: DEBUG glance.common.config [None req-83b7ee44-e78a-4230-8a50-bdb125c3295a None None] image_member_quota = 128 {{(pid=99475) log_opt_values /opt/stack/data/venv/lib/python3.12/site-packages/oslo_config/cfg.py:3242}}
Jun 24 14:29:17.355118 np0000003551 devstack@g-api.service[99475]: DEBUG glance.common.config [None req-83b7ee44-e78a-4230-8a50-bdb125c3295a None None] image_property_quota = 128 {{(pid=99475) log_opt_values /opt/stack/data/venv/lib/python3.12/site-packages/oslo_config/cfg.py:3242}}
Jun 24 14:29:17.355205 np0000003551 devstack@g-api.service[99475]: DEBUG glance.common.config [None req-83b7ee44-e78a-4230-8a50-bdb125c3295a None None] image_size_cap = 1099511627776 {{(pid=99475) log_opt_values /opt/stack/data/venv/lib/python3.12/site-packages/oslo_config/cfg.py:3242}}
Jun 24 14:29:17.355331 np0000003551 devstack@g-api.service[99475]: DEBUG glance.common.config [None req-83b7ee44-e78a-4230-8a50-bdb125c3295a None None] image_tag_quota = 128 {{(pid=99475) log_opt_values /opt/stack/data/venv/lib/python3.12/site-packages/oslo_config/cfg.py:3242}}
Jun 24 14:29:17.355425 np0000003551 devstack@g-api.service[99475]: DEBUG glance.common.config [None req-83b7ee44-e78a-4230-8a50-bdb125c3295a None None] instance_format = [instance: %(uuid)s] {{(pid=99475) log_opt_values /opt/stack/data/venv/lib/python3.12/site-packages/oslo_config/cfg.py:3242}}
Jun 24 14:29:17.355512 np0000003551 devstack@g-api.service[99475]: DEBUG glance.common.config [None req-83b7ee44-e78a-4230-8a50-bdb125c3295a None None] instance_uuid_format = [instance: %(uuid)s] {{(pid=99475) log_opt_values /opt/stack/data/venv/lib/python3.12/site-packages/oslo_config/cfg.py:3242}}
Jun 24 14:29:17.355596 np0000003551 devstack@g-api.service[99475]: DEBUG glance.common.config [None req-83b7ee44-e78a-4230-8a50-bdb125c3295a None None] limit_param_default = 25 {{(pid=99475) log_opt_values /opt/stack/data/venv/lib/python3.12/site-packages/oslo_config/cfg.py:3242}}
Jun 24 14:29:17.355712 np0000003551 devstack@g-api.service[99475]: DEBUG glance.common.config [None req-83b7ee44-e78a-4230-8a50-bdb125c3295a None None] log_color = False {{(pid=99475) log_opt_values /opt/stack/data/venv/lib/python3.12/site-packages/oslo_config/cfg.py:3242}}
Jun 24 14:29:17.355804 np0000003551 devstack@g-api.service[99475]: DEBUG glance.common.config [None req-83b7ee44-e78a-4230-8a50-bdb125c3295a None None] log_config_append = None {{(pid=99475) log_opt_values /opt/stack/data/venv/lib/python3.12/site-packages/oslo_config/cfg.py:3242}}
Jun 24 14:29:17.355896 np0000003551 devstack@g-api.service[99475]: DEBUG glance.common.config [None req-83b7ee44-e78a-4230-8a50-bdb125c3295a None None] log_date_format = %Y-%m-%d %H:%M:%S {{(pid=99475) log_opt_values /opt/stack/data/venv/lib/python3.12/site-packages/oslo_config/cfg.py:3242}}
Jun 24 14:29:17.355986 np0000003551 devstack@g-api.service[99475]: DEBUG glance.common.config [None req-83b7ee44-e78a-4230-8a50-bdb125c3295a None None] log_dir = None {{(pid=99475) log_opt_values /opt/stack/data/venv/lib/python3.12/site-packages/oslo_config/cfg.py:3242}}
Jun 24 14:29:17.356068 np0000003551 devstack@g-api.service[99475]: DEBUG glance.common.config [None req-83b7ee44-e78a-4230-8a50-bdb125c3295a None None] log_file = None {{(pid=99475) log_opt_values /opt/stack/data/venv/lib/python3.12/site-packages/oslo_config/cfg.py:3242}}
Jun 24 14:29:17.356155 np0000003551 devstack@g-api.service[99475]: DEBUG glance.common.config [None req-83b7ee44-e78a-4230-8a50-bdb125c3295a None None] log_rotate_interval = 1 {{(pid=99475) log_opt_values /opt/stack/data/venv/lib/python3.12/site-packages/oslo_config/cfg.py:3242}}
Jun 24 14:29:17.356244 np0000003551 devstack@g-api.service[99475]: DEBUG glance.common.config [None req-83b7ee44-e78a-4230-8a50-bdb125c3295a None None] log_rotate_interval_type = days {{(pid=99475) log_opt_values /opt/stack/data/venv/lib/python3.12/site-packages/oslo_config/cfg.py:3242}}
Jun 24 14:29:17.356366 np0000003551 devstack@g-api.service[99475]: DEBUG glance.common.config [None req-83b7ee44-e78a-4230-8a50-bdb125c3295a None None] log_rotation_type = none {{(pid=99475) log_opt_values /opt/stack/data/venv/lib/python3.12/site-packages/oslo_config/cfg.py:3242}}
Jun 24 14:29:17.356460 np0000003551 devstack@g-api.service[99475]: DEBUG glance.common.config [None req-83b7ee44-e78a-4230-8a50-bdb125c3295a None None] logging_context_format_string = %(color)s%(levelname)s %(name)s [%(global_request_id)s %(request_id)s %(project_name)s %(user_name)s%(color)s] %(instance)s%(color)s%(message)s {{(pid=99475) log_opt_values /opt/stack/data/venv/lib/python3.12/site-packages/oslo_config/cfg.py:3242}}
Jun 24 14:29:17.356523 np0000003551 devstack@g-api.service[99475]: DEBUG glance.common.config [None req-83b7ee44-e78a-4230-8a50-bdb125c3295a None None] logging_debug_format_suffix = {{(pid=%(process)d) %(funcName)s %(pathname)s:%(lineno)d}} {{(pid=99475) log_opt_values /opt/stack/data/venv/lib/python3.12/site-packages/oslo_config/cfg.py:3242}}
Jun 24 14:29:17.356620 np0000003551 devstack@g-api.service[99475]: DEBUG glance.common.config [None req-83b7ee44-e78a-4230-8a50-bdb125c3295a None None] logging_default_format_string = %(color)s%(levelname)s %(name)s [-%(color)s] %(instance)s%(color)s%(message)s {{(pid=99475) log_opt_values /opt/stack/data/venv/lib/python3.12/site-packages/oslo_config/cfg.py:3242}}
Jun 24 14:29:17.356726 np0000003551 devstack@g-api.service[99475]: DEBUG glance.common.config [None req-83b7ee44-e78a-4230-8a50-bdb125c3295a None None] logging_exception_prefix = ERROR %(name)s %(instance)s {{(pid=99475) log_opt_values /opt/stack/data/venv/lib/python3.12/site-packages/oslo_config/cfg.py:3242}}
Jun 24 14:29:17.356794 np0000003551 devstack@g-api.service[99475]: DEBUG glance.common.config [None req-83b7ee44-e78a-4230-8a50-bdb125c3295a None None] logging_user_identity_format = %(user)s %(project)s %(domain)s %(system_scope)s %(user_domain)s %(project_domain)s {{(pid=99475) log_opt_values /opt/stack/data/venv/lib/python3.12/site-packages/oslo_config/cfg.py:3242}}
Jun 24 14:29:17.356883 np0000003551 devstack@g-api.service[99475]: DEBUG glance.common.config [None req-83b7ee44-e78a-4230-8a50-bdb125c3295a None None] max_header_line = 16384 {{(pid=99475) log_opt_values /opt/stack/data/venv/lib/python3.12/site-packages/oslo_config/cfg.py:3242}}
Jun 24 14:29:17.356977 np0000003551 devstack@g-api.service[99475]: DEBUG glance.common.config [None req-83b7ee44-e78a-4230-8a50-bdb125c3295a None None] max_logfile_count = 30 {{(pid=99475) log_opt_values /opt/stack/data/venv/lib/python3.12/site-packages/oslo_config/cfg.py:3242}}
Jun 24 14:29:17.357084 np0000003551 devstack@g-api.service[99475]: DEBUG glance.common.config [None req-83b7ee44-e78a-4230-8a50-bdb125c3295a None None] max_logfile_size_mb = 200 {{(pid=99475) log_opt_values /opt/stack/data/venv/lib/python3.12/site-packages/oslo_config/cfg.py:3242}}
Jun 24 14:29:17.357165 np0000003551 devstack@g-api.service[99475]: DEBUG glance.common.config [None req-83b7ee44-e78a-4230-8a50-bdb125c3295a None None] max_request_id_length = 64 {{(pid=99475) log_opt_values /opt/stack/data/venv/lib/python3.12/site-packages/oslo_config/cfg.py:3242}}
Jun 24 14:29:17.357251 np0000003551 devstack@g-api.service[99475]: DEBUG glance.common.config [None req-83b7ee44-e78a-4230-8a50-bdb125c3295a None None] metadata_encryption_key = **** {{(pid=99475) log_opt_values /opt/stack/data/venv/lib/python3.12/site-packages/oslo_config/cfg.py:3242}}
Jun 24 14:29:17.357354 np0000003551 devstack@g-api.service[99475]: DEBUG glance.common.config [None req-83b7ee44-e78a-4230-8a50-bdb125c3295a None None] node_staging_uri = file:///tmp/staging/ {{(pid=99475) log_opt_values /opt/stack/data/venv/lib/python3.12/site-packages/oslo_config/cfg.py:3242}}
Jun 24 14:29:17.357440 np0000003551 devstack@g-api.service[99475]: DEBUG glance.common.config [None req-83b7ee44-e78a-4230-8a50-bdb125c3295a None None] property_protection_file = None {{(pid=99475) log_opt_values /opt/stack/data/venv/lib/python3.12/site-packages/oslo_config/cfg.py:3242}}
Jun 24 14:29:17.357527 np0000003551 devstack@g-api.service[99475]: DEBUG glance.common.config [None req-83b7ee44-e78a-4230-8a50-bdb125c3295a None None] property_protection_rule_format = roles {{(pid=99475) log_opt_values /opt/stack/data/venv/lib/python3.12/site-packages/oslo_config/cfg.py:3242}}
Jun 24 14:29:17.357616 np0000003551 devstack@g-api.service[99475]: DEBUG glance.common.config [None req-83b7ee44-e78a-4230-8a50-bdb125c3295a None None] public_endpoint = https://10.4.3.251/image {{(pid=99475) log_opt_values /opt/stack/data/venv/lib/python3.12/site-packages/oslo_config/cfg.py:3242}}
Jun 24 14:29:17.357718 np0000003551 devstack@g-api.service[99475]: DEBUG glance.common.config [None req-83b7ee44-e78a-4230-8a50-bdb125c3295a None None] publish_errors = False {{(pid=99475) log_opt_values /opt/stack/data/venv/lib/python3.12/site-packages/oslo_config/cfg.py:3242}}
Jun 24 14:29:17.357803 np0000003551 devstack@g-api.service[99475]: DEBUG glance.common.config [None req-83b7ee44-e78a-4230-8a50-bdb125c3295a None None] pydev_worker_debug_host = None {{(pid=99475) log_opt_values /opt/stack/data/venv/lib/python3.12/site-packages/oslo_config/cfg.py:3242}}
Jun 24 14:29:17.357889 np0000003551 devstack@g-api.service[99475]: DEBUG glance.common.config [None req-83b7ee44-e78a-4230-8a50-bdb125c3295a None None] pydev_worker_debug_port = 5678 {{(pid=99475) log_opt_values /opt/stack/data/venv/lib/python3.12/site-packages/oslo_config/cfg.py:3242}}
Jun 24 14:29:17.357972 np0000003551 devstack@g-api.service[99475]: DEBUG glance.common.config [None req-83b7ee44-e78a-4230-8a50-bdb125c3295a None None] rate_limit_burst = 0 {{(pid=99475) log_opt_values /opt/stack/data/venv/lib/python3.12/site-packages/oslo_config/cfg.py:3242}}
Jun 24 14:29:17.358109 np0000003551 devstack@g-api.service[99475]: DEBUG glance.common.config [None req-83b7ee44-e78a-4230-8a50-bdb125c3295a None None] rate_limit_except_level = CRITICAL {{(pid=99475) log_opt_values /opt/stack/data/venv/lib/python3.12/site-packages/oslo_config/cfg.py:3242}}
Jun 24 14:29:17.358550 np0000003551 devstack@g-api.service[99475]: DEBUG glance.common.config [None req-83b7ee44-e78a-4230-8a50-bdb125c3295a None None] rate_limit_interval = 0 {{(pid=99475) log_opt_values /opt/stack/data/venv/lib/python3.12/site-packages/oslo_config/cfg.py:3242}}
Jun 24 14:29:17.358550 np0000003551 devstack@g-api.service[99475]: DEBUG glance.common.config [None req-83b7ee44-e78a-4230-8a50-bdb125c3295a None None] scrub_pool_size = 1 {{(pid=99475) log_opt_values /opt/stack/data/venv/lib/python3.12/site-packages/oslo_config/cfg.py:3242}}
Jun 24 14:29:17.358550 np0000003551 devstack@g-api.service[99475]: DEBUG glance.common.config [None req-83b7ee44-e78a-4230-8a50-bdb125c3295a None None] scrub_time = 0 {{(pid=99475) log_opt_values /opt/stack/data/venv/lib/python3.12/site-packages/oslo_config/cfg.py:3242}}
Jun 24 14:29:17.358550 np0000003551 devstack@g-api.service[99475]: DEBUG glance.common.config [None req-83b7ee44-e78a-4230-8a50-bdb125c3295a None None] shell_completion = None {{(pid=99475) log_opt_values /opt/stack/data/venv/lib/python3.12/site-packages/oslo_config/cfg.py:3242}}
Jun 24 14:29:17.358638 np0000003551 devstack@g-api.service[99475]: DEBUG glance.common.config [None req-83b7ee44-e78a-4230-8a50-bdb125c3295a None None] show_image_direct_url = False {{(pid=99475) log_opt_values /opt/stack/data/venv/lib/python3.12/site-packages/oslo_config/cfg.py:3242}}
Jun 24 14:29:17.358809 np0000003551 devstack@g-api.service[99475]: WARNING oslo_config.cfg [None req-83b7ee44-e78a-4230-8a50-bdb125c3295a None None] Deprecated: Option "show_multiple_locations" from group "DEFAULT" is deprecated for removal (Use of this option, deprecated since Newton, is a security risk and will be removed once we figure out a way to satisfy those use cases that currently require it. An earlier announcement that the same functionality can be achieved with greater granularity by using policies is incorrect. You cannot work around this option via policy configuration at the present time, though that is the direction we believe the fix will take. Please keep an eye on the Glance release notes to stay up to date on progress in addressing this issue.). Its value may be silently ignored in the future.
Jun 24 14:29:17.358911 np0000003551 devstack@g-api.service[99475]: DEBUG glance.common.config [None req-83b7ee44-e78a-4230-8a50-bdb125c3295a None None] show_multiple_locations = False {{(pid=99475) log_opt_values /opt/stack/data/venv/lib/python3.12/site-packages/oslo_config/cfg.py:3242}}
Jun 24 14:29:17.359003 np0000003551 devstack@g-api.service[99475]: DEBUG glance.common.config [None req-83b7ee44-e78a-4230-8a50-bdb125c3295a None None] syslog_log_facility = LOG_USER {{(pid=99475) log_opt_values /opt/stack/data/venv/lib/python3.12/site-packages/oslo_config/cfg.py:3242}}
Jun 24 14:29:17.359092 np0000003551 devstack@g-api.service[99475]: DEBUG glance.common.config [None req-83b7ee44-e78a-4230-8a50-bdb125c3295a None None] tcp_keepidle = 600 {{(pid=99475) log_opt_values /opt/stack/data/venv/lib/python3.12/site-packages/oslo_config/cfg.py:3242}}
Jun 24 14:29:17.359182 np0000003551 devstack@g-api.service[99475]: DEBUG glance.common.config [None req-83b7ee44-e78a-4230-8a50-bdb125c3295a None None] transport_url = **** {{(pid=99475) log_opt_values /opt/stack/data/venv/lib/python3.12/site-packages/oslo_config/cfg.py:3242}}
Jun 24 14:29:17.359266 np0000003551 devstack@g-api.service[99475]: DEBUG glance.common.config [None req-83b7ee44-e78a-4230-8a50-bdb125c3295a None None] use_journal = False {{(pid=99475) log_opt_values /opt/stack/data/venv/lib/python3.12/site-packages/oslo_config/cfg.py:3242}}
Jun 24 14:29:17.359364 np0000003551 devstack@g-api.service[99475]: DEBUG glance.common.config [None req-83b7ee44-e78a-4230-8a50-bdb125c3295a None None] use_json = False {{(pid=99475) log_opt_values /opt/stack/data/venv/lib/python3.12/site-packages/oslo_config/cfg.py:3242}}
Jun 24 14:29:17.359456 np0000003551 devstack@g-api.service[99475]: DEBUG glance.common.config [None req-83b7ee44-e78a-4230-8a50-bdb125c3295a None None] use_keystone_limits = True {{(pid=99475) log_opt_values /opt/stack/data/venv/lib/python3.12/site-packages/oslo_config/cfg.py:3242}}
Jun 24 14:29:17.359541 np0000003551 devstack@g-api.service[99475]: DEBUG glance.common.config [None req-83b7ee44-e78a-4230-8a50-bdb125c3295a None None] use_stderr = False {{(pid=99475) log_opt_values /opt/stack/data/venv/lib/python3.12/site-packages/oslo_config/cfg.py:3242}}
Jun 24 14:29:17.359655 np0000003551 devstack@g-api.service[99475]: DEBUG glance.common.config [None req-83b7ee44-e78a-4230-8a50-bdb125c3295a None None] use_syslog = False {{(pid=99475) log_opt_values /opt/stack/data/venv/lib/python3.12/site-packages/oslo_config/cfg.py:3242}}
Jun 24 14:29:17.359779 np0000003551 devstack@g-api.service[99475]: DEBUG glance.common.config [None req-83b7ee44-e78a-4230-8a50-bdb125c3295a None None] user_storage_quota = 0 {{(pid=99475) log_opt_values /opt/stack/data/venv/lib/python3.12/site-packages/oslo_config/cfg.py:3242}}
Jun 24 14:29:17.359885 np0000003551 devstack@g-api.service[99475]: DEBUG glance.common.config [None req-83b7ee44-e78a-4230-8a50-bdb125c3295a None None] worker_self_reference_url = http://127.0.0.1:60999 {{(pid=99475) log_opt_values /opt/stack/data/venv/lib/python3.12/site-packages/oslo_config/cfg.py:3242}}
Jun 24 14:29:17.359967 np0000003551 devstack@g-api.service[99475]: DEBUG glance.common.config [None req-83b7ee44-e78a-4230-8a50-bdb125c3295a None None] workers = None {{(pid=99475) log_opt_values /opt/stack/data/venv/lib/python3.12/site-packages/oslo_config/cfg.py:3242}}
Jun 24 14:29:17.360068 np0000003551 devstack@g-api.service[99475]: DEBUG glance.common.config [None req-83b7ee44-e78a-4230-8a50-bdb125c3295a None None] oslo_concurrency.disable_process_locking = False {{(pid=99475) log_opt_values /opt/stack/data/venv/lib/python3.12/site-packages/oslo_config/cfg.py:3253}}
Jun 24 14:29:17.360164 np0000003551 devstack@g-api.service[99475]: DEBUG glance.common.config [None req-83b7ee44-e78a-4230-8a50-bdb125c3295a None None] oslo_concurrency.lock_path = /opt/stack/data/glance/locks {{(pid=99475) log_opt_values /opt/stack/data/venv/lib/python3.12/site-packages/oslo_config/cfg.py:3253}}
Jun 24 14:29:17.360260 np0000003551 devstack@g-api.service[99475]: DEBUG glance.common.config [None req-83b7ee44-e78a-4230-8a50-bdb125c3295a None None] oslo_middleware.enable_proxy_headers_parsing = False {{(pid=99475) log_opt_values /opt/stack/data/venv/lib/python3.12/site-packages/oslo_config/cfg.py:3253}}
Jun 24 14:29:17.360403 np0000003551 devstack@g-api.service[99475]: DEBUG glance.common.config [None req-83b7ee44-e78a-4230-8a50-bdb125c3295a None None] oslo_middleware.http_basic_auth_user_file = /etc/htpasswd {{(pid=99475) log_opt_values /opt/stack/data/venv/lib/python3.12/site-packages/oslo_config/cfg.py:3253}}
Jun 24 14:29:17.360561 np0000003551 devstack@g-api.service[99475]: DEBUG glance.common.config [None req-83b7ee44-e78a-4230-8a50-bdb125c3295a None None] paste_deploy.config_file = None {{(pid=99475) log_opt_values /opt/stack/data/venv/lib/python3.12/site-packages/oslo_config/cfg.py:3253}}
Jun 24 14:29:17.360722 np0000003551 devstack@g-api.service[99475]: DEBUG glance.common.config [None req-83b7ee44-e78a-4230-8a50-bdb125c3295a None None] paste_deploy.flavor = keystone+cachemanagement {{(pid=99475) log_opt_values /opt/stack/data/venv/lib/python3.12/site-packages/oslo_config/cfg.py:3253}}
Jun 24 14:29:17.360857 np0000003551 devstack@g-api.service[99475]: DEBUG glance.common.config [None req-83b7ee44-e78a-4230-8a50-bdb125c3295a None None] image_format.container_formats = ['ami', 'ari', 'aki', 'bare', 'ovf', 'ova', 'docker', 'compressed'] {{(pid=99475) log_opt_values /opt/stack/data/venv/lib/python3.12/site-packages/oslo_config/cfg.py:3253}}
Jun 24 14:29:17.360980 np0000003551 devstack@g-api.service[99475]: DEBUG glance.common.config [None req-83b7ee44-e78a-4230-8a50-bdb125c3295a None None] image_format.disk_formats = ['ami', 'ari', 'aki', 'vhd', 'vhdx', 'vmdk', 'raw', 'qcow2', 'vdi', 'iso', 'ploop'] {{(pid=99475) log_opt_values /opt/stack/data/venv/lib/python3.12/site-packages/oslo_config/cfg.py:3253}}
Jun 24 14:29:17.361067 np0000003551 devstack@g-api.service[99475]: DEBUG glance.common.config [None req-83b7ee44-e78a-4230-8a50-bdb125c3295a None None] image_format.gpt_safety_checks_nonfatal = [] {{(pid=99475) log_opt_values /opt/stack/data/venv/lib/python3.12/site-packages/oslo_config/cfg.py:3253}}
Jun 24 14:29:17.361162 np0000003551 devstack@g-api.service[99475]: DEBUG glance.common.config [None req-83b7ee44-e78a-4230-8a50-bdb125c3295a None None] image_format.require_image_format_match = True {{(pid=99475) log_opt_values /opt/stack/data/venv/lib/python3.12/site-packages/oslo_config/cfg.py:3253}}
Jun 24 14:29:17.361260 np0000003551 devstack@g-api.service[99475]: DEBUG glance.common.config [None req-83b7ee44-e78a-4230-8a50-bdb125c3295a None None] image_format.vmdk_allowed_types = ['streamOptimized', 'monolithicSparse'] {{(pid=99475) log_opt_values /opt/stack/data/venv/lib/python3.12/site-packages/oslo_config/cfg.py:3253}}
Jun 24 14:29:17.361373 np0000003551 devstack@g-api.service[99475]: DEBUG glance.common.config [None req-83b7ee44-e78a-4230-8a50-bdb125c3295a None None] task.task_executor = taskflow {{(pid=99475) log_opt_values /opt/stack/data/venv/lib/python3.12/site-packages/oslo_config/cfg.py:3253}}
Jun 24 14:29:17.361462 np0000003551 devstack@g-api.service[99475]: DEBUG glance.common.config [None req-83b7ee44-e78a-4230-8a50-bdb125c3295a None None] task.task_time_to_live = 48 {{(pid=99475) log_opt_values /opt/stack/data/venv/lib/python3.12/site-packages/oslo_config/cfg.py:3253}}
Jun 24 14:29:17.361546 np0000003551 devstack@g-api.service[99475]: DEBUG glance.common.config [None req-83b7ee44-e78a-4230-8a50-bdb125c3295a None None] task.work_dir = None {{(pid=99475) log_opt_values /opt/stack/data/venv/lib/python3.12/site-packages/oslo_config/cfg.py:3253}}
Jun 24 14:29:17.361639 np0000003551 devstack@g-api.service[99475]: DEBUG glance.common.config [None req-83b7ee44-e78a-4230-8a50-bdb125c3295a None None] wsgi.python_interpreter = /opt/stack/data/venv/bin/python3 {{(pid=99475) log_opt_values /opt/stack/data/venv/lib/python3.12/site-packages/oslo_config/cfg.py:3253}}
