Jun 24 14:28:55.428570 np0000003551 nova-scheduler[93228]: DEBUG cotyledon.oslo_config_glue [-] oslo_limit.auth_type = None {{(pid=93228) log_opt_values /opt/stack/data/venv/lib/python3.12/site-packages/oslo_config/cfg.py:3253}}
Jun 24 14:28:55.428570 np0000003551 nova-scheduler[93228]: DEBUG cotyledon.oslo_config_glue [-] oslo_limit.cafile = None {{(pid=93228) log_opt_values /opt/stack/data/venv/lib/python3.12/site-packages/oslo_config/cfg.py:3253}}
Jun 24 14:28:55.428570 np0000003551 nova-scheduler[93228]: DEBUG cotyledon.oslo_config_glue [-] oslo_limit.certfile = None {{(pid=93228) log_opt_values /opt/stack/data/venv/lib/python3.12/site-packages/oslo_config/cfg.py:3253}}
Jun 24 14:28:55.428570 np0000003551 nova-scheduler[93228]: DEBUG cotyledon.oslo_config_glue [-] oslo_limit.collect_timing = False {{(pid=93228) log_opt_values /opt/stack/data/venv/lib/python3.12/site-packages/oslo_config/cfg.py:3253}}
Jun 24 14:28:55.428781 np0000003551 nova-scheduler[93228]: DEBUG cotyledon.oslo_config_glue [-] oslo_limit.connect_retries = None {{(pid=93228) log_opt_values /opt/stack/data/venv/lib/python3.12/site-packages/oslo_config/cfg.py:3253}}
Jun 24 14:28:55.428781 np0000003551 nova-scheduler[93228]: DEBUG cotyledon.oslo_config_glue [-] oslo_limit.connect_retry_delay = None {{(pid=93228) log_opt_values /opt/stack/data/venv/lib/python3.12/site-packages/oslo_config/cfg.py:3253}}
Jun 24 14:28:55.428781 np0000003551 nova-scheduler[93228]: DEBUG cotyledon.oslo_config_glue [-] oslo_limit.endpoint_id = None {{(pid=93228) log_opt_values /opt/stack/data/venv/lib/python3.12/site-packages/oslo_config/cfg.py:3253}}
Jun 24 14:28:55.428781 np0000003551 nova-scheduler[93228]: DEBUG cotyledon.oslo_config_glue [-] oslo_limit.endpoint_interface = public {{(pid=93228) log_opt_values /opt/stack/data/venv/lib/python3.12/site-packages/oslo_config/cfg.py:3253}}
Jun 24 14:28:55.428781 np0000003551 nova-scheduler[93228]: DEBUG cotyledon.oslo_config_glue [-] oslo_limit.endpoint_override = None {{(pid=93228) log_opt_values /opt/stack/data/venv/lib/python3.12/site-packages/oslo_config/cfg.py:3253}}
Jun 24 14:28:55.428781 np0000003551 nova-scheduler[93228]: DEBUG cotyledon.oslo_config_glue [-] oslo_limit.endpoint_region_name = None {{(pid=93228) log_opt_values /opt/stack/data/venv/lib/python3.12/site-packages/oslo_config/cfg.py:3253}}
Jun 24 14:28:55.428781 np0000003551 nova-scheduler[93228]: DEBUG cotyledon.oslo_config_glue [-] oslo_limit.endpoint_service_name = None {{(pid=93228) log_opt_values /opt/stack/data/venv/lib/python3.12/site-packages/oslo_config/cfg.py:3253}}
Jun 24 14:28:55.428781 np0000003551 nova-scheduler[93228]: DEBUG cotyledon.oslo_config_glue [-] oslo_limit.endpoint_service_type = None {{(pid=93228) log_opt_values /opt/stack/data/venv/lib/python3.12/site-packages/oslo_config/cfg.py:3253}}
Jun 24 14:28:55.428781 np0000003551 nova-scheduler[93228]: DEBUG cotyledon.oslo_config_glue [-] oslo_limit.insecure = False {{(pid=93228) log_opt_values /opt/stack/data/venv/lib/python3.12/site-packages/oslo_config/cfg.py:3253}}
Jun 24 14:28:55.428964 np0000003551 nova-scheduler[93228]: DEBUG cotyledon.oslo_config_glue [-] oslo_limit.keyfile = None {{(pid=93228) log_opt_values /opt/stack/data/venv/lib/python3.12/site-packages/oslo_config/cfg.py:3253}}
Jun 24 14:28:55.428964 np0000003551 nova-scheduler[93228]: DEBUG cotyledon.oslo_config_glue [-] oslo_limit.max_version = None {{(pid=93228) log_opt_values /opt/stack/data/venv/lib/python3.12/site-packages/oslo_config/cfg.py:3253}}
Jun 24 14:28:55.428964 np0000003551 nova-scheduler[93228]: DEBUG cotyledon.oslo_config_glue [-] oslo_limit.min_version = None {{(pid=93228) log_opt_values /opt/stack/data/venv/lib/python3.12/site-packages/oslo_config/cfg.py:3253}}
Jun 24 14:28:55.428964 np0000003551 nova-scheduler[93228]: DEBUG cotyledon.oslo_config_glue [-] oslo_limit.region_name = None {{(pid=93228) log_opt_values /opt/stack/data/venv/lib/python3.12/site-packages/oslo_config/cfg.py:3253}}
Jun 24 14:28:55.428964 np0000003551 nova-scheduler[93228]: DEBUG cotyledon.oslo_config_glue [-] oslo_limit.retriable_status_codes = None {{(pid=93228) log_opt_values /opt/stack/data/venv/lib/python3.12/site-packages/oslo_config/cfg.py:3253}}
Jun 24 14:28:55.428964 np0000003551 nova-scheduler[93228]: DEBUG cotyledon.oslo_config_glue [-] oslo_limit.service_name = None {{(pid=93228) log_opt_values /opt/stack/data/venv/lib/python3.12/site-packages/oslo_config/cfg.py:3253}}
Jun 24 14:28:55.428964 np0000003551 nova-scheduler[93228]: DEBUG cotyledon.oslo_config_glue [-] oslo_limit.service_type = None {{(pid=93228) log_opt_values /opt/stack/data/venv/lib/python3.12/site-packages/oslo_config/cfg.py:3253}}
Jun 24 14:28:55.428964 np0000003551 nova-scheduler[93228]: DEBUG cotyledon.oslo_config_glue [-] oslo_limit.split_loggers = False {{(pid=93228) log_opt_values /opt/stack/data/venv/lib/python3.12/site-packages/oslo_config/cfg.py:3253}}
Jun 24 14:28:55.428964 np0000003551 nova-scheduler[93228]: DEBUG cotyledon.oslo_config_glue [-] oslo_limit.status_code_retries = None {{(pid=93228) log_opt_values /opt/stack/data/venv/lib/python3.12/site-packages/oslo_config/cfg.py:3253}}
Jun 24 14:28:55.429137 np0000003551 nova-scheduler[93228]: DEBUG cotyledon.oslo_config_glue [-] oslo_limit.status_code_retry_delay = None {{(pid=93228) log_opt_values /opt/stack/data/venv/lib/python3.12/site-packages/oslo_config/cfg.py:3253}}
Jun 24 14:28:55.429137 np0000003551 nova-scheduler[93228]: DEBUG cotyledon.oslo_config_glue [-] oslo_limit.timeout = None {{(pid=93228) log_opt_values /opt/stack/data/venv/lib/python3.12/site-packages/oslo_config/cfg.py:3253}}
Jun 24 14:28:55.429137 np0000003551 nova-scheduler[93228]: DEBUG cotyledon.oslo_config_glue [-] oslo_limit.valid_interfaces = None {{(pid=93228) log_opt_values /opt/stack/data/venv/lib/python3.12/site-packages/oslo_config/cfg.py:3253}}
Jun 24 14:28:55.429137 np0000003551 nova-scheduler[93228]: DEBUG cotyledon.oslo_config_glue [-] oslo_limit.version = None {{(pid=93228) log_opt_values /opt/stack/data/venv/lib/python3.12/site-packages/oslo_config/cfg.py:3253}}
Jun 24 14:28:55.429137 np0000003551 nova-scheduler[93228]: DEBUG cotyledon.oslo_config_glue [-] oslo_reports.file_event_handler = None {{(pid=93228) log_opt_values /opt/stack/data/venv/lib/python3.12/site-packages/oslo_config/cfg.py:3253}}
Jun 24 14:28:55.429137 np0000003551 nova-scheduler[93228]: DEBUG cotyledon.oslo_config_glue [-] oslo_reports.file_event_handler_interval = 1 {{(pid=93228) log_opt_values /opt/stack/data/venv/lib/python3.12/site-packages/oslo_config/cfg.py:3253}}
Jun 24 14:28:55.429137 np0000003551 nova-scheduler[93228]: DEBUG cotyledon.oslo_config_glue [-] oslo_reports.log_dir = None {{(pid=93228) log_opt_values /opt/stack/data/venv/lib/python3.12/site-packages/oslo_config/cfg.py:3253}}
Jun 24 14:28:55.429137 np0000003551 nova-scheduler[93228]: DEBUG cotyledon.oslo_config_glue [-] ******************************************************************************** {{(pid=93228) log_opt_values /opt/stack/data/venv/lib/python3.12/site-packages/oslo_config/cfg.py:3260}}
Jun 24 14:28:55.429137 np0000003551 nova-scheduler[93228]: DEBUG cotyledon._service_worker [-] Run service ServiceWrapper(2) [93228] {{(pid=93228) wait_forever /opt/stack/data/venv/lib/python3.12/site-packages/cotyledon/_service_worker.py:218}}
Jun 24 14:28:55.429319 np0000003551 nova-scheduler[93228]: INFO nova.service [-] Starting scheduler node (version 33.1.0)
Jun 24 14:28:55.429351 np0000003551 nova-scheduler[93226]: INFO dbcounter [None req-0806826d-0099-42e2-ad79-ecf81acdb83e None None] Registered counter for database nova_cell0
Jun 24 14:28:55.429375 np0000003551 nova-scheduler[93228]: INFO dbcounter [None req-29c3b1b2-1e44-47eb-9081-2e82db2b73ee None None] Registered counter for database nova_cell0
Jun 24 14:28:55.436921 np0000003551 nova-scheduler[93224]: DEBUG oslo_db.sqlalchemy.engines [None req-45f1f9f1-06bd-44ef-a84b-0ac081b89100 None None] MySQL server mode set to STRICT_TRANS_TABLES,STRICT_ALL_TABLES,NO_ZERO_IN_DATE,NO_ZERO_DATE,ERROR_FOR_DIVISION_BY_ZERO,TRADITIONAL,NO_ENGINE_SUBSTITUTION {{(pid=93224) _check_effective_sql_mode /opt/stack/data/venv/lib/python3.12/site-packages/oslo_db/sqlalchemy/engines.py:325}}
Jun 24 14:28:55.446261 np0000003551 nova-scheduler[93224]: DEBUG dbcounter [-] [93224] Writer thread running {{(pid=93224) stat_writer /opt/stack/data/venv/lib/python3.12/site-packages/dbcounter.py:102}}
Jun 24 14:28:55.457724 np0000003551 nova-scheduler[93226]: DEBUG oslo_db.sqlalchemy.engines [None req-0806826d-0099-42e2-ad79-ecf81acdb83e None None] MySQL server mode set to STRICT_TRANS_TABLES,STRICT_ALL_TABLES,NO_ZERO_IN_DATE,NO_ZERO_DATE,ERROR_FOR_DIVISION_BY_ZERO,TRADITIONAL,NO_ENGINE_SUBSTITUTION {{(pid=93226) _check_effective_sql_mode /opt/stack/data/venv/lib/python3.12/site-packages/oslo_db/sqlalchemy/engines.py:325}}
Jun 24 14:28:55.461376 np0000003551 nova-scheduler[93228]: DEBUG oslo_db.sqlalchemy.engines [None req-29c3b1b2-1e44-47eb-9081-2e82db2b73ee None None] MySQL server mode set to STRICT_TRANS_TABLES,STRICT_ALL_TABLES,NO_ZERO_IN_DATE,NO_ZERO_DATE,ERROR_FOR_DIVISION_BY_ZERO,TRADITIONAL,NO_ENGINE_SUBSTITUTION {{(pid=93228) _check_effective_sql_mode /opt/stack/data/venv/lib/python3.12/site-packages/oslo_db/sqlalchemy/engines.py:325}}
Jun 24 14:28:55.464182 np0000003551 nova-scheduler[93224]: DEBUG nova.service [None req-45f1f9f1-06bd-44ef-a84b-0ac081b89100 None None] Creating RPC server for service: nova-scheduler on topic: scheduler {{(pid=93224) start /opt/stack/nova/nova/service.py:196}}
Jun 24 14:28:55.466329 np0000003551 nova-scheduler[93226]: DEBUG dbcounter [-] [93226] Writer thread running {{(pid=93226) stat_writer /opt/stack/data/venv/lib/python3.12/site-packages/dbcounter.py:102}}
Jun 24 14:28:55.469014 np0000003551 nova-scheduler[93226]: DEBUG nova.service [None req-0806826d-0099-42e2-ad79-ecf81acdb83e None None] Creating RPC server for service: nova-scheduler on topic: scheduler {{(pid=93226) start /opt/stack/nova/nova/service.py:196}}
Jun 24 14:28:55.470323 np0000003551 nova-scheduler[93228]: DEBUG dbcounter [-] [93228] Writer thread running {{(pid=93228) stat_writer /opt/stack/data/venv/lib/python3.12/site-packages/dbcounter.py:102}}
Jun 24 14:28:55.472928 np0000003551 nova-scheduler[93228]: DEBUG nova.service [None req-29c3b1b2-1e44-47eb-9081-2e82db2b73ee None None] Creating RPC server for service: nova-scheduler on topic: scheduler {{(pid=93228) start /opt/stack/nova/nova/service.py:196}}
Jun 24 14:28:55.484472 np0000003551 nova-scheduler[93224]: DEBUG nova.service [None req-45f1f9f1-06bd-44ef-a84b-0ac081b89100 None None] Join ServiceGroup membership for this service scheduler {{(pid=93224) start /opt/stack/nova/nova/service.py:222}}
Jun 24 14:28:55.484682 np0000003551 nova-scheduler[93224]: DEBUG nova.servicegroup.drivers.db [None req-45f1f9f1-06bd-44ef-a84b-0ac081b89100 None None] DB_Driver: join new ServiceGroup member np0000003551 to the scheduler group, service = {{(pid=93224) join /opt/stack/nova/nova/servicegroup/drivers/db.py:44}}
Jun 24 14:28:55.487241 np0000003551 nova-scheduler[93226]: DEBUG nova.service [None req-0806826d-0099-42e2-ad79-ecf81acdb83e None None] Join ServiceGroup membership for this service scheduler {{(pid=93226) start /opt/stack/nova/nova/service.py:222}}
Jun 24 14:28:55.487542 np0000003551 nova-scheduler[93226]: DEBUG nova.servicegroup.drivers.db [None req-0806826d-0099-42e2-ad79-ecf81acdb83e None None] DB_Driver: join new ServiceGroup member np0000003551 to the scheduler group, service = {{(pid=93226) join /opt/stack/nova/nova/servicegroup/drivers/db.py:44}}
Jun 24 14:28:55.495282 np0000003551 nova-scheduler[93228]: DEBUG nova.service [None req-29c3b1b2-1e44-47eb-9081-2e82db2b73ee None None] Join ServiceGroup membership for this service scheduler {{(pid=93228) start /opt/stack/nova/nova/service.py:222}}
Jun 24 14:28:55.495719 np0000003551 nova-scheduler[93228]: DEBUG nova.servicegroup.drivers.db [None req-29c3b1b2-1e44-47eb-9081-2e82db2b73ee None None] DB_Driver: join new ServiceGroup member np0000003551 to the scheduler group, service = {{(pid=93228) join /opt/stack/nova/nova/servicegroup/drivers/db.py:44}}
Jun 24 14:29:00.497655 np0000003551 nova-scheduler[93224]: DEBUG oslo.service.backend._threading.loopingcall [-] Fixed interval looping call 'nova.servicegroup.drivers.db.DbDriver._report_state' sleeping for 119.99 seconds {{(pid=93224) _run_loop /opt/stack/data/venv/lib/python3.12/site-packages/oslo_service/backend/_threading/loopingcall.py:125}}
Jun 24 14:29:00.501505 np0000003551 nova-scheduler[93226]: DEBUG oslo.service.backend._threading.loopingcall [-] Fixed interval looping call 'nova.servicegroup.drivers.db.DbDriver._report_state' sleeping for 119.99 seconds {{(pid=93226) _run_loop /opt/stack/data/venv/lib/python3.12/site-packages/oslo_service/backend/_threading/loopingcall.py:125}}
Jun 24 14:29:00.507401 np0000003551 nova-scheduler[93228]: DEBUG oslo.service.backend._threading.loopingcall [-] Fixed interval looping call 'nova.servicegroup.drivers.db.DbDriver._report_state' sleeping for 119.99 seconds {{(pid=93228) _run_loop /opt/stack/data/venv/lib/python3.12/site-packages/oslo_service/backend/_threading/loopingcall.py:125}}
Jun 24 14:29:04.104598 np0000003551 nova-scheduler[91945]: DEBUG dbcounter [-] [91945] Writing DB stats nova_api:SELECT=3 {{(pid=91945) stat_writer /opt/stack/data/venv/lib/python3.12/site-packages/dbcounter.py:115}}
Jun 24 14:29:04.224082 np0000003551 nova-scheduler[91945]: DEBUG dbcounter [-] [91945] Writing DB stats nova_cell0:SELECT=1 {{(pid=91945) stat_writer /opt/stack/data/venv/lib/python3.12/site-packages/dbcounter.py:115}}
Jun 24 14:29:04.233704 np0000003551 nova-scheduler[91945]: DEBUG dbcounter [-] [91945] Writing DB stats nova_cell1:SELECT=1 {{(pid=91945) stat_writer /opt/stack/data/venv/lib/python3.12/site-packages/dbcounter.py:115}}
Jun 24 14:29:04.497610 np0000003551 nova-scheduler[93228]: DEBUG oslo.service.backend._threading.loopingcall [None req-7686e338-ba60-4eca-9c86-21f8ca3fb859 None None] Dynamic interval looping call 'nova.service.Service.periodic_tasks' sleeping for 60.00 seconds {{(pid=93228) _run_loop /opt/stack/data/venv/lib/python3.12/site-packages/oslo_service/backend/_threading/loopingcall.py:125}}
Jun 24 14:29:09.486634 np0000003551 nova-scheduler[93224]: DEBUG oslo.service.backend._threading.loopingcall [None req-c7c9618f-770d-4e50-a968-1d2ed84e528c None None] Dynamic interval looping call 'nova.service.Service.periodic_tasks' sleeping for 60.00 seconds {{(pid=93224) _run_loop /opt/stack/data/venv/lib/python3.12/site-packages/oslo_service/backend/_threading/loopingcall.py:125}}
Jun 24 14:29:10.494639 np0000003551 nova-scheduler[93224]: DEBUG dbcounter [-] [93224] Writing DB stats nova_cell0:SELECT=4,nova_cell0:INSERT=1,nova_cell0:UPDATE=1 {{(pid=93224) stat_writer /opt/stack/data/venv/lib/python3.12/site-packages/dbcounter.py:115}}
Jun 24 14:29:10.500080 np0000003551 nova-scheduler[93226]: DEBUG dbcounter [-] [93226] Writing DB stats nova_cell0:SELECT=3,nova_cell0:UPDATE=1 {{(pid=93226) stat_writer /opt/stack/data/venv/lib/python3.12/site-packages/dbcounter.py:115}}
Jun 24 14:29:10.504265 np0000003551 nova-scheduler[93228]: DEBUG dbcounter [-] [93228] Writing DB stats nova_cell0:SELECT=3 {{(pid=93228) stat_writer /opt/stack/data/venv/lib/python3.12/site-packages/dbcounter.py:115}}
Jun 24 14:29:41.490148 np0000003551 nova-scheduler[93226]: DEBUG oslo.service.backend._threading.loopingcall [None req-b8f59c49-30f5-4553-8892-ea431fafdd75 None None] Dynamic interval looping call 'nova.service.Service.periodic_tasks' sleeping for 60.00 seconds {{(pid=93226) _run_loop /opt/stack/data/venv/lib/python3.12/site-packages/oslo_service/backend/_threading/loopingcall.py:125}}
Jun 24 14:30:04.498119 np0000003551 nova-scheduler[93228]: DEBUG oslo.service.backend._threading.loopingcall [None req-7686e338-ba60-4eca-9c86-21f8ca3fb859 None None] Dynamic interval looping call 'nova.service.Service.periodic_tasks' sleeping for 60.00 seconds {{(pid=93228) _run_loop /opt/stack/data/venv/lib/python3.12/site-packages/oslo_service/backend/_threading/loopingcall.py:125}}
Jun 24 14:30:09.487178 np0000003551 nova-scheduler[93224]: DEBUG oslo.service.backend._threading.loopingcall [None req-c7c9618f-770d-4e50-a968-1d2ed84e528c None None] Dynamic interval looping call 'nova.service.Service.periodic_tasks' sleeping for 60.00 seconds {{(pid=93224) _run_loop /opt/stack/data/venv/lib/python3.12/site-packages/oslo_service/backend/_threading/loopingcall.py:125}}
Jun 24 14:30:41.490616 np0000003551 nova-scheduler[93226]: DEBUG oslo.service.backend._threading.loopingcall [None req-b8f59c49-30f5-4553-8892-ea431fafdd75 None None] Dynamic interval looping call 'nova.service.Service.periodic_tasks' sleeping for 60.00 seconds {{(pid=93226) _run_loop /opt/stack/data/venv/lib/python3.12/site-packages/oslo_service/backend/_threading/loopingcall.py:125}}
Jun 24 14:31:00.498070 np0000003551 nova-scheduler[93224]: DEBUG oslo.service.backend._threading.loopingcall [-] Fixed interval looping call 'nova.servicegroup.drivers.db.DbDriver._report_state' sleeping for 119.99 seconds {{(pid=93224) _run_loop /opt/stack/data/venv/lib/python3.12/site-packages/oslo_service/backend/_threading/loopingcall.py:125}}
Jun 24 14:31:00.498601 np0000003551 nova-scheduler[93226]: DEBUG oslo.service.backend._threading.loopingcall [-] Fixed interval looping call 'nova.servicegroup.drivers.db.DbDriver._report_state' sleeping for 119.99 seconds {{(pid=93226) _run_loop /opt/stack/data/venv/lib/python3.12/site-packages/oslo_service/backend/_threading/loopingcall.py:125}}
Jun 24 14:31:00.503928 np0000003551 nova-scheduler[93228]: DEBUG oslo.service.backend._threading.loopingcall [-] Fixed interval looping call 'nova.servicegroup.drivers.db.DbDriver._report_state' sleeping for 120.00 seconds {{(pid=93228) _run_loop /opt/stack/data/venv/lib/python3.12/site-packages/oslo_service/backend/_threading/loopingcall.py:125}}
Jun 24 14:31:04.498509 np0000003551 nova-scheduler[93228]: DEBUG oslo.service.backend._threading.loopingcall [None req-7686e338-ba60-4eca-9c86-21f8ca3fb859 None None] Dynamic interval looping call 'nova.service.Service.periodic_tasks' sleeping for 60.00 seconds {{(pid=93228) _run_loop /opt/stack/data/venv/lib/python3.12/site-packages/oslo_service/backend/_threading/loopingcall.py:125}}
Jun 24 14:31:09.488098 np0000003551 nova-scheduler[93224]: DEBUG oslo.service.backend._threading.loopingcall [None req-c7c9618f-770d-4e50-a968-1d2ed84e528c None None] Dynamic interval looping call 'nova.service.Service.periodic_tasks' sleeping for 60.00 seconds {{(pid=93224) _run_loop /opt/stack/data/venv/lib/python3.12/site-packages/oslo_service/backend/_threading/loopingcall.py:125}}
Jun 24 14:31:10.490961 np0000003551 nova-scheduler[93224]: DEBUG dbcounter [-] [93224] Writing DB stats nova_cell0:SELECT=1,nova_cell0:UPDATE=1 {{(pid=93224) stat_writer /opt/stack/data/venv/lib/python3.12/site-packages/dbcounter.py:115}}
Jun 24 14:31:10.495957 np0000003551 nova-scheduler[93226]: DEBUG dbcounter [-] [93226] Writing DB stats nova_cell0:SELECT=1,nova_cell0:UPDATE=1 {{(pid=93226) stat_writer /opt/stack/data/venv/lib/python3.12/site-packages/dbcounter.py:115}}
Jun 24 14:31:10.502626 np0000003551 nova-scheduler[93228]: DEBUG dbcounter [-] [93228] Writing DB stats nova_cell0:SELECT=1 {{(pid=93228) stat_writer /opt/stack/data/venv/lib/python3.12/site-packages/dbcounter.py:115}}
Jun 24 14:31:21.422508 np0000003551 nova-scheduler[93224]: DEBUG nova.scheduler.manager [None req-7f6d2790-5676-47fd-85fc-89affcb72a4c tempest-DeleteServersTestJSON-1717309974 tempest-DeleteServersTestJSON-1717309974-project-member] Starting to schedule for instances: ['c9c9d1ff-1c02-4055-bbae-39b4f25855fc'] {{(pid=93224) select_destinations /opt/stack/nova/nova/scheduler/manager.py:210}}
Jun 24 14:31:21.423179 np0000003551 nova-scheduler[93224]: DEBUG nova.scheduler.request_filter [None req-7f6d2790-5676-47fd-85fc-89affcb72a4c tempest-DeleteServersTestJSON-1717309974 tempest-DeleteServersTestJSON-1717309974-project-member] compute_status_filter request filter added forbidden trait COMPUTE_STATUS_DISABLED {{(pid=93224) compute_status_filter /opt/stack/nova/nova/scheduler/request_filter.py:253}}
Jun 24 14:31:21.423179 np0000003551 nova-scheduler[93224]: DEBUG nova.scheduler.request_filter [None req-7f6d2790-5676-47fd-85fc-89affcb72a4c tempest-DeleteServersTestJSON-1717309974 tempest-DeleteServersTestJSON-1717309974-project-member] Request filter 'compute_status_filter' took 0.0 seconds {{(pid=93224) wrapper /opt/stack/nova/nova/scheduler/request_filter.py:46}}
Jun 24 14:31:21.423179 np0000003551 nova-scheduler[93224]: DEBUG nova.scheduler.request_filter [None req-7f6d2790-5676-47fd-85fc-89affcb72a4c tempest-DeleteServersTestJSON-1717309974 tempest-DeleteServersTestJSON-1717309974-project-member] Request filter 'accelerators_filter' took 0.0 seconds {{(pid=93224) wrapper /opt/stack/nova/nova/scheduler/request_filter.py:46}}
Jun 24 14:31:21.423435 np0000003551 nova-scheduler[93224]: DEBUG nova.scheduler.request_filter [None req-7f6d2790-5676-47fd-85fc-89affcb72a4c tempest-DeleteServersTestJSON-1717309974 tempest-DeleteServersTestJSON-1717309974-project-member] Request filter 'packed_virtqueue_filter' took 0.0 seconds {{(pid=93224) wrapper /opt/stack/nova/nova/scheduler/request_filter.py:46}}
Jun 24 14:31:21.424128 np0000003551 nova-scheduler[93224]: DEBUG nova.scheduler.request_filter [None req-7f6d2790-5676-47fd-85fc-89affcb72a4c tempest-DeleteServersTestJSON-1717309974 tempest-DeleteServersTestJSON-1717309974-project-member] Request filter 'remote_managed_ports_filter' took 0.0 seconds {{(pid=93224) wrapper /opt/stack/nova/nova/scheduler/request_filter.py:46}}
Jun 24 14:31:21.424128 np0000003551 nova-scheduler[93224]: DEBUG nova.scheduler.request_filter [None req-7f6d2790-5676-47fd-85fc-89affcb72a4c tempest-DeleteServersTestJSON-1717309974 tempest-DeleteServersTestJSON-1717309974-project-member] ephemeral_encryption_filter skipped {{(pid=93224) ephemeral_encryption_filter /opt/stack/nova/nova/scheduler/request_filter.py:426}}
Jun 24 14:31:21.424128 np0000003551 nova-scheduler[93224]: DEBUG nova.scheduler.request_filter [None req-7f6d2790-5676-47fd-85fc-89affcb72a4c tempest-DeleteServersTestJSON-1717309974 tempest-DeleteServersTestJSON-1717309974-project-member] virtio_sound_filter skipped {{(pid=93224) virtio_sound_filter /opt/stack/nova/nova/scheduler/request_filter.py:460}}
Jun 24 14:31:21.424128 np0000003551 nova-scheduler[93224]: DEBUG nova.scheduler.request_filter [None req-7f6d2790-5676-47fd-85fc-89affcb72a4c tempest-DeleteServersTestJSON-1717309974 tempest-DeleteServersTestJSON-1717309974-project-member] tpm_secret_security_filter skipped {{(pid=93224) tpm_secret_security_filter /opt/stack/nova/nova/scheduler/request_filter.py:477}}
Jun 24 14:31:21.928041 np0000003551 nova-scheduler[93224]: INFO nova.utils [None req-7f6d2790-5676-47fd-85fc-89affcb72a4c tempest-DeleteServersTestJSON-1717309974 tempest-DeleteServersTestJSON-1717309974-project-member] The cell worker thread pool ForkProcess-1.cell_worker is initialized
Jun 24 14:31:21.928041 np0000003551 nova-scheduler[93224]: DEBUG oslo_concurrency.lockutils [None req-7f6d2790-5676-47fd-85fc-89affcb72a4c tempest-DeleteServersTestJSON-1717309974 tempest-DeleteServersTestJSON-1717309974-project-member] Acquiring lock "7b62ee7a-26b5-4127-aeb7-9711dc8c3134" by "nova.context.set_target_cell..get_or_set_cached_cell_and_set_connections" {{(pid=93224) inner /opt/stack/data/venv/lib/python3.12/site-packages/oslo_concurrency/lockutils.py:511}}
Jun 24 14:31:21.928212 np0000003551 nova-scheduler[93224]: DEBUG oslo_concurrency.lockutils [None req-7f6d2790-5676-47fd-85fc-89affcb72a4c tempest-DeleteServersTestJSON-1717309974 tempest-DeleteServersTestJSON-1717309974-project-member] Lock "7b62ee7a-26b5-4127-aeb7-9711dc8c3134" acquired by "nova.context.set_target_cell..get_or_set_cached_cell_and_set_connections" :: waited 0.000s {{(pid=93224) inner /opt/stack/data/venv/lib/python3.12/site-packages/oslo_concurrency/lockutils.py:524}}
Jun 24 14:31:21.929530 np0000003551 nova-scheduler[93224]: DEBUG oslo_concurrency.lockutils [None req-7f6d2790-5676-47fd-85fc-89affcb72a4c tempest-DeleteServersTestJSON-1717309974 tempest-DeleteServersTestJSON-1717309974-project-member] Lock "7b62ee7a-26b5-4127-aeb7-9711dc8c3134" "released" by "nova.context.set_target_cell..get_or_set_cached_cell_and_set_connections" :: held 0.001s {{(pid=93224) inner /opt/stack/data/venv/lib/python3.12/site-packages/oslo_concurrency/lockutils.py:543}}
Jun 24 14:31:21.932650 np0000003551 nova-scheduler[93224]: INFO dbcounter [None req-7f6d2790-5676-47fd-85fc-89affcb72a4c tempest-DeleteServersTestJSON-1717309974 tempest-DeleteServersTestJSON-1717309974-project-member] Registered counter for database nova_cell1
Jun 24 14:31:21.981822 np0000003551 nova-scheduler[93224]: DEBUG oslo_db.sqlalchemy.engines [None req-7f6d2790-5676-47fd-85fc-89affcb72a4c tempest-DeleteServersTestJSON-1717309974 tempest-DeleteServersTestJSON-1717309974-project-member] MySQL server mode set to STRICT_TRANS_TABLES,STRICT_ALL_TABLES,NO_ZERO_IN_DATE,NO_ZERO_DATE,ERROR_FOR_DIVISION_BY_ZERO,TRADITIONAL,NO_ENGINE_SUBSTITUTION {{(pid=93224) _check_effective_sql_mode /opt/stack/data/venv/lib/python3.12/site-packages/oslo_db/sqlalchemy/engines.py:325}}
Jun 24 14:31:21.987454 np0000003551 nova-scheduler[93224]: DEBUG dbcounter [-] [93224] Writer thread running {{(pid=93224) stat_writer /opt/stack/data/venv/lib/python3.12/site-packages/dbcounter.py:102}}
Jun 24 14:31:22.000748 np0000003551 nova-scheduler[93224]: DEBUG oslo_db.sqlalchemy.engines [None req-7f6d2790-5676-47fd-85fc-89affcb72a4c tempest-DeleteServersTestJSON-1717309974 tempest-DeleteServersTestJSON-1717309974-project-member] Parent process 91945 forked (93224) with an open database connection, which is being discarded and recreated. {{(pid=93224) checkout /opt/stack/data/venv/lib/python3.12/site-packages/oslo_db/sqlalchemy/engines.py:402}}
Jun 24 14:31:22.046797 np0000003551 nova-scheduler[93224]: DEBUG dbcounter [-] [93224] Writer thread running {{(pid=93224) stat_writer /opt/stack/data/venv/lib/python3.12/site-packages/dbcounter.py:102}}
Jun 24 14:31:22.049419 np0000003551 nova-scheduler[93224]: DEBUG oslo_concurrency.lockutils [None req-7f6d2790-5676-47fd-85fc-89affcb72a4c tempest-DeleteServersTestJSON-1717309974 tempest-DeleteServersTestJSON-1717309974-project-member] Acquiring lock "7b62ee7a-26b5-4127-aeb7-9711dc8c3134" by "nova.context.set_target_cell..get_or_set_cached_cell_and_set_connections" {{(pid=93224) inner /opt/stack/data/venv/lib/python3.12/site-packages/oslo_concurrency/lockutils.py:511}}
Jun 24 14:31:22.049810 np0000003551 nova-scheduler[93224]: DEBUG oslo_concurrency.lockutils [None req-7f6d2790-5676-47fd-85fc-89affcb72a4c tempest-DeleteServersTestJSON-1717309974 tempest-DeleteServersTestJSON-1717309974-project-member] Lock "7b62ee7a-26b5-4127-aeb7-9711dc8c3134" acquired by "nova.context.set_target_cell..get_or_set_cached_cell_and_set_connections" :: waited 0.000s {{(pid=93224) inner /opt/stack/data/venv/lib/python3.12/site-packages/oslo_concurrency/lockutils.py:524}}
Jun 24 14:31:22.049953 np0000003551 nova-scheduler[93224]: DEBUG oslo_concurrency.lockutils [None req-7f6d2790-5676-47fd-85fc-89affcb72a4c tempest-DeleteServersTestJSON-1717309974 tempest-DeleteServersTestJSON-1717309974-project-member] Lock "7b62ee7a-26b5-4127-aeb7-9711dc8c3134" "released" by "nova.context.set_target_cell..get_or_set_cached_cell_and_set_connections" :: held 0.000s {{(pid=93224) inner /opt/stack/data/venv/lib/python3.12/site-packages/oslo_concurrency/lockutils.py:543}}
Jun 24 14:31:22.053172 np0000003551 nova-scheduler[93224]: DEBUG oslo_concurrency.lockutils [None req-7f6d2790-5676-47fd-85fc-89affcb72a4c tempest-DeleteServersTestJSON-1717309974 tempest-DeleteServersTestJSON-1717309974-project-member] Acquiring lock "('np0000003551', 'np0000003551')" by "nova.scheduler.host_manager.HostState.update.._locked_update" {{(pid=93224) inner /opt/stack/data/venv/lib/python3.12/site-packages/oslo_concurrency/lockutils.py:511}}
Jun 24 14:31:22.053393 np0000003551 nova-scheduler[93224]: DEBUG oslo_concurrency.lockutils [None req-7f6d2790-5676-47fd-85fc-89affcb72a4c tempest-DeleteServersTestJSON-1717309974 tempest-DeleteServersTestJSON-1717309974-project-member] Lock "('np0000003551', 'np0000003551')" acquired by "nova.scheduler.host_manager.HostState.update.._locked_update" :: waited 0.000s {{(pid=93224) inner /opt/stack/data/venv/lib/python3.12/site-packages/oslo_concurrency/lockutils.py:524}}
Jun 24 14:31:22.054911 np0000003551 nova-scheduler[93224]: DEBUG nova.scheduler.host_manager [None req-7f6d2790-5676-47fd-85fc-89affcb72a4c tempest-DeleteServersTestJSON-1717309974 tempest-DeleteServersTestJSON-1717309974-project-member] Update host state from compute node: ComputeNode(cpu_allocation_ratio=4.0,cpu_info='{"arch": "x86_64", "model": "EPYC-Milan", "vendor": "AMD", "topology": {"cells": 1, "sockets": 16, "cores": 1, "threads": 1}, "maxphysaddr": {"mode": "emulate", "bits": 40}, "features": ["rdseed", "aes", "3dnowprefetch", "nrip-save", "wbnoinvd", "cmov", "sse4.2", "mce", "pku", "no-nested-data-bp", "lahf_lm", "rdrand", "clflushopt", "mds-no", "ibrs", "amd-ssbd", "osvw", "cr8legacy", "xsave", "mca", "lbrv", "bmi2", "ssse3", "fma", "sha-ni", "syscall", "pae", "arat", "lm", "pfthreshold", "umip", "smep", "mmxext", "nx", "pni", "tsc", "cx8", "svme-addr-chk", "pschange-mc-no", "topoext", "pause-filter", "misalignsse", "npt", "pclmuldq", "xgetbv1", "sse4.1", "apic", "cmp_legacy", "v-vmsave-vmload", "stibp", "fsrm", "pse", "fsgsbase", "vgif", "clwb", "x2apic", "invpcid", "popcnt", "movbe", "vme", "erms", "hypervisor", "avx", "amd-psfd", "virt-ssbd", "pdpe1gb", "clflush", "xsaveerptr", "amd-stibp", "xsaves", "sse", "pge", "de", "ibpb", "skip-l1dfl-vmentry", "rdtscp", "smap", "msr", "fxsr", "fxsr_opt", "sse4a", "sep", "clzero", "tsc_adjust", "gds-no", "stibp-always-on", "bmi1", "vmcb-clean", "mmx", "ssbd", "arch-capabilities", "tsc-deadline", "f16c", "adx", "lfence-always-serializing", "pcid", "mtrr", "pat", "vaes", "rdctl-no", "xsavec", "sse2", "pse36", "xsaveopt", "flushbyasid", "fpu", "tsc-scale", "spec-ctrl", "vpclmulqdq", "cx16", "perfctr_core", "abm", "null-sel-clr-base", "svm", "avx2", "rdpid"]}',created_at=2026-06-24T14:29:20Z,current_workload=0,deleted=False,deleted_at=None,disk_allocation_ratio=1.0,disk_available_least=73,free_disk_gb=95,free_ram_mb=62765,host='np0000003551',host_ip=10.4.3.251,hypervisor_hostname='np0000003551',hypervisor_type='QEMU',hypervisor_version=8002002,id=1,local_gb=95,local_gb_used=0,mapped=1,memory_mb=63277,memory_mb_used=512,metrics='[]',numa_topology='{"nova_object.name": "NUMATopology", "nova_object.namespace": "nova", "nova_object.version": "1.2", "nova_object.data": {"cells": [{"nova_object.name": "NUMACell", "nova_object.namespace": "nova", "nova_object.version": "1.5", "nova_object.data": {"id": 0, "cpuset": [0, 1, 2, 3, 4, 5, 6, 7, 8, 9, 10, 11, 12, 13, 14, 15], "pcpuset": [0, 1, 2, 3, 4, 5, 6, 7, 8, 9, 10, 11, 12, 13, 14, 15], "memory": 63277, "cpu_usage": 0, "memory_usage": 0, "pinned_cpus": [], "siblings": [[6], [12], [2], [15], [5], [11], [8], [14], [4], [1], [7], [10], [0], [13], [3], [9]], "mempages": [{"nova_object.name": "NUMAPagesTopology", "nova_object.namespace": "nova", "nova_object.version": "1.1", "nova_object.data": {"size_kb": 4, "total": 16177930, "used": 0, "reserved": 0}, "nova_object.changes": ["reserved", "total", "size_kb", "used"]}, {"nova_object.name": "NUMAPagesTopology", "nova_object.namespace": "nova", "nova_object.version": "1.1", "nova_object.data": {"size_kb": 2048, "total": 41, "used": 0, "reserved": 0}, "nova_object.changes": ["reserved", "total", "size_kb", "used"]}, {"nova_object.name": "NUMAPagesTopology", "nova_object.namespace": "nova", "nova_object.version": "1.1", "nova_object.data": {"size_kb": 1048576, "total": 0, "used": 0, "reserved": 0}, "nova_object.changes": ["reserved", "total", "size_kb", "used"]}], "network_metadata": {"nova_object.name": "NetworkMetadata", "nova_object.namespace": "nova", "nova_object.version": "1.0", "nova_object.data": {"physnets": [], "tunneled": false}, "nova_object.changes": ["tunneled", "physnets"]}, "socket": null}, "nova_object.changes": ["memory_usage", "cpu_usage", "pinned_cpus", "mempages", "memory", "cpuset", "network_metadata", "pcpuset", "socket", "id", "siblings"]}]}, "nova_object.changes": ["cells"]}',pci_device_pools=PciDevicePoolList,ram_allocation_ratio=1.0,running_vms=0,service_id=2,stats={failed_builds='0',uptime=' 14:31:05 up 13 min, 2 users, load average: 1.89, 1.64, 0.93
Jun 24 14:31:22.054911 np0000003551 nova-scheduler[93224]: '},supported_hv_specs=[HVSpec,HVSpec,HVSpec,HVSpec,HVSpec,HVSpec,HVSpec,HVSpec,HVSpec,HVSpec,HVSpec,HVSpec,HVSpec,HVSpec,HVSpec,HVSpec,HVSpec,HVSpec,HVSpec,HVSpec,HVSpec,HVSpec,HVSpec,HVSpec,HVSpec],updated_at=2026-06-24T14:31:07Z,uuid=f62e06ed-3300-4e5d-947c-ceb7db5cc598,vcpus=16,vcpus_used=0) {{(pid=93224) _locked_update /opt/stack/nova/nova/scheduler/host_manager.py:168}}
Jun 24 14:31:22.055811 np0000003551 nova-scheduler[93224]: DEBUG nova.scheduler.host_manager [None req-7f6d2790-5676-47fd-85fc-89affcb72a4c tempest-DeleteServersTestJSON-1717309974 tempest-DeleteServersTestJSON-1717309974-project-member] Update host state with aggregates: [] {{(pid=93224) _locked_update /opt/stack/nova/nova/scheduler/host_manager.py:171}}
Jun 24 14:31:22.055938 np0000003551 nova-scheduler[93224]: DEBUG nova.scheduler.host_manager [None req-7f6d2790-5676-47fd-85fc-89affcb72a4c tempest-DeleteServersTestJSON-1717309974 tempest-DeleteServersTestJSON-1717309974-project-member] Update host state with service dict: {'id': 2, 'uuid': 'd6d1c79a-eb2b-48ef-bb4a-52a8e64fca1a', 'host': 'np0000003551', 'binary': 'nova-compute', 'topic': 'compute', 'report_count': 1, 'disabled': False, 'disabled_reason': None, 'last_seen_up': datetime.datetime(2026, 6, 24, 14, 29, 29, tzinfo=datetime.timezone.utc), 'forced_down': False, 'version': 72, 'created_at': datetime.datetime(2026, 6, 24, 14, 29, 19, tzinfo=datetime.timezone.utc), 'updated_at': datetime.datetime(2026, 6, 24, 14, 29, 29, tzinfo=datetime.timezone.utc), 'deleted_at': None, 'deleted': False} {{(pid=93224) _locked_update /opt/stack/nova/nova/scheduler/host_manager.py:174}}
Jun 24 14:31:22.056058 np0000003551 nova-scheduler[93224]: DEBUG nova.scheduler.host_manager [None req-7f6d2790-5676-47fd-85fc-89affcb72a4c tempest-DeleteServersTestJSON-1717309974 tempest-DeleteServersTestJSON-1717309974-project-member] Update host state with instances: [] {{(pid=93224) _locked_update /opt/stack/nova/nova/scheduler/host_manager.py:177}}
Jun 24 14:31:22.056190 np0000003551 nova-scheduler[93224]: DEBUG oslo_concurrency.lockutils [None req-7f6d2790-5676-47fd-85fc-89affcb72a4c tempest-DeleteServersTestJSON-1717309974 tempest-DeleteServersTestJSON-1717309974-project-member] Lock "('np0000003551', 'np0000003551')" "released" by "nova.scheduler.host_manager.HostState.update.._locked_update" :: held 0.003s {{(pid=93224) inner /opt/stack/data/venv/lib/python3.12/site-packages/oslo_concurrency/lockutils.py:543}}
Jun 24 14:31:22.056685 np0000003551 nova-scheduler[93224]: DEBUG nova.filters [None req-7f6d2790-5676-47fd-85fc-89affcb72a4c tempest-DeleteServersTestJSON-1717309974 tempest-DeleteServersTestJSON-1717309974-project-member] Starting with 1 host(s) {{(pid=93224) get_filtered_objects /opt/stack/nova/nova/filters.py:70}}
Jun 24 14:31:22.056895 np0000003551 nova-scheduler[93224]: DEBUG nova.filters [None req-7f6d2790-5676-47fd-85fc-89affcb72a4c tempest-DeleteServersTestJSON-1717309974 tempest-DeleteServersTestJSON-1717309974-project-member] Filter ComputeFilter returned 1 host(s) {{(pid=93224) get_filtered_objects /opt/stack/nova/nova/filters.py:102}}
Jun 24 14:31:22.057035 np0000003551 nova-scheduler[93224]: DEBUG nova.filters [None req-7f6d2790-5676-47fd-85fc-89affcb72a4c tempest-DeleteServersTestJSON-1717309974 tempest-DeleteServersTestJSON-1717309974-project-member] Filter ComputeCapabilitiesFilter returned 1 host(s) {{(pid=93224) get_filtered_objects /opt/stack/nova/nova/filters.py:102}}
Jun 24 14:31:22.057228 np0000003551 nova-scheduler[93224]: DEBUG nova.filters [None req-7f6d2790-5676-47fd-85fc-89affcb72a4c tempest-DeleteServersTestJSON-1717309974 tempest-DeleteServersTestJSON-1717309974-project-member] Filter ImagePropertiesFilter returned 1 host(s) {{(pid=93224) get_filtered_objects /opt/stack/nova/nova/filters.py:102}}
Jun 24 14:31:22.057349 np0000003551 nova-scheduler[93224]: DEBUG nova.filters [None req-7f6d2790-5676-47fd-85fc-89affcb72a4c tempest-DeleteServersTestJSON-1717309974 tempest-DeleteServersTestJSON-1717309974-project-member] Filter ServerGroupAntiAffinityFilter returned 1 host(s) {{(pid=93224) get_filtered_objects /opt/stack/nova/nova/filters.py:102}}
Jun 24 14:31:22.057439 np0000003551 nova-scheduler[93224]: DEBUG nova.filters [None req-7f6d2790-5676-47fd-85fc-89affcb72a4c tempest-DeleteServersTestJSON-1717309974 tempest-DeleteServersTestJSON-1717309974-project-member] Filter ServerGroupAffinityFilter returned 1 host(s) {{(pid=93224) get_filtered_objects /opt/stack/nova/nova/filters.py:102}}
Jun 24 14:31:22.057828 np0000003551 nova-scheduler[93224]: DEBUG nova.filters [None req-7f6d2790-5676-47fd-85fc-89affcb72a4c tempest-DeleteServersTestJSON-1717309974 tempest-DeleteServersTestJSON-1717309974-project-member] Filter SameHostFilter returned 1 host(s) {{(pid=93224) get_filtered_objects /opt/stack/nova/nova/filters.py:102}}
Jun 24 14:31:22.057950 np0000003551 nova-scheduler[93224]: DEBUG nova.filters [None req-7f6d2790-5676-47fd-85fc-89affcb72a4c tempest-DeleteServersTestJSON-1717309974 tempest-DeleteServersTestJSON-1717309974-project-member] Filter DifferentHostFilter returned 1 host(s) {{(pid=93224) get_filtered_objects /opt/stack/nova/nova/filters.py:102}}
Jun 24 14:31:22.058081 np0000003551 nova-scheduler[93224]: DEBUG nova.scheduler.manager [None req-7f6d2790-5676-47fd-85fc-89affcb72a4c tempest-DeleteServersTestJSON-1717309974 tempest-DeleteServersTestJSON-1717309974-project-member] Filtered [(np0000003551, np0000003551) ram: 62765MB disk: 74752MB io_ops: 0 instances: 0, allocation_candidates: 1] {{(pid=93224) _get_sorted_hosts /opt/stack/nova/nova/scheduler/manager.py:743}}
Jun 24 14:31:22.058330 np0000003551 nova-scheduler[93224]: DEBUG nova.scheduler.manager [None req-7f6d2790-5676-47fd-85fc-89affcb72a4c tempest-DeleteServersTestJSON-1717309974 tempest-DeleteServersTestJSON-1717309974-project-member] Weighed [WeighedHost [host: (np0000003551, np0000003551) ram: 62765MB disk: 74752MB io_ops: 0 instances: 0, allocation_candidates: 1, weight: 0.0]] {{(pid=93224) _get_sorted_hosts /opt/stack/nova/nova/scheduler/manager.py:765}}
Jun 24 14:31:22.058521 np0000003551 nova-scheduler[93224]: DEBUG nova.scheduler.utils [None req-7f6d2790-5676-47fd-85fc-89affcb72a4c tempest-DeleteServersTestJSON-1717309974 tempest-DeleteServersTestJSON-1717309974-project-member] Attempting to claim resources in the placement API for instance c9c9d1ff-1c02-4055-bbae-39b4f25855fc {{(pid=93224) claim_resources /opt/stack/nova/nova/scheduler/utils.py:1345}}
Jun 24 14:31:22.220271 np0000003551 nova-scheduler[93224]: DEBUG nova.scheduler.manager [None req-7f6d2790-5676-47fd-85fc-89affcb72a4c tempest-DeleteServersTestJSON-1717309974 tempest-DeleteServersTestJSON-1717309974-project-member] [instance: c9c9d1ff-1c02-4055-bbae-39b4f25855fc] Selected host: (np0000003551, np0000003551) ram: 62765MB disk: 74752MB io_ops: 0 instances: 0, allocation_candidates: 1 {{(pid=93224) _consume_selected_host /opt/stack/nova/nova/scheduler/manager.py:625}}
Jun 24 14:31:22.220520 np0000003551 nova-scheduler[93224]: DEBUG oslo_concurrency.lockutils [None req-7f6d2790-5676-47fd-85fc-89affcb72a4c tempest-DeleteServersTestJSON-1717309974 tempest-DeleteServersTestJSON-1717309974-project-member] Acquiring lock "('np0000003551', 'np0000003551')" by "nova.scheduler.host_manager.HostState.consume_from_request.._locked" {{(pid=93224) inner /opt/stack/data/venv/lib/python3.12/site-packages/oslo_concurrency/lockutils.py:511}}
Jun 24 14:31:22.220664 np0000003551 nova-scheduler[93224]: DEBUG oslo_concurrency.lockutils [None req-7f6d2790-5676-47fd-85fc-89affcb72a4c tempest-DeleteServersTestJSON-1717309974 tempest-DeleteServersTestJSON-1717309974-project-member] Lock "('np0000003551', 'np0000003551')" acquired by "nova.scheduler.host_manager.HostState.consume_from_request.._locked" :: waited 0.000s {{(pid=93224) inner /opt/stack/data/venv/lib/python3.12/site-packages/oslo_concurrency/lockutils.py:524}}
Jun 24 14:31:22.222275 np0000003551 nova-scheduler[93224]: DEBUG oslo_concurrency.lockutils [None req-7f6d2790-5676-47fd-85fc-89affcb72a4c tempest-DeleteServersTestJSON-1717309974 tempest-DeleteServersTestJSON-1717309974-project-member] Lock "('np0000003551', 'np0000003551')" "released" by "nova.scheduler.host_manager.HostState.consume_from_request.._locked" :: held 0.001s {{(pid=93224) inner /opt/stack/data/venv/lib/python3.12/site-packages/oslo_concurrency/lockutils.py:543}}
Jun 24 14:31:30.436554 np0000003551 nova-scheduler[93226]: DEBUG nova.scheduler.manager [None req-9d946e38-259e-4e05-9f71-4fbb6c194dff tempest-ServerActionsTestOtherA-960762669 tempest-ServerActionsTestOtherA-960762669-project-member] Starting to schedule for instances: ['94ab0bc6-c3fc-4929-9a65-e15b55318be4'] {{(pid=93226) select_destinations /opt/stack/nova/nova/scheduler/manager.py:210}}
Jun 24 14:31:30.437172 np0000003551 nova-scheduler[93226]: DEBUG nova.scheduler.request_filter [None req-9d946e38-259e-4e05-9f71-4fbb6c194dff tempest-ServerActionsTestOtherA-960762669 tempest-ServerActionsTestOtherA-960762669-project-member] compute_status_filter request filter added forbidden trait COMPUTE_STATUS_DISABLED {{(pid=93226) compute_status_filter /opt/stack/nova/nova/scheduler/request_filter.py:253}}
Jun 24 14:31:30.437383 np0000003551 nova-scheduler[93226]: DEBUG nova.scheduler.request_filter [None req-9d946e38-259e-4e05-9f71-4fbb6c194dff tempest-ServerActionsTestOtherA-960762669 tempest-ServerActionsTestOtherA-960762669-project-member] Request filter 'compute_status_filter' took 0.0 seconds {{(pid=93226) wrapper /opt/stack/nova/nova/scheduler/request_filter.py:46}}
Jun 24 14:31:30.437656 np0000003551 nova-scheduler[93226]: DEBUG nova.scheduler.request_filter [None req-9d946e38-259e-4e05-9f71-4fbb6c194dff tempest-ServerActionsTestOtherA-960762669 tempest-ServerActionsTestOtherA-960762669-project-member] Request filter 'accelerators_filter' took 0.0 seconds {{(pid=93226) wrapper /opt/stack/nova/nova/scheduler/request_filter.py:46}}
Jun 24 14:31:30.437958 np0000003551 nova-scheduler[93226]: DEBUG nova.scheduler.request_filter [None req-9d946e38-259e-4e05-9f71-4fbb6c194dff tempest-ServerActionsTestOtherA-960762669 tempest-ServerActionsTestOtherA-960762669-project-member] Request filter 'packed_virtqueue_filter' took 0.0 seconds {{(pid=93226) wrapper /opt/stack/nova/nova/scheduler/request_filter.py:46}}
Jun 24 14:31:30.438591 np0000003551 nova-scheduler[93226]: DEBUG nova.scheduler.request_filter [None req-9d946e38-259e-4e05-9f71-4fbb6c194dff tempest-ServerActionsTestOtherA-960762669 tempest-ServerActionsTestOtherA-960762669-project-member] Request filter 'remote_managed_ports_filter' took 0.0 seconds {{(pid=93226) wrapper /opt/stack/nova/nova/scheduler/request_filter.py:46}}
Jun 24 14:31:30.438807 np0000003551 nova-scheduler[93226]: DEBUG nova.scheduler.request_filter [None req-9d946e38-259e-4e05-9f71-4fbb6c194dff tempest-ServerActionsTestOtherA-960762669 tempest-ServerActionsTestOtherA-960762669-project-member] ephemeral_encryption_filter skipped {{(pid=93226) ephemeral_encryption_filter /opt/stack/nova/nova/scheduler/request_filter.py:426}}
Jun 24 14:31:30.439016 np0000003551 nova-scheduler[93226]: DEBUG nova.scheduler.request_filter [None req-9d946e38-259e-4e05-9f71-4fbb6c194dff tempest-ServerActionsTestOtherA-960762669 tempest-ServerActionsTestOtherA-960762669-project-member] virtio_sound_filter skipped {{(pid=93226) virtio_sound_filter /opt/stack/nova/nova/scheduler/request_filter.py:460}}
Jun 24 14:31:30.439203 np0000003551 nova-scheduler[93226]: DEBUG nova.scheduler.request_filter [None req-9d946e38-259e-4e05-9f71-4fbb6c194dff tempest-ServerActionsTestOtherA-960762669 tempest-ServerActionsTestOtherA-960762669-project-member] tpm_secret_security_filter skipped {{(pid=93226) tpm_secret_security_filter /opt/stack/nova/nova/scheduler/request_filter.py:477}}
Jun 24 14:31:30.548303 np0000003551 nova-scheduler[93226]: INFO nova.utils [None req-9d946e38-259e-4e05-9f71-4fbb6c194dff tempest-ServerActionsTestOtherA-960762669 tempest-ServerActionsTestOtherA-960762669-project-member] The cell worker thread pool ForkProcess-2.cell_worker is initialized
Jun 24 14:31:30.548655 np0000003551 nova-scheduler[93226]: DEBUG oslo_concurrency.lockutils [None req-9d946e38-259e-4e05-9f71-4fbb6c194dff tempest-ServerActionsTestOtherA-960762669 tempest-ServerActionsTestOtherA-960762669-project-member] Acquiring lock "7b62ee7a-26b5-4127-aeb7-9711dc8c3134" by "nova.context.set_target_cell..get_or_set_cached_cell_and_set_connections" {{(pid=93226) inner /opt/stack/data/venv/lib/python3.12/site-packages/oslo_concurrency/lockutils.py:511}}
Jun 24 14:31:30.548880 np0000003551 nova-scheduler[93226]: DEBUG oslo_concurrency.lockutils [None req-9d946e38-259e-4e05-9f71-4fbb6c194dff tempest-ServerActionsTestOtherA-960762669 tempest-ServerActionsTestOtherA-960762669-project-member] Lock "7b62ee7a-26b5-4127-aeb7-9711dc8c3134" acquired by "nova.context.set_target_cell..get_or_set_cached_cell_and_set_connections" :: waited 0.000s {{(pid=93226) inner /opt/stack/data/venv/lib/python3.12/site-packages/oslo_concurrency/lockutils.py:524}}
Jun 24 14:31:30.550183 np0000003551 nova-scheduler[93226]: DEBUG oslo_concurrency.lockutils [None req-9d946e38-259e-4e05-9f71-4fbb6c194dff tempest-ServerActionsTestOtherA-960762669 tempest-ServerActionsTestOtherA-960762669-project-member] Lock "7b62ee7a-26b5-4127-aeb7-9711dc8c3134" "released" by "nova.context.set_target_cell..get_or_set_cached_cell_and_set_connections" :: held 0.001s {{(pid=93226) inner /opt/stack/data/venv/lib/python3.12/site-packages/oslo_concurrency/lockutils.py:543}}
Jun 24 14:31:30.552211 np0000003551 nova-scheduler[93226]: INFO dbcounter [None req-9d946e38-259e-4e05-9f71-4fbb6c194dff tempest-ServerActionsTestOtherA-960762669 tempest-ServerActionsTestOtherA-960762669-project-member] Registered counter for database nova_cell1
Jun 24 14:31:30.586979 np0000003551 nova-scheduler[93226]: DEBUG oslo_db.sqlalchemy.engines [None req-9d946e38-259e-4e05-9f71-4fbb6c194dff tempest-ServerActionsTestOtherA-960762669 tempest-ServerActionsTestOtherA-960762669-project-member] MySQL server mode set to STRICT_TRANS_TABLES,STRICT_ALL_TABLES,NO_ZERO_IN_DATE,NO_ZERO_DATE,ERROR_FOR_DIVISION_BY_ZERO,TRADITIONAL,NO_ENGINE_SUBSTITUTION {{(pid=93226) _check_effective_sql_mode /opt/stack/data/venv/lib/python3.12/site-packages/oslo_db/sqlalchemy/engines.py:325}}
Jun 24 14:31:30.595385 np0000003551 nova-scheduler[93226]: DEBUG dbcounter [-] [93226] Writer thread running {{(pid=93226) stat_writer /opt/stack/data/venv/lib/python3.12/site-packages/dbcounter.py:102}}
Jun 24 14:31:30.680154 np0000003551 nova-scheduler[93226]: DEBUG dbcounter [-] [93226] Writer thread running {{(pid=93226) stat_writer /opt/stack/data/venv/lib/python3.12/site-packages/dbcounter.py:102}}
Jun 24 14:31:30.683126 np0000003551 nova-scheduler[93226]: DEBUG oslo_concurrency.lockutils [None req-9d946e38-259e-4e05-9f71-4fbb6c194dff tempest-ServerActionsTestOtherA-960762669 tempest-ServerActionsTestOtherA-960762669-project-member] Acquiring lock "7b62ee7a-26b5-4127-aeb7-9711dc8c3134" by "nova.context.set_target_cell..get_or_set_cached_cell_and_set_connections" {{(pid=93226) inner /opt/stack/data/venv/lib/python3.12/site-packages/oslo_concurrency/lockutils.py:511}}
Jun 24 14:31:30.683394 np0000003551 nova-scheduler[93226]: DEBUG oslo_concurrency.lockutils [None req-9d946e38-259e-4e05-9f71-4fbb6c194dff tempest-ServerActionsTestOtherA-960762669 tempest-ServerActionsTestOtherA-960762669-project-member] Lock "7b62ee7a-26b5-4127-aeb7-9711dc8c3134" acquired by "nova.context.set_target_cell..get_or_set_cached_cell_and_set_connections" :: waited 0.000s {{(pid=93226) inner /opt/stack/data/venv/lib/python3.12/site-packages/oslo_concurrency/lockutils.py:524}}
Jun 24 14:31:30.683597 np0000003551 nova-scheduler[93226]: DEBUG oslo_concurrency.lockutils [None req-9d946e38-259e-4e05-9f71-4fbb6c194dff tempest-ServerActionsTestOtherA-960762669 tempest-ServerActionsTestOtherA-960762669-project-member] Lock "7b62ee7a-26b5-4127-aeb7-9711dc8c3134" "released" by "nova.context.set_target_cell..get_or_set_cached_cell_and_set_connections" :: held 0.000s {{(pid=93226) inner /opt/stack/data/venv/lib/python3.12/site-packages/oslo_concurrency/lockutils.py:543}}
Jun 24 14:31:30.687565 np0000003551 nova-scheduler[93226]: DEBUG oslo_concurrency.lockutils [None req-9d946e38-259e-4e05-9f71-4fbb6c194dff tempest-ServerActionsTestOtherA-960762669 tempest-ServerActionsTestOtherA-960762669-project-member] Acquiring lock "('np0000003551', 'np0000003551')" by "nova.scheduler.host_manager.HostState.update.._locked_update" {{(pid=93226) inner /opt/stack/data/venv/lib/python3.12/site-packages/oslo_concurrency/lockutils.py:511}}
Jun 24 14:31:30.687816 np0000003551 nova-scheduler[93226]: DEBUG oslo_concurrency.lockutils [None req-9d946e38-259e-4e05-9f71-4fbb6c194dff tempest-ServerActionsTestOtherA-960762669 tempest-ServerActionsTestOtherA-960762669-project-member] Lock "('np0000003551', 'np0000003551')" acquired by "nova.scheduler.host_manager.HostState.update.._locked_update" :: waited 0.000s {{(pid=93226) inner /opt/stack/data/venv/lib/python3.12/site-packages/oslo_concurrency/lockutils.py:524}}
