Jul 22 09:52:17.388173 np0000005636 devstack@c-api.service[100150]: INFO cinder.api.openstack.wsgi [None req-83aa9eb5-9a0b-4a73-81f9-03a1d0b43ae6 tempest-VolumesActionsTest-1864003638 tempest-VolumesActionsTest-1864003638-project-admin] https://10.4.3.206/volume/v3/volumes/f3d6a5ff-797f-4317-8907-8974eef07d6f/action returned with HTTP 202
Jul 22 09:52:17.389626 np0000005636 devstack@c-api.service[100150]: [pid: 100150|app: 0|req: 68/284] 10.4.3.206 () {68 vars in 1390 bytes} [Wed Jul 22 09:52:17 2026] POST /volume/v3/volumes/f3d6a5ff-797f-4317-8907-8974eef07d6f/action => generated 0 bytes in 157 msecs (HTTP/1.1 202) 7 headers in 289 bytes (1 switches on core 0)
Jul 22 09:52:17.399783 np0000005636 devstack@c-api.service[100149]: DEBUG cinder.api.middleware.request_id [None req-77747dfb-969c-478d-8c12-c14634158757 None None] RequestId filter calling following filter/app {{(pid=100149) _context_setter /opt/stack/cinder/cinder/api/middleware/request_id.py:62}}
Jul 22 09:52:17.404001 np0000005636 devstack@c-api.service[100149]: INFO cinder.api.openstack.wsgi [None req-77747dfb-969c-478d-8c12-c14634158757 tempest-VolumesActionsTest-755302539 tempest-VolumesActionsTest-755302539-project-member] GET https://10.4.3.206/volume/v3/volumes/f3d6a5ff-797f-4317-8907-8974eef07d6f
Jul 22 09:52:17.404320 np0000005636 devstack@c-api.service[100149]: DEBUG cinder.api.openstack.wsgi [None req-77747dfb-969c-478d-8c12-c14634158757 tempest-VolumesActionsTest-755302539 tempest-VolumesActionsTest-755302539-project-member] Empty body provided in request {{(pid=100149) get_body /opt/stack/cinder/cinder/api/openstack/wsgi.py:725}}
Jul 22 09:52:17.404589 np0000005636 devstack@c-api.service[100149]: DEBUG cinder.api.openstack.wsgi [None req-77747dfb-969c-478d-8c12-c14634158757 tempest-VolumesActionsTest-755302539 tempest-VolumesActionsTest-755302539-project-member] Calling method 'show' {{(pid=100149) _process_stack /opt/stack/cinder/cinder/api/openstack/wsgi.py:878}}
Jul 22 09:52:17.420650 np0000005636 devstack@c-api.service[100149]: /opt/stack/data/venv/lib/python3.12/site-packages/oslo_context/context.py:102: DeprecationWarning: Policy enforcement is depending on the value of is_admin. This key is deprecated. Please update your policy file to use the standard policy values.
Jul 22 09:52:17.420650 np0000005636 devstack@c-api.service[100149]: warnings.warn(
Jul 22 09:52:17.426901 np0000005636 devstack@c-api.service[100149]: INFO cinder.volume.api [None req-77747dfb-969c-478d-8c12-c14634158757 tempest-VolumesActionsTest-755302539 tempest-VolumesActionsTest-755302539-project-member] Volume info retrieved successfully.
Jul 22 09:52:17.435230 np0000005636 devstack@c-api.service[100149]: INFO cinder.api.openstack.wsgi [None req-77747dfb-969c-478d-8c12-c14634158757 tempest-VolumesActionsTest-755302539 tempest-VolumesActionsTest-755302539-project-member] https://10.4.3.206/volume/v3/volumes/f3d6a5ff-797f-4317-8907-8974eef07d6f returned with HTTP 200
Jul 22 09:52:17.435733 np0000005636 devstack@c-api.service[100149]: [pid: 100149|app: 0|req: 71/285] 10.4.3.206 () {66 vars in 1348 bytes} [Wed Jul 22 09:52:17 2026] GET /volume/v3/volumes/f3d6a5ff-797f-4317-8907-8974eef07d6f => generated 861 bytes in 37 msecs (HTTP/1.1 200) 7 headers in 285 bytes (1 switches on core 0)
Jul 22 09:52:17.461176 np0000005636 devstack@c-api.service[100152]: DEBUG cinder.api.middleware.request_id [None req-64c5b2d5-bc12-45b9-9f2d-21dd6a005095 None None] RequestId filter calling following filter/app {{(pid=100152) _context_setter /opt/stack/cinder/cinder/api/middleware/request_id.py:62}}
Jul 22 09:52:17.465109 np0000005636 devstack@c-api.service[100152]: INFO cinder.api.openstack.wsgi [None req-64c5b2d5-bc12-45b9-9f2d-21dd6a005095 tempest-VolumesActionsTest-755302539 tempest-VolumesActionsTest-755302539-project-member] GET https://10.4.3.206/volume/v3/volumes/f3d6a5ff-797f-4317-8907-8974eef07d6f
Jul 22 09:52:17.465109 np0000005636 devstack@c-api.service[100152]: DEBUG cinder.api.openstack.wsgi [None req-64c5b2d5-bc12-45b9-9f2d-21dd6a005095 tempest-VolumesActionsTest-755302539 tempest-VolumesActionsTest-755302539-project-member] Empty body provided in request {{(pid=100152) get_body /opt/stack/cinder/cinder/api/openstack/wsgi.py:725}}
Jul 22 09:52:17.465109 np0000005636 devstack@c-api.service[100152]: DEBUG cinder.api.openstack.wsgi [None req-64c5b2d5-bc12-45b9-9f2d-21dd6a005095 tempest-VolumesActionsTest-755302539 tempest-VolumesActionsTest-755302539-project-member] Calling method 'show' {{(pid=100152) _process_stack /opt/stack/cinder/cinder/api/openstack/wsgi.py:878}}
Jul 22 09:52:17.480312 np0000005636 devstack@c-api.service[100152]: /opt/stack/data/venv/lib/python3.12/site-packages/oslo_context/context.py:102: DeprecationWarning: Policy enforcement is depending on the value of is_admin. This key is deprecated. Please update your policy file to use the standard policy values.
Jul 22 09:52:17.480312 np0000005636 devstack@c-api.service[100152]: warnings.warn(
Jul 22 09:52:17.488406 np0000005636 devstack@c-api.service[100152]: INFO cinder.volume.api [None req-64c5b2d5-bc12-45b9-9f2d-21dd6a005095 tempest-VolumesActionsTest-755302539 tempest-VolumesActionsTest-755302539-project-member] Volume info retrieved successfully.
Jul 22 09:52:17.497416 np0000005636 devstack@c-api.service[100152]: INFO cinder.api.openstack.wsgi [None req-64c5b2d5-bc12-45b9-9f2d-21dd6a005095 tempest-VolumesActionsTest-755302539 tempest-VolumesActionsTest-755302539-project-member] https://10.4.3.206/volume/v3/volumes/f3d6a5ff-797f-4317-8907-8974eef07d6f returned with HTTP 200
Jul 22 09:52:17.498430 np0000005636 devstack@c-api.service[100152]: [pid: 100152|app: 0|req: 71/286] 10.4.3.206 () {66 vars in 1348 bytes} [Wed Jul 22 09:52:17 2026] GET /volume/v3/volumes/f3d6a5ff-797f-4317-8907-8974eef07d6f => generated 861 bytes in 38 msecs (HTTP/1.1 200) 7 headers in 285 bytes (1 switches on core 0)
Jul 22 09:52:17.516282 np0000005636 devstack@c-api.service[100151]: DEBUG cinder.api.middleware.request_id [None req-92ffd310-970b-4b5b-afb5-fcc989749327 None None] RequestId filter calling following filter/app {{(pid=100151) _context_setter /opt/stack/cinder/cinder/api/middleware/request_id.py:62}}
Jul 22 09:52:17.518865 np0000005636 devstack@c-api.service[100151]: INFO cinder.api.openstack.wsgi [None req-92ffd310-970b-4b5b-afb5-fcc989749327 tempest-VolumesCloneTest-1698332524 tempest-VolumesCloneTest-1698332524-project-member] GET https://10.4.3.206/volume/v3/volumes/cdce1333-b3ec-4f59-83c6-32fa8686e14e
Jul 22 09:52:17.519168 np0000005636 devstack@c-api.service[100151]: DEBUG cinder.api.openstack.wsgi [None req-92ffd310-970b-4b5b-afb5-fcc989749327 tempest-VolumesCloneTest-1698332524 tempest-VolumesCloneTest-1698332524-project-member] Empty body provided in request {{(pid=100151) get_body /opt/stack/cinder/cinder/api/openstack/wsgi.py:725}}
Jul 22 09:52:17.519457 np0000005636 devstack@c-api.service[100151]: DEBUG cinder.api.openstack.wsgi [None req-92ffd310-970b-4b5b-afb5-fcc989749327 tempest-VolumesCloneTest-1698332524 tempest-VolumesCloneTest-1698332524-project-member] Calling method 'show' {{(pid=100151) _process_stack /opt/stack/cinder/cinder/api/openstack/wsgi.py:878}}
Jul 22 09:52:17.521918 np0000005636 devstack@c-api.service[100150]: DEBUG cinder.api.middleware.request_id [None req-b802242b-2e28-4321-9389-40f0d73610c5 None None] RequestId filter calling following filter/app {{(pid=100150) _context_setter /opt/stack/cinder/cinder/api/middleware/request_id.py:62}}
Jul 22 09:52:17.527129 np0000005636 devstack@c-api.service[100150]: INFO cinder.api.openstack.wsgi [None req-b802242b-2e28-4321-9389-40f0d73610c5 tempest-VolumesActionsTest-755302539 tempest-VolumesActionsTest-755302539-project-member] POST https://10.4.3.206/volume/v3/volumes/f3d6a5ff-797f-4317-8907-8974eef07d6f/action
Jul 22 09:52:17.528058 np0000005636 devstack@c-api.service[100150]: DEBUG cinder.api.openstack.wsgi [None req-b802242b-2e28-4321-9389-40f0d73610c5 tempest-VolumesActionsTest-755302539 tempest-VolumesActionsTest-755302539-project-member] Action body: b'{"os-detach": {}}' {{(pid=100150) get_method /opt/stack/cinder/cinder/api/openstack/wsgi.py:993}}
Jul 22 09:52:17.528058 np0000005636 devstack@c-api.service[100150]: DEBUG cinder.api.openstack.wsgi [None req-b802242b-2e28-4321-9389-40f0d73610c5 tempest-VolumesActionsTest-755302539 tempest-VolumesActionsTest-755302539-project-member] Action: 'action', calling method: _detach, body: {"os-detach": {}} {{(pid=100150) _process_stack /opt/stack/cinder/cinder/api/openstack/wsgi.py:876}}
Jul 22 09:52:17.533180 np0000005636 devstack@c-api.service[100151]: /opt/stack/data/venv/lib/python3.12/site-packages/oslo_context/context.py:102: DeprecationWarning: Policy enforcement is depending on the value of is_admin. This key is deprecated. Please update your policy file to use the standard policy values.
Jul 22 09:52:17.533180 np0000005636 devstack@c-api.service[100151]: warnings.warn(
Jul 22 09:52:17.541678 np0000005636 devstack@c-api.service[100151]: INFO cinder.volume.api [None req-92ffd310-970b-4b5b-afb5-fcc989749327 tempest-VolumesCloneTest-1698332524 tempest-VolumesCloneTest-1698332524-project-member] Volume info retrieved successfully.
Jul 22 09:52:17.544591 np0000005636 devstack@c-api.service[100150]: /opt/stack/data/venv/lib/python3.12/site-packages/oslo_context/context.py:102: DeprecationWarning: Policy enforcement is depending on the value of is_admin. This key is deprecated. Please update your policy file to use the standard policy values.
Jul 22 09:52:17.544591 np0000005636 devstack@c-api.service[100150]: warnings.warn(
Jul 22 09:52:17.544591 np0000005636 devstack@c-api.service[100150]: INFO cinder.volume.api [None req-b802242b-2e28-4321-9389-40f0d73610c5 tempest-VolumesActionsTest-755302539 tempest-VolumesActionsTest-755302539-project-member] Volume info retrieved successfully.
Jul 22 09:52:17.550397 np0000005636 devstack@c-api.service[100151]: INFO cinder.api.openstack.wsgi [None req-92ffd310-970b-4b5b-afb5-fcc989749327 tempest-VolumesCloneTest-1698332524 tempest-VolumesCloneTest-1698332524-project-member] https://10.4.3.206/volume/v3/volumes/cdce1333-b3ec-4f59-83c6-32fa8686e14e returned with HTTP 200
Jul 22 09:52:17.551086 np0000005636 devstack@c-api.service[100151]: [pid: 100151|app: 0|req: 77/287] 10.4.3.206 () {66 vars in 1348 bytes} [Wed Jul 22 09:52:17 2026] GET /volume/v3/volumes/cdce1333-b3ec-4f59-83c6-32fa8686e14e => generated 839 bytes in 35 msecs (HTTP/1.1 200) 7 headers in 285 bytes (1 switches on core 0)
Jul 22 09:52:17.588549 np0000005636 devstack@c-api.service[100150]: INFO cinder.volume.api [None req-b802242b-2e28-4321-9389-40f0d73610c5 tempest-VolumesActionsTest-755302539 tempest-VolumesActionsTest-755302539-project-member] Detach volume completed successfully.
Jul 22 09:52:17.589577 np0000005636 devstack@c-api.service[100150]: INFO cinder.api.openstack.wsgi [None req-b802242b-2e28-4321-9389-40f0d73610c5 tempest-VolumesActionsTest-755302539 tempest-VolumesActionsTest-755302539-project-member] https://10.4.3.206/volume/v3/volumes/f3d6a5ff-797f-4317-8907-8974eef07d6f/action returned with HTTP 202
Jul 22 09:52:17.590999 np0000005636 devstack@c-api.service[100150]: [pid: 100150|app: 0|req: 69/288] 10.4.3.206 () {68 vars in 1390 bytes} [Wed Jul 22 09:52:17 2026] POST /volume/v3/volumes/f3d6a5ff-797f-4317-8907-8974eef07d6f/action => generated 0 bytes in 71 msecs (HTTP/1.1 202) 7 headers in 289 bytes (1 switches on core 0)
Jul 22 09:52:17.604266 np0000005636 devstack@c-api.service[100149]: DEBUG cinder.api.middleware.request_id [None req-061838e6-13c5-4ff1-826b-195b623ed977 None None] RequestId filter calling following filter/app {{(pid=100149) _context_setter /opt/stack/cinder/cinder/api/middleware/request_id.py:62}}
Jul 22 09:52:17.608113 np0000005636 devstack@c-api.service[100149]: INFO cinder.api.openstack.wsgi [None req-061838e6-13c5-4ff1-826b-195b623ed977 tempest-VolumesActionsTest-755302539 tempest-VolumesActionsTest-755302539-project-member] GET https://10.4.3.206/volume/v3/volumes/f3d6a5ff-797f-4317-8907-8974eef07d6f
Jul 22 09:52:17.608387 np0000005636 devstack@c-api.service[100149]: DEBUG cinder.api.openstack.wsgi [None req-061838e6-13c5-4ff1-826b-195b623ed977 tempest-VolumesActionsTest-755302539 tempest-VolumesActionsTest-755302539-project-member] Empty body provided in request {{(pid=100149) get_body /opt/stack/cinder/cinder/api/openstack/wsgi.py:725}}
Jul 22 09:52:17.608585 np0000005636 devstack@c-api.service[100149]: DEBUG cinder.api.openstack.wsgi [None req-061838e6-13c5-4ff1-826b-195b623ed977 tempest-VolumesActionsTest-755302539 tempest-VolumesActionsTest-755302539-project-member] Calling method 'show' {{(pid=100149) _process_stack /opt/stack/cinder/cinder/api/openstack/wsgi.py:878}}
Jul 22 09:52:17.619197 np0000005636 devstack@c-api.service[100149]: /opt/stack/data/venv/lib/python3.12/site-packages/oslo_context/context.py:102: DeprecationWarning: Policy enforcement is depending on the value of is_admin. This key is deprecated. Please update your policy file to use the standard policy values.
Jul 22 09:52:17.619197 np0000005636 devstack@c-api.service[100149]: warnings.warn(
Jul 22 09:52:17.624484 np0000005636 devstack@c-api.service[100149]: INFO cinder.volume.api [None req-061838e6-13c5-4ff1-826b-195b623ed977 tempest-VolumesActionsTest-755302539 tempest-VolumesActionsTest-755302539-project-member] Volume info retrieved successfully.
Jul 22 09:52:17.632045 np0000005636 devstack@c-api.service[100149]: INFO cinder.api.openstack.wsgi [None req-061838e6-13c5-4ff1-826b-195b623ed977 tempest-VolumesActionsTest-755302539 tempest-VolumesActionsTest-755302539-project-member] https://10.4.3.206/volume/v3/volumes/f3d6a5ff-797f-4317-8907-8974eef07d6f returned with HTTP 200
Jul 22 09:52:17.632045 np0000005636 devstack@c-api.service[100149]: [pid: 100149|app: 0|req: 72/289] 10.4.3.206 () {66 vars in 1348 bytes} [Wed Jul 22 09:52:17 2026] GET /volume/v3/volumes/f3d6a5ff-797f-4317-8907-8974eef07d6f => generated 861 bytes in 29 msecs (HTTP/1.1 200) 7 headers in 285 bytes (2 switches on core 0)
Jul 22 09:52:17.652280 np0000005636 devstack@c-api.service[100152]: DEBUG cinder.api.middleware.request_id [None req-9323f277-b410-4a3b-b4a0-5983d4914fb3 None None] RequestId filter calling following filter/app {{(pid=100152) _context_setter /opt/stack/cinder/cinder/api/middleware/request_id.py:62}}
Jul 22 09:52:17.654410 np0000005636 devstack@c-api.service[100152]: INFO cinder.api.openstack.wsgi [None req-9323f277-b410-4a3b-b4a0-5983d4914fb3 tempest-VolumesActionsTest-755302539 tempest-VolumesActionsTest-755302539-project-member] GET https://10.4.3.206/volume/v3/volumes/f3d6a5ff-797f-4317-8907-8974eef07d6f
Jul 22 09:52:17.654711 np0000005636 devstack@c-api.service[100152]: DEBUG cinder.api.openstack.wsgi [None req-9323f277-b410-4a3b-b4a0-5983d4914fb3 tempest-VolumesActionsTest-755302539 tempest-VolumesActionsTest-755302539-project-member] Empty body provided in request {{(pid=100152) get_body /opt/stack/cinder/cinder/api/openstack/wsgi.py:725}}
Jul 22 09:52:17.655138 np0000005636 devstack@c-api.service[100152]: DEBUG cinder.api.openstack.wsgi [None req-9323f277-b410-4a3b-b4a0-5983d4914fb3 tempest-VolumesActionsTest-755302539 tempest-VolumesActionsTest-755302539-project-member] Calling method 'show' {{(pid=100152) _process_stack /opt/stack/cinder/cinder/api/openstack/wsgi.py:878}}
Jul 22 09:52:17.665902 np0000005636 devstack@c-api.service[100152]: /opt/stack/data/venv/lib/python3.12/site-packages/oslo_context/context.py:102: DeprecationWarning: Policy enforcement is depending on the value of is_admin. This key is deprecated. Please update your policy file to use the standard policy values.
Jul 22 09:52:17.665902 np0000005636 devstack@c-api.service[100152]: warnings.warn(
Jul 22 09:52:17.673386 np0000005636 devstack@c-api.service[100152]: INFO cinder.volume.api [None req-9323f277-b410-4a3b-b4a0-5983d4914fb3 tempest-VolumesActionsTest-755302539 tempest-VolumesActionsTest-755302539-project-member] Volume info retrieved successfully.
Jul 22 09:52:17.681252 np0000005636 devstack@c-api.service[100152]: INFO cinder.api.openstack.wsgi [None req-9323f277-b410-4a3b-b4a0-5983d4914fb3 tempest-VolumesActionsTest-755302539 tempest-VolumesActionsTest-755302539-project-member] https://10.4.3.206/volume/v3/volumes/f3d6a5ff-797f-4317-8907-8974eef07d6f returned with HTTP 200
Jul 22 09:52:17.681857 np0000005636 devstack@c-api.service[100152]: [pid: 100152|app: 0|req: 72/290] 10.4.3.206 () {66 vars in 1348 bytes} [Wed Jul 22 09:52:17 2026] GET /volume/v3/volumes/f3d6a5ff-797f-4317-8907-8974eef07d6f => generated 861 bytes in 30 msecs (HTTP/1.1 200) 7 headers in 285 bytes (1 switches on core 0)
Jul 22 09:52:17.700575 np0000005636 devstack@c-api.service[100151]: DEBUG cinder.api.middleware.request_id [None req-b7e2da39-c355-4090-88c8-dc5791064e36 None None] RequestId filter calling following filter/app {{(pid=100151) _context_setter /opt/stack/cinder/cinder/api/middleware/request_id.py:62}}
Jul 22 09:52:17.702774 np0000005636 devstack@c-api.service[100151]: INFO cinder.api.openstack.wsgi [None req-b7e2da39-c355-4090-88c8-dc5791064e36 tempest-VolumesActionsTest-755302539 tempest-VolumesActionsTest-755302539-project-member] DELETE https://10.4.3.206/volume/v3/volumes/f3d6a5ff-797f-4317-8907-8974eef07d6f
Jul 22 09:52:17.703699 np0000005636 devstack@c-api.service[100151]: DEBUG cinder.api.openstack.wsgi [None req-b7e2da39-c355-4090-88c8-dc5791064e36 tempest-VolumesActionsTest-755302539 tempest-VolumesActionsTest-755302539-project-member] Empty body provided in request {{(pid=100151) get_body /opt/stack/cinder/cinder/api/openstack/wsgi.py:725}}
Jul 22 09:52:17.703699 np0000005636 devstack@c-api.service[100151]: DEBUG cinder.api.openstack.wsgi [None req-b7e2da39-c355-4090-88c8-dc5791064e36 tempest-VolumesActionsTest-755302539 tempest-VolumesActionsTest-755302539-project-member] Calling method 'delete' {{(pid=100151) _process_stack /opt/stack/cinder/cinder/api/openstack/wsgi.py:878}}
Jul 22 09:52:17.703699 np0000005636 devstack@c-api.service[100151]: INFO cinder.api.v3.volumes [None req-b7e2da39-c355-4090-88c8-dc5791064e36 tempest-VolumesActionsTest-755302539 tempest-VolumesActionsTest-755302539-project-member] Delete volume with id: f3d6a5ff-797f-4317-8907-8974eef07d6f
Jul 22 09:52:17.720443 np0000005636 devstack@c-api.service[100151]: /opt/stack/data/venv/lib/python3.12/site-packages/oslo_context/context.py:102: DeprecationWarning: Policy enforcement is depending on the value of is_admin. This key is deprecated. Please update your policy file to use the standard policy values.
Jul 22 09:52:17.720443 np0000005636 devstack@c-api.service[100151]: warnings.warn(
Jul 22 09:52:17.722040 np0000005636 devstack@c-api.service[100151]: INFO cinder.volume.api [None req-b7e2da39-c355-4090-88c8-dc5791064e36 tempest-VolumesActionsTest-755302539 tempest-VolumesActionsTest-755302539-project-member] Volume info retrieved successfully.
Jul 22 09:52:17.756474 np0000005636 devstack@c-api.service[100151]: INFO cinder.volume.api [None req-b7e2da39-c355-4090-88c8-dc5791064e36 tempest-VolumesActionsTest-755302539 tempest-VolumesActionsTest-755302539-project-member] Delete volume request issued successfully.
Jul 22 09:52:17.756834 np0000005636 devstack@c-api.service[100151]: INFO cinder.api.openstack.wsgi [None req-b7e2da39-c355-4090-88c8-dc5791064e36 tempest-VolumesActionsTest-755302539 tempest-VolumesActionsTest-755302539-project-member] https://10.4.3.206/volume/v3/volumes/f3d6a5ff-797f-4317-8907-8974eef07d6f returned with HTTP 202
Jul 22 09:52:17.757914 np0000005636 devstack@c-api.service[100151]: [pid: 100151|app: 0|req: 78/291] 10.4.3.206 () {66 vars in 1351 bytes} [Wed Jul 22 09:52:17 2026] DELETE /volume/v3/volumes/f3d6a5ff-797f-4317-8907-8974eef07d6f => generated 0 bytes in 58 msecs (HTTP/1.1 202) 6 headers in 233 bytes (1 switches on core 0)
Jul 22 09:52:17.767953 np0000005636 devstack@c-api.service[100150]: DEBUG cinder.api.middleware.request_id [None req-ebfa1ca1-bf24-4d1e-ae16-8ce65efd9eae None None] RequestId filter calling following filter/app {{(pid=100150) _context_setter /opt/stack/cinder/cinder/api/middleware/request_id.py:62}}
Jul 22 09:52:17.769426 np0000005636 devstack@c-api.service[100149]: DEBUG cinder.api.middleware.request_id [None req-c637ac30-197f-422e-bf13-2ab032f0476a None None] RequestId filter calling following filter/app {{(pid=100149) _context_setter /opt/stack/cinder/cinder/api/middleware/request_id.py:62}}
Jul 22 09:52:17.772694 np0000005636 devstack@c-api.service[100150]: INFO cinder.api.openstack.wsgi [None req-ebfa1ca1-bf24-4d1e-ae16-8ce65efd9eae tempest-ServerRescueNegativeTestJSON-1376476712 tempest-ServerRescueNegativeTestJSON-1376476712-project-member] POST https://10.4.3.206/volume/v3/volumes
Jul 22 09:52:17.774046 np0000005636 devstack@c-api.service[100149]: INFO cinder.api.openstack.wsgi [None req-c637ac30-197f-422e-bf13-2ab032f0476a tempest-VolumesActionsTest-755302539 tempest-VolumesActionsTest-755302539-project-member] GET https://10.4.3.206/volume/v3/volumes/f3d6a5ff-797f-4317-8907-8974eef07d6f
Jul 22 09:52:17.774404 np0000005636 devstack@c-api.service[100149]: DEBUG cinder.api.openstack.wsgi [None req-c637ac30-197f-422e-bf13-2ab032f0476a tempest-VolumesActionsTest-755302539 tempest-VolumesActionsTest-755302539-project-member] Empty body provided in request {{(pid=100149) get_body /opt/stack/cinder/cinder/api/openstack/wsgi.py:725}}
Jul 22 09:52:17.774772 np0000005636 devstack@c-api.service[100149]: DEBUG cinder.api.openstack.wsgi [None req-c637ac30-197f-422e-bf13-2ab032f0476a tempest-VolumesActionsTest-755302539 tempest-VolumesActionsTest-755302539-project-member] Calling method 'show' {{(pid=100149) _process_stack /opt/stack/cinder/cinder/api/openstack/wsgi.py:878}}
Jul 22 09:52:17.774844 np0000005636 devstack@c-api.service[100150]: DEBUG cinder.api.openstack.wsgi [None req-ebfa1ca1-bf24-4d1e-ae16-8ce65efd9eae tempest-ServerRescueNegativeTestJSON-1376476712 tempest-ServerRescueNegativeTestJSON-1376476712-project-member] Action: 'create', calling method: create, body: {"volume": {"size": 1, "display_name": "tempest-ServerRescueNegativeTestJSON-volume-224610193"}} {{(pid=100150) _process_stack /opt/stack/cinder/cinder/api/openstack/wsgi.py:876}}
Jul 22 09:52:17.778446 np0000005636 devstack@c-api.service[100150]: DEBUG cinder.api.v3.volumes [None req-ebfa1ca1-bf24-4d1e-ae16-8ce65efd9eae tempest-ServerRescueNegativeTestJSON-1376476712 tempest-ServerRescueNegativeTestJSON-1376476712-project-member] Create volume request body: {'volume': {'size': 1, 'display_name': 'tempest-ServerRescueNegativeTestJSON-volume-224610193'}} {{(pid=100150) create /opt/stack/cinder/cinder/api/v3/volumes.py:368}}
Jul 22 09:52:17.778737 np0000005636 devstack@c-api.service[100150]: INFO cinder.api.v3.volumes [None req-ebfa1ca1-bf24-4d1e-ae16-8ce65efd9eae tempest-ServerRescueNegativeTestJSON-1376476712 tempest-ServerRescueNegativeTestJSON-1376476712-project-member] Create volume of 1 GB
Jul 22 09:52:17.787717 np0000005636 devstack@c-api.service[100150]: INFO cinder.volume.api [None req-ebfa1ca1-bf24-4d1e-ae16-8ce65efd9eae tempest-ServerRescueNegativeTestJSON-1376476712 tempest-ServerRescueNegativeTestJSON-1376476712-project-member] Availability Zones retrieved successfully.
Jul 22 09:52:17.795037 np0000005636 devstack@c-api.service[100149]: /opt/stack/data/venv/lib/python3.12/site-packages/oslo_context/context.py:102: DeprecationWarning: Policy enforcement is depending on the value of is_admin. This key is deprecated. Please update your policy file to use the standard policy values.
Jul 22 09:52:17.795037 np0000005636 devstack@c-api.service[100149]: warnings.warn(
Jul 22 09:52:17.797506 np0000005636 devstack@c-api.service[100150]: DEBUG cinder.volume.api [None req-ebfa1ca1-bf24-4d1e-ae16-8ce65efd9eae tempest-ServerRescueNegativeTestJSON-1376476712 tempest-ServerRescueNegativeTestJSON-1376476712-project-member] Flow 'volume_create_api' (44b24d74-5795-4ebc-a842-2711772644e1) transitioned into state 'RUNNING' from state 'PENDING' {{(pid=100150) _flow_receiver /opt/stack/data/venv/lib/python3.12/site-packages/taskflow/listeners/logging.py:160}}
Jul 22 09:52:17.800449 np0000005636 devstack@c-api.service[100150]: DEBUG cinder.volume.api [None req-ebfa1ca1-bf24-4d1e-ae16-8ce65efd9eae tempest-ServerRescueNegativeTestJSON-1376476712 tempest-ServerRescueNegativeTestJSON-1376476712-project-member] Task 'cinder.volume.flows.api.create_volume.ExtractVolumeRequestTask;volume:create' (7c87d9ff-d74e-43a1-a9eb-e36fbbf66043) transitioned into state 'RUNNING' from state 'PENDING' {{(pid=100150) _task_receiver /opt/stack/data/venv/lib/python3.12/site-packages/taskflow/listeners/logging.py:242}}
Jul 22 09:52:17.800662 np0000005636 devstack@c-api.service[100149]: INFO cinder.volume.api [None req-c637ac30-197f-422e-bf13-2ab032f0476a tempest-VolumesActionsTest-755302539 tempest-VolumesActionsTest-755302539-project-member] Volume info retrieved successfully.
Jul 22 09:52:17.802906 np0000005636 devstack@c-api.service[100150]: DEBUG cinder.volume.flows.api.create_volume [None req-ebfa1ca1-bf24-4d1e-ae16-8ce65efd9eae tempest-ServerRescueNegativeTestJSON-1376476712 tempest-ServerRescueNegativeTestJSON-1376476712-project-member] Validating volume size '1' using validate_int {{(pid=100150) _extract_size /opt/stack/cinder/cinder/volume/flows/api/create_volume.py:226}}
Jul 22 09:52:17.810013 np0000005636 devstack@c-api.service[100149]: INFO cinder.api.openstack.wsgi [None req-c637ac30-197f-422e-bf13-2ab032f0476a tempest-VolumesActionsTest-755302539 tempest-VolumesActionsTest-755302539-project-member] https://10.4.3.206/volume/v3/volumes/f3d6a5ff-797f-4317-8907-8974eef07d6f returned with HTTP 200
Jul 22 09:52:17.810013 np0000005636 devstack@c-api.service[100149]: [pid: 100149|app: 0|req: 73/292] 10.4.3.206 () {66 vars in 1348 bytes} [Wed Jul 22 09:52:17 2026] GET /volume/v3/volumes/f3d6a5ff-797f-4317-8907-8974eef07d6f => generated 860 bytes in 41 msecs (HTTP/1.1 200) 7 headers in 285 bytes (1 switches on core 0)
Jul 22 09:52:17.845952 np0000005636 devstack@c-api.service[100150]: DEBUG cinder.volume.api [None req-ebfa1ca1-bf24-4d1e-ae16-8ce65efd9eae tempest-ServerRescueNegativeTestJSON-1376476712 tempest-ServerRescueNegativeTestJSON-1376476712-project-member] Task 'cinder.volume.flows.api.create_volume.ExtractVolumeRequestTask;volume:create' (7c87d9ff-d74e-43a1-a9eb-e36fbbf66043) transitioned into state 'SUCCESS' from state 'RUNNING' with result '{'size': 1, 'snapshot_id': None, 'source_volid': None, 'volume_type': VolumeType(created_at=2026-07-22T09:49:01Z,deleted=False,deleted_at=None,description=None,extra_specs={volume_backend_name='storpool'},id=b0c8aa4c-ca92-4121-8cac-2a39c1cdd981,is_public=True,name='storpool',projects=[],qos_specs=,qos_specs_id=None,updated_at=None), 'volume_type_id': 'b0c8aa4c-ca92-4121-8cac-2a39c1cdd981', 'encryption_key_id': None, 'qos_specs': None, 'consistencygroup_id': None, 'cgsnapshot_id': None, 'group_id': None, 'replication_status': 'disabled', 'refresh_az': False, 'backup_id': None, 'multiattach': False, 'availability_zones': ['nova']}' {{(pid=100150) _task_receiver /opt/stack/data/venv/lib/python3.12/site-packages/taskflow/listeners/logging.py:218}}
Jul 22 09:52:17.845952 np0000005636 devstack@c-api.service[100150]: DEBUG cinder.volume.api [None req-ebfa1ca1-bf24-4d1e-ae16-8ce65efd9eae tempest-ServerRescueNegativeTestJSON-1376476712 tempest-ServerRescueNegativeTestJSON-1376476712-project-member] Task 'cinder.volume.flows.api.create_volume.QuotaReserveTask;volume:create' (9b35506b-2587-4f66-b892-99ff0c7ca8c9) transitioned into state 'RUNNING' from state 'PENDING' {{(pid=100150) _task_receiver /opt/stack/data/venv/lib/python3.12/site-packages/taskflow/listeners/logging.py:242}}
Jul 22 09:52:17.929970 np0000005636 devstack@c-api.service[100150]: DEBUG cinder.quota [None req-ebfa1ca1-bf24-4d1e-ae16-8ce65efd9eae tempest-ServerRescueNegativeTestJSON-1376476712 tempest-ServerRescueNegativeTestJSON-1376476712-project-member] Created reservations ['d97629ae-13d0-4e31-886c-c83ed4896564', '5795c942-99e9-48d7-9533-bea5c63ceb5a', '150bbeda-0cb0-4211-b183-77782241bf91', 'e4f5b5e2-eda2-4e5d-959d-904a9a7ea998'] {{(pid=100150) reserve /opt/stack/cinder/cinder/quota.py:752}}
Jul 22 09:52:17.930582 np0000005636 devstack@c-api.service[100150]: DEBUG cinder.volume.api [None req-ebfa1ca1-bf24-4d1e-ae16-8ce65efd9eae tempest-ServerRescueNegativeTestJSON-1376476712 tempest-ServerRescueNegativeTestJSON-1376476712-project-member] Task 'cinder.volume.flows.api.create_volume.QuotaReserveTask;volume:create' (9b35506b-2587-4f66-b892-99ff0c7ca8c9) transitioned into state 'SUCCESS' from state 'RUNNING' with result '{'reservations': ['d97629ae-13d0-4e31-886c-c83ed4896564', '5795c942-99e9-48d7-9533-bea5c63ceb5a', '150bbeda-0cb0-4211-b183-77782241bf91', 'e4f5b5e2-eda2-4e5d-959d-904a9a7ea998']}' {{(pid=100150) _task_receiver /opt/stack/data/venv/lib/python3.12/site-packages/taskflow/listeners/logging.py:218}}
Jul 22 09:52:17.932574 np0000005636 devstack@c-api.service[100150]: DEBUG cinder.volume.api [None req-ebfa1ca1-bf24-4d1e-ae16-8ce65efd9eae tempest-ServerRescueNegativeTestJSON-1376476712 tempest-ServerRescueNegativeTestJSON-1376476712-project-member] Task 'cinder.volume.flows.api.create_volume.EntryCreateTask;volume:create' (dfc50dfd-239f-4d46-a5f0-a21632d7a44e) transitioned into state 'RUNNING' from state 'PENDING' {{(pid=100150) _task_receiver /opt/stack/data/venv/lib/python3.12/site-packages/taskflow/listeners/logging.py:242}}
Jul 22 09:52:17.972215 np0000005636 devstack@c-api.service[100150]: DEBUG cinder.volume.api [None req-ebfa1ca1-bf24-4d1e-ae16-8ce65efd9eae tempest-ServerRescueNegativeTestJSON-1376476712 tempest-ServerRescueNegativeTestJSON-1376476712-project-member] Task 'cinder.volume.flows.api.create_volume.EntryCreateTask;volume:create' (dfc50dfd-239f-4d46-a5f0-a21632d7a44e) transitioned into state 'SUCCESS' from state 'RUNNING' with result '{'volume_id': '01f79d6c-9a78-4d38-ad13-4ce90d3029f1', 'volume_properties': VolumeProperties(attach_status='detached',availability_zone='nova',cgsnapshot_id=None,consistencygroup_id=None,display_description=None,display_name='tempest-ServerRescueNegativeTestJSON-volume-224610193',encryption_key_id=None,group_id=None,group_type_id=,metadata={},multiattach=False,project_id='03b9d5ae4d6f4566a8cb804dc830e9ba',qos_specs=None,replication_status=,reservations=['d97629ae-13d0-4e31-886c-c83ed4896564','5795c942-99e9-48d7-9533-bea5c63ceb5a','150bbeda-0cb0-4211-b183-77782241bf91','e4f5b5e2-eda2-4e5d-959d-904a9a7ea998'],size=1,snapshot_id=None,source_replicaid=,source_volid=None,status='creating',user_id='cbc72ae4b9044e90b53180440ad7e491',volume_type_id=b0c8aa4c-ca92-4121-8cac-2a39c1cdd981), 'volume': Volume(_name_id=None,admin_metadata=,attach_status='detached',availability_zone='nova',bootable=False,cluster=,cluster_name=None,consistencygroup=,consistencygroup_id=None,created_at=2026-07-22T09:52:17Z,deleted=False,deleted_at=None,display_description=None,display_name='tempest-ServerRescueNegativeTestJSON-volume-224610193',ec2_id=None,encryption_key_id=None,glance_metadata=,group=,group_id=None,host=None,id=01f79d6c-9a78-4d38-ad13-4ce90d3029f1,launched_at=None,metadata={},migration_status=None,multiattach=False,previous_status=None,project_id='03b9d5ae4d6f4566a8cb804dc830e9ba',provider_auth=None,provider_geometry=None,provider_id=None,provider_location=None,replication_driver_data=None,replication_extended_status=None,replication_status=None,scheduled_at=None,service_uuid=None,shared_targets=True,size=1,snapshot_id=None,snapshots=,source_volid=None,status='creating',terminated_at=None,updated_at=None,use_quota=True,user_id='cbc72ae4b9044e90b53180440ad7e491',volume_attachment=VolumeAttachmentList,volume_type=VolumeType(b0c8aa4c-ca92-4121-8cac-2a39c1cdd981),volume_type_id=b0c8aa4c-ca92-4121-8cac-2a39c1cdd981)}' {{(pid=100150) _task_receiver /opt/stack/data/venv/lib/python3.12/site-packages/taskflow/listeners/logging.py:218}}
Jul 22 09:52:17.973410 np0000005636 devstack@c-api.service[100150]: DEBUG cinder.volume.api [None req-ebfa1ca1-bf24-4d1e-ae16-8ce65efd9eae tempest-ServerRescueNegativeTestJSON-1376476712 tempest-ServerRescueNegativeTestJSON-1376476712-project-member] Task 'cinder.volume.flows.api.create_volume.QuotaCommitTask;volume:create' (e29a5fca-aa5e-4d44-b91c-715e8662d30d) transitioned into state 'RUNNING' from state 'PENDING' {{(pid=100150) _task_receiver /opt/stack/data/venv/lib/python3.12/site-packages/taskflow/listeners/logging.py:242}}
Jul 22 09:52:18.006452 np0000005636 devstack@c-api.service[100150]: DEBUG cinder.volume.api [None req-ebfa1ca1-bf24-4d1e-ae16-8ce65efd9eae tempest-ServerRescueNegativeTestJSON-1376476712 tempest-ServerRescueNegativeTestJSON-1376476712-project-member] Task 'cinder.volume.flows.api.create_volume.QuotaCommitTask;volume:create' (e29a5fca-aa5e-4d44-b91c-715e8662d30d) transitioned into state 'SUCCESS' from state 'RUNNING' with result '{'volume_properties': VolumeProperties(attach_status='detached',availability_zone='nova',cgsnapshot_id=None,consistencygroup_id=None,display_description=None,display_name='tempest-ServerRescueNegativeTestJSON-volume-224610193',encryption_key_id=None,group_id=None,group_type_id=,metadata={},multiattach=False,project_id='03b9d5ae4d6f4566a8cb804dc830e9ba',qos_specs=None,replication_status=,reservations=['d97629ae-13d0-4e31-886c-c83ed4896564','5795c942-99e9-48d7-9533-bea5c63ceb5a','150bbeda-0cb0-4211-b183-77782241bf91','e4f5b5e2-eda2-4e5d-959d-904a9a7ea998'],size=1,snapshot_id=None,source_replicaid=,source_volid=None,status='creating',user_id='cbc72ae4b9044e90b53180440ad7e491',volume_type_id=b0c8aa4c-ca92-4121-8cac-2a39c1cdd981)}' {{(pid=100150) _task_receiver /opt/stack/data/venv/lib/python3.12/site-packages/taskflow/listeners/logging.py:218}}
Jul 22 09:52:18.007447 np0000005636 devstack@c-api.service[100150]: DEBUG cinder.volume.api [None req-ebfa1ca1-bf24-4d1e-ae16-8ce65efd9eae tempest-ServerRescueNegativeTestJSON-1376476712 tempest-ServerRescueNegativeTestJSON-1376476712-project-member] Task 'cinder.volume.flows.api.create_volume.VolumeCastTask;volume:create' (2b3e5df2-a18d-42cb-96e2-20d1a9ae10f3) transitioned into state 'RUNNING' from state 'PENDING' {{(pid=100150) _task_receiver /opt/stack/data/venv/lib/python3.12/site-packages/taskflow/listeners/logging.py:242}}
Jul 22 09:52:18.027825 np0000005636 devstack@c-api.service[100150]: DEBUG cinder.volume.api [None req-ebfa1ca1-bf24-4d1e-ae16-8ce65efd9eae tempest-ServerRescueNegativeTestJSON-1376476712 tempest-ServerRescueNegativeTestJSON-1376476712-project-member] Task 'cinder.volume.flows.api.create_volume.VolumeCastTask;volume:create' (2b3e5df2-a18d-42cb-96e2-20d1a9ae10f3) transitioned into state 'SUCCESS' from state 'RUNNING' with result 'None' {{(pid=100150) _task_receiver /opt/stack/data/venv/lib/python3.12/site-packages/taskflow/listeners/logging.py:218}}
Jul 22 09:52:18.028063 np0000005636 devstack@c-api.service[100150]: DEBUG cinder.volume.api [None req-ebfa1ca1-bf24-4d1e-ae16-8ce65efd9eae tempest-ServerRescueNegativeTestJSON-1376476712 tempest-ServerRescueNegativeTestJSON-1376476712-project-member] Flow 'volume_create_api' (44b24d74-5795-4ebc-a842-2711772644e1) transitioned into state 'SUCCESS' from state 'RUNNING' {{(pid=100150) _flow_receiver /opt/stack/data/venv/lib/python3.12/site-packages/taskflow/listeners/logging.py:160}}
Jul 22 09:52:18.028617 np0000005636 devstack@c-api.service[100150]: INFO cinder.volume.api [None req-ebfa1ca1-bf24-4d1e-ae16-8ce65efd9eae tempest-ServerRescueNegativeTestJSON-1376476712 tempest-ServerRescueNegativeTestJSON-1376476712-project-member] Create volume request issued successfully.
Jul 22 09:52:18.029586 np0000005636 devstack@c-api.service[100150]: INFO cinder.api.openstack.wsgi [None req-ebfa1ca1-bf24-4d1e-ae16-8ce65efd9eae tempest-ServerRescueNegativeTestJSON-1376476712 tempest-ServerRescueNegativeTestJSON-1376476712-project-member] https://10.4.3.206/volume/v3/volumes returned with HTTP 202
Jul 22 09:52:18.029940 np0000005636 devstack@c-api.service[100150]: [pid: 100150|app: 0|req: 70/293] 10.4.3.206 () {68 vars in 1258 bytes} [Wed Jul 22 09:52:17 2026] POST /volume/v3/volumes => generated 758 bytes in 263 msecs (HTTP/1.1 202) 7 headers in 291 bytes (1 switches on core 0)
Jul 22 09:52:18.037434 np0000005636 devstack@c-api.service[100152]: DEBUG cinder.api.middleware.request_id [None req-5f3dc4a8-2a96-4139-bd93-d7a877e6e464 None None] RequestId filter calling following filter/app {{(pid=100152) _context_setter /opt/stack/cinder/cinder/api/middleware/request_id.py:62}}
Jul 22 09:52:18.040945 np0000005636 devstack@c-api.service[100152]: INFO cinder.api.openstack.wsgi [None req-5f3dc4a8-2a96-4139-bd93-d7a877e6e464 tempest-TaggedBootDevicesTest-1146876346 tempest-TaggedBootDevicesTest-1146876346-project-member] GET https://10.4.3.206/volume/v3/volumes/7434f3ae-1c60-4a87-ae5f-7b3b9cf72e94
Jul 22 09:52:18.041355 np0000005636 devstack@c-api.service[100152]: DEBUG cinder.api.openstack.wsgi [None req-5f3dc4a8-2a96-4139-bd93-d7a877e6e464 tempest-TaggedBootDevicesTest-1146876346 tempest-TaggedBootDevicesTest-1146876346-project-member] Empty body provided in request {{(pid=100152) get_body /opt/stack/cinder/cinder/api/openstack/wsgi.py:725}}
Jul 22 09:52:18.042494 np0000005636 devstack@c-api.service[100152]: DEBUG cinder.api.openstack.wsgi [None req-5f3dc4a8-2a96-4139-bd93-d7a877e6e464 tempest-TaggedBootDevicesTest-1146876346 tempest-TaggedBootDevicesTest-1146876346-project-member] Calling method 'show' {{(pid=100152) _process_stack /opt/stack/cinder/cinder/api/openstack/wsgi.py:878}}
Jul 22 09:52:18.054624 np0000005636 devstack@c-api.service[100151]: DEBUG cinder.api.middleware.request_id [None req-b97890e4-d488-4278-b455-e6f971bf4f21 None None] RequestId filter calling following filter/app {{(pid=100151) _context_setter /opt/stack/cinder/cinder/api/middleware/request_id.py:62}}
Jul 22 09:52:18.056386 np0000005636 devstack@c-api.service[100152]: /opt/stack/data/venv/lib/python3.12/site-packages/oslo_context/context.py:102: DeprecationWarning: Policy enforcement is depending on the value of is_admin. This key is deprecated. Please update your policy file to use the standard policy values.
Jul 22 09:52:18.056386 np0000005636 devstack@c-api.service[100152]: warnings.warn(
Jul 22 09:52:18.059784 np0000005636 devstack@c-api.service[100151]: INFO cinder.api.openstack.wsgi [None req-b97890e4-d488-4278-b455-e6f971bf4f21 tempest-ServerRescueNegativeTestJSON-1376476712 tempest-ServerRescueNegativeTestJSON-1376476712-project-member] GET https://10.4.3.206/volume/v3/volumes/01f79d6c-9a78-4d38-ad13-4ce90d3029f1
Jul 22 09:52:18.060611 np0000005636 devstack@c-api.service[100151]: DEBUG cinder.api.openstack.wsgi [None req-b97890e4-d488-4278-b455-e6f971bf4f21 tempest-ServerRescueNegativeTestJSON-1376476712 tempest-ServerRescueNegativeTestJSON-1376476712-project-member] Empty body provided in request {{(pid=100151) get_body /opt/stack/cinder/cinder/api/openstack/wsgi.py:725}}
Jul 22 09:52:18.061052 np0000005636 devstack@c-api.service[100151]: DEBUG cinder.api.openstack.wsgi [None req-b97890e4-d488-4278-b455-e6f971bf4f21 tempest-ServerRescueNegativeTestJSON-1376476712 tempest-ServerRescueNegativeTestJSON-1376476712-project-member] Calling method 'show' {{(pid=100151) _process_stack /opt/stack/cinder/cinder/api/openstack/wsgi.py:878}}
Jul 22 09:52:18.063701 np0000005636 devstack@c-api.service[100152]: INFO cinder.volume.api [None req-5f3dc4a8-2a96-4139-bd93-d7a877e6e464 tempest-TaggedBootDevicesTest-1146876346 tempest-TaggedBootDevicesTest-1146876346-project-member] Volume info retrieved successfully.
Jul 22 09:52:18.071094 np0000005636 devstack@c-api.service[100152]: INFO cinder.api.openstack.wsgi [None req-5f3dc4a8-2a96-4139-bd93-d7a877e6e464 tempest-TaggedBootDevicesTest-1146876346 tempest-TaggedBootDevicesTest-1146876346-project-member] https://10.4.3.206/volume/v3/volumes/7434f3ae-1c60-4a87-ae5f-7b3b9cf72e94 returned with HTTP 200
Jul 22 09:52:18.072460 np0000005636 devstack@c-api.service[100152]: [pid: 100152|app: 0|req: 73/294] 10.4.3.206 () {66 vars in 1348 bytes} [Wed Jul 22 09:52:18 2026] GET /volume/v3/volumes/7434f3ae-1c60-4a87-ae5f-7b3b9cf72e94 => generated 904 bytes in 35 msecs (HTTP/1.1 200) 7 headers in 285 bytes (1 switches on core 0)
Jul 22 09:52:18.075762 np0000005636 devstack@c-api.service[100151]: /opt/stack/data/venv/lib/python3.12/site-packages/oslo_context/context.py:102: DeprecationWarning: Policy enforcement is depending on the value of is_admin. This key is deprecated. Please update your policy file to use the standard policy values.
Jul 22 09:52:18.075762 np0000005636 devstack@c-api.service[100151]: warnings.warn(
Jul 22 09:52:18.089768 np0000005636 devstack@c-api.service[100151]: INFO cinder.volume.api [None req-b97890e4-d488-4278-b455-e6f971bf4f21 tempest-ServerRescueNegativeTestJSON-1376476712 tempest-ServerRescueNegativeTestJSON-1376476712-project-member] Volume info retrieved successfully.
Jul 22 09:52:18.099543 np0000005636 devstack@c-api.service[100151]: INFO cinder.api.openstack.wsgi [None req-b97890e4-d488-4278-b455-e6f971bf4f21 tempest-ServerRescueNegativeTestJSON-1376476712 tempest-ServerRescueNegativeTestJSON-1376476712-project-member] https://10.4.3.206/volume/v3/volumes/01f79d6c-9a78-4d38-ad13-4ce90d3029f1 returned with HTTP 200
Jul 22 09:52:18.100043 np0000005636 devstack@c-api.service[100151]: [pid: 100151|app: 0|req: 79/295] 10.4.3.206 () {66 vars in 1348 bytes} [Wed Jul 22 09:52:18 2026] GET /volume/v3/volumes/01f79d6c-9a78-4d38-ad13-4ce90d3029f1 => generated 826 bytes in 46 msecs (HTTP/1.1 200) 7 headers in 285 bytes (1 switches on core 0)
Jul 22 09:52:18.164816 np0000005636 devstack@c-api.service[100149]: DEBUG cinder.api.middleware.request_id [None req-a9cacd6a-6c19-4aa5-bdc8-56b5903dc9a4 None None] RequestId filter calling following filter/app {{(pid=100149) _context_setter /opt/stack/cinder/cinder/api/middleware/request_id.py:62}}
Jul 22 09:52:18.168222 np0000005636 devstack@c-api.service[100149]: INFO cinder.api.openstack.wsgi [None req-a9cacd6a-6c19-4aa5-bdc8-56b5903dc9a4 tempest-VolumesAssistedSnapshotsTest-959246300 tempest-VolumesAssistedSnapshotsTest-959246300-project-admin] GET https://10.4.3.206/volume/v3/volumes/914c91c5-9ea8-454b-9122-e4685f10e022
Jul 22 09:52:18.168365 np0000005636 devstack@c-api.service[100149]: DEBUG cinder.api.openstack.wsgi [None req-a9cacd6a-6c19-4aa5-bdc8-56b5903dc9a4 tempest-VolumesAssistedSnapshotsTest-959246300 tempest-VolumesAssistedSnapshotsTest-959246300-project-admin] Empty body provided in request {{(pid=100149) get_body /opt/stack/cinder/cinder/api/openstack/wsgi.py:725}}
Jul 22 09:52:18.168852 np0000005636 devstack@c-api.service[100149]: DEBUG cinder.api.openstack.wsgi [None req-a9cacd6a-6c19-4aa5-bdc8-56b5903dc9a4 tempest-VolumesAssistedSnapshotsTest-959246300 tempest-VolumesAssistedSnapshotsTest-959246300-project-admin] Calling method 'show' {{(pid=100149) _process_stack /opt/stack/cinder/cinder/api/openstack/wsgi.py:878}}
Jul 22 09:52:18.190326 np0000005636 devstack@c-api.service[100149]: /opt/stack/data/venv/lib/python3.12/site-packages/oslo_context/context.py:102: DeprecationWarning: Policy enforcement is depending on the value of is_admin. This key is deprecated. Please update your policy file to use the standard policy values.
Jul 22 09:52:18.190326 np0000005636 devstack@c-api.service[100149]: warnings.warn(
Jul 22 09:52:18.194293 np0000005636 devstack@c-api.service[100149]: INFO cinder.volume.api [None req-a9cacd6a-6c19-4aa5-bdc8-56b5903dc9a4 tempest-VolumesAssistedSnapshotsTest-959246300 tempest-VolumesAssistedSnapshotsTest-959246300-project-admin] Volume info retrieved successfully.
Jul 22 09:52:18.200952 np0000005636 devstack@c-api.service[100149]: INFO cinder.api.openstack.wsgi [None req-a9cacd6a-6c19-4aa5-bdc8-56b5903dc9a4 tempest-VolumesAssistedSnapshotsTest-959246300 tempest-VolumesAssistedSnapshotsTest-959246300-project-admin] https://10.4.3.206/volume/v3/volumes/914c91c5-9ea8-454b-9122-e4685f10e022 returned with HTTP 200
Jul 22 09:52:18.201111 np0000005636 devstack@c-api.service[100149]: [pid: 100149|app: 0|req: 74/296] 10.4.3.206 () {66 vars in 1348 bytes} [Wed Jul 22 09:52:18 2026] GET /volume/v3/volumes/914c91c5-9ea8-454b-9122-e4685f10e022 => generated 1015 bytes in 37 msecs (HTTP/1.1 200) 7 headers in 286 bytes (1 switches on core 0)
Jul 22 09:52:18.259590 np0000005636 devstack@c-api.service[100150]: DEBUG cinder.api.middleware.request_id [None req-2fe69da3-2ce0-460f-b31b-f695024c824d None None] RequestId filter calling following filter/app {{(pid=100150) _context_setter /opt/stack/cinder/cinder/api/middleware/request_id.py:62}}
Jul 22 09:52:18.263518 np0000005636 devstack@c-api.service[100150]: INFO cinder.api.openstack.wsgi [None req-2fe69da3-2ce0-460f-b31b-f695024c824d tempest-AttachSCSIVolumeTestJSON-2084783621 tempest-AttachSCSIVolumeTestJSON-2084783621-project-member] GET https://10.4.3.206/volume/v3/volumes/a799407d-44a8-4a67-8d0a-c74f9c6d8418
Jul 22 09:52:18.264968 np0000005636 devstack@c-api.service[100150]: DEBUG cinder.api.openstack.wsgi [None req-2fe69da3-2ce0-460f-b31b-f695024c824d tempest-AttachSCSIVolumeTestJSON-2084783621 tempest-AttachSCSIVolumeTestJSON-2084783621-project-member] Empty body provided in request {{(pid=100150) get_body /opt/stack/cinder/cinder/api/openstack/wsgi.py:725}}
Jul 22 09:52:18.264968 np0000005636 devstack@c-api.service[100150]: DEBUG cinder.api.openstack.wsgi [None req-2fe69da3-2ce0-460f-b31b-f695024c824d tempest-AttachSCSIVolumeTestJSON-2084783621 tempest-AttachSCSIVolumeTestJSON-2084783621-project-member] Calling method 'show' {{(pid=100150) _process_stack /opt/stack/cinder/cinder/api/openstack/wsgi.py:878}}
Jul 22 09:52:18.291200 np0000005636 devstack@c-api.service[100150]: /opt/stack/data/venv/lib/python3.12/site-packages/oslo_context/context.py:102: DeprecationWarning: Policy enforcement is depending on the value of is_admin. This key is deprecated. Please update your policy file to use the standard policy values.
Jul 22 09:52:18.291200 np0000005636 devstack@c-api.service[100150]: warnings.warn(
Jul 22 09:52:18.302844 np0000005636 devstack@c-api.service[100150]: INFO cinder.volume.api [None req-2fe69da3-2ce0-460f-b31b-f695024c824d tempest-AttachSCSIVolumeTestJSON-2084783621 tempest-AttachSCSIVolumeTestJSON-2084783621-project-member] Volume info retrieved successfully.
Jul 22 09:52:18.310763 np0000005636 devstack@c-api.service[100150]: INFO cinder.api.openstack.wsgi [None req-2fe69da3-2ce0-460f-b31b-f695024c824d tempest-AttachSCSIVolumeTestJSON-2084783621 tempest-AttachSCSIVolumeTestJSON-2084783621-project-member] https://10.4.3.206/volume/v3/volumes/a799407d-44a8-4a67-8d0a-c74f9c6d8418 returned with HTTP 200
Jul 22 09:52:18.311509 np0000005636 devstack@c-api.service[100150]: [pid: 100150|app: 0|req: 71/297] 10.4.3.206 () {66 vars in 1348 bytes} [Wed Jul 22 09:52:18 2026] GET /volume/v3/volumes/a799407d-44a8-4a67-8d0a-c74f9c6d8418 => generated 848 bytes in 53 msecs (HTTP/1.1 200) 7 headers in 285 bytes (1 switches on core 0)
Jul 22 09:52:18.568216 np0000005636 devstack@c-api.service[100152]: DEBUG cinder.api.middleware.request_id [None req-d1fe7a5b-6610-4280-b5b8-ee6398d622d2 None None] RequestId filter calling following filter/app {{(pid=100152) _context_setter /opt/stack/cinder/cinder/api/middleware/request_id.py:62}}
Jul 22 09:52:18.571043 np0000005636 devstack@c-api.service[100152]: INFO cinder.api.openstack.wsgi [None req-d1fe7a5b-6610-4280-b5b8-ee6398d622d2 tempest-VolumesCloneTest-1698332524 tempest-VolumesCloneTest-1698332524-project-member] GET https://10.4.3.206/volume/v3/volumes/cdce1333-b3ec-4f59-83c6-32fa8686e14e
Jul 22 09:52:18.572117 np0000005636 devstack@c-api.service[100152]: DEBUG cinder.api.openstack.wsgi [None req-d1fe7a5b-6610-4280-b5b8-ee6398d622d2 tempest-VolumesCloneTest-1698332524 tempest-VolumesCloneTest-1698332524-project-member] Empty body provided in request {{(pid=100152) get_body /opt/stack/cinder/cinder/api/openstack/wsgi.py:725}}
Jul 22 09:52:18.572117 np0000005636 devstack@c-api.service[100152]: DEBUG cinder.api.openstack.wsgi [None req-d1fe7a5b-6610-4280-b5b8-ee6398d622d2 tempest-VolumesCloneTest-1698332524 tempest-VolumesCloneTest-1698332524-project-member] Calling method 'show' {{(pid=100152) _process_stack /opt/stack/cinder/cinder/api/openstack/wsgi.py:878}}
Jul 22 09:52:18.591222 np0000005636 devstack@c-api.service[100152]: /opt/stack/data/venv/lib/python3.12/site-packages/oslo_context/context.py:102: DeprecationWarning: Policy enforcement is depending on the value of is_admin. This key is deprecated. Please update your policy file to use the standard policy values.
Jul 22 09:52:18.591222 np0000005636 devstack@c-api.service[100152]: warnings.warn(
Jul 22 09:52:18.604496 np0000005636 devstack@c-api.service[100152]: INFO cinder.volume.api [None req-d1fe7a5b-6610-4280-b5b8-ee6398d622d2 tempest-VolumesCloneTest-1698332524 tempest-VolumesCloneTest-1698332524-project-member] Volume info retrieved successfully.
Jul 22 09:52:18.614187 np0000005636 devstack@c-api.service[100152]: INFO cinder.api.openstack.wsgi [None req-d1fe7a5b-6610-4280-b5b8-ee6398d622d2 tempest-VolumesCloneTest-1698332524 tempest-VolumesCloneTest-1698332524-project-member] https://10.4.3.206/volume/v3/volumes/cdce1333-b3ec-4f59-83c6-32fa8686e14e returned with HTTP 200
Jul 22 09:52:18.615361 np0000005636 devstack@c-api.service[100152]: [pid: 100152|app: 0|req: 74/298] 10.4.3.206 () {66 vars in 1348 bytes} [Wed Jul 22 09:52:18 2026] GET /volume/v3/volumes/cdce1333-b3ec-4f59-83c6-32fa8686e14e => generated 836 bytes in 49 msecs (HTTP/1.1 200) 7 headers in 285 bytes (1 switches on core 0)
