Jul 22 09:53:26.355878 np0000005636 devstack@g-api.service[102913]: DEBUG glance.api.middleware.version_negotiation [None req-9e95954b-cd2e-43a6-9f6c-0b319aae53fd tempest-ServerStableDeviceRescueTest-551949943 tempest-ServerStableDeviceRescueTest-551949943-project-member] Using url versioning {{(pid=102913) process_request /opt/stack/glance/glance/api/middleware/version_negotiation.py:57}}
Jul 22 09:53:26.355878 np0000005636 devstack@g-api.service[102913]: DEBUG glance.api.middleware.version_negotiation [None req-9e95954b-cd2e-43a6-9f6c-0b319aae53fd tempest-ServerStableDeviceRescueTest-551949943 tempest-ServerStableDeviceRescueTest-551949943-project-member] Matched version: v2 {{(pid=102913) process_request /opt/stack/glance/glance/api/middleware/version_negotiation.py:69}}
Jul 22 09:53:26.355878 np0000005636 devstack@g-api.service[102913]: DEBUG glance.api.middleware.version_negotiation [None req-9e95954b-cd2e-43a6-9f6c-0b319aae53fd tempest-ServerStableDeviceRescueTest-551949943 tempest-ServerStableDeviceRescueTest-551949943-project-member] new path /v2/schemas/image {{(pid=102913) process_request /opt/stack/glance/glance/api/middleware/version_negotiation.py:70}}
Jul 22 09:53:26.359253 np0000005636 devstack@g-api.service[102913]: [pid: 102913|app: 0|req: 43/158] 127.0.0.1 () {44 vars in 1055 bytes} [Wed Jul 22 09:53:26 2026] GET /v2/schemas/image => generated 6083 bytes in 4 msecs (HTTP/1.1 200) 4 headers in 158 bytes (1 switches on core 0)
Jul 22 09:53:26.643392 np0000005636 devstack@g-api.service[102913]: DEBUG dbcounter [-] [102913] Writing DB stats glance:SELECT=4 {{(pid=102913) stat_writer /opt/stack/data/venv/lib/python3.12/site-packages/dbcounter.py:115}}
Jul 22 09:53:26.678971 np0000005636 devstack@g-api.service[102912]: DEBUG glance.api.middleware.version_negotiation [None req-0ddfaae4-7a3b-45d8-9630-38230d4e310a tempest-TestMinimumBasicScenario-700386833 tempest-TestMinimumBasicScenario-700386833-project-member] Determining version of request: GET /v2/images/dbafa895-0e75-4af3-9bbb-c24b576eb3b9 Accept: application/json {{(pid=102912) process_request /opt/stack/glance/glance/api/middleware/version_negotiation.py:44}}
Jul 22 09:53:26.679201 np0000005636 devstack@g-api.service[102912]: DEBUG glance.api.middleware.version_negotiation [None req-0ddfaae4-7a3b-45d8-9630-38230d4e310a tempest-TestMinimumBasicScenario-700386833 tempest-TestMinimumBasicScenario-700386833-project-member] Using url versioning {{(pid=102912) process_request /opt/stack/glance/glance/api/middleware/version_negotiation.py:57}}
Jul 22 09:53:26.679377 np0000005636 devstack@g-api.service[102912]: DEBUG glance.api.middleware.version_negotiation [None req-0ddfaae4-7a3b-45d8-9630-38230d4e310a tempest-TestMinimumBasicScenario-700386833 tempest-TestMinimumBasicScenario-700386833-project-member] Matched version: v2 {{(pid=102912) process_request /opt/stack/glance/glance/api/middleware/version_negotiation.py:69}}
Jul 22 09:53:26.679511 np0000005636 devstack@g-api.service[102912]: DEBUG glance.api.middleware.version_negotiation [None req-0ddfaae4-7a3b-45d8-9630-38230d4e310a tempest-TestMinimumBasicScenario-700386833 tempest-TestMinimumBasicScenario-700386833-project-member] new path /v2/images/dbafa895-0e75-4af3-9bbb-c24b576eb3b9 {{(pid=102912) process_request /opt/stack/glance/glance/api/middleware/version_negotiation.py:70}}
Jul 22 09:53:26.684213 np0000005636 devstack@g-api.service[102914]: INFO glance.api.v2.image_data [None req-8563835f-b82e-4cae-9171-5adb3bc51cfa tempest-TestMinimumBasicScenario-700386833 tempest-TestMinimumBasicScenario-700386833-project-member] Unable to create trust: no such option collect_timing in group [keystone_authtoken] Use the existing user token.
Jul 22 09:53:26.865390 np0000005636 devstack@g-api.service[102912]: [pid: 102912|app: 0|req: 37/159] 127.0.0.1 () {40 vars in 838 bytes} [Wed Jul 22 09:53:26 2026] GET /v2/images/dbafa895-0e75-4af3-9bbb-c24b576eb3b9 => generated 1044 bytes in 186 msecs (HTTP/1.1 200) 4 headers in 158 bytes (1 switches on core 0)
Jul 22 09:53:26.900261 np0000005636 devstack@g-api.service[102915]: DEBUG glance.api.middleware.version_negotiation [None req-05495c86-9176-4172-9230-4d67b1f5eb52 tempest-ImageDependencyTests-791984600 tempest-ImageDependencyTests-791984600-project-member] Determining version of request: GET /v2/images/dbafa895-0e75-4af3-9bbb-c24b576eb3b9 Accept: */* {{(pid=102915) process_request /opt/stack/glance/glance/api/middleware/version_negotiation.py:44}}
Jul 22 09:53:26.901460 np0000005636 devstack@g-api.service[102915]: DEBUG glance.api.middleware.version_negotiation [None req-05495c86-9176-4172-9230-4d67b1f5eb52 tempest-ImageDependencyTests-791984600 tempest-ImageDependencyTests-791984600-project-member] Using url versioning {{(pid=102915) process_request /opt/stack/glance/glance/api/middleware/version_negotiation.py:57}}
Jul 22 09:53:26.903132 np0000005636 devstack@g-api.service[102915]: DEBUG glance.api.middleware.version_negotiation [None req-05495c86-9176-4172-9230-4d67b1f5eb52 tempest-ImageDependencyTests-791984600 tempest-ImageDependencyTests-791984600-project-member] Matched version: v2 {{(pid=102915) process_request /opt/stack/glance/glance/api/middleware/version_negotiation.py:69}}
Jul 22 09:53:26.903824 np0000005636 devstack@g-api.service[102915]: DEBUG glance.api.middleware.version_negotiation [None req-05495c86-9176-4172-9230-4d67b1f5eb52 tempest-ImageDependencyTests-791984600 tempest-ImageDependencyTests-791984600-project-member] new path /v2/images/dbafa895-0e75-4af3-9bbb-c24b576eb3b9 {{(pid=102915) process_request /opt/stack/glance/glance/api/middleware/version_negotiation.py:70}}
Jul 22 09:53:26.920548 np0000005636 devstack@g-api.service[102915]: [pid: 102915|app: 0|req: 41/160] 127.0.0.1 () {44 vars in 1115 bytes} [Wed Jul 22 09:53:26 2026] GET /v2/images/dbafa895-0e75-4af3-9bbb-c24b576eb3b9 => generated 1044 bytes in 21 msecs (HTTP/1.1 200) 4 headers in 158 bytes (1 switches on core 0)
Jul 22 09:53:26.934891 np0000005636 devstack@g-api.service[102913]: DEBUG glance.api.middleware.version_negotiation [None req-05495c86-9176-4172-9230-4d67b1f5eb52 tempest-ImageDependencyTests-791984600 tempest-ImageDependencyTests-791984600-project-member] Determining version of request: GET /v2/schemas/image Accept: */* {{(pid=102913) process_request /opt/stack/glance/glance/api/middleware/version_negotiation.py:44}}
Jul 22 09:53:26.935056 np0000005636 devstack@g-api.service[102913]: DEBUG glance.api.middleware.version_negotiation [None req-05495c86-9176-4172-9230-4d67b1f5eb52 tempest-ImageDependencyTests-791984600 tempest-ImageDependencyTests-791984600-project-member] Using url versioning {{(pid=102913) process_request /opt/stack/glance/glance/api/middleware/version_negotiation.py:57}}
Jul 22 09:53:26.935264 np0000005636 devstack@g-api.service[102913]: DEBUG glance.api.middleware.version_negotiation [None req-05495c86-9176-4172-9230-4d67b1f5eb52 tempest-ImageDependencyTests-791984600 tempest-ImageDependencyTests-791984600-project-member] Matched version: v2 {{(pid=102913) process_request /opt/stack/glance/glance/api/middleware/version_negotiation.py:69}}
Jul 22 09:53:26.935350 np0000005636 devstack@g-api.service[102913]: DEBUG glance.api.middleware.version_negotiation [None req-05495c86-9176-4172-9230-4d67b1f5eb52 tempest-ImageDependencyTests-791984600 tempest-ImageDependencyTests-791984600-project-member] new path /v2/schemas/image {{(pid=102913) process_request /opt/stack/glance/glance/api/middleware/version_negotiation.py:70}}
Jul 22 09:53:26.938630 np0000005636 devstack@g-api.service[102913]: [pid: 102913|app: 0|req: 44/161] 127.0.0.1 () {44 vars in 1055 bytes} [Wed Jul 22 09:53:26 2026] GET /v2/schemas/image => generated 6083 bytes in 4 msecs (HTTP/1.1 200) 4 headers in 158 bytes (1 switches on core 0)
Jul 22 09:53:26.957123 np0000005636 devstack@g-api.service[102912]: DEBUG glance.api.middleware.version_negotiation [None req-60dfd520-18b2-4e03-9bd5-d129e976edc1 tempest-VolumesExtendTest-264800287 tempest-VolumesExtendTest-264800287-project-member] Determining version of request: GET /v2/schemas/image Accept: */* {{(pid=102912) process_request /opt/stack/glance/glance/api/middleware/version_negotiation.py:44}}
Jul 22 09:53:26.957678 np0000005636 devstack@g-api.service[102912]: DEBUG glance.api.middleware.version_negotiation [None req-60dfd520-18b2-4e03-9bd5-d129e976edc1 tempest-VolumesExtendTest-264800287 tempest-VolumesExtendTest-264800287-project-member] Using url versioning {{(pid=102912) process_request /opt/stack/glance/glance/api/middleware/version_negotiation.py:57}}
Jul 22 09:53:26.957678 np0000005636 devstack@g-api.service[102912]: DEBUG glance.api.middleware.version_negotiation [None req-60dfd520-18b2-4e03-9bd5-d129e976edc1 tempest-VolumesExtendTest-264800287 tempest-VolumesExtendTest-264800287-project-member] Matched version: v2 {{(pid=102912) process_request /opt/stack/glance/glance/api/middleware/version_negotiation.py:69}}
Jul 22 09:53:26.957678 np0000005636 devstack@g-api.service[102912]: DEBUG glance.api.middleware.version_negotiation [None req-60dfd520-18b2-4e03-9bd5-d129e976edc1 tempest-VolumesExtendTest-264800287 tempest-VolumesExtendTest-264800287-project-member] new path /v2/schemas/image {{(pid=102912) process_request /opt/stack/glance/glance/api/middleware/version_negotiation.py:70}}
Jul 22 09:53:26.960553 np0000005636 devstack@g-api.service[102912]: [pid: 102912|app: 0|req: 38/162] 127.0.0.1 () {44 vars in 1055 bytes} [Wed Jul 22 09:53:26 2026] GET /v2/schemas/image => generated 6083 bytes in 3 msecs (HTTP/1.1 200) 4 headers in 158 bytes (1 switches on core 0)
Jul 22 09:53:26.971965 np0000005636 devstack@g-api.service[102915]: DEBUG glance.api.middleware.version_negotiation [None req-773f64fe-06c5-4b4e-aa2c-f7335c5554f2 tempest-VolumesExtendTest-264800287 tempest-VolumesExtendTest-264800287-project-member] Determining version of request: GET /v2/images/dbafa895-0e75-4af3-9bbb-c24b576eb3b9 Accept: */* {{(pid=102915) process_request /opt/stack/glance/glance/api/middleware/version_negotiation.py:44}}
Jul 22 09:53:26.972329 np0000005636 devstack@g-api.service[102915]: DEBUG glance.api.middleware.version_negotiation [None req-773f64fe-06c5-4b4e-aa2c-f7335c5554f2 tempest-VolumesExtendTest-264800287 tempest-VolumesExtendTest-264800287-project-member] Using url versioning {{(pid=102915) process_request /opt/stack/glance/glance/api/middleware/version_negotiation.py:57}}
Jul 22 09:53:26.972485 np0000005636 devstack@g-api.service[102915]: DEBUG glance.api.middleware.version_negotiation [None req-773f64fe-06c5-4b4e-aa2c-f7335c5554f2 tempest-VolumesExtendTest-264800287 tempest-VolumesExtendTest-264800287-project-member] Matched version: v2 {{(pid=102915) process_request /opt/stack/glance/glance/api/middleware/version_negotiation.py:69}}
Jul 22 09:53:26.972637 np0000005636 devstack@g-api.service[102915]: DEBUG glance.api.middleware.version_negotiation [None req-773f64fe-06c5-4b4e-aa2c-f7335c5554f2 tempest-VolumesExtendTest-264800287 tempest-VolumesExtendTest-264800287-project-member] new path /v2/images/dbafa895-0e75-4af3-9bbb-c24b576eb3b9 {{(pid=102915) process_request /opt/stack/glance/glance/api/middleware/version_negotiation.py:70}}
Jul 22 09:53:26.987451 np0000005636 devstack@g-api.service[102915]: [pid: 102915|app: 0|req: 42/163] 127.0.0.1 () {44 vars in 1115 bytes} [Wed Jul 22 09:53:26 2026] GET /v2/images/dbafa895-0e75-4af3-9bbb-c24b576eb3b9 => generated 1044 bytes in 15 msecs (HTTP/1.1 200) 4 headers in 158 bytes (1 switches on core 0)
Jul 22 09:53:27.003569 np0000005636 devstack@g-api.service[102913]: DEBUG glance.api.middleware.version_negotiation [None req-773f64fe-06c5-4b4e-aa2c-f7335c5554f2 tempest-VolumesExtendTest-264800287 tempest-VolumesExtendTest-264800287-project-member] Determining version of request: GET /v2/schemas/image Accept: */* {{(pid=102913) process_request /opt/stack/glance/glance/api/middleware/version_negotiation.py:44}}
Jul 22 09:53:27.003754 np0000005636 devstack@g-api.service[102913]: DEBUG glance.api.middleware.version_negotiation [None req-773f64fe-06c5-4b4e-aa2c-f7335c5554f2 tempest-VolumesExtendTest-264800287 tempest-VolumesExtendTest-264800287-project-member] Using url versioning {{(pid=102913) process_request /opt/stack/glance/glance/api/middleware/version_negotiation.py:57}}
Jul 22 09:53:27.003903 np0000005636 devstack@g-api.service[102913]: DEBUG glance.api.middleware.version_negotiation [None req-773f64fe-06c5-4b4e-aa2c-f7335c5554f2 tempest-VolumesExtendTest-264800287 tempest-VolumesExtendTest-264800287-project-member] Matched version: v2 {{(pid=102913) process_request /opt/stack/glance/glance/api/middleware/version_negotiation.py:69}}
Jul 22 09:53:27.004061 np0000005636 devstack@g-api.service[102913]: DEBUG glance.api.middleware.version_negotiation [None req-773f64fe-06c5-4b4e-aa2c-f7335c5554f2 tempest-VolumesExtendTest-264800287 tempest-VolumesExtendTest-264800287-project-member] new path /v2/schemas/image {{(pid=102913) process_request /opt/stack/glance/glance/api/middleware/version_negotiation.py:70}}
Jul 22 09:53:27.007621 np0000005636 devstack@g-api.service[102913]: [pid: 102913|app: 0|req: 45/164] 127.0.0.1 () {44 vars in 1055 bytes} [Wed Jul 22 09:53:27 2026] GET /v2/schemas/image => generated 6083 bytes in 4 msecs (HTTP/1.1 200) 4 headers in 158 bytes (1 switches on core 0)
Jul 22 09:53:27.019980 np0000005636 devstack@g-api.service[102912]: DEBUG glance.api.middleware.version_negotiation [None req-773f64fe-06c5-4b4e-aa2c-f7335c5554f2 tempest-VolumesExtendTest-264800287 tempest-VolumesExtendTest-264800287-project-member] Determining version of request: GET /v2/schemas/image Accept: */* {{(pid=102912) process_request /opt/stack/glance/glance/api/middleware/version_negotiation.py:44}}
Jul 22 09:53:27.020142 np0000005636 devstack@g-api.service[102912]: DEBUG glance.api.middleware.version_negotiation [None req-773f64fe-06c5-4b4e-aa2c-f7335c5554f2 tempest-VolumesExtendTest-264800287 tempest-VolumesExtendTest-264800287-project-member] Using url versioning {{(pid=102912) process_request /opt/stack/glance/glance/api/middleware/version_negotiation.py:57}}
Jul 22 09:53:27.020310 np0000005636 devstack@g-api.service[102912]: DEBUG glance.api.middleware.version_negotiation [None req-773f64fe-06c5-4b4e-aa2c-f7335c5554f2 tempest-VolumesExtendTest-264800287 tempest-VolumesExtendTest-264800287-project-member] Matched version: v2 {{(pid=102912) process_request /opt/stack/glance/glance/api/middleware/version_negotiation.py:69}}
Jul 22 09:53:27.020406 np0000005636 devstack@g-api.service[102912]: DEBUG glance.api.middleware.version_negotiation [None req-773f64fe-06c5-4b4e-aa2c-f7335c5554f2 tempest-VolumesExtendTest-264800287 tempest-VolumesExtendTest-264800287-project-member] new path /v2/schemas/image {{(pid=102912) process_request /opt/stack/glance/glance/api/middleware/version_negotiation.py:70}}
Jul 22 09:53:27.023877 np0000005636 devstack@g-api.service[102912]: [pid: 102912|app: 0|req: 39/165] 127.0.0.1 () {44 vars in 1055 bytes} [Wed Jul 22 09:53:27 2026] GET /v2/schemas/image => generated 6083 bytes in 4 msecs (HTTP/1.1 200) 4 headers in 158 bytes (1 switches on core 0)
Jul 22 09:53:27.055767 np0000005636 devstack@g-api.service[102915]: DEBUG glance.api.middleware.version_negotiation [None req-773f64fe-06c5-4b4e-aa2c-f7335c5554f2 tempest-VolumesExtendTest-264800287 tempest-VolumesExtendTest-264800287-project-member] Determining version of request: GET /v2/images/dbafa895-0e75-4af3-9bbb-c24b576eb3b9 Accept: */* {{(pid=102915) process_request /opt/stack/glance/glance/api/middleware/version_negotiation.py:44}}
Jul 22 09:53:27.056080 np0000005636 devstack@g-api.service[102915]: DEBUG glance.api.middleware.version_negotiation [None req-773f64fe-06c5-4b4e-aa2c-f7335c5554f2 tempest-VolumesExtendTest-264800287 tempest-VolumesExtendTest-264800287-project-member] Using url versioning {{(pid=102915) process_request /opt/stack/glance/glance/api/middleware/version_negotiation.py:57}}
Jul 22 09:53:27.056329 np0000005636 devstack@g-api.service[102915]: DEBUG glance.api.middleware.version_negotiation [None req-773f64fe-06c5-4b4e-aa2c-f7335c5554f2 tempest-VolumesExtendTest-264800287 tempest-VolumesExtendTest-264800287-project-member] Matched version: v2 {{(pid=102915) process_request /opt/stack/glance/glance/api/middleware/version_negotiation.py:69}}
Jul 22 09:53:27.056507 np0000005636 devstack@g-api.service[102915]: DEBUG glance.api.middleware.version_negotiation [None req-773f64fe-06c5-4b4e-aa2c-f7335c5554f2 tempest-VolumesExtendTest-264800287 tempest-VolumesExtendTest-264800287-project-member] new path /v2/images/dbafa895-0e75-4af3-9bbb-c24b576eb3b9 {{(pid=102915) process_request /opt/stack/glance/glance/api/middleware/version_negotiation.py:70}}
Jul 22 09:53:27.073845 np0000005636 devstack@g-api.service[102915]: [pid: 102915|app: 0|req: 43/166] 127.0.0.1 () {44 vars in 1115 bytes} [Wed Jul 22 09:53:27 2026] GET /v2/images/dbafa895-0e75-4af3-9bbb-c24b576eb3b9 => generated 1044 bytes in 18 msecs (HTTP/1.1 200) 4 headers in 158 bytes (1 switches on core 0)
Jul 22 09:53:27.087108 np0000005636 devstack@g-api.service[102913]: DEBUG glance.api.middleware.version_negotiation [None req-773f64fe-06c5-4b4e-aa2c-f7335c5554f2 tempest-VolumesExtendTest-264800287 tempest-VolumesExtendTest-264800287-project-member] Determining version of request: GET /v2/schemas/image Accept: */* {{(pid=102913) process_request /opt/stack/glance/glance/api/middleware/version_negotiation.py:44}}
Jul 22 09:53:27.087383 np0000005636 devstack@g-api.service[102913]: DEBUG glance.api.middleware.version_negotiation [None req-773f64fe-06c5-4b4e-aa2c-f7335c5554f2 tempest-VolumesExtendTest-264800287 tempest-VolumesExtendTest-264800287-project-member] Using url versioning {{(pid=102913) process_request /opt/stack/glance/glance/api/middleware/version_negotiation.py:57}}
Jul 22 09:53:27.087531 np0000005636 devstack@g-api.service[102913]: DEBUG glance.api.middleware.version_negotiation [None req-773f64fe-06c5-4b4e-aa2c-f7335c5554f2 tempest-VolumesExtendTest-264800287 tempest-VolumesExtendTest-264800287-project-member] Matched version: v2 {{(pid=102913) process_request /opt/stack/glance/glance/api/middleware/version_negotiation.py:69}}
Jul 22 09:53:27.087665 np0000005636 devstack@g-api.service[102913]: DEBUG glance.api.middleware.version_negotiation [None req-773f64fe-06c5-4b4e-aa2c-f7335c5554f2 tempest-VolumesExtendTest-264800287 tempest-VolumesExtendTest-264800287-project-member] new path /v2/schemas/image {{(pid=102913) process_request /opt/stack/glance/glance/api/middleware/version_negotiation.py:70}}
Jul 22 09:53:27.091898 np0000005636 devstack@g-api.service[102913]: [pid: 102913|app: 0|req: 46/167] 127.0.0.1 () {44 vars in 1055 bytes} [Wed Jul 22 09:53:27 2026] GET /v2/schemas/image => generated 6083 bytes in 5 msecs (HTTP/1.1 200) 4 headers in 158 bytes (1 switches on core 0)
Jul 22 09:53:27.348963 np0000005636 devstack@g-api.service[102914]: DEBUG glance.location [None req-8563835f-b82e-4cae-9171-5adb3bc51cfa tempest-TestMinimumBasicScenario-700386833 tempest-TestMinimumBasicScenario-700386833-project-member] Enabling in-flight format inspection for qcow2 {{(pid=102914) set_data /opt/stack/glance/glance/location.py:596}}
Jul 22 09:53:27.348963 np0000005636 devstack@g-api.service[102914]: DEBUG glance_store.backend [None req-8563835f-b82e-4cae-9171-5adb3bc51cfa tempest-TestMinimumBasicScenario-700386833 tempest-TestMinimumBasicScenario-700386833-project-member] Attempting to import store swift {{(pid=102914) _load_store /opt/stack/data/venv/lib/python3.12/site-packages/glance_store/backend.py:215}}
Jul 22 09:53:27.353095 np0000005636 devstack@g-api.service[102914]: DEBUG glance_store.capabilities [None req-8563835f-b82e-4cae-9171-5adb3bc51cfa tempest-TestMinimumBasicScenario-700386833 tempest-TestMinimumBasicScenario-700386833-project-member] Store glance_store._drivers.swift.store.SingleTenantStore doesn't support updating dynamic storage capabilities. Please overwrite 'update_capabilities' method of the store to implement updating logics if needed. {{(pid=102914) update_capabilities /opt/stack/data/venv/lib/python3.12/site-packages/glance_store/capabilities.py:91}}
Jul 22 09:53:27.353095 np0000005636 devstack@g-api.service[102914]: DEBUG glance_store.driver [None req-8563835f-b82e-4cae-9171-5adb3bc51cfa tempest-TestMinimumBasicScenario-700386833 tempest-TestMinimumBasicScenario-700386833-project-member] Late loading location class glance_store._drivers.swift.store.StoreLocation {{(pid=102914) get_store_location_class /opt/stack/data/venv/lib/python3.12/site-packages/glance_store/driver.py:134}}
Jul 22 09:53:27.353095 np0000005636 devstack@g-api.service[102914]: DEBUG glance_store.location [None req-8563835f-b82e-4cae-9171-5adb3bc51cfa tempest-TestMinimumBasicScenario-700386833 tempest-TestMinimumBasicScenario-700386833-project-member] Registering scheme swift+https with {'store': , 'location_class': , 'store_entry': 'swift'} {{(pid=102914) register_scheme_map /opt/stack/data/venv/lib/python3.12/site-packages/glance_store/location.py:146}}
Jul 22 09:53:27.353095 np0000005636 devstack@g-api.service[102914]: DEBUG glance_store.location [None req-8563835f-b82e-4cae-9171-5adb3bc51cfa tempest-TestMinimumBasicScenario-700386833 tempest-TestMinimumBasicScenario-700386833-project-member] Registering scheme swift+https with {'store': , 'location_class': , 'store_entry': 'swift'} {{(pid=102914) register_scheme_map /opt/stack/data/venv/lib/python3.12/site-packages/glance_store/location.py:146}}
Jul 22 09:53:27.353095 np0000005636 devstack@g-api.service[102914]: DEBUG glance_store.location [None req-8563835f-b82e-4cae-9171-5adb3bc51cfa tempest-TestMinimumBasicScenario-700386833 tempest-TestMinimumBasicScenario-700386833-project-member] Registering scheme swift with {'store': , 'location_class': , 'store_entry': 'swift'} {{(pid=102914) register_scheme_map /opt/stack/data/venv/lib/python3.12/site-packages/glance_store/location.py:146}}
Jul 22 09:53:27.353095 np0000005636 devstack@g-api.service[102914]: DEBUG glance_store.location [None req-8563835f-b82e-4cae-9171-5adb3bc51cfa tempest-TestMinimumBasicScenario-700386833 tempest-TestMinimumBasicScenario-700386833-project-member] Registering scheme swift+https with {'store': , 'location_class': , 'store_entry': 'swift'} {{(pid=102914) register_scheme_map /opt/stack/data/venv/lib/python3.12/site-packages/glance_store/location.py:146}}
Jul 22 09:53:27.353095 np0000005636 devstack@g-api.service[102914]: DEBUG glance_store.location [None req-8563835f-b82e-4cae-9171-5adb3bc51cfa tempest-TestMinimumBasicScenario-700386833 tempest-TestMinimumBasicScenario-700386833-project-member] Registering scheme swift with {'store': , 'location_class': , 'store_entry': 'swift'} {{(pid=102914) register_scheme_map /opt/stack/data/venv/lib/python3.12/site-packages/glance_store/location.py:146}}
Jul 22 09:53:27.353095 np0000005636 devstack@g-api.service[102914]: DEBUG glance_store.location [None req-8563835f-b82e-4cae-9171-5adb3bc51cfa tempest-TestMinimumBasicScenario-700386833 tempest-TestMinimumBasicScenario-700386833-project-member] Registering scheme swift+http with {'store': , 'location_class': , 'store_entry': 'swift'} {{(pid=102914) register_scheme_map /opt/stack/data/venv/lib/python3.12/site-packages/glance_store/location.py:146}}
Jul 22 09:53:27.353095 np0000005636 devstack@g-api.service[102914]: DEBUG glance_store.location [None req-8563835f-b82e-4cae-9171-5adb3bc51cfa tempest-TestMinimumBasicScenario-700386833 tempest-TestMinimumBasicScenario-700386833-project-member] Registering scheme swift+https with {'store': , 'location_class': , 'store_entry': 'swift'} {{(pid=102914) register_scheme_map /opt/stack/data/venv/lib/python3.12/site-packages/glance_store/location.py:146}}
Jul 22 09:53:27.353095 np0000005636 devstack@g-api.service[102914]: DEBUG glance_store.location [None req-8563835f-b82e-4cae-9171-5adb3bc51cfa tempest-TestMinimumBasicScenario-700386833 tempest-TestMinimumBasicScenario-700386833-project-member] Registering scheme swift with {'store': , 'location_class': , 'store_entry': 'swift'} {{(pid=102914) register_scheme_map /opt/stack/data/venv/lib/python3.12/site-packages/glance_store/location.py:146}}
Jul 22 09:53:27.353095 np0000005636 devstack@g-api.service[102914]: DEBUG glance_store.location [None req-8563835f-b82e-4cae-9171-5adb3bc51cfa tempest-TestMinimumBasicScenario-700386833 tempest-TestMinimumBasicScenario-700386833-project-member] Registering scheme swift+http with {'store': , 'location_class': , 'store_entry': 'swift'} {{(pid=102914) register_scheme_map /opt/stack/data/venv/lib/python3.12/site-packages/glance_store/location.py:146}}
Jul 22 09:53:27.353689 np0000005636 devstack@g-api.service[102914]: DEBUG glance_store.location [None req-8563835f-b82e-4cae-9171-5adb3bc51cfa tempest-TestMinimumBasicScenario-700386833 tempest-TestMinimumBasicScenario-700386833-project-member] Registering scheme swift+config with {'store': , 'location_class': , 'store_entry': 'swift'} {{(pid=102914) register_scheme_map /opt/stack/data/venv/lib/python3.12/site-packages/glance_store/location.py:146}}
Jul 22 09:53:27.670031 np0000005636 devstack@g-api.service[102912]: DEBUG glance.api.middleware.version_negotiation [None req-773f64fe-06c5-4b4e-aa2c-f7335c5554f2 tempest-VolumesExtendTest-264800287 tempest-VolumesExtendTest-264800287-project-member] Determining version of request: GET /versions Accept: */* {{(pid=102912) process_request /opt/stack/glance/glance/api/middleware/version_negotiation.py:44}}
Jul 22 09:53:27.670031 np0000005636 devstack@g-api.service[102912]: [pid: 102912|app: 0|req: 40/168] 127.0.0.1 () {44 vars in 1039 bytes} [Wed Jul 22 09:53:27 2026] GET /versions => generated 1515 bytes in 1 msecs (HTTP/1.1 200) 3 headers in 92 bytes (1 switches on core 0)
Jul 22 09:53:27.689022 np0000005636 devstack@g-api.service[102915]: DEBUG glance.api.middleware.version_negotiation [None req-773f64fe-06c5-4b4e-aa2c-f7335c5554f2 tempest-VolumesExtendTest-264800287 tempest-VolumesExtendTest-264800287-project-member] Determining version of request: GET /v2/images/dbafa895-0e75-4af3-9bbb-c24b576eb3b9/locations Accept: */* {{(pid=102915) process_request /opt/stack/glance/glance/api/middleware/version_negotiation.py:44}}
Jul 22 09:53:27.689022 np0000005636 devstack@g-api.service[102915]: DEBUG glance.api.middleware.version_negotiation [None req-773f64fe-06c5-4b4e-aa2c-f7335c5554f2 tempest-VolumesExtendTest-264800287 tempest-VolumesExtendTest-264800287-project-member] Using url versioning {{(pid=102915) process_request /opt/stack/glance/glance/api/middleware/version_negotiation.py:57}}
Jul 22 09:53:27.689974 np0000005636 devstack@g-api.service[102915]: DEBUG glance.api.middleware.version_negotiation [None req-773f64fe-06c5-4b4e-aa2c-f7335c5554f2 tempest-VolumesExtendTest-264800287 tempest-VolumesExtendTest-264800287-project-member] Matched version: v2 {{(pid=102915) process_request /opt/stack/glance/glance/api/middleware/version_negotiation.py:69}}
Jul 22 09:53:27.689974 np0000005636 devstack@g-api.service[102915]: DEBUG glance.api.middleware.version_negotiation [None req-773f64fe-06c5-4b4e-aa2c-f7335c5554f2 tempest-VolumesExtendTest-264800287 tempest-VolumesExtendTest-264800287-project-member] new path /v2/images/dbafa895-0e75-4af3-9bbb-c24b576eb3b9/locations {{(pid=102915) process_request /opt/stack/glance/glance/api/middleware/version_negotiation.py:70}}
Jul 22 09:53:27.765190 np0000005636 devstack@g-api.service[102915]: [pid: 102915|app: 0|req: 44/169] 127.0.0.1 () {44 vars in 1135 bytes} [Wed Jul 22 09:53:27 2026] GET /v2/images/dbafa895-0e75-4af3-9bbb-c24b576eb3b9/locations => generated 92 bytes in 76 msecs (HTTP/1.1 200) 4 headers in 156 bytes (1 switches on core 0)
Jul 22 09:53:27.776574 np0000005636 devstack@g-api.service[102913]: DEBUG glance.api.middleware.version_negotiation [None req-773f64fe-06c5-4b4e-aa2c-f7335c5554f2 tempest-VolumesExtendTest-264800287 tempest-VolumesExtendTest-264800287-project-member] Determining version of request: GET /v2/images/dbafa895-0e75-4af3-9bbb-c24b576eb3b9 Accept: */* {{(pid=102913) process_request /opt/stack/glance/glance/api/middleware/version_negotiation.py:44}}
Jul 22 09:53:27.776574 np0000005636 devstack@g-api.service[102913]: DEBUG glance.api.middleware.version_negotiation [None req-773f64fe-06c5-4b4e-aa2c-f7335c5554f2 tempest-VolumesExtendTest-264800287 tempest-VolumesExtendTest-264800287-project-member] Using url versioning {{(pid=102913) process_request /opt/stack/glance/glance/api/middleware/version_negotiation.py:57}}
Jul 22 09:53:27.776574 np0000005636 devstack@g-api.service[102913]: DEBUG glance.api.middleware.version_negotiation [None req-773f64fe-06c5-4b4e-aa2c-f7335c5554f2 tempest-VolumesExtendTest-264800287 tempest-VolumesExtendTest-264800287-project-member] Matched version: v2 {{(pid=102913) process_request /opt/stack/glance/glance/api/middleware/version_negotiation.py:69}}
Jul 22 09:53:27.776574 np0000005636 devstack@g-api.service[102913]: DEBUG glance.api.middleware.version_negotiation [None req-773f64fe-06c5-4b4e-aa2c-f7335c5554f2 tempest-VolumesExtendTest-264800287 tempest-VolumesExtendTest-264800287-project-member] new path /v2/images/dbafa895-0e75-4af3-9bbb-c24b576eb3b9 {{(pid=102913) process_request /opt/stack/glance/glance/api/middleware/version_negotiation.py:70}}
Jul 22 09:53:27.797458 np0000005636 devstack@g-api.service[102913]: [pid: 102913|app: 0|req: 47/170] 127.0.0.1 () {44 vars in 1115 bytes} [Wed Jul 22 09:53:27 2026] GET /v2/images/dbafa895-0e75-4af3-9bbb-c24b576eb3b9 => generated 1044 bytes in 22 msecs (HTTP/1.1 200) 4 headers in 158 bytes (1 switches on core 0)
Jul 22 09:53:27.808091 np0000005636 devstack@g-api.service[102912]: DEBUG glance.api.middleware.version_negotiation [None req-773f64fe-06c5-4b4e-aa2c-f7335c5554f2 tempest-VolumesExtendTest-264800287 tempest-VolumesExtendTest-264800287-project-member] Determining version of request: GET /v2/schemas/image Accept: */* {{(pid=102912) process_request /opt/stack/glance/glance/api/middleware/version_negotiation.py:44}}
Jul 22 09:53:27.808091 np0000005636 devstack@g-api.service[102912]: DEBUG glance.api.middleware.version_negotiation [None req-773f64fe-06c5-4b4e-aa2c-f7335c5554f2 tempest-VolumesExtendTest-264800287 tempest-VolumesExtendTest-264800287-project-member] Using url versioning {{(pid=102912) process_request /opt/stack/glance/glance/api/middleware/version_negotiation.py:57}}
Jul 22 09:53:27.808497 np0000005636 devstack@g-api.service[102912]: DEBUG glance.api.middleware.version_negotiation [None req-773f64fe-06c5-4b4e-aa2c-f7335c5554f2 tempest-VolumesExtendTest-264800287 tempest-VolumesExtendTest-264800287-project-member] Matched version: v2 {{(pid=102912) process_request /opt/stack/glance/glance/api/middleware/version_negotiation.py:69}}
Jul 22 09:53:27.808497 np0000005636 devstack@g-api.service[102912]: DEBUG glance.api.middleware.version_negotiation [None req-773f64fe-06c5-4b4e-aa2c-f7335c5554f2 tempest-VolumesExtendTest-264800287 tempest-VolumesExtendTest-264800287-project-member] new path /v2/schemas/image {{(pid=102912) process_request /opt/stack/glance/glance/api/middleware/version_negotiation.py:70}}
Jul 22 09:53:27.811127 np0000005636 devstack@g-api.service[102914]: DEBUG swiftclient [None req-8563835f-b82e-4cae-9171-5adb3bc51cfa tempest-TestMinimumBasicScenario-700386833 tempest-TestMinimumBasicScenario-700386833-project-member] REQ: curl -i https://10.4.3.206:8080/v1/AUTH_2acc9795b1734bf3877be858cc0882bd/glance -I -H "X-Auth-Token: gAAAAABqYJMXxOxC..." {{(pid=102914) http_log /opt/stack/data/venv/lib/python3.12/site-packages/swiftclient/client.py:160}}
Jul 22 09:53:27.811285 np0000005636 devstack@g-api.service[102914]: DEBUG swiftclient [None req-8563835f-b82e-4cae-9171-5adb3bc51cfa tempest-TestMinimumBasicScenario-700386833 tempest-TestMinimumBasicScenario-700386833-project-member] RESP STATUS: 204 No Content {{(pid=102914) http_log /opt/stack/data/venv/lib/python3.12/site-packages/swiftclient/client.py:161}}
Jul 22 09:53:27.811435 np0000005636 devstack@g-api.service[102912]: [pid: 102912|app: 0|req: 41/171] 127.0.0.1 () {44 vars in 1055 bytes} [Wed Jul 22 09:53:27 2026] GET /v2/schemas/image => generated 6083 bytes in 4 msecs (HTTP/1.1 200) 4 headers in 158 bytes (1 switches on core 0)
Jul 22 09:53:27.811638 np0000005636 devstack@g-api.service[102914]: DEBUG swiftclient [None req-8563835f-b82e-4cae-9171-5adb3bc51cfa tempest-TestMinimumBasicScenario-700386833 tempest-TestMinimumBasicScenario-700386833-project-member] RESP HEADERS: {'Date': 'Wed, 22 Jul 2026 09:53:27 GMT', 'Server': 'Apache/2.4.58 (Ubuntu)', 'Content-Type': 'text/plain; charset=utf-8', 'X-Container-Object-Count': '4', 'X-Container-Bytes-Used': '64357376', 'X-Timestamp': '1784713752.99545', 'Last-Modified': 'Wed, 22 Jul 2026 09:49:13 GMT', 'Accept-Ranges': 'bytes', 'X-Storage-Policy': 'Policy-0', 'X-Container-Sharding': 'False', 'Vary': 'Accept', 'X-Trans-Id': 'tx8dc81af2e04c4aafb0653-006a609317', 'X-Openstack-Request-Id': 'tx8dc81af2e04c4aafb0653-006a609317', 'Connection': 'close'} {{(pid=102914) http_log /opt/stack/data/venv/lib/python3.12/site-packages/swiftclient/client.py:162}}
Jul 22 09:53:27.811828 np0000005636 devstack@g-api.service[102914]: DEBUG glance_store._drivers.swift.store [None req-8563835f-b82e-4cae-9171-5adb3bc51cfa tempest-TestMinimumBasicScenario-700386833 tempest-TestMinimumBasicScenario-700386833-project-member] Adding image object '55cc62d3-071f-4471-a030-de740612faf5' to Swift {{(pid=102914) add /opt/stack/data/venv/lib/python3.12/site-packages/glance_store/_drivers/swift/store.py:970}}
Jul 22 09:53:27.811941 np0000005636 devstack@g-api.service[102914]: DEBUG glance_store._drivers.swift.store [None req-8563835f-b82e-4cae-9171-5adb3bc51cfa tempest-TestMinimumBasicScenario-700386833 tempest-TestMinimumBasicScenario-700386833-project-member] Cannot determine image size because it is either not provided in the request or chunked-transfer encoding is used. Adding image as a segmented object to Swift. {{(pid=102914) add /opt/stack/data/venv/lib/python3.12/site-packages/glance_store/_drivers/swift/store.py:994}}
Jul 22 09:53:27.823129 np0000005636 devstack@g-api.service[102914]: DEBUG oslo_utils.imageutils.format_inspector [None req-8563835f-b82e-4cae-9171-5adb3bc51cfa tempest-TestMinimumBasicScenario-700386833 tempest-TestMinimumBasicScenario-700386833-project-member] Format inspector for vmdk does not match, excluding from consideration (Signature KDMV not found: b'QFI\xfb') {{(pid=102914) _process_chunk /opt/stack/data/venv/lib/python3.12/site-packages/oslo_utils/imageutils/format_inspector.py:1758}}
Jul 22 09:53:27.826604 np0000005636 devstack@g-api.service[102914]: DEBUG oslo_utils.imageutils.format_inspector [None req-8563835f-b82e-4cae-9171-5adb3bc51cfa tempest-TestMinimumBasicScenario-700386833 tempest-TestMinimumBasicScenario-700386833-project-member] Format inspector for vhdx does not match, excluding from consideration (Region signature not found at 30000) {{(pid=102914) _process_chunk /opt/stack/data/venv/lib/python3.12/site-packages/oslo_utils/imageutils/format_inspector.py:1758}}
Jul 22 09:53:27.827295 np0000005636 devstack@g-api.service[102915]: DEBUG glance.api.middleware.version_negotiation [None req-773f64fe-06c5-4b4e-aa2c-f7335c5554f2 service glance] Determining version of request: GET /v2/schemas/image Accept: */* {{(pid=102915) process_request /opt/stack/glance/glance/api/middleware/version_negotiation.py:44}}
Jul 22 09:53:27.827510 np0000005636 devstack@g-api.service[102915]: DEBUG glance.api.middleware.version_negotiation [None req-773f64fe-06c5-4b4e-aa2c-f7335c5554f2 service glance] Using url versioning {{(pid=102915) process_request /opt/stack/glance/glance/api/middleware/version_negotiation.py:57}}
Jul 22 09:53:27.827812 np0000005636 devstack@g-api.service[102915]: DEBUG glance.api.middleware.version_negotiation [None req-773f64fe-06c5-4b4e-aa2c-f7335c5554f2 service glance] Matched version: v2 {{(pid=102915) process_request /opt/stack/glance/glance/api/middleware/version_negotiation.py:69}}
Jul 22 09:53:27.827812 np0000005636 devstack@g-api.service[102915]: DEBUG glance.api.middleware.version_negotiation [None req-773f64fe-06c5-4b4e-aa2c-f7335c5554f2 service glance] new path /v2/schemas/image {{(pid=102915) process_request /opt/stack/glance/glance/api/middleware/version_negotiation.py:70}}
Jul 22 09:53:27.833539 np0000005636 devstack@g-api.service[102915]: [pid: 102915|app: 0|req: 45/172] 127.0.0.1 () {44 vars in 1055 bytes} [Wed Jul 22 09:53:27 2026] GET /v2/schemas/image => generated 6083 bytes in 4 msecs (HTTP/1.1 200) 4 headers in 158 bytes (1 switches on core 0)
Jul 22 09:53:28.100074 np0000005636 devstack@g-api.service[102914]: DEBUG swiftclient [None req-8563835f-b82e-4cae-9171-5adb3bc51cfa tempest-TestMinimumBasicScenario-700386833 tempest-TestMinimumBasicScenario-700386833-project-member] REQ: curl -i https://10.4.3.206:8080/v1/AUTH_2acc9795b1734bf3877be858cc0882bd/glance/55cc62d3-071f-4471-a030-de740612faf5-00001 -X PUT -H "X-Auth-Token: gAAAAABqYJMXxOxC..." {{(pid=102914) http_log /opt/stack/data/venv/lib/python3.12/site-packages/swiftclient/client.py:160}}
Jul 22 09:53:28.100074 np0000005636 devstack@g-api.service[102914]: DEBUG swiftclient [None req-8563835f-b82e-4cae-9171-5adb3bc51cfa tempest-TestMinimumBasicScenario-700386833 tempest-TestMinimumBasicScenario-700386833-project-member] RESP STATUS: 201 Created {{(pid=102914) http_log /opt/stack/data/venv/lib/python3.12/site-packages/swiftclient/client.py:161}}
Jul 22 09:53:28.100368 np0000005636 devstack@g-api.service[102914]: DEBUG swiftclient [None req-8563835f-b82e-4cae-9171-5adb3bc51cfa tempest-TestMinimumBasicScenario-700386833 tempest-TestMinimumBasicScenario-700386833-project-member] RESP HEADERS: {'Date': 'Wed, 22 Jul 2026 09:53:28 GMT', 'Server': 'Apache/2.4.58 (Ubuntu)', 'Content-Type': 'text/html; charset=UTF-8', 'Content-Length': '0', 'Etag': '87617e24a5e30cb3b87fda8c0764838f', 'Last-Modified': 'Wed, 22 Jul 2026 09:53:28 GMT', 'X-Trans-Id': 'tx47f4b7a4147845c4b5cdc-006a609317', 'X-Openstack-Request-Id': 'tx47f4b7a4147845c4b5cdc-006a609317', 'Connection': 'close'} {{(pid=102914) http_log /opt/stack/data/venv/lib/python3.12/site-packages/swiftclient/client.py:162}}
Jul 22 09:53:28.100368 np0000005636 devstack@g-api.service[102914]: DEBUG glance_store._drivers.swift.store [None req-8563835f-b82e-4cae-9171-5adb3bc51cfa tempest-TestMinimumBasicScenario-700386833 tempest-TestMinimumBasicScenario-700386833-project-member] Wrote chunk 55cc62d3-071f-4471-a030-de740612faf5-00001 (1/?) of length 21692416 to Swift returning MD5 of content: 87617e24a5e30cb3b87fda8c0764838f {{(pid=102914) add /opt/stack/data/venv/lib/python3.12/site-packages/glance_store/_drivers/swift/store.py:1059}}
Jul 22 09:53:28.100730 np0000005636 devstack@g-api.service[102914]: DEBUG glance_store._drivers.swift.store [None req-8563835f-b82e-4cae-9171-5adb3bc51cfa tempest-TestMinimumBasicScenario-700386833 tempest-TestMinimumBasicScenario-700386833-project-member] Not writing zero-length chunk. {{(pid=102914) add /opt/stack/data/venv/lib/python3.12/site-packages/glance_store/_drivers/swift/store.py:1028}}
Jul 22 09:53:28.141234 np0000005636 devstack@g-api.service[102914]: DEBUG swiftclient [None req-8563835f-b82e-4cae-9171-5adb3bc51cfa tempest-TestMinimumBasicScenario-700386833 tempest-TestMinimumBasicScenario-700386833-project-member] REQ: curl -i https://10.4.3.206:8080/v1/AUTH_2acc9795b1734bf3877be858cc0882bd/glance/55cc62d3-071f-4471-a030-de740612faf5 -X PUT -H "X-Object-Manifest: glance/55cc62d3-071f-4471-a030-de740612faf5-" -H "X-Auth-Token: gAAAAABqYJMXxOxC..." -H "Content-Length: 0" {{(pid=102914) http_log /opt/stack/data/venv/lib/python3.12/site-packages/swiftclient/client.py:160}}
Jul 22 09:53:28.141391 np0000005636 devstack@g-api.service[102914]: DEBUG swiftclient [None req-8563835f-b82e-4cae-9171-5adb3bc51cfa tempest-TestMinimumBasicScenario-700386833 tempest-TestMinimumBasicScenario-700386833-project-member] RESP STATUS: 201 Created {{(pid=102914) http_log /opt/stack/data/venv/lib/python3.12/site-packages/swiftclient/client.py:161}}
Jul 22 09:53:28.141724 np0000005636 devstack@g-api.service[102914]: DEBUG swiftclient [None req-8563835f-b82e-4cae-9171-5adb3bc51cfa tempest-TestMinimumBasicScenario-700386833 tempest-TestMinimumBasicScenario-700386833-project-member] RESP HEADERS: {'Date': 'Wed, 22 Jul 2026 09:53:28 GMT', 'Server': 'Apache/2.4.58 (Ubuntu)', 'Content-Type': 'text/html; charset=UTF-8', 'Content-Length': '0', 'Etag': 'd41d8cd98f00b204e9800998ecf8427e', 'Last-Modified': 'Wed, 22 Jul 2026 09:53:29 GMT', 'X-Trans-Id': 'tx0f37327e63eb4fd39cadd-006a609318', 'X-Openstack-Request-Id': 'tx0f37327e63eb4fd39cadd-006a609318', 'Connection': 'close'} {{(pid=102914) http_log /opt/stack/data/venv/lib/python3.12/site-packages/swiftclient/client.py:162}}
Jul 22 09:53:28.142422 np0000005636 devstack@g-api.service[102914]: INFO glance.location [None req-8563835f-b82e-4cae-9171-5adb3bc51cfa tempest-TestMinimumBasicScenario-700386833 tempest-TestMinimumBasicScenario-700386833-project-member] Image format matched and virtual size computed: 117440512
Jul 22 09:53:28.195869 np0000005636 devstack@g-api.service[102914]: DEBUG glance_store.backend [None req-8563835f-b82e-4cae-9171-5adb3bc51cfa tempest-TestMinimumBasicScenario-700386833 tempest-TestMinimumBasicScenario-700386833-project-member] Attempting to import store swift {{(pid=102914) _load_store /opt/stack/data/venv/lib/python3.12/site-packages/glance_store/backend.py:215}}
Jul 22 09:53:28.197635 np0000005636 devstack@g-api.service[102914]: DEBUG glance_store.capabilities [None req-8563835f-b82e-4cae-9171-5adb3bc51cfa tempest-TestMinimumBasicScenario-700386833 tempest-TestMinimumBasicScenario-700386833-project-member] Store glance_store._drivers.swift.store.SingleTenantStore doesn't support updating dynamic storage capabilities. Please overwrite 'update_capabilities' method of the store to implement updating logics if needed. {{(pid=102914) update_capabilities /opt/stack/data/venv/lib/python3.12/site-packages/glance_store/capabilities.py:91}}
Jul 22 09:53:28.197782 np0000005636 devstack@g-api.service[102914]: DEBUG glance_store.driver [None req-8563835f-b82e-4cae-9171-5adb3bc51cfa tempest-TestMinimumBasicScenario-700386833 tempest-TestMinimumBasicScenario-700386833-project-member] Late loading location class glance_store._drivers.swift.store.StoreLocation {{(pid=102914) get_store_location_class /opt/stack/data/venv/lib/python3.12/site-packages/glance_store/driver.py:134}}
Jul 22 09:53:28.197899 np0000005636 devstack@g-api.service[102914]: DEBUG glance_store.location [None req-8563835f-b82e-4cae-9171-5adb3bc51cfa tempest-TestMinimumBasicScenario-700386833 tempest-TestMinimumBasicScenario-700386833-project-member] Registering scheme swift+https with {'store': , 'location_class': , 'store_entry': 'swift'} {{(pid=102914) register_scheme_map /opt/stack/data/venv/lib/python3.12/site-packages/glance_store/location.py:146}}
Jul 22 09:53:28.198072 np0000005636 devstack@g-api.service[102914]: DEBUG glance_store.location [None req-8563835f-b82e-4cae-9171-5adb3bc51cfa tempest-TestMinimumBasicScenario-700386833 tempest-TestMinimumBasicScenario-700386833-project-member] Registering scheme swift+https with {'store': , 'location_class': , 'store_entry': 'swift'} {{(pid=102914) register_scheme_map /opt/stack/data/venv/lib/python3.12/site-packages/glance_store/location.py:146}}
Jul 22 09:53:28.198193 np0000005636 devstack@g-api.service[102914]: DEBUG glance_store.location [None req-8563835f-b82e-4cae-9171-5adb3bc51cfa tempest-TestMinimumBasicScenario-700386833 tempest-TestMinimumBasicScenario-700386833-project-member] Registering scheme swift with {'store': , 'location_class': , 'store_entry': 'swift'} {{(pid=102914) register_scheme_map /opt/stack/data/venv/lib/python3.12/site-packages/glance_store/location.py:146}}
Jul 22 09:53:28.198401 np0000005636 devstack@g-api.service[102914]: DEBUG glance_store.location [None req-8563835f-b82e-4cae-9171-5adb3bc51cfa tempest-TestMinimumBasicScenario-700386833 tempest-TestMinimumBasicScenario-700386833-project-member] Registering scheme swift+https with {'store': , 'location_class': , 'store_entry': 'swift'} {{(pid=102914) register_scheme_map /opt/stack/data/venv/lib/python3.12/site-packages/glance_store/location.py:146}}
Jul 22 09:53:28.198401 np0000005636 devstack@g-api.service[102914]: DEBUG glance_store.location [None req-8563835f-b82e-4cae-9171-5adb3bc51cfa tempest-TestMinimumBasicScenario-700386833 tempest-TestMinimumBasicScenario-700386833-project-member] Registering scheme swift with {'store': , 'location_class': , 'store_entry': 'swift'} {{(pid=102914) register_scheme_map /opt/stack/data/venv/lib/python3.12/site-packages/glance_store/location.py:146}}
Jul 22 09:53:28.198502 np0000005636 devstack@g-api.service[102914]: DEBUG glance_store.location [None req-8563835f-b82e-4cae-9171-5adb3bc51cfa tempest-TestMinimumBasicScenario-700386833 tempest-TestMinimumBasicScenario-700386833-project-member] Registering scheme swift+http with {'store': , 'location_class': , 'store_entry': 'swift'} {{(pid=102914) register_scheme_map /opt/stack/data/venv/lib/python3.12/site-packages/glance_store/location.py:146}}
Jul 22 09:53:28.198562 np0000005636 devstack@g-api.service[102914]: DEBUG glance_store.location [None req-8563835f-b82e-4cae-9171-5adb3bc51cfa tempest-TestMinimumBasicScenario-700386833 tempest-TestMinimumBasicScenario-700386833-project-member] Registering scheme swift+https with {'store': , 'location_class': , 'store_entry': 'swift'} {{(pid=102914) register_scheme_map /opt/stack/data/venv/lib/python3.12/site-packages/glance_store/location.py:146}}
Jul 22 09:53:28.198737 np0000005636 devstack@g-api.service[102914]: DEBUG glance_store.location [None req-8563835f-b82e-4cae-9171-5adb3bc51cfa tempest-TestMinimumBasicScenario-700386833 tempest-TestMinimumBasicScenario-700386833-project-member] Registering scheme swift with {'store': , 'location_class': , 'store_entry': 'swift'} {{(pid=102914) register_scheme_map /opt/stack/data/venv/lib/python3.12/site-packages/glance_store/location.py:146}}
Jul 22 09:53:28.198821 np0000005636 devstack@g-api.service[102914]: DEBUG glance_store.location [None req-8563835f-b82e-4cae-9171-5adb3bc51cfa tempest-TestMinimumBasicScenario-700386833 tempest-TestMinimumBasicScenario-700386833-project-member] Registering scheme swift+http with {'store': , 'location_class': , 'store_entry': 'swift'} {{(pid=102914) register_scheme_map /opt/stack/data/venv/lib/python3.12/site-packages/glance_store/location.py:146}}
Jul 22 09:53:28.198871 np0000005636 devstack@g-api.service[102914]: DEBUG glance_store.location [None req-8563835f-b82e-4cae-9171-5adb3bc51cfa tempest-TestMinimumBasicScenario-700386833 tempest-TestMinimumBasicScenario-700386833-project-member] Registering scheme swift+config with {'store': , 'location_class': , 'store_entry': 'swift'} {{(pid=102914) register_scheme_map /opt/stack/data/venv/lib/python3.12/site-packages/glance_store/location.py:146}}
Jul 22 09:53:28.199072 np0000005636 devstack@g-api.service[102914]: DEBUG glance_store.backend [None req-8563835f-b82e-4cae-9171-5adb3bc51cfa tempest-TestMinimumBasicScenario-700386833 tempest-TestMinimumBasicScenario-700386833-project-member] Skipping store.set_acls... not implemented. {{(pid=102914) set_acls /opt/stack/data/venv/lib/python3.12/site-packages/glance_store/backend.py:507}}
Jul 22 09:53:28.201809 np0000005636 devstack@g-api.service[102914]: [pid: 102914|app: 0|req: 40/173] 127.0.0.1 () {40 vars in 858 bytes} [Wed Jul 22 09:53:25 2026] PUT /v2/images/55cc62d3-071f-4471-a030-de740612faf5/file => generated 0 bytes in 2319 msecs (HTTP/1.1 204) 4 headers in 171 bytes (1 switches on core 0)
Jul 22 09:53:28.545042 np0000005636 devstack@g-api.service[102913]: DEBUG glance.api.middleware.version_negotiation [None req-773f64fe-06c5-4b4e-aa2c-f7335c5554f2 tempest-VolumesExtendTest-264800287 tempest-VolumesExtendTest-264800287-project-member] Determining version of request: GET /v2/images/55cc62d3-071f-4471-a030-de740612faf5 Accept: */* {{(pid=102913) process_request /opt/stack/glance/glance/api/middleware/version_negotiation.py:44}}
Jul 22 09:53:28.545399 np0000005636 devstack@g-api.service[102913]: DEBUG glance.api.middleware.version_negotiation [None req-773f64fe-06c5-4b4e-aa2c-f7335c5554f2 tempest-VolumesExtendTest-264800287 tempest-VolumesExtendTest-264800287-project-member] Using url versioning {{(pid=102913) process_request /opt/stack/glance/glance/api/middleware/version_negotiation.py:57}}
Jul 22 09:53:28.545574 np0000005636 devstack@g-api.service[102913]: DEBUG glance.api.middleware.version_negotiation [None req-773f64fe-06c5-4b4e-aa2c-f7335c5554f2 tempest-VolumesExtendTest-264800287 tempest-VolumesExtendTest-264800287-project-member] Matched version: v2 {{(pid=102913) process_request /opt/stack/glance/glance/api/middleware/version_negotiation.py:69}}
Jul 22 09:53:28.545620 np0000005636 devstack@g-api.service[102913]: DEBUG glance.api.middleware.version_negotiation [None req-773f64fe-06c5-4b4e-aa2c-f7335c5554f2 tempest-VolumesExtendTest-264800287 tempest-VolumesExtendTest-264800287-project-member] new path /v2/images/55cc62d3-071f-4471-a030-de740612faf5 {{(pid=102913) process_request /opt/stack/glance/glance/api/middleware/version_negotiation.py:70}}
Jul 22 09:53:28.565098 np0000005636 devstack@g-api.service[102913]: [pid: 102913|app: 0|req: 48/174] 127.0.0.1 () {44 vars in 1115 bytes} [Wed Jul 22 09:53:28 2026] GET /v2/images/55cc62d3-071f-4471-a030-de740612faf5 => generated 808 bytes in 20 msecs (HTTP/1.1 200) 4 headers in 157 bytes (1 switches on core 0)
