Jul 22 09:48:47.490866 np0000005636 nova-conductor[98942]: DEBUG cotyledon.oslo_config_glue [-] workarounds.disable_deep_image_inspection = False {{(pid=98942) log_opt_values /opt/stack/data/venv/lib/python3.12/site-packages/oslo_config/cfg.py:3253}}
Jul 22 09:48:47.490866 np0000005636 nova-conductor[98942]: DEBUG cotyledon.oslo_config_glue [-] workarounds.disable_fallback_pcpu_query = False {{(pid=98942) log_opt_values /opt/stack/data/venv/lib/python3.12/site-packages/oslo_config/cfg.py:3253}}
Jul 22 09:48:47.490866 np0000005636 nova-conductor[98942]: DEBUG cotyledon.oslo_config_glue [-] workarounds.disable_group_policy_check_upcall = False {{(pid=98942) log_opt_values /opt/stack/data/venv/lib/python3.12/site-packages/oslo_config/cfg.py:3253}}
Jul 22 09:48:47.490866 np0000005636 nova-conductor[98942]: DEBUG cotyledon.oslo_config_glue [-] workarounds.disable_libvirt_livesnapshot = False {{(pid=98942) log_opt_values /opt/stack/data/venv/lib/python3.12/site-packages/oslo_config/cfg.py:3253}}
Jul 22 09:48:47.490866 np0000005636 nova-conductor[98942]: DEBUG cotyledon.oslo_config_glue [-] workarounds.disable_rootwrap = False {{(pid=98942) log_opt_values /opt/stack/data/venv/lib/python3.12/site-packages/oslo_config/cfg.py:3253}}
Jul 22 09:48:47.491101 np0000005636 nova-conductor[98942]: DEBUG cotyledon.oslo_config_glue [-] workarounds.enable_numa_live_migration = False {{(pid=98942) log_opt_values /opt/stack/data/venv/lib/python3.12/site-packages/oslo_config/cfg.py:3253}}
Jul 22 09:48:47.491101 np0000005636 nova-conductor[98942]: DEBUG cotyledon.oslo_config_glue [-] workarounds.enable_qemu_monitor_announce_self = False {{(pid=98942) log_opt_values /opt/stack/data/venv/lib/python3.12/site-packages/oslo_config/cfg.py:3253}}
Jul 22 09:48:47.491101 np0000005636 nova-conductor[98942]: DEBUG cotyledon.oslo_config_glue [-] workarounds.ensure_libvirt_rbd_instance_dir_cleanup = False {{(pid=98942) log_opt_values /opt/stack/data/venv/lib/python3.12/site-packages/oslo_config/cfg.py:3253}}
Jul 22 09:48:47.491101 np0000005636 nova-conductor[98942]: DEBUG cotyledon.oslo_config_glue [-] workarounds.handle_virt_lifecycle_events = True {{(pid=98942) log_opt_values /opt/stack/data/venv/lib/python3.12/site-packages/oslo_config/cfg.py:3253}}
Jul 22 09:48:47.491101 np0000005636 nova-conductor[98942]: DEBUG cotyledon.oslo_config_glue [-] workarounds.libvirt_disable_apic = False {{(pid=98942) log_opt_values /opt/stack/data/venv/lib/python3.12/site-packages/oslo_config/cfg.py:3253}}
Jul 22 09:48:47.491101 np0000005636 nova-conductor[98942]: DEBUG cotyledon.oslo_config_glue [-] workarounds.never_download_image_if_on_rbd = False {{(pid=98942) log_opt_values /opt/stack/data/venv/lib/python3.12/site-packages/oslo_config/cfg.py:3253}}
Jul 22 09:48:47.491101 np0000005636 nova-conductor[98942]: DEBUG cotyledon.oslo_config_glue [-] workarounds.qemu_monitor_announce_self_count = 3 {{(pid=98942) log_opt_values /opt/stack/data/venv/lib/python3.12/site-packages/oslo_config/cfg.py:3253}}
Jul 22 09:48:47.491101 np0000005636 nova-conductor[98942]: DEBUG cotyledon.oslo_config_glue [-] workarounds.qemu_monitor_announce_self_interval = 1 {{(pid=98942) log_opt_values /opt/stack/data/venv/lib/python3.12/site-packages/oslo_config/cfg.py:3253}}
Jul 22 09:48:47.491101 np0000005636 nova-conductor[98942]: DEBUG cotyledon.oslo_config_glue [-] workarounds.reserve_disk_resource_for_image_cache = False {{(pid=98942) log_opt_values /opt/stack/data/venv/lib/python3.12/site-packages/oslo_config/cfg.py:3253}}
Jul 22 09:48:47.491279 np0000005636 nova-conductor[98942]: DEBUG cotyledon.oslo_config_glue [-] workarounds.skip_cpu_compare_at_startup = False {{(pid=98942) log_opt_values /opt/stack/data/venv/lib/python3.12/site-packages/oslo_config/cfg.py:3253}}
Jul 22 09:48:47.491279 np0000005636 nova-conductor[98942]: DEBUG cotyledon.oslo_config_glue [-] workarounds.skip_cpu_compare_on_dest = False {{(pid=98942) log_opt_values /opt/stack/data/venv/lib/python3.12/site-packages/oslo_config/cfg.py:3253}}
Jul 22 09:48:47.491279 np0000005636 nova-conductor[98942]: DEBUG cotyledon.oslo_config_glue [-] workarounds.skip_hypervisor_version_check_on_lm = False {{(pid=98942) log_opt_values /opt/stack/data/venv/lib/python3.12/site-packages/oslo_config/cfg.py:3253}}
Jul 22 09:48:47.491279 np0000005636 nova-conductor[98942]: DEBUG cotyledon.oslo_config_glue [-] workarounds.skip_reserve_in_use_ironic_nodes = False {{(pid=98942) log_opt_values /opt/stack/data/venv/lib/python3.12/site-packages/oslo_config/cfg.py:3253}}
Jul 22 09:48:47.491279 np0000005636 nova-conductor[98942]: DEBUG cotyledon.oslo_config_glue [-] workarounds.unified_limits_count_pcpu_as_vcpu = False {{(pid=98942) log_opt_values /opt/stack/data/venv/lib/python3.12/site-packages/oslo_config/cfg.py:3253}}
Jul 22 09:48:47.491279 np0000005636 nova-conductor[98942]: DEBUG cotyledon.oslo_config_glue [-] workarounds.wait_for_vif_plugged_event_during_hard_reboot = [] {{(pid=98942) log_opt_values /opt/stack/data/venv/lib/python3.12/site-packages/oslo_config/cfg.py:3253}}
Jul 22 09:48:47.491279 np0000005636 nova-conductor[98942]: DEBUG cotyledon.oslo_config_glue [-] wsgi.api_paste_config = /etc/nova/api-paste.ini {{(pid=98942) log_opt_values /opt/stack/data/venv/lib/python3.12/site-packages/oslo_config/cfg.py:3253}}
Jul 22 09:48:47.491279 np0000005636 nova-conductor[98942]: DEBUG cotyledon.oslo_config_glue [-] wsgi.secure_proxy_ssl_header = None {{(pid=98942) log_opt_values /opt/stack/data/venv/lib/python3.12/site-packages/oslo_config/cfg.py:3253}}
Jul 22 09:48:47.491279 np0000005636 nova-conductor[98942]: DEBUG cotyledon.oslo_config_glue [-] zvm.ca_file = None {{(pid=98942) log_opt_values /opt/stack/data/venv/lib/python3.12/site-packages/oslo_config/cfg.py:3253}}
Jul 22 09:48:47.491440 np0000005636 nova-conductor[98942]: DEBUG cotyledon.oslo_config_glue [-] zvm.cloud_connector_url = None {{(pid=98942) log_opt_values /opt/stack/data/venv/lib/python3.12/site-packages/oslo_config/cfg.py:3253}}
Jul 22 09:48:47.491440 np0000005636 nova-conductor[98942]: DEBUG cotyledon.oslo_config_glue [-] zvm.image_tmp_path = /opt/stack/data/nova/images {{(pid=98942) log_opt_values /opt/stack/data/venv/lib/python3.12/site-packages/oslo_config/cfg.py:3253}}
Jul 22 09:48:47.491440 np0000005636 nova-conductor[98942]: DEBUG cotyledon.oslo_config_glue [-] zvm.reachable_timeout = 300 {{(pid=98942) log_opt_values /opt/stack/data/venv/lib/python3.12/site-packages/oslo_config/cfg.py:3253}}
Jul 22 09:48:47.491440 np0000005636 nova-conductor[98942]: DEBUG cotyledon.oslo_config_glue [-] oslo_versionedobjects.fatal_exception_format_errors = False {{(pid=98942) log_opt_values /opt/stack/data/venv/lib/python3.12/site-packages/oslo_config/cfg.py:3253}}
Jul 22 09:48:47.491440 np0000005636 nova-conductor[98942]: DEBUG cotyledon.oslo_config_glue [-] oslo_middleware.http_basic_auth_user_file = /etc/htpasswd {{(pid=98942) log_opt_values /opt/stack/data/venv/lib/python3.12/site-packages/oslo_config/cfg.py:3253}}
Jul 22 09:48:47.491440 np0000005636 nova-conductor[98942]: DEBUG cotyledon.oslo_config_glue [-] profiler.connection_string = messaging:// {{(pid=98942) log_opt_values /opt/stack/data/venv/lib/python3.12/site-packages/oslo_config/cfg.py:3253}}
Jul 22 09:48:47.491440 np0000005636 nova-conductor[98942]: DEBUG cotyledon.oslo_config_glue [-] profiler.enabled = False {{(pid=98942) log_opt_values /opt/stack/data/venv/lib/python3.12/site-packages/oslo_config/cfg.py:3253}}
Jul 22 09:48:47.491440 np0000005636 nova-conductor[98942]: DEBUG cotyledon.oslo_config_glue [-] profiler.es_doc_type = notification {{(pid=98942) log_opt_values /opt/stack/data/venv/lib/python3.12/site-packages/oslo_config/cfg.py:3253}}
Jul 22 09:48:47.491440 np0000005636 nova-conductor[98942]: DEBUG cotyledon.oslo_config_glue [-] profiler.es_scroll_size = 10000 {{(pid=98942) log_opt_values /opt/stack/data/venv/lib/python3.12/site-packages/oslo_config/cfg.py:3253}}
Jul 22 09:48:47.491608 np0000005636 nova-conductor[98942]: DEBUG cotyledon.oslo_config_glue [-] profiler.es_scroll_time = 2m {{(pid=98942) log_opt_values /opt/stack/data/venv/lib/python3.12/site-packages/oslo_config/cfg.py:3253}}
Jul 22 09:48:47.491608 np0000005636 nova-conductor[98942]: DEBUG cotyledon.oslo_config_glue [-] profiler.filter_error_trace = False {{(pid=98942) log_opt_values /opt/stack/data/venv/lib/python3.12/site-packages/oslo_config/cfg.py:3253}}
Jul 22 09:48:47.491608 np0000005636 nova-conductor[98942]: DEBUG cotyledon.oslo_config_glue [-] profiler.hmac_keys = **** {{(pid=98942) log_opt_values /opt/stack/data/venv/lib/python3.12/site-packages/oslo_config/cfg.py:3253}}
Jul 22 09:48:47.491608 np0000005636 nova-conductor[98942]: DEBUG cotyledon.oslo_config_glue [-] profiler.sentinel_service_name = mymaster {{(pid=98942) log_opt_values /opt/stack/data/venv/lib/python3.12/site-packages/oslo_config/cfg.py:3253}}
Jul 22 09:48:47.491608 np0000005636 nova-conductor[98942]: DEBUG cotyledon.oslo_config_glue [-] profiler.socket_timeout = 0.1 {{(pid=98942) log_opt_values /opt/stack/data/venv/lib/python3.12/site-packages/oslo_config/cfg.py:3253}}
Jul 22 09:48:47.491608 np0000005636 nova-conductor[98942]: DEBUG cotyledon.oslo_config_glue [-] profiler.trace_requests = False {{(pid=98942) log_opt_values /opt/stack/data/venv/lib/python3.12/site-packages/oslo_config/cfg.py:3253}}
Jul 22 09:48:47.491608 np0000005636 nova-conductor[98942]: DEBUG cotyledon.oslo_config_glue [-] profiler.trace_sqlalchemy = False {{(pid=98942) log_opt_values /opt/stack/data/venv/lib/python3.12/site-packages/oslo_config/cfg.py:3253}}
Jul 22 09:48:47.491608 np0000005636 nova-conductor[98942]: DEBUG cotyledon.oslo_config_glue [-] profiler_jaeger.process_tags = {} {{(pid=98942) log_opt_values /opt/stack/data/venv/lib/python3.12/site-packages/oslo_config/cfg.py:3253}}
Jul 22 09:48:47.491608 np0000005636 nova-conductor[98942]: DEBUG cotyledon.oslo_config_glue [-] profiler_jaeger.service_name_prefix = None {{(pid=98942) log_opt_values /opt/stack/data/venv/lib/python3.12/site-packages/oslo_config/cfg.py:3253}}
Jul 22 09:48:47.491780 np0000005636 nova-conductor[98942]: DEBUG cotyledon.oslo_config_glue [-] profiler_otlp.service_name_prefix = None {{(pid=98942) log_opt_values /opt/stack/data/venv/lib/python3.12/site-packages/oslo_config/cfg.py:3253}}
Jul 22 09:48:47.491780 np0000005636 nova-conductor[98942]: DEBUG cotyledon.oslo_config_glue [-] oslo_messaging_rabbit.amqp_auto_delete = False {{(pid=98942) log_opt_values /opt/stack/data/venv/lib/python3.12/site-packages/oslo_config/cfg.py:3253}}
Jul 22 09:48:47.491780 np0000005636 nova-conductor[98942]: DEBUG cotyledon.oslo_config_glue [-] oslo_messaging_rabbit.amqp_durable_queues = False {{(pid=98942) log_opt_values /opt/stack/data/venv/lib/python3.12/site-packages/oslo_config/cfg.py:3253}}
Jul 22 09:48:47.491780 np0000005636 nova-conductor[98942]: DEBUG cotyledon.oslo_config_glue [-] oslo_messaging_rabbit.conn_pool_min_size = 2 {{(pid=98942) log_opt_values /opt/stack/data/venv/lib/python3.12/site-packages/oslo_config/cfg.py:3253}}
Jul 22 09:48:47.491780 np0000005636 nova-conductor[98942]: DEBUG cotyledon.oslo_config_glue [-] oslo_messaging_rabbit.conn_pool_ttl = 1200 {{(pid=98942) log_opt_values /opt/stack/data/venv/lib/python3.12/site-packages/oslo_config/cfg.py:3253}}
Jul 22 09:48:47.491780 np0000005636 nova-conductor[98942]: DEBUG cotyledon.oslo_config_glue [-] oslo_messaging_rabbit.direct_mandatory_flag = True {{(pid=98942) log_opt_values /opt/stack/data/venv/lib/python3.12/site-packages/oslo_config/cfg.py:3253}}
Jul 22 09:48:47.491780 np0000005636 nova-conductor[98942]: DEBUG cotyledon.oslo_config_glue [-] oslo_messaging_rabbit.enable_cancel_on_failover = False {{(pid=98942) log_opt_values /opt/stack/data/venv/lib/python3.12/site-packages/oslo_config/cfg.py:3253}}
Jul 22 09:48:47.491780 np0000005636 nova-conductor[98942]: DEBUG cotyledon.oslo_config_glue [-] oslo_messaging_rabbit.heartbeat_rate = 3 {{(pid=98942) log_opt_values /opt/stack/data/venv/lib/python3.12/site-packages/oslo_config/cfg.py:3253}}
Jul 22 09:48:47.491780 np0000005636 nova-conductor[98942]: DEBUG cotyledon.oslo_config_glue [-] oslo_messaging_rabbit.heartbeat_timeout_threshold = 60 {{(pid=98942) log_opt_values /opt/stack/data/venv/lib/python3.12/site-packages/oslo_config/cfg.py:3253}}
Jul 22 09:48:47.491970 np0000005636 nova-conductor[98942]: DEBUG cotyledon.oslo_config_glue [-] oslo_messaging_rabbit.hostname = np0000005636 {{(pid=98942) log_opt_values /opt/stack/data/venv/lib/python3.12/site-packages/oslo_config/cfg.py:3253}}
Jul 22 09:48:47.491970 np0000005636 nova-conductor[98942]: DEBUG cotyledon.oslo_config_glue [-] oslo_messaging_rabbit.kombu_compression = None {{(pid=98942) log_opt_values /opt/stack/data/venv/lib/python3.12/site-packages/oslo_config/cfg.py:3253}}
Jul 22 09:48:47.491970 np0000005636 nova-conductor[98942]: DEBUG cotyledon.oslo_config_glue [-] oslo_messaging_rabbit.kombu_failover_strategy = round-robin {{(pid=98942) log_opt_values /opt/stack/data/venv/lib/python3.12/site-packages/oslo_config/cfg.py:3253}}
Jul 22 09:48:47.491970 np0000005636 nova-conductor[98942]: DEBUG cotyledon.oslo_config_glue [-] oslo_messaging_rabbit.kombu_missing_consumer_retry_timeout = 60 {{(pid=98942) log_opt_values /opt/stack/data/venv/lib/python3.12/site-packages/oslo_config/cfg.py:3253}}
Jul 22 09:48:47.491970 np0000005636 nova-conductor[98942]: DEBUG cotyledon.oslo_config_glue [-] oslo_messaging_rabbit.kombu_reconnect_delay = 1.0 {{(pid=98942) log_opt_values /opt/stack/data/venv/lib/python3.12/site-packages/oslo_config/cfg.py:3253}}
Jul 22 09:48:47.491970 np0000005636 nova-conductor[98942]: DEBUG cotyledon.oslo_config_glue [-] oslo_messaging_rabbit.kombu_reconnect_splay = 0.0 {{(pid=98942) log_opt_values /opt/stack/data/venv/lib/python3.12/site-packages/oslo_config/cfg.py:3253}}
Jul 22 09:48:47.491970 np0000005636 nova-conductor[98942]: DEBUG cotyledon.oslo_config_glue [-] oslo_messaging_rabbit.processname = nova-conductor {{(pid=98942) log_opt_values /opt/stack/data/venv/lib/python3.12/site-packages/oslo_config/cfg.py:3253}}
Jul 22 09:48:47.491970 np0000005636 nova-conductor[98942]: DEBUG cotyledon.oslo_config_glue [-] oslo_messaging_rabbit.rabbit_ha_queues = False {{(pid=98942) log_opt_values /opt/stack/data/venv/lib/python3.12/site-packages/oslo_config/cfg.py:3253}}
Jul 22 09:48:47.491970 np0000005636 nova-conductor[98942]: DEBUG cotyledon.oslo_config_glue [-] oslo_messaging_rabbit.rabbit_interval_max = 30 {{(pid=98942) log_opt_values /opt/stack/data/venv/lib/python3.12/site-packages/oslo_config/cfg.py:3253}}
Jul 22 09:48:47.492185 np0000005636 nova-conductor[98942]: DEBUG cotyledon.oslo_config_glue [-] oslo_messaging_rabbit.rabbit_login_method = AMQPLAIN {{(pid=98942) log_opt_values /opt/stack/data/venv/lib/python3.12/site-packages/oslo_config/cfg.py:3253}}
Jul 22 09:48:47.492185 np0000005636 nova-conductor[98942]: DEBUG cotyledon.oslo_config_glue [-] oslo_messaging_rabbit.rabbit_qos_prefetch_count = 0 {{(pid=98942) log_opt_values /opt/stack/data/venv/lib/python3.12/site-packages/oslo_config/cfg.py:3253}}
Jul 22 09:48:47.492185 np0000005636 nova-conductor[98942]: DEBUG cotyledon.oslo_config_glue [-] oslo_messaging_rabbit.rabbit_quorum_delivery_limit = 0 {{(pid=98942) log_opt_values /opt/stack/data/venv/lib/python3.12/site-packages/oslo_config/cfg.py:3253}}
Jul 22 09:48:47.492185 np0000005636 nova-conductor[98942]: DEBUG cotyledon.oslo_config_glue [-] oslo_messaging_rabbit.rabbit_quorum_max_memory_bytes = 0 {{(pid=98942) log_opt_values /opt/stack/data/venv/lib/python3.12/site-packages/oslo_config/cfg.py:3253}}
Jul 22 09:48:47.492185 np0000005636 nova-conductor[98942]: DEBUG cotyledon.oslo_config_glue [-] oslo_messaging_rabbit.rabbit_quorum_max_memory_length = 0 {{(pid=98942) log_opt_values /opt/stack/data/venv/lib/python3.12/site-packages/oslo_config/cfg.py:3253}}
Jul 22 09:48:47.492185 np0000005636 nova-conductor[98942]: DEBUG cotyledon.oslo_config_glue [-] oslo_messaging_rabbit.rabbit_quorum_queue = False {{(pid=98942) log_opt_values /opt/stack/data/venv/lib/python3.12/site-packages/oslo_config/cfg.py:3253}}
Jul 22 09:48:47.492185 np0000005636 nova-conductor[98942]: DEBUG cotyledon.oslo_config_glue [-] oslo_messaging_rabbit.rabbit_retry_backoff = 2 {{(pid=98942) log_opt_values /opt/stack/data/venv/lib/python3.12/site-packages/oslo_config/cfg.py:3253}}
Jul 22 09:48:47.492185 np0000005636 nova-conductor[98942]: DEBUG cotyledon.oslo_config_glue [-] oslo_messaging_rabbit.rabbit_retry_interval = 1 {{(pid=98942) log_opt_values /opt/stack/data/venv/lib/python3.12/site-packages/oslo_config/cfg.py:3253}}
Jul 22 09:48:47.492185 np0000005636 nova-conductor[98942]: DEBUG cotyledon.oslo_config_glue [-] oslo_messaging_rabbit.rabbit_stream_fanout = False {{(pid=98942) log_opt_values /opt/stack/data/venv/lib/python3.12/site-packages/oslo_config/cfg.py:3253}}
Jul 22 09:48:47.492754 np0000005636 nova-conductor[98942]: DEBUG cotyledon.oslo_config_glue [-] oslo_messaging_rabbit.rabbit_transient_queues_ttl = 1800 {{(pid=98942) log_opt_values /opt/stack/data/venv/lib/python3.12/site-packages/oslo_config/cfg.py:3253}}
Jul 22 09:48:47.492754 np0000005636 nova-conductor[98942]: DEBUG cotyledon.oslo_config_glue [-] oslo_messaging_rabbit.rabbit_transient_quorum_queue = False {{(pid=98942) log_opt_values /opt/stack/data/venv/lib/python3.12/site-packages/oslo_config/cfg.py:3253}}
Jul 22 09:48:47.492754 np0000005636 nova-conductor[98942]: DEBUG cotyledon.oslo_config_glue [-] oslo_messaging_rabbit.rpc_conn_pool_size = 30 {{(pid=98942) log_opt_values /opt/stack/data/venv/lib/python3.12/site-packages/oslo_config/cfg.py:3253}}
Jul 22 09:48:47.492754 np0000005636 nova-conductor[98942]: DEBUG cotyledon.oslo_config_glue [-] oslo_messaging_rabbit.ssl = False {{(pid=98942) log_opt_values /opt/stack/data/venv/lib/python3.12/site-packages/oslo_config/cfg.py:3253}}
Jul 22 09:48:47.492754 np0000005636 nova-conductor[98942]: DEBUG cotyledon.oslo_config_glue [-] oslo_messaging_rabbit.ssl_ca_file = {{(pid=98942) log_opt_values /opt/stack/data/venv/lib/python3.12/site-packages/oslo_config/cfg.py:3253}}
Jul 22 09:48:47.492754 np0000005636 nova-conductor[98942]: DEBUG cotyledon.oslo_config_glue [-] oslo_messaging_rabbit.ssl_cert_file = {{(pid=98942) log_opt_values /opt/stack/data/venv/lib/python3.12/site-packages/oslo_config/cfg.py:3253}}
Jul 22 09:48:47.492754 np0000005636 nova-conductor[98942]: DEBUG cotyledon.oslo_config_glue [-] oslo_messaging_rabbit.ssl_enforce_fips_mode = False {{(pid=98942) log_opt_values /opt/stack/data/venv/lib/python3.12/site-packages/oslo_config/cfg.py:3253}}
Jul 22 09:48:47.492754 np0000005636 nova-conductor[98942]: DEBUG cotyledon.oslo_config_glue [-] oslo_messaging_rabbit.ssl_enforce_hostname_verification = True {{(pid=98942) log_opt_values /opt/stack/data/venv/lib/python3.12/site-packages/oslo_config/cfg.py:3253}}
Jul 22 09:48:47.492754 np0000005636 nova-conductor[98942]: DEBUG cotyledon.oslo_config_glue [-] oslo_messaging_rabbit.ssl_key_file = {{(pid=98942) log_opt_values /opt/stack/data/venv/lib/python3.12/site-packages/oslo_config/cfg.py:3253}}
Jul 22 09:48:47.492965 np0000005636 nova-conductor[98942]: DEBUG cotyledon.oslo_config_glue [-] oslo_messaging_rabbit.ssl_version = {{(pid=98942) log_opt_values /opt/stack/data/venv/lib/python3.12/site-packages/oslo_config/cfg.py:3253}}
Jul 22 09:48:47.492965 np0000005636 nova-conductor[98942]: DEBUG cotyledon.oslo_config_glue [-] oslo_messaging_rabbit.use_queue_manager = False {{(pid=98942) log_opt_values /opt/stack/data/venv/lib/python3.12/site-packages/oslo_config/cfg.py:3253}}
Jul 22 09:48:47.492965 np0000005636 nova-conductor[98942]: DEBUG cotyledon.oslo_config_glue [-] oslo_messaging_notifications.driver = ['messagingv2'] {{(pid=98942) log_opt_values /opt/stack/data/venv/lib/python3.12/site-packages/oslo_config/cfg.py:3253}}
Jul 22 09:48:47.492965 np0000005636 nova-conductor[98942]: DEBUG cotyledon.oslo_config_glue [-] oslo_messaging_notifications.retry = -1 {{(pid=98942) log_opt_values /opt/stack/data/venv/lib/python3.12/site-packages/oslo_config/cfg.py:3253}}
Jul 22 09:48:47.492965 np0000005636 nova-conductor[98942]: DEBUG cotyledon.oslo_config_glue [-] oslo_messaging_notifications.topics = ['notifications'] {{(pid=98942) log_opt_values /opt/stack/data/venv/lib/python3.12/site-packages/oslo_config/cfg.py:3253}}
Jul 22 09:48:47.492965 np0000005636 nova-conductor[98942]: DEBUG cotyledon.oslo_config_glue [-] oslo_messaging_notifications.transport_url = **** {{(pid=98942) log_opt_values /opt/stack/data/venv/lib/python3.12/site-packages/oslo_config/cfg.py:3253}}
Jul 22 09:48:47.492965 np0000005636 nova-conductor[98942]: DEBUG cotyledon.oslo_config_glue [-] oslo_limit.auth_section = None {{(pid=98942) log_opt_values /opt/stack/data/venv/lib/python3.12/site-packages/oslo_config/cfg.py:3253}}
Jul 22 09:48:47.492965 np0000005636 nova-conductor[98942]: DEBUG cotyledon.oslo_config_glue [-] oslo_limit.auth_type = None {{(pid=98942) log_opt_values /opt/stack/data/venv/lib/python3.12/site-packages/oslo_config/cfg.py:3253}}
Jul 22 09:48:47.492965 np0000005636 nova-conductor[98942]: DEBUG cotyledon.oslo_config_glue [-] oslo_limit.cafile = None {{(pid=98942) log_opt_values /opt/stack/data/venv/lib/python3.12/site-packages/oslo_config/cfg.py:3253}}
Jul 22 09:48:47.493175 np0000005636 nova-conductor[98942]: DEBUG cotyledon.oslo_config_glue [-] oslo_limit.certfile = None {{(pid=98942) log_opt_values /opt/stack/data/venv/lib/python3.12/site-packages/oslo_config/cfg.py:3253}}
Jul 22 09:48:47.493175 np0000005636 nova-conductor[98942]: DEBUG cotyledon.oslo_config_glue [-] oslo_limit.collect_timing = False {{(pid=98942) log_opt_values /opt/stack/data/venv/lib/python3.12/site-packages/oslo_config/cfg.py:3253}}
Jul 22 09:48:47.493175 np0000005636 nova-conductor[98942]: DEBUG cotyledon.oslo_config_glue [-] oslo_limit.connect_retries = None {{(pid=98942) log_opt_values /opt/stack/data/venv/lib/python3.12/site-packages/oslo_config/cfg.py:3253}}
Jul 22 09:48:47.493175 np0000005636 nova-conductor[98942]: DEBUG cotyledon.oslo_config_glue [-] oslo_limit.connect_retry_delay = None {{(pid=98942) log_opt_values /opt/stack/data/venv/lib/python3.12/site-packages/oslo_config/cfg.py:3253}}
Jul 22 09:48:47.493175 np0000005636 nova-conductor[98942]: DEBUG cotyledon.oslo_config_glue [-] oslo_limit.endpoint_id = None {{(pid=98942) log_opt_values /opt/stack/data/venv/lib/python3.12/site-packages/oslo_config/cfg.py:3253}}
Jul 22 09:48:47.493175 np0000005636 nova-conductor[98942]: DEBUG cotyledon.oslo_config_glue [-] oslo_limit.endpoint_interface = public {{(pid=98942) log_opt_values /opt/stack/data/venv/lib/python3.12/site-packages/oslo_config/cfg.py:3253}}
Jul 22 09:48:47.493175 np0000005636 nova-conductor[98942]: DEBUG cotyledon.oslo_config_glue [-] oslo_limit.endpoint_override = None {{(pid=98942) log_opt_values /opt/stack/data/venv/lib/python3.12/site-packages/oslo_config/cfg.py:3253}}
Jul 22 09:48:47.493175 np0000005636 nova-conductor[98942]: DEBUG cotyledon.oslo_config_glue [-] oslo_limit.endpoint_region_name = None {{(pid=98942) log_opt_values /opt/stack/data/venv/lib/python3.12/site-packages/oslo_config/cfg.py:3253}}
Jul 22 09:48:47.493175 np0000005636 nova-conductor[98942]: DEBUG cotyledon.oslo_config_glue [-] oslo_limit.endpoint_service_name = None {{(pid=98942) log_opt_values /opt/stack/data/venv/lib/python3.12/site-packages/oslo_config/cfg.py:3253}}
Jul 22 09:48:47.493346 np0000005636 nova-conductor[98942]: DEBUG cotyledon.oslo_config_glue [-] oslo_limit.endpoint_service_type = None {{(pid=98942) log_opt_values /opt/stack/data/venv/lib/python3.12/site-packages/oslo_config/cfg.py:3253}}
Jul 22 09:48:47.493346 np0000005636 nova-conductor[98942]: DEBUG cotyledon.oslo_config_glue [-] oslo_limit.insecure = False {{(pid=98942) log_opt_values /opt/stack/data/venv/lib/python3.12/site-packages/oslo_config/cfg.py:3253}}
Jul 22 09:48:47.493346 np0000005636 nova-conductor[98942]: DEBUG cotyledon.oslo_config_glue [-] oslo_limit.keyfile = None {{(pid=98942) log_opt_values /opt/stack/data/venv/lib/python3.12/site-packages/oslo_config/cfg.py:3253}}
Jul 22 09:48:47.493346 np0000005636 nova-conductor[98942]: DEBUG cotyledon.oslo_config_glue [-] oslo_limit.max_version = None {{(pid=98942) log_opt_values /opt/stack/data/venv/lib/python3.12/site-packages/oslo_config/cfg.py:3253}}
Jul 22 09:48:47.493346 np0000005636 nova-conductor[98942]: DEBUG cotyledon.oslo_config_glue [-] oslo_limit.min_version = None {{(pid=98942) log_opt_values /opt/stack/data/venv/lib/python3.12/site-packages/oslo_config/cfg.py:3253}}
Jul 22 09:48:47.493346 np0000005636 nova-conductor[98942]: DEBUG cotyledon.oslo_config_glue [-] oslo_limit.region_name = None {{(pid=98942) log_opt_values /opt/stack/data/venv/lib/python3.12/site-packages/oslo_config/cfg.py:3253}}
Jul 22 09:48:47.493346 np0000005636 nova-conductor[98942]: DEBUG cotyledon.oslo_config_glue [-] oslo_limit.retriable_status_codes = None {{(pid=98942) log_opt_values /opt/stack/data/venv/lib/python3.12/site-packages/oslo_config/cfg.py:3253}}
Jul 22 09:48:47.493346 np0000005636 nova-conductor[98942]: DEBUG cotyledon.oslo_config_glue [-] oslo_limit.service_name = None {{(pid=98942) log_opt_values /opt/stack/data/venv/lib/python3.12/site-packages/oslo_config/cfg.py:3253}}
Jul 22 09:48:47.493346 np0000005636 nova-conductor[98942]: DEBUG cotyledon.oslo_config_glue [-] oslo_limit.service_type = None {{(pid=98942) log_opt_values /opt/stack/data/venv/lib/python3.12/site-packages/oslo_config/cfg.py:3253}}
Jul 22 09:48:47.493774 np0000005636 nova-conductor[98942]: DEBUG cotyledon.oslo_config_glue [-] oslo_limit.split_loggers = False {{(pid=98942) log_opt_values /opt/stack/data/venv/lib/python3.12/site-packages/oslo_config/cfg.py:3253}}
Jul 22 09:48:47.493774 np0000005636 nova-conductor[98942]: DEBUG cotyledon.oslo_config_glue [-] oslo_limit.status_code_retries = None {{(pid=98942) log_opt_values /opt/stack/data/venv/lib/python3.12/site-packages/oslo_config/cfg.py:3253}}
Jul 22 09:48:47.493774 np0000005636 nova-conductor[98942]: DEBUG cotyledon.oslo_config_glue [-] oslo_limit.status_code_retry_delay = None {{(pid=98942) log_opt_values /opt/stack/data/venv/lib/python3.12/site-packages/oslo_config/cfg.py:3253}}
Jul 22 09:48:47.493774 np0000005636 nova-conductor[98942]: DEBUG cotyledon.oslo_config_glue [-] oslo_limit.timeout = None {{(pid=98942) log_opt_values /opt/stack/data/venv/lib/python3.12/site-packages/oslo_config/cfg.py:3253}}
Jul 22 09:48:47.493774 np0000005636 nova-conductor[98942]: DEBUG cotyledon.oslo_config_glue [-] oslo_limit.valid_interfaces = None {{(pid=98942) log_opt_values /opt/stack/data/venv/lib/python3.12/site-packages/oslo_config/cfg.py:3253}}
Jul 22 09:48:47.493774 np0000005636 nova-conductor[98942]: DEBUG cotyledon.oslo_config_glue [-] oslo_limit.version = None {{(pid=98942) log_opt_values /opt/stack/data/venv/lib/python3.12/site-packages/oslo_config/cfg.py:3253}}
Jul 22 09:48:47.493774 np0000005636 nova-conductor[98942]: DEBUG cotyledon.oslo_config_glue [-] oslo_reports.file_event_handler = None {{(pid=98942) log_opt_values /opt/stack/data/venv/lib/python3.12/site-packages/oslo_config/cfg.py:3253}}
Jul 22 09:48:47.493774 np0000005636 nova-conductor[98942]: DEBUG cotyledon.oslo_config_glue [-] oslo_reports.file_event_handler_interval = 1 {{(pid=98942) log_opt_values /opt/stack/data/venv/lib/python3.12/site-packages/oslo_config/cfg.py:3253}}
Jul 22 09:48:47.493774 np0000005636 nova-conductor[98942]: DEBUG cotyledon.oslo_config_glue [-] oslo_reports.log_dir = None {{(pid=98942) log_opt_values /opt/stack/data/venv/lib/python3.12/site-packages/oslo_config/cfg.py:3253}}
Jul 22 09:48:47.493996 np0000005636 nova-conductor[98942]: DEBUG cotyledon.oslo_config_glue [-] ******************************************************************************** {{(pid=98942) log_opt_values /opt/stack/data/venv/lib/python3.12/site-packages/oslo_config/cfg.py:3260}}
Jul 22 09:48:47.493996 np0000005636 nova-conductor[98942]: DEBUG cotyledon._service_worker [-] Run service ServiceWrapper(3) [98942] {{(pid=98942) wait_forever /opt/stack/data/venv/lib/python3.12/site-packages/cotyledon/_service_worker.py:218}}
Jul 22 09:48:47.493996 np0000005636 nova-conductor[98942]: INFO nova.service [-] Starting conductor node (version 33.1.0)
Jul 22 09:48:47.493996 np0000005636 nova-conductor[98942]: INFO dbcounter [None req-78cf2111-c823-4a13-b1a9-315fe688b571 None None] Registered counter for database nova_cell0
Jul 22 09:48:47.494115 np0000005636 nova-conductor[98919]: DEBUG oslo_db.sqlalchemy.engines [None req-a3240e9e-d223-431e-807d-4179986e2e1c None None] MySQL server mode set to STRICT_TRANS_TABLES,STRICT_ALL_TABLES,NO_ZERO_IN_DATE,NO_ZERO_DATE,ERROR_FOR_DIVISION_BY_ZERO,TRADITIONAL,NO_ENGINE_SUBSTITUTION {{(pid=98919) _check_effective_sql_mode /opt/stack/data/venv/lib/python3.12/site-packages/oslo_db/sqlalchemy/engines.py:325}}
Jul 22 09:48:47.494155 np0000005636 nova-conductor[98913]: DEBUG oslo_db.sqlalchemy.engines [None req-80b02b51-fc5a-499f-b61e-74b36db3dd66 None None] MySQL server mode set to STRICT_TRANS_TABLES,STRICT_ALL_TABLES,NO_ZERO_IN_DATE,NO_ZERO_DATE,ERROR_FOR_DIVISION_BY_ZERO,TRADITIONAL,NO_ENGINE_SUBSTITUTION {{(pid=98913) _check_effective_sql_mode /opt/stack/data/venv/lib/python3.12/site-packages/oslo_db/sqlalchemy/engines.py:325}}
Jul 22 09:48:47.495362 np0000005636 nova-conductor[98919]: DEBUG dbcounter [-] [98919] Writer thread running {{(pid=98919) stat_writer /opt/stack/data/venv/lib/python3.12/site-packages/dbcounter.py:102}}
Jul 22 09:48:47.497463 np0000005636 nova-conductor[98928]: DEBUG oslo_db.sqlalchemy.engines [None req-e2ccf7ae-5ee9-4b79-b38a-c0ebde424b7e None None] MySQL server mode set to STRICT_TRANS_TABLES,STRICT_ALL_TABLES,NO_ZERO_IN_DATE,NO_ZERO_DATE,ERROR_FOR_DIVISION_BY_ZERO,TRADITIONAL,NO_ENGINE_SUBSTITUTION {{(pid=98928) _check_effective_sql_mode /opt/stack/data/venv/lib/python3.12/site-packages/oslo_db/sqlalchemy/engines.py:325}}
Jul 22 09:48:47.497596 np0000005636 nova-conductor[98913]: DEBUG dbcounter [-] [98913] Writer thread running {{(pid=98913) stat_writer /opt/stack/data/venv/lib/python3.12/site-packages/dbcounter.py:102}}
Jul 22 09:48:47.507796 np0000005636 nova-conductor[98928]: DEBUG dbcounter [-] [98928] Writer thread running {{(pid=98928) stat_writer /opt/stack/data/venv/lib/python3.12/site-packages/dbcounter.py:102}}
Jul 22 09:48:47.512295 np0000005636 nova-conductor[98919]: DEBUG nova.service [None req-a3240e9e-d223-431e-807d-4179986e2e1c None None] Creating RPC server for service: nova-conductor on topic: conductor {{(pid=98919) start /opt/stack/nova/nova/service.py:196}}
Jul 22 09:48:47.517676 np0000005636 nova-conductor[98913]: DEBUG nova.service [None req-80b02b51-fc5a-499f-b61e-74b36db3dd66 None None] Creating RPC server for service: nova-conductor on topic: conductor {{(pid=98913) start /opt/stack/nova/nova/service.py:196}}
Jul 22 09:48:47.520792 np0000005636 nova-conductor[98928]: DEBUG nova.service [None req-e2ccf7ae-5ee9-4b79-b38a-c0ebde424b7e None None] Creating RPC server for service: nova-conductor on topic: conductor {{(pid=98928) start /opt/stack/nova/nova/service.py:196}}
Jul 22 09:48:47.532076 np0000005636 nova-conductor[98942]: DEBUG oslo_db.sqlalchemy.engines [None req-78cf2111-c823-4a13-b1a9-315fe688b571 None None] MySQL server mode set to STRICT_TRANS_TABLES,STRICT_ALL_TABLES,NO_ZERO_IN_DATE,NO_ZERO_DATE,ERROR_FOR_DIVISION_BY_ZERO,TRADITIONAL,NO_ENGINE_SUBSTITUTION {{(pid=98942) _check_effective_sql_mode /opt/stack/data/venv/lib/python3.12/site-packages/oslo_db/sqlalchemy/engines.py:325}}
Jul 22 09:48:47.535379 np0000005636 nova-conductor[98919]: DEBUG nova.service [None req-a3240e9e-d223-431e-807d-4179986e2e1c None None] Join ServiceGroup membership for this service conductor {{(pid=98919) start /opt/stack/nova/nova/service.py:222}}
Jul 22 09:48:47.535563 np0000005636 nova-conductor[98919]: DEBUG nova.servicegroup.drivers.db [None req-a3240e9e-d223-431e-807d-4179986e2e1c None None] DB_Driver: join new ServiceGroup member np0000005636 to the conductor group, service = {{(pid=98919) join /opt/stack/nova/nova/servicegroup/drivers/db.py:44}}
Jul 22 09:48:47.535854 np0000005636 nova-conductor[98913]: DEBUG nova.service [None req-80b02b51-fc5a-499f-b61e-74b36db3dd66 None None] Join ServiceGroup membership for this service conductor {{(pid=98913) start /opt/stack/nova/nova/service.py:222}}
Jul 22 09:48:47.536114 np0000005636 nova-conductor[98913]: DEBUG nova.servicegroup.drivers.db [None req-80b02b51-fc5a-499f-b61e-74b36db3dd66 None None] DB_Driver: join new ServiceGroup member np0000005636 to the conductor group, service = {{(pid=98913) join /opt/stack/nova/nova/servicegroup/drivers/db.py:44}}
Jul 22 09:48:47.536854 np0000005636 nova-conductor[98928]: DEBUG nova.service [None req-e2ccf7ae-5ee9-4b79-b38a-c0ebde424b7e None None] Join ServiceGroup membership for this service conductor {{(pid=98928) start /opt/stack/nova/nova/service.py:222}}
Jul 22 09:48:47.536955 np0000005636 nova-conductor[98928]: DEBUG nova.servicegroup.drivers.db [None req-e2ccf7ae-5ee9-4b79-b38a-c0ebde424b7e None None] DB_Driver: join new ServiceGroup member np0000005636 to the conductor group, service = {{(pid=98928) join /opt/stack/nova/nova/servicegroup/drivers/db.py:44}}
Jul 22 09:48:47.544945 np0000005636 nova-conductor[98942]: DEBUG dbcounter [-] [98942] Writer thread running {{(pid=98942) stat_writer /opt/stack/data/venv/lib/python3.12/site-packages/dbcounter.py:102}}
Jul 22 09:48:47.548709 np0000005636 nova-conductor[98942]: DEBUG nova.service [None req-78cf2111-c823-4a13-b1a9-315fe688b571 None None] Creating RPC server for service: nova-conductor on topic: conductor {{(pid=98942) start /opt/stack/nova/nova/service.py:196}}
Jul 22 09:48:47.568019 np0000005636 nova-conductor[98942]: DEBUG nova.service [None req-78cf2111-c823-4a13-b1a9-315fe688b571 None None] Join ServiceGroup membership for this service conductor {{(pid=98942) start /opt/stack/nova/nova/service.py:222}}
Jul 22 09:48:47.568337 np0000005636 nova-conductor[98942]: DEBUG nova.servicegroup.drivers.db [None req-78cf2111-c823-4a13-b1a9-315fe688b571 None None] DB_Driver: join new ServiceGroup member np0000005636 to the conductor group, service = {{(pid=98942) join /opt/stack/nova/nova/servicegroup/drivers/db.py:44}}
Jul 22 09:48:49.570407 np0000005636 nova-conductor[98942]: DEBUG oslo.service.backend._threading.loopingcall [None req-52391956-889f-43fb-9670-bf9292d2d329 None None] Dynamic interval looping call 'nova.service.Service.periodic_tasks' sleeping for 60.00 seconds {{(pid=98942) _run_loop /opt/stack/data/venv/lib/python3.12/site-packages/oslo_service/backend/_threading/loopingcall.py:125}}
Jul 22 09:48:52.546902 np0000005636 nova-conductor[98928]: DEBUG oslo.service.backend._threading.loopingcall [-] Fixed interval looping call 'nova.servicegroup.drivers.db.DbDriver._report_state' sleeping for 119.99 seconds {{(pid=98928) _run_loop /opt/stack/data/venv/lib/python3.12/site-packages/oslo_service/backend/_threading/loopingcall.py:125}}
Jul 22 09:48:52.547419 np0000005636 nova-conductor[98913]: DEBUG oslo.service.backend._threading.loopingcall [-] Fixed interval looping call 'nova.servicegroup.drivers.db.DbDriver._report_state' sleeping for 119.99 seconds {{(pid=98913) _run_loop /opt/stack/data/venv/lib/python3.12/site-packages/oslo_service/backend/_threading/loopingcall.py:125}}
Jul 22 09:48:52.548130 np0000005636 nova-conductor[98919]: DEBUG oslo.service.backend._threading.loopingcall [-] Fixed interval looping call 'nova.servicegroup.drivers.db.DbDriver._report_state' sleeping for 119.99 seconds {{(pid=98919) _run_loop /opt/stack/data/venv/lib/python3.12/site-packages/oslo_service/backend/_threading/loopingcall.py:125}}
Jul 22 09:48:52.577637 np0000005636 nova-conductor[98942]: DEBUG oslo.service.backend._threading.loopingcall [-] Fixed interval looping call 'nova.servicegroup.drivers.db.DbDriver._report_state' sleeping for 119.99 seconds {{(pid=98942) _run_loop /opt/stack/data/venv/lib/python3.12/site-packages/oslo_service/backend/_threading/loopingcall.py:125}}
Jul 22 09:48:54.537118 np0000005636 nova-conductor[98919]: DEBUG oslo.service.backend._threading.loopingcall [None req-cd759239-746a-42cc-ab83-d9fb42f27888 None None] Dynamic interval looping call 'nova.service.Service.periodic_tasks' sleeping for 60.00 seconds {{(pid=98919) _run_loop /opt/stack/data/venv/lib/python3.12/site-packages/oslo_service/backend/_threading/loopingcall.py:125}}
Jul 22 09:48:56.124139 np0000005636 nova-conductor[97471]: DEBUG dbcounter [-] [97471] Writing DB stats nova_api:SELECT=1 {{(pid=97471) stat_writer /opt/stack/data/venv/lib/python3.12/site-packages/dbcounter.py:115}}
Jul 22 09:48:56.248743 np0000005636 nova-conductor[97471]: DEBUG dbcounter [-] [97471] Writing DB stats nova_cell1:SELECT=1 {{(pid=97471) stat_writer /opt/stack/data/venv/lib/python3.12/site-packages/dbcounter.py:115}}
Jul 22 09:48:56.253130 np0000005636 nova-conductor[97471]: DEBUG dbcounter [-] [97471] Writing DB stats nova_cell0:SELECT=1 {{(pid=97471) stat_writer /opt/stack/data/venv/lib/python3.12/site-packages/dbcounter.py:115}}
Jul 22 09:49:02.545500 np0000005636 nova-conductor[98913]: DEBUG dbcounter [-] [98913] Writing DB stats nova_cell0:SELECT=5,nova_cell0:INSERT=1,nova_cell0:UPDATE=1 {{(pid=98913) stat_writer /opt/stack/data/venv/lib/python3.12/site-packages/dbcounter.py:115}}
Jul 22 09:49:02.545861 np0000005636 nova-conductor[98928]: DEBUG dbcounter [-] [98928] Writing DB stats nova_cell0:SELECT=4,nova_cell0:INSERT=1,nova_cell0:UPDATE=1 {{(pid=98928) stat_writer /opt/stack/data/venv/lib/python3.12/site-packages/dbcounter.py:115}}
Jul 22 09:49:02.546140 np0000005636 nova-conductor[98919]: DEBUG dbcounter [-] [98919] Writing DB stats nova_cell0:SELECT=4,nova_cell0:INSERT=1,nova_cell0:UPDATE=1 {{(pid=98919) stat_writer /opt/stack/data/venv/lib/python3.12/site-packages/dbcounter.py:115}}
Jul 22 09:49:02.575338 np0000005636 nova-conductor[98942]: DEBUG dbcounter [-] [98942] Writing DB stats nova_cell0:SELECT=3 {{(pid=98942) stat_writer /opt/stack/data/venv/lib/python3.12/site-packages/dbcounter.py:115}}
Jul 22 09:49:16.539130 np0000005636 nova-conductor[98928]: DEBUG oslo.service.backend._threading.loopingcall [None req-28913e2e-a8b2-4808-975f-cecfa3bd054e None None] Dynamic interval looping call 'nova.service.Service.periodic_tasks' sleeping for 60.00 seconds {{(pid=98928) _run_loop /opt/stack/data/venv/lib/python3.12/site-packages/oslo_service/backend/_threading/loopingcall.py:125}}
Jul 22 09:49:17.538289 np0000005636 nova-conductor[98913]: DEBUG oslo.service.backend._threading.loopingcall [None req-a8ada966-6c45-4037-937a-c22ce06b6d3f None None] Dynamic interval looping call 'nova.service.Service.periodic_tasks' sleeping for 60.00 seconds {{(pid=98913) _run_loop /opt/stack/data/venv/lib/python3.12/site-packages/oslo_service/backend/_threading/loopingcall.py:125}}
Jul 22 09:49:49.571037 np0000005636 nova-conductor[98942]: DEBUG oslo.service.backend._threading.loopingcall [None req-52391956-889f-43fb-9670-bf9292d2d329 None None] Dynamic interval looping call 'nova.service.Service.periodic_tasks' sleeping for 60.00 seconds {{(pid=98942) _run_loop /opt/stack/data/venv/lib/python3.12/site-packages/oslo_service/backend/_threading/loopingcall.py:125}}
Jul 22 09:49:54.537616 np0000005636 nova-conductor[98919]: DEBUG oslo.service.backend._threading.loopingcall [None req-cd759239-746a-42cc-ab83-d9fb42f27888 None None] Dynamic interval looping call 'nova.service.Service.periodic_tasks' sleeping for 60.00 seconds {{(pid=98919) _run_loop /opt/stack/data/venv/lib/python3.12/site-packages/oslo_service/backend/_threading/loopingcall.py:125}}
Jul 22 09:50:16.539680 np0000005636 nova-conductor[98928]: DEBUG oslo.service.backend._threading.loopingcall [None req-28913e2e-a8b2-4808-975f-cecfa3bd054e None None] Dynamic interval looping call 'nova.service.Service.periodic_tasks' sleeping for 60.00 seconds {{(pid=98928) _run_loop /opt/stack/data/venv/lib/python3.12/site-packages/oslo_service/backend/_threading/loopingcall.py:125}}
Jul 22 09:50:17.539142 np0000005636 nova-conductor[98913]: DEBUG oslo.service.backend._threading.loopingcall [None req-a8ada966-6c45-4037-937a-c22ce06b6d3f None None] Dynamic interval looping call 'nova.service.Service.periodic_tasks' sleeping for 60.00 seconds {{(pid=98913) _run_loop /opt/stack/data/venv/lib/python3.12/site-packages/oslo_service/backend/_threading/loopingcall.py:125}}
Jul 22 09:50:49.571514 np0000005636 nova-conductor[98942]: DEBUG oslo.service.backend._threading.loopingcall [None req-52391956-889f-43fb-9670-bf9292d2d329 None None] Dynamic interval looping call 'nova.service.Service.periodic_tasks' sleeping for 60.00 seconds {{(pid=98942) _run_loop /opt/stack/data/venv/lib/python3.12/site-packages/oslo_service/backend/_threading/loopingcall.py:125}}
Jul 22 09:50:52.546653 np0000005636 nova-conductor[98919]: DEBUG oslo.service.backend._threading.loopingcall [-] Fixed interval looping call 'nova.servicegroup.drivers.db.DbDriver._report_state' sleeping for 119.99 seconds {{(pid=98919) _run_loop /opt/stack/data/venv/lib/python3.12/site-packages/oslo_service/backend/_threading/loopingcall.py:125}}
Jul 22 09:50:52.547238 np0000005636 nova-conductor[98913]: DEBUG oslo.service.backend._threading.loopingcall [-] Fixed interval looping call 'nova.servicegroup.drivers.db.DbDriver._report_state' sleeping for 119.99 seconds {{(pid=98913) _run_loop /opt/stack/data/venv/lib/python3.12/site-packages/oslo_service/backend/_threading/loopingcall.py:125}}
Jul 22 09:50:52.548429 np0000005636 nova-conductor[98928]: DEBUG oslo.service.backend._threading.loopingcall [-] Fixed interval looping call 'nova.servicegroup.drivers.db.DbDriver._report_state' sleeping for 119.99 seconds {{(pid=98928) _run_loop /opt/stack/data/venv/lib/python3.12/site-packages/oslo_service/backend/_threading/loopingcall.py:125}}
Jul 22 09:50:52.572676 np0000005636 nova-conductor[98942]: DEBUG oslo.service.backend._threading.loopingcall [-] Fixed interval looping call 'nova.servicegroup.drivers.db.DbDriver._report_state' sleeping for 120.00 seconds {{(pid=98942) _run_loop /opt/stack/data/venv/lib/python3.12/site-packages/oslo_service/backend/_threading/loopingcall.py:125}}
Jul 22 09:50:54.538147 np0000005636 nova-conductor[98919]: DEBUG oslo.service.backend._threading.loopingcall [None req-cd759239-746a-42cc-ab83-d9fb42f27888 None None] Dynamic interval looping call 'nova.service.Service.periodic_tasks' sleeping for 60.00 seconds {{(pid=98919) _run_loop /opt/stack/data/venv/lib/python3.12/site-packages/oslo_service/backend/_threading/loopingcall.py:125}}
Jul 22 09:51:02.542464 np0000005636 nova-conductor[98919]: DEBUG dbcounter [-] [98919] Writing DB stats nova_cell0:SELECT=1,nova_cell0:UPDATE=1 {{(pid=98919) stat_writer /opt/stack/data/venv/lib/python3.12/site-packages/dbcounter.py:115}}
Jul 22 09:51:02.543009 np0000005636 nova-conductor[98913]: DEBUG dbcounter [-] [98913] Writing DB stats nova_cell0:SELECT=1,nova_cell0:UPDATE=1 {{(pid=98913) stat_writer /opt/stack/data/venv/lib/python3.12/site-packages/dbcounter.py:115}}
Jul 22 09:51:02.543492 np0000005636 nova-conductor[98928]: DEBUG dbcounter [-] [98928] Writing DB stats nova_cell0:SELECT=1,nova_cell0:UPDATE=1 {{(pid=98928) stat_writer /opt/stack/data/venv/lib/python3.12/site-packages/dbcounter.py:115}}
Jul 22 09:51:02.570247 np0000005636 nova-conductor[98942]: DEBUG dbcounter [-] [98942] Writing DB stats nova_cell0:SELECT=1 {{(pid=98942) stat_writer /opt/stack/data/venv/lib/python3.12/site-packages/dbcounter.py:115}}
Jul 22 09:51:11.616960 np0000005636 nova-conductor[98919]: DEBUG oslo_db.sqlalchemy.engines [None req-0a87c7f2-d780-45a5-bbf3-a7cf6860c152 tempest-ServerActionsTestOtherB-711592954 tempest-ServerActionsTestOtherB-711592954-project-member] Parent process 97471 forked (98919) with an open database connection, which is being discarded and recreated. {{(pid=98919) checkout /opt/stack/data/venv/lib/python3.12/site-packages/oslo_db/sqlalchemy/engines.py:402}}
Jul 22 09:51:11.668302 np0000005636 nova-conductor[98919]: DEBUG dbcounter [-] [98919] Writer thread running {{(pid=98919) stat_writer /opt/stack/data/venv/lib/python3.12/site-packages/dbcounter.py:102}}
Jul 22 09:51:12.803040 np0000005636 nova-conductor[98919]: DEBUG nova.conductor.manager [None req-0a87c7f2-d780-45a5-bbf3-a7cf6860c152 tempest-ServerActionsTestOtherB-711592954 tempest-ServerActionsTestOtherB-711592954-project-member] Took 1.13 seconds to select destinations for 1 instance(s). {{(pid=98919) _schedule_instances /opt/stack/nova/nova/conductor/manager.py:968}}
Jul 22 09:51:12.844633 np0000005636 nova-conductor[98919]: DEBUG oslo_concurrency.lockutils [None req-0a87c7f2-d780-45a5-bbf3-a7cf6860c152 tempest-ServerActionsTestOtherB-711592954 tempest-ServerActionsTestOtherB-711592954-project-member] Acquiring lock "86fe72c3-d175-4a8d-9583-782d1d47eeb0" by "nova.context.set_target_cell..get_or_set_cached_cell_and_set_connections" {{(pid=98919) inner /opt/stack/data/venv/lib/python3.12/site-packages/oslo_concurrency/lockutils.py:512}}
Jul 22 09:51:12.845215 np0000005636 nova-conductor[98919]: DEBUG oslo_concurrency.lockutils [None req-0a87c7f2-d780-45a5-bbf3-a7cf6860c152 tempest-ServerActionsTestOtherB-711592954 tempest-ServerActionsTestOtherB-711592954-project-member] Lock "86fe72c3-d175-4a8d-9583-782d1d47eeb0" acquired by "nova.context.set_target_cell..get_or_set_cached_cell_and_set_connections" :: waited 0.000s {{(pid=98919) inner /opt/stack/data/venv/lib/python3.12/site-packages/oslo_concurrency/lockutils.py:525}}
Jul 22 09:51:12.846729 np0000005636 nova-conductor[98919]: DEBUG oslo_concurrency.lockutils [None req-0a87c7f2-d780-45a5-bbf3-a7cf6860c152 tempest-ServerActionsTestOtherB-711592954 tempest-ServerActionsTestOtherB-711592954-project-member] Lock "86fe72c3-d175-4a8d-9583-782d1d47eeb0" "released" by "nova.context.set_target_cell..get_or_set_cached_cell_and_set_connections" :: held 0.002s {{(pid=98919) inner /opt/stack/data/venv/lib/python3.12/site-packages/oslo_concurrency/lockutils.py:544}}
Jul 22 09:51:12.849538 np0000005636 nova-conductor[98919]: INFO dbcounter [None req-0a87c7f2-d780-45a5-bbf3-a7cf6860c152 tempest-ServerActionsTestOtherB-711592954 tempest-ServerActionsTestOtherB-711592954-project-member] Registered counter for database nova_cell1
Jul 22 09:51:12.896995 np0000005636 nova-conductor[98919]: DEBUG oslo_db.sqlalchemy.engines [None req-0a87c7f2-d780-45a5-bbf3-a7cf6860c152 tempest-ServerActionsTestOtherB-711592954 tempest-ServerActionsTestOtherB-711592954-project-member] MySQL server mode set to STRICT_TRANS_TABLES,STRICT_ALL_TABLES,NO_ZERO_IN_DATE,NO_ZERO_DATE,ERROR_FOR_DIVISION_BY_ZERO,TRADITIONAL,NO_ENGINE_SUBSTITUTION {{(pid=98919) _check_effective_sql_mode /opt/stack/data/venv/lib/python3.12/site-packages/oslo_db/sqlalchemy/engines.py:325}}
Jul 22 09:51:12.904402 np0000005636 nova-conductor[98919]: DEBUG dbcounter [-] [98919] Writer thread running {{(pid=98919) stat_writer /opt/stack/data/venv/lib/python3.12/site-packages/dbcounter.py:102}}
Jul 22 09:51:13.000158 np0000005636 nova-conductor[98919]: INFO nova.utils [None req-0a87c7f2-d780-45a5-bbf3-a7cf6860c152 tempest-ServerActionsTestOtherB-711592954 tempest-ServerActionsTestOtherB-711592954-project-member] The cell worker thread pool ForkProcess-2.cell_worker is initialized
Jul 22 09:51:13.000529 np0000005636 nova-conductor[98919]: DEBUG oslo_concurrency.lockutils [None req-0a87c7f2-d780-45a5-bbf3-a7cf6860c152 tempest-ServerActionsTestOtherB-711592954 tempest-ServerActionsTestOtherB-711592954-project-member] Acquiring lock "00000000-0000-0000-0000-000000000000" by "nova.context.set_target_cell..get_or_set_cached_cell_and_set_connections" {{(pid=98919) inner /opt/stack/data/venv/lib/python3.12/site-packages/oslo_concurrency/lockutils.py:512}}
Jul 22 09:51:13.000767 np0000005636 nova-conductor[98919]: DEBUG oslo_concurrency.lockutils [None req-0a87c7f2-d780-45a5-bbf3-a7cf6860c152 tempest-ServerActionsTestOtherB-711592954 tempest-ServerActionsTestOtherB-711592954-project-member] Lock "00000000-0000-0000-0000-000000000000" acquired by "nova.context.set_target_cell..get_or_set_cached_cell_and_set_connections" :: waited 0.000s {{(pid=98919) inner /opt/stack/data/venv/lib/python3.12/site-packages/oslo_concurrency/lockutils.py:525}}
Jul 22 09:51:13.001290 np0000005636 nova-conductor[98919]: DEBUG oslo_concurrency.lockutils [None req-0a87c7f2-d780-45a5-bbf3-a7cf6860c152 tempest-ServerActionsTestOtherB-711592954 tempest-ServerActionsTestOtherB-711592954-project-member] Lock "00000000-0000-0000-0000-000000000000" "released" by "nova.context.set_target_cell..get_or_set_cached_cell_and_set_connections" :: held 0.001s {{(pid=98919) inner /opt/stack/data/venv/lib/python3.12/site-packages/oslo_concurrency/lockutils.py:544}}
Jul 22 09:51:13.003135 np0000005636 nova-conductor[98919]: DEBUG oslo_concurrency.lockutils [None req-0a87c7f2-d780-45a5-bbf3-a7cf6860c152 tempest-ServerActionsTestOtherB-711592954 tempest-ServerActionsTestOtherB-711592954-project-member] Acquiring lock "86fe72c3-d175-4a8d-9583-782d1d47eeb0" by "nova.context.set_target_cell..get_or_set_cached_cell_and_set_connections" {{(pid=98919) inner /opt/stack/data/venv/lib/python3.12/site-packages/oslo_concurrency/lockutils.py:512}}
Jul 22 09:51:13.003267 np0000005636 nova-conductor[98919]: DEBUG oslo_concurrency.lockutils [None req-0a87c7f2-d780-45a5-bbf3-a7cf6860c152 tempest-ServerActionsTestOtherB-711592954 tempest-ServerActionsTestOtherB-711592954-project-member] Lock "86fe72c3-d175-4a8d-9583-782d1d47eeb0" acquired by "nova.context.set_target_cell..get_or_set_cached_cell_and_set_connections" :: waited 0.000s {{(pid=98919) inner /opt/stack/data/venv/lib/python3.12/site-packages/oslo_concurrency/lockutils.py:525}}
