Jul 20 15:25:35.175423 np0000005507 devstack@g-api.service[99727]: DEBUG glance.api.middleware.version_negotiation [None req-6183ded5-dfca-4f68-bc55-3ccdb4a29cba tempest-AttachSCSIVolumeTestJSON-2116230666 tempest-AttachSCSIVolumeTestJSON-2116230666-project-admin] Matched version: v2 {{(pid=99727) process_request /opt/stack/glance/glance/api/middleware/version_negotiation.py:69}}
Jul 20 15:25:35.175423 np0000005507 devstack@g-api.service[99727]: DEBUG glance.api.middleware.version_negotiation [None req-6183ded5-dfca-4f68-bc55-3ccdb4a29cba tempest-AttachSCSIVolumeTestJSON-2116230666 tempest-AttachSCSIVolumeTestJSON-2116230666-project-admin] new path /v2/images/d3ed6ff4-455d-43bf-b85c-566b3c84dc74/file {{(pid=99727) process_request /opt/stack/glance/glance/api/middleware/version_negotiation.py:70}}
Jul 20 15:25:35.185651 np0000005507 devstack@g-api.service[99729]: DEBUG glance.image_cache.drivers.centralized_db [None req-a5c7af17-8501-42c9-addb-99d2c65e921f tempest-AttachSCSIVolumeTestJSON-2116230666 tempest-AttachSCSIVolumeTestJSON-2116230666-project-admin] Fetch finished, moving '/opt/stack/data/glance/cache/incomplete/3d4c7523-fcc0-4e30-8673-95d40cbb2ad9' to '/opt/stack/data/glance/cache/3d4c7523-fcc0-4e30-8673-95d40cbb2ad9' {{(pid=99729) commit /opt/stack/glance/glance/image_cache/drivers/centralized_db.py:243}}
Jul 20 15:25:35.196094 np0000005507 devstack@g-api.service[99729]: DEBUG glance.image_cache.drivers.centralized_db [None req-a5c7af17-8501-42c9-addb-99d2c65e921f tempest-AttachSCSIVolumeTestJSON-2116230666 tempest-AttachSCSIVolumeTestJSON-2116230666-project-admin] Image cached successfully. {{(pid=99729) commit /opt/stack/glance/glance/image_cache/drivers/centralized_db.py:258}}
Jul 20 15:25:35.196416 np0000005507 devstack@g-api.service[99729]: [pid: 99729|app: 0|req: 8/27] 127.0.0.1 () {40 vars in 848 bytes} [Mon Jul 20 15:25:33 2026] GET /v2/images/3d4c7523-fcc0-4e30-8673-95d40cbb2ad9/file => generated 21692416 bytes in 1625 msecs (HTTP/1.1 200) 4 headers in 191 bytes (335 switches on core 0)
Jul 20 15:25:35.480220 np0000005507 devstack@g-api.service[99728]: [pid: 99728|app: 0|req: 11/28] 127.0.0.1 () {44 vars in 1115 bytes} [Mon Jul 20 15:25:35 2026] GET /v2/images/3d4c7523-fcc0-4e30-8673-95d40cbb2ad9 => generated 1044 bytes in 346 msecs (HTTP/1.1 200) 4 headers in 158 bytes (1 switches on core 0)
Jul 20 15:25:35.490118 np0000005507 devstack@g-api.service[99729]: DEBUG glance.api.middleware.version_negotiation [None req-a5c7af17-8501-42c9-addb-99d2c65e921f tempest-AttachSCSIVolumeTestJSON-2116230666 tempest-AttachSCSIVolumeTestJSON-2116230666-project-admin] Determining version of request: GET /v2/schemas/image Accept: */* {{(pid=99729) process_request /opt/stack/glance/glance/api/middleware/version_negotiation.py:44}}
Jul 20 15:25:35.490632 np0000005507 devstack@g-api.service[99729]: DEBUG glance.api.middleware.version_negotiation [None req-a5c7af17-8501-42c9-addb-99d2c65e921f tempest-AttachSCSIVolumeTestJSON-2116230666 tempest-AttachSCSIVolumeTestJSON-2116230666-project-admin] Using url versioning {{(pid=99729) process_request /opt/stack/glance/glance/api/middleware/version_negotiation.py:57}}
Jul 20 15:25:35.490850 np0000005507 devstack@g-api.service[99729]: DEBUG glance.api.middleware.version_negotiation [None req-a5c7af17-8501-42c9-addb-99d2c65e921f tempest-AttachSCSIVolumeTestJSON-2116230666 tempest-AttachSCSIVolumeTestJSON-2116230666-project-admin] Matched version: v2 {{(pid=99729) process_request /opt/stack/glance/glance/api/middleware/version_negotiation.py:69}}
Jul 20 15:25:35.491637 np0000005507 devstack@g-api.service[99729]: DEBUG glance.api.middleware.version_negotiation [None req-a5c7af17-8501-42c9-addb-99d2c65e921f tempest-AttachSCSIVolumeTestJSON-2116230666 tempest-AttachSCSIVolumeTestJSON-2116230666-project-admin] new path /v2/schemas/image {{(pid=99729) process_request /opt/stack/glance/glance/api/middleware/version_negotiation.py:70}}
Jul 20 15:25:35.494161 np0000005507 devstack@g-api.service[99729]: [pid: 99729|app: 0|req: 9/29] 127.0.0.1 () {44 vars in 1055 bytes} [Mon Jul 20 15:25:35 2026] GET /v2/schemas/image => generated 6083 bytes in 4 msecs (HTTP/1.1 200) 4 headers in 158 bytes (1 switches on core 0)
Jul 20 15:25:35.503029 np0000005507 devstack@g-api.service[99728]: DEBUG glance.api.middleware.version_negotiation [None req-78f63698-ef89-4deb-b294-3b9a0d80e45d tempest-TaggedBootDevicesTest_v242-1633730514 tempest-TaggedBootDevicesTest_v242-1633730514-project-member] Determining version of request: GET /v2/schemas/image Accept: */* {{(pid=99728) process_request /opt/stack/glance/glance/api/middleware/version_negotiation.py:44}}
Jul 20 15:25:35.503029 np0000005507 devstack@g-api.service[99728]: DEBUG glance.api.middleware.version_negotiation [None req-78f63698-ef89-4deb-b294-3b9a0d80e45d tempest-TaggedBootDevicesTest_v242-1633730514 tempest-TaggedBootDevicesTest_v242-1633730514-project-member] Using url versioning {{(pid=99728) process_request /opt/stack/glance/glance/api/middleware/version_negotiation.py:57}}
Jul 20 15:25:35.503029 np0000005507 devstack@g-api.service[99728]: DEBUG glance.api.middleware.version_negotiation [None req-78f63698-ef89-4deb-b294-3b9a0d80e45d tempest-TaggedBootDevicesTest_v242-1633730514 tempest-TaggedBootDevicesTest_v242-1633730514-project-member] Matched version: v2 {{(pid=99728) process_request /opt/stack/glance/glance/api/middleware/version_negotiation.py:69}}
Jul 20 15:25:35.503029 np0000005507 devstack@g-api.service[99728]: DEBUG glance.api.middleware.version_negotiation [None req-78f63698-ef89-4deb-b294-3b9a0d80e45d tempest-TaggedBootDevicesTest_v242-1633730514 tempest-TaggedBootDevicesTest_v242-1633730514-project-member] new path /v2/schemas/image {{(pid=99728) process_request /opt/stack/glance/glance/api/middleware/version_negotiation.py:70}}
Jul 20 15:25:35.505797 np0000005507 devstack@g-api.service[99728]: [pid: 99728|app: 0|req: 12/30] 127.0.0.1 () {44 vars in 1055 bytes} [Mon Jul 20 15:25:35 2026] GET /v2/schemas/image => generated 6083 bytes in 3 msecs (HTTP/1.1 200) 4 headers in 158 bytes (1 switches on core 0)
Jul 20 15:25:35.513583 np0000005507 devstack@g-api.service[99729]: DEBUG glance.api.middleware.version_negotiation [None req-78f63698-ef89-4deb-b294-3b9a0d80e45d tempest-TaggedBootDevicesTest_v242-1633730514 tempest-TaggedBootDevicesTest_v242-1633730514-project-member] Determining version of request: GET /v2/images/3d4c7523-fcc0-4e30-8673-95d40cbb2ad9 Accept: */* {{(pid=99729) process_request /opt/stack/glance/glance/api/middleware/version_negotiation.py:44}}
Jul 20 15:25:35.513987 np0000005507 devstack@g-api.service[99729]: DEBUG glance.api.middleware.version_negotiation [None req-78f63698-ef89-4deb-b294-3b9a0d80e45d tempest-TaggedBootDevicesTest_v242-1633730514 tempest-TaggedBootDevicesTest_v242-1633730514-project-member] Using url versioning {{(pid=99729) process_request /opt/stack/glance/glance/api/middleware/version_negotiation.py:57}}
Jul 20 15:25:35.514185 np0000005507 devstack@g-api.service[99729]: DEBUG glance.api.middleware.version_negotiation [None req-78f63698-ef89-4deb-b294-3b9a0d80e45d tempest-TaggedBootDevicesTest_v242-1633730514 tempest-TaggedBootDevicesTest_v242-1633730514-project-member] Matched version: v2 {{(pid=99729) process_request /opt/stack/glance/glance/api/middleware/version_negotiation.py:69}}
Jul 20 15:25:35.514363 np0000005507 devstack@g-api.service[99729]: DEBUG glance.api.middleware.version_negotiation [None req-78f63698-ef89-4deb-b294-3b9a0d80e45d tempest-TaggedBootDevicesTest_v242-1633730514 tempest-TaggedBootDevicesTest_v242-1633730514-project-member] new path /v2/images/3d4c7523-fcc0-4e30-8673-95d40cbb2ad9 {{(pid=99729) process_request /opt/stack/glance/glance/api/middleware/version_negotiation.py:70}}
Jul 20 15:25:35.533045 np0000005507 devstack@g-api.service[99729]: [pid: 99729|app: 0|req: 10/31] 127.0.0.1 () {44 vars in 1115 bytes} [Mon Jul 20 15:25:35 2026] GET /v2/images/3d4c7523-fcc0-4e30-8673-95d40cbb2ad9 => generated 1044 bytes in 20 msecs (HTTP/1.1 200) 4 headers in 158 bytes (1 switches on core 0)
Jul 20 15:25:35.545737 np0000005507 devstack@g-api.service[99728]: DEBUG glance.api.middleware.version_negotiation [None req-78f63698-ef89-4deb-b294-3b9a0d80e45d tempest-TaggedBootDevicesTest_v242-1633730514 tempest-TaggedBootDevicesTest_v242-1633730514-project-member] Determining version of request: GET /v2/schemas/image Accept: */* {{(pid=99728) process_request /opt/stack/glance/glance/api/middleware/version_negotiation.py:44}}
Jul 20 15:25:35.545952 np0000005507 devstack@g-api.service[99728]: DEBUG glance.api.middleware.version_negotiation [None req-78f63698-ef89-4deb-b294-3b9a0d80e45d tempest-TaggedBootDevicesTest_v242-1633730514 tempest-TaggedBootDevicesTest_v242-1633730514-project-member] Using url versioning {{(pid=99728) process_request /opt/stack/glance/glance/api/middleware/version_negotiation.py:57}}
Jul 20 15:25:35.546147 np0000005507 devstack@g-api.service[99728]: DEBUG glance.api.middleware.version_negotiation [None req-78f63698-ef89-4deb-b294-3b9a0d80e45d tempest-TaggedBootDevicesTest_v242-1633730514 tempest-TaggedBootDevicesTest_v242-1633730514-project-member] Matched version: v2 {{(pid=99728) process_request /opt/stack/glance/glance/api/middleware/version_negotiation.py:69}}
Jul 20 15:25:35.546302 np0000005507 devstack@g-api.service[99728]: DEBUG glance.api.middleware.version_negotiation [None req-78f63698-ef89-4deb-b294-3b9a0d80e45d tempest-TaggedBootDevicesTest_v242-1633730514 tempest-TaggedBootDevicesTest_v242-1633730514-project-member] new path /v2/schemas/image {{(pid=99728) process_request /opt/stack/glance/glance/api/middleware/version_negotiation.py:70}}
Jul 20 15:25:35.549011 np0000005507 devstack@g-api.service[99728]: [pid: 99728|app: 0|req: 13/32] 127.0.0.1 () {44 vars in 1055 bytes} [Mon Jul 20 15:25:35 2026] GET /v2/schemas/image => generated 6083 bytes in 3 msecs (HTTP/1.1 200) 4 headers in 158 bytes (1 switches on core 0)
Jul 20 15:25:35.562656 np0000005507 devstack@g-api.service[99729]: DEBUG glance.api.middleware.version_negotiation [None req-78f63698-ef89-4deb-b294-3b9a0d80e45d tempest-TaggedBootDevicesTest_v242-1633730514 tempest-TaggedBootDevicesTest_v242-1633730514-project-member] Determining version of request: GET /v2/schemas/image Accept: */* {{(pid=99729) process_request /opt/stack/glance/glance/api/middleware/version_negotiation.py:44}}
Jul 20 15:25:35.562814 np0000005507 devstack@g-api.service[99729]: DEBUG glance.api.middleware.version_negotiation [None req-78f63698-ef89-4deb-b294-3b9a0d80e45d tempest-TaggedBootDevicesTest_v242-1633730514 tempest-TaggedBootDevicesTest_v242-1633730514-project-member] Using url versioning {{(pid=99729) process_request /opt/stack/glance/glance/api/middleware/version_negotiation.py:57}}
Jul 20 15:25:35.562942 np0000005507 devstack@g-api.service[99729]: DEBUG glance.api.middleware.version_negotiation [None req-78f63698-ef89-4deb-b294-3b9a0d80e45d tempest-TaggedBootDevicesTest_v242-1633730514 tempest-TaggedBootDevicesTest_v242-1633730514-project-member] Matched version: v2 {{(pid=99729) process_request /opt/stack/glance/glance/api/middleware/version_negotiation.py:69}}
Jul 20 15:25:35.562984 np0000005507 devstack@g-api.service[99729]: DEBUG glance.api.middleware.version_negotiation [None req-78f63698-ef89-4deb-b294-3b9a0d80e45d tempest-TaggedBootDevicesTest_v242-1633730514 tempest-TaggedBootDevicesTest_v242-1633730514-project-member] new path /v2/schemas/image {{(pid=99729) process_request /opt/stack/glance/glance/api/middleware/version_negotiation.py:70}}
Jul 20 15:25:35.565035 np0000005507 devstack@g-api.service[99729]: [pid: 99729|app: 0|req: 11/33] 127.0.0.1 () {44 vars in 1055 bytes} [Mon Jul 20 15:25:35 2026] GET /v2/schemas/image => generated 6083 bytes in 2 msecs (HTTP/1.1 200) 4 headers in 158 bytes (1 switches on core 0)
Jul 20 15:25:35.622864 np0000005507 devstack@g-api.service[99728]: DEBUG glance.api.middleware.version_negotiation [None req-78f63698-ef89-4deb-b294-3b9a0d80e45d tempest-TaggedBootDevicesTest_v242-1633730514 tempest-TaggedBootDevicesTest_v242-1633730514-project-member] Determining version of request: GET /v2/images/3d4c7523-fcc0-4e30-8673-95d40cbb2ad9 Accept: */* {{(pid=99728) process_request /opt/stack/glance/glance/api/middleware/version_negotiation.py:44}}
Jul 20 15:25:35.622999 np0000005507 devstack@g-api.service[99728]: DEBUG glance.api.middleware.version_negotiation [None req-78f63698-ef89-4deb-b294-3b9a0d80e45d tempest-TaggedBootDevicesTest_v242-1633730514 tempest-TaggedBootDevicesTest_v242-1633730514-project-member] Using url versioning {{(pid=99728) process_request /opt/stack/glance/glance/api/middleware/version_negotiation.py:57}}
Jul 20 15:25:35.623219 np0000005507 devstack@g-api.service[99728]: DEBUG glance.api.middleware.version_negotiation [None req-78f63698-ef89-4deb-b294-3b9a0d80e45d tempest-TaggedBootDevicesTest_v242-1633730514 tempest-TaggedBootDevicesTest_v242-1633730514-project-member] Matched version: v2 {{(pid=99728) process_request /opt/stack/glance/glance/api/middleware/version_negotiation.py:69}}
Jul 20 15:25:35.623355 np0000005507 devstack@g-api.service[99728]: DEBUG glance.api.middleware.version_negotiation [None req-78f63698-ef89-4deb-b294-3b9a0d80e45d tempest-TaggedBootDevicesTest_v242-1633730514 tempest-TaggedBootDevicesTest_v242-1633730514-project-member] new path /v2/images/3d4c7523-fcc0-4e30-8673-95d40cbb2ad9 {{(pid=99728) process_request /opt/stack/glance/glance/api/middleware/version_negotiation.py:70}}
Jul 20 15:25:35.638091 np0000005507 devstack@g-api.service[99728]: [pid: 99728|app: 0|req: 14/34] 127.0.0.1 () {44 vars in 1115 bytes} [Mon Jul 20 15:25:35 2026] GET /v2/images/3d4c7523-fcc0-4e30-8673-95d40cbb2ad9 => generated 1044 bytes in 15 msecs (HTTP/1.1 200) 4 headers in 158 bytes (1 switches on core 0)
Jul 20 15:25:35.646537 np0000005507 devstack@g-api.service[99729]: DEBUG glance.api.middleware.version_negotiation [None req-78f63698-ef89-4deb-b294-3b9a0d80e45d tempest-TaggedBootDevicesTest_v242-1633730514 tempest-TaggedBootDevicesTest_v242-1633730514-project-member] Determining version of request: GET /v2/schemas/image Accept: */* {{(pid=99729) process_request /opt/stack/glance/glance/api/middleware/version_negotiation.py:44}}
Jul 20 15:25:35.646672 np0000005507 devstack@g-api.service[99729]: DEBUG glance.api.middleware.version_negotiation [None req-78f63698-ef89-4deb-b294-3b9a0d80e45d tempest-TaggedBootDevicesTest_v242-1633730514 tempest-TaggedBootDevicesTest_v242-1633730514-project-member] Using url versioning {{(pid=99729) process_request /opt/stack/glance/glance/api/middleware/version_negotiation.py:57}}
Jul 20 15:25:35.646753 np0000005507 devstack@g-api.service[99729]: DEBUG glance.api.middleware.version_negotiation [None req-78f63698-ef89-4deb-b294-3b9a0d80e45d tempest-TaggedBootDevicesTest_v242-1633730514 tempest-TaggedBootDevicesTest_v242-1633730514-project-member] Matched version: v2 {{(pid=99729) process_request /opt/stack/glance/glance/api/middleware/version_negotiation.py:69}}
Jul 20 15:25:35.646880 np0000005507 devstack@g-api.service[99729]: DEBUG glance.api.middleware.version_negotiation [None req-78f63698-ef89-4deb-b294-3b9a0d80e45d tempest-TaggedBootDevicesTest_v242-1633730514 tempest-TaggedBootDevicesTest_v242-1633730514-project-member] new path /v2/schemas/image {{(pid=99729) process_request /opt/stack/glance/glance/api/middleware/version_negotiation.py:70}}
Jul 20 15:25:35.648831 np0000005507 devstack@g-api.service[99729]: [pid: 99729|app: 0|req: 12/35] 127.0.0.1 () {44 vars in 1055 bytes} [Mon Jul 20 15:25:35 2026] GET /v2/schemas/image => generated 6083 bytes in 2 msecs (HTTP/1.1 200) 4 headers in 158 bytes (1 switches on core 0)
Jul 20 15:25:35.657355 np0000005507 devstack@g-api.service[99728]: DEBUG glance.api.middleware.version_negotiation [None req-78f63698-ef89-4deb-b294-3b9a0d80e45d tempest-TaggedBootDevicesTest_v242-1633730514 tempest-TaggedBootDevicesTest_v242-1633730514-project-member] Determining version of request: GET /v2/schemas/image Accept: */* {{(pid=99728) process_request /opt/stack/glance/glance/api/middleware/version_negotiation.py:44}}
Jul 20 15:25:35.657567 np0000005507 devstack@g-api.service[99728]: DEBUG glance.api.middleware.version_negotiation [None req-78f63698-ef89-4deb-b294-3b9a0d80e45d tempest-TaggedBootDevicesTest_v242-1633730514 tempest-TaggedBootDevicesTest_v242-1633730514-project-member] Using url versioning {{(pid=99728) process_request /opt/stack/glance/glance/api/middleware/version_negotiation.py:57}}
Jul 20 15:25:35.657748 np0000005507 devstack@g-api.service[99728]: DEBUG glance.api.middleware.version_negotiation [None req-78f63698-ef89-4deb-b294-3b9a0d80e45d tempest-TaggedBootDevicesTest_v242-1633730514 tempest-TaggedBootDevicesTest_v242-1633730514-project-member] Matched version: v2 {{(pid=99728) process_request /opt/stack/glance/glance/api/middleware/version_negotiation.py:69}}
Jul 20 15:25:35.657891 np0000005507 devstack@g-api.service[99728]: DEBUG glance.api.middleware.version_negotiation [None req-78f63698-ef89-4deb-b294-3b9a0d80e45d tempest-TaggedBootDevicesTest_v242-1633730514 tempest-TaggedBootDevicesTest_v242-1633730514-project-member] new path /v2/schemas/image {{(pid=99728) process_request /opt/stack/glance/glance/api/middleware/version_negotiation.py:70}}
Jul 20 15:25:35.661266 np0000005507 devstack@g-api.service[99728]: [pid: 99728|app: 0|req: 15/36] 127.0.0.1 () {44 vars in 1055 bytes} [Mon Jul 20 15:25:35 2026] GET /v2/schemas/image => generated 6083 bytes in 4 msecs (HTTP/1.1 200) 4 headers in 158 bytes (1 switches on core 0)
Jul 20 15:25:36.009729 np0000005507 devstack@g-api.service[99727]: INFO glance.api.v2.image_data [None req-0bbf0db9-b48d-4be4-be5c-dbd80c841130 tempest-AttachSCSIVolumeTestJSON-2116230666 tempest-AttachSCSIVolumeTestJSON-2116230666-project-admin] Unable to create trust: no such option collect_timing in group [keystone_authtoken] Use the existing user token.
Jul 20 15:25:36.454833 np0000005507 devstack@g-api.service[99729]: DEBUG glance.api.middleware.version_negotiation [None req-78f63698-ef89-4deb-b294-3b9a0d80e45d tempest-TaggedBootDevicesTest_v242-1633730514 tempest-TaggedBootDevicesTest_v242-1633730514-project-member] Determining version of request: GET /versions Accept: */* {{(pid=99729) process_request /opt/stack/glance/glance/api/middleware/version_negotiation.py:44}}
Jul 20 15:25:36.455641 np0000005507 devstack@g-api.service[99729]: [pid: 99729|app: 0|req: 13/37] 127.0.0.1 () {44 vars in 1039 bytes} [Mon Jul 20 15:25:36 2026] GET /versions => generated 1515 bytes in 1 msecs (HTTP/1.1 200) 3 headers in 92 bytes (1 switches on core 0)
Jul 20 15:25:36.464228 np0000005507 devstack@g-api.service[99728]: DEBUG glance.api.middleware.version_negotiation [None req-78f63698-ef89-4deb-b294-3b9a0d80e45d tempest-TaggedBootDevicesTest_v242-1633730514 tempest-TaggedBootDevicesTest_v242-1633730514-project-member] Determining version of request: GET /v2/images/3d4c7523-fcc0-4e30-8673-95d40cbb2ad9/locations Accept: */* {{(pid=99728) process_request /opt/stack/glance/glance/api/middleware/version_negotiation.py:44}}
Jul 20 15:25:36.464228 np0000005507 devstack@g-api.service[99728]: DEBUG glance.api.middleware.version_negotiation [None req-78f63698-ef89-4deb-b294-3b9a0d80e45d tempest-TaggedBootDevicesTest_v242-1633730514 tempest-TaggedBootDevicesTest_v242-1633730514-project-member] Using url versioning {{(pid=99728) process_request /opt/stack/glance/glance/api/middleware/version_negotiation.py:57}}
Jul 20 15:25:36.464228 np0000005507 devstack@g-api.service[99728]: DEBUG glance.api.middleware.version_negotiation [None req-78f63698-ef89-4deb-b294-3b9a0d80e45d tempest-TaggedBootDevicesTest_v242-1633730514 tempest-TaggedBootDevicesTest_v242-1633730514-project-member] Matched version: v2 {{(pid=99728) process_request /opt/stack/glance/glance/api/middleware/version_negotiation.py:69}}
Jul 20 15:25:36.464542 np0000005507 devstack@g-api.service[99728]: DEBUG glance.api.middleware.version_negotiation [None req-78f63698-ef89-4deb-b294-3b9a0d80e45d tempest-TaggedBootDevicesTest_v242-1633730514 tempest-TaggedBootDevicesTest_v242-1633730514-project-member] new path /v2/images/3d4c7523-fcc0-4e30-8673-95d40cbb2ad9/locations {{(pid=99728) process_request /opt/stack/glance/glance/api/middleware/version_negotiation.py:70}}
Jul 20 15:25:36.616805 np0000005507 devstack@g-api.service[99727]: DEBUG glance.location [None req-0bbf0db9-b48d-4be4-be5c-dbd80c841130 tempest-AttachSCSIVolumeTestJSON-2116230666 tempest-AttachSCSIVolumeTestJSON-2116230666-project-admin] Enabling in-flight format inspection for qcow2 {{(pid=99727) set_data /opt/stack/glance/glance/location.py:596}}
Jul 20 15:25:36.617778 np0000005507 devstack@g-api.service[99727]: DEBUG glance_store.backend [None req-0bbf0db9-b48d-4be4-be5c-dbd80c841130 tempest-AttachSCSIVolumeTestJSON-2116230666 tempest-AttachSCSIVolumeTestJSON-2116230666-project-admin] Attempting to import store swift {{(pid=99727) _load_store /opt/stack/data/venv/lib/python3.12/site-packages/glance_store/backend.py:215}}
Jul 20 15:25:36.622190 np0000005507 devstack@g-api.service[99727]: DEBUG glance_store.capabilities [None req-0bbf0db9-b48d-4be4-be5c-dbd80c841130 tempest-AttachSCSIVolumeTestJSON-2116230666 tempest-AttachSCSIVolumeTestJSON-2116230666-project-admin] Store glance_store._drivers.swift.store.SingleTenantStore doesn't support updating dynamic storage capabilities. Please overwrite 'update_capabilities' method of the store to implement updating logics if needed. {{(pid=99727) update_capabilities /opt/stack/data/venv/lib/python3.12/site-packages/glance_store/capabilities.py:91}}
Jul 20 15:25:36.622367 np0000005507 devstack@g-api.service[99727]: DEBUG glance_store.driver [None req-0bbf0db9-b48d-4be4-be5c-dbd80c841130 tempest-AttachSCSIVolumeTestJSON-2116230666 tempest-AttachSCSIVolumeTestJSON-2116230666-project-admin] Late loading location class glance_store._drivers.swift.store.StoreLocation {{(pid=99727) get_store_location_class /opt/stack/data/venv/lib/python3.12/site-packages/glance_store/driver.py:134}}
Jul 20 15:25:36.622507 np0000005507 devstack@g-api.service[99727]: DEBUG glance_store.location [None req-0bbf0db9-b48d-4be4-be5c-dbd80c841130 tempest-AttachSCSIVolumeTestJSON-2116230666 tempest-AttachSCSIVolumeTestJSON-2116230666-project-admin] Registering scheme swift+https with {'store': , 'location_class': , 'store_entry': 'swift'} {{(pid=99727) register_scheme_map /opt/stack/data/venv/lib/python3.12/site-packages/glance_store/location.py:146}}
Jul 20 15:25:36.622648 np0000005507 devstack@g-api.service[99727]: DEBUG glance_store.location [None req-0bbf0db9-b48d-4be4-be5c-dbd80c841130 tempest-AttachSCSIVolumeTestJSON-2116230666 tempest-AttachSCSIVolumeTestJSON-2116230666-project-admin] Registering scheme swift+https with {'store': , 'location_class': , 'store_entry': 'swift'} {{(pid=99727) register_scheme_map /opt/stack/data/venv/lib/python3.12/site-packages/glance_store/location.py:146}}
Jul 20 15:25:36.622973 np0000005507 devstack@g-api.service[99727]: DEBUG glance_store.location [None req-0bbf0db9-b48d-4be4-be5c-dbd80c841130 tempest-AttachSCSIVolumeTestJSON-2116230666 tempest-AttachSCSIVolumeTestJSON-2116230666-project-admin] Registering scheme swift with {'store': , 'location_class': , 'store_entry': 'swift'} {{(pid=99727) register_scheme_map /opt/stack/data/venv/lib/python3.12/site-packages/glance_store/location.py:146}}
Jul 20 15:25:36.622973 np0000005507 devstack@g-api.service[99727]: DEBUG glance_store.location [None req-0bbf0db9-b48d-4be4-be5c-dbd80c841130 tempest-AttachSCSIVolumeTestJSON-2116230666 tempest-AttachSCSIVolumeTestJSON-2116230666-project-admin] Registering scheme swift+https with {'store': , 'location_class': , 'store_entry': 'swift'} {{(pid=99727) register_scheme_map /opt/stack/data/venv/lib/python3.12/site-packages/glance_store/location.py:146}}
Jul 20 15:25:36.622973 np0000005507 devstack@g-api.service[99727]: DEBUG glance_store.location [None req-0bbf0db9-b48d-4be4-be5c-dbd80c841130 tempest-AttachSCSIVolumeTestJSON-2116230666 tempest-AttachSCSIVolumeTestJSON-2116230666-project-admin] Registering scheme swift with {'store': , 'location_class': , 'store_entry': 'swift'} {{(pid=99727) register_scheme_map /opt/stack/data/venv/lib/python3.12/site-packages/glance_store/location.py:146}}
Jul 20 15:25:36.623133 np0000005507 devstack@g-api.service[99727]: DEBUG glance_store.location [None req-0bbf0db9-b48d-4be4-be5c-dbd80c841130 tempest-AttachSCSIVolumeTestJSON-2116230666 tempest-AttachSCSIVolumeTestJSON-2116230666-project-admin] Registering scheme swift+http with {'store': , 'location_class': , 'store_entry': 'swift'} {{(pid=99727) register_scheme_map /opt/stack/data/venv/lib/python3.12/site-packages/glance_store/location.py:146}}
Jul 20 15:25:36.623223 np0000005507 devstack@g-api.service[99727]: DEBUG glance_store.location [None req-0bbf0db9-b48d-4be4-be5c-dbd80c841130 tempest-AttachSCSIVolumeTestJSON-2116230666 tempest-AttachSCSIVolumeTestJSON-2116230666-project-admin] Registering scheme swift+https with {'store': , 'location_class': , 'store_entry': 'swift'} {{(pid=99727) register_scheme_map /opt/stack/data/venv/lib/python3.12/site-packages/glance_store/location.py:146}}
Jul 20 15:25:36.623364 np0000005507 devstack@g-api.service[99727]: DEBUG glance_store.location [None req-0bbf0db9-b48d-4be4-be5c-dbd80c841130 tempest-AttachSCSIVolumeTestJSON-2116230666 tempest-AttachSCSIVolumeTestJSON-2116230666-project-admin] Registering scheme swift with {'store': , 'location_class': , 'store_entry': 'swift'} {{(pid=99727) register_scheme_map /opt/stack/data/venv/lib/python3.12/site-packages/glance_store/location.py:146}}
Jul 20 15:25:36.623497 np0000005507 devstack@g-api.service[99727]: DEBUG glance_store.location [None req-0bbf0db9-b48d-4be4-be5c-dbd80c841130 tempest-AttachSCSIVolumeTestJSON-2116230666 tempest-AttachSCSIVolumeTestJSON-2116230666-project-admin] Registering scheme swift+http with {'store': , 'location_class': , 'store_entry': 'swift'} {{(pid=99727) register_scheme_map /opt/stack/data/venv/lib/python3.12/site-packages/glance_store/location.py:146}}
Jul 20 15:25:36.623613 np0000005507 devstack@g-api.service[99727]: DEBUG glance_store.location [None req-0bbf0db9-b48d-4be4-be5c-dbd80c841130 tempest-AttachSCSIVolumeTestJSON-2116230666 tempest-AttachSCSIVolumeTestJSON-2116230666-project-admin] Registering scheme swift+config with {'store': , 'location_class': , 'store_entry': 'swift'} {{(pid=99727) register_scheme_map /opt/stack/data/venv/lib/python3.12/site-packages/glance_store/location.py:146}}
Jul 20 15:25:36.900468 np0000005507 devstack@g-api.service[99728]: [pid: 99728|app: 0|req: 16/38] 127.0.0.1 () {44 vars in 1135 bytes} [Mon Jul 20 15:25:36 2026] GET /v2/images/3d4c7523-fcc0-4e30-8673-95d40cbb2ad9/locations => generated 92 bytes in 436 msecs (HTTP/1.1 200) 4 headers in 156 bytes (1 switches on core 0)
Jul 20 15:25:36.916286 np0000005507 devstack@g-api.service[99729]: DEBUG glance.api.middleware.version_negotiation [None req-78f63698-ef89-4deb-b294-3b9a0d80e45d tempest-TaggedBootDevicesTest_v242-1633730514 tempest-TaggedBootDevicesTest_v242-1633730514-project-member] Determining version of request: GET /v2/images/3d4c7523-fcc0-4e30-8673-95d40cbb2ad9 Accept: */* {{(pid=99729) process_request /opt/stack/glance/glance/api/middleware/version_negotiation.py:44}}
Jul 20 15:25:36.916286 np0000005507 devstack@g-api.service[99729]: DEBUG glance.api.middleware.version_negotiation [None req-78f63698-ef89-4deb-b294-3b9a0d80e45d tempest-TaggedBootDevicesTest_v242-1633730514 tempest-TaggedBootDevicesTest_v242-1633730514-project-member] Using url versioning {{(pid=99729) process_request /opt/stack/glance/glance/api/middleware/version_negotiation.py:57}}
Jul 20 15:25:36.916286 np0000005507 devstack@g-api.service[99729]: DEBUG glance.api.middleware.version_negotiation [None req-78f63698-ef89-4deb-b294-3b9a0d80e45d tempest-TaggedBootDevicesTest_v242-1633730514 tempest-TaggedBootDevicesTest_v242-1633730514-project-member] Matched version: v2 {{(pid=99729) process_request /opt/stack/glance/glance/api/middleware/version_negotiation.py:69}}
Jul 20 15:25:36.916286 np0000005507 devstack@g-api.service[99729]: DEBUG glance.api.middleware.version_negotiation [None req-78f63698-ef89-4deb-b294-3b9a0d80e45d tempest-TaggedBootDevicesTest_v242-1633730514 tempest-TaggedBootDevicesTest_v242-1633730514-project-member] new path /v2/images/3d4c7523-fcc0-4e30-8673-95d40cbb2ad9 {{(pid=99729) process_request /opt/stack/glance/glance/api/middleware/version_negotiation.py:70}}
Jul 20 15:25:36.930654 np0000005507 devstack@g-api.service[99729]: [pid: 99729|app: 0|req: 14/39] 127.0.0.1 () {44 vars in 1115 bytes} [Mon Jul 20 15:25:36 2026] GET /v2/images/3d4c7523-fcc0-4e30-8673-95d40cbb2ad9 => generated 1044 bytes in 15 msecs (HTTP/1.1 200) 4 headers in 158 bytes (1 switches on core 0)
Jul 20 15:25:36.940132 np0000005507 devstack@g-api.service[99728]: DEBUG glance.api.middleware.version_negotiation [None req-78f63698-ef89-4deb-b294-3b9a0d80e45d service glance] Determining version of request: GET /v2/schemas/image Accept: */* {{(pid=99728) process_request /opt/stack/glance/glance/api/middleware/version_negotiation.py:44}}
Jul 20 15:25:36.940132 np0000005507 devstack@g-api.service[99728]: DEBUG glance.api.middleware.version_negotiation [None req-78f63698-ef89-4deb-b294-3b9a0d80e45d service glance] Using url versioning {{(pid=99728) process_request /opt/stack/glance/glance/api/middleware/version_negotiation.py:57}}
Jul 20 15:25:36.940132 np0000005507 devstack@g-api.service[99728]: DEBUG glance.api.middleware.version_negotiation [None req-78f63698-ef89-4deb-b294-3b9a0d80e45d service glance] Matched version: v2 {{(pid=99728) process_request /opt/stack/glance/glance/api/middleware/version_negotiation.py:69}}
Jul 20 15:25:36.940132 np0000005507 devstack@g-api.service[99728]: DEBUG glance.api.middleware.version_negotiation [None req-78f63698-ef89-4deb-b294-3b9a0d80e45d service glance] new path /v2/schemas/image {{(pid=99728) process_request /opt/stack/glance/glance/api/middleware/version_negotiation.py:70}}
Jul 20 15:25:36.943960 np0000005507 devstack@g-api.service[99728]: [pid: 99728|app: 0|req: 17/40] 127.0.0.1 () {44 vars in 1055 bytes} [Mon Jul 20 15:25:36 2026] GET /v2/schemas/image => generated 6083 bytes in 4 msecs (HTTP/1.1 200) 4 headers in 158 bytes (1 switches on core 0)
Jul 20 15:25:36.951135 np0000005507 devstack@g-api.service[99729]: DEBUG glance.api.middleware.version_negotiation [None req-78f63698-ef89-4deb-b294-3b9a0d80e45d tempest-TaggedBootDevicesTest_v242-1633730514 tempest-TaggedBootDevicesTest_v242-1633730514-project-member] Determining version of request: GET /v2/schemas/image Accept: */* {{(pid=99729) process_request /opt/stack/glance/glance/api/middleware/version_negotiation.py:44}}
Jul 20 15:25:36.951291 np0000005507 devstack@g-api.service[99729]: DEBUG glance.api.middleware.version_negotiation [None req-78f63698-ef89-4deb-b294-3b9a0d80e45d tempest-TaggedBootDevicesTest_v242-1633730514 tempest-TaggedBootDevicesTest_v242-1633730514-project-member] Using url versioning {{(pid=99729) process_request /opt/stack/glance/glance/api/middleware/version_negotiation.py:57}}
Jul 20 15:25:36.951603 np0000005507 devstack@g-api.service[99729]: DEBUG glance.api.middleware.version_negotiation [None req-78f63698-ef89-4deb-b294-3b9a0d80e45d tempest-TaggedBootDevicesTest_v242-1633730514 tempest-TaggedBootDevicesTest_v242-1633730514-project-member] Matched version: v2 {{(pid=99729) process_request /opt/stack/glance/glance/api/middleware/version_negotiation.py:69}}
Jul 20 15:25:36.951603 np0000005507 devstack@g-api.service[99729]: DEBUG glance.api.middleware.version_negotiation [None req-78f63698-ef89-4deb-b294-3b9a0d80e45d tempest-TaggedBootDevicesTest_v242-1633730514 tempest-TaggedBootDevicesTest_v242-1633730514-project-member] new path /v2/schemas/image {{(pid=99729) process_request /opt/stack/glance/glance/api/middleware/version_negotiation.py:70}}
Jul 20 15:25:36.957213 np0000005507 devstack@g-api.service[99729]: [pid: 99729|app: 0|req: 15/41] 127.0.0.1 () {44 vars in 1055 bytes} [Mon Jul 20 15:25:36 2026] GET /v2/schemas/image => generated 6083 bytes in 6 msecs (HTTP/1.1 200) 4 headers in 158 bytes (1 switches on core 0)
Jul 20 15:25:36.990007 np0000005507 devstack@g-api.service[99728]: DEBUG glance.api.middleware.version_negotiation [None req-78f63698-ef89-4deb-b294-3b9a0d80e45d tempest-TaggedBootDevicesTest_v242-1633730514 tempest-TaggedBootDevicesTest_v242-1633730514-project-member] Determining version of request: GET /v2/images/3d4c7523-fcc0-4e30-8673-95d40cbb2ad9 Accept: */* {{(pid=99728) process_request /opt/stack/glance/glance/api/middleware/version_negotiation.py:44}}
Jul 20 15:25:36.990539 np0000005507 devstack@g-api.service[99728]: DEBUG glance.api.middleware.version_negotiation [None req-78f63698-ef89-4deb-b294-3b9a0d80e45d tempest-TaggedBootDevicesTest_v242-1633730514 tempest-TaggedBootDevicesTest_v242-1633730514-project-member] Using url versioning {{(pid=99728) process_request /opt/stack/glance/glance/api/middleware/version_negotiation.py:57}}
Jul 20 15:25:36.991358 np0000005507 devstack@g-api.service[99728]: DEBUG glance.api.middleware.version_negotiation [None req-78f63698-ef89-4deb-b294-3b9a0d80e45d tempest-TaggedBootDevicesTest_v242-1633730514 tempest-TaggedBootDevicesTest_v242-1633730514-project-member] Matched version: v2 {{(pid=99728) process_request /opt/stack/glance/glance/api/middleware/version_negotiation.py:69}}
Jul 20 15:25:36.991459 np0000005507 devstack@g-api.service[99728]: DEBUG glance.api.middleware.version_negotiation [None req-78f63698-ef89-4deb-b294-3b9a0d80e45d tempest-TaggedBootDevicesTest_v242-1633730514 tempest-TaggedBootDevicesTest_v242-1633730514-project-member] new path /v2/images/3d4c7523-fcc0-4e30-8673-95d40cbb2ad9 {{(pid=99728) process_request /opt/stack/glance/glance/api/middleware/version_negotiation.py:70}}
Jul 20 15:25:37.013305 np0000005507 devstack@g-api.service[99728]: [pid: 99728|app: 0|req: 18/42] 127.0.0.1 () {44 vars in 1115 bytes} [Mon Jul 20 15:25:36 2026] GET /v2/images/3d4c7523-fcc0-4e30-8673-95d40cbb2ad9 => generated 1044 bytes in 24 msecs (HTTP/1.1 200) 4 headers in 158 bytes (1 switches on core 0)
Jul 20 15:25:37.020655 np0000005507 devstack@g-api.service[99729]: DEBUG glance.api.middleware.version_negotiation [None req-78f63698-ef89-4deb-b294-3b9a0d80e45d tempest-TaggedBootDevicesTest_v242-1633730514 tempest-TaggedBootDevicesTest_v242-1633730514-project-member] Determining version of request: GET /v2/images/3d4c7523-fcc0-4e30-8673-95d40cbb2ad9/file Accept: */* {{(pid=99729) process_request /opt/stack/glance/glance/api/middleware/version_negotiation.py:44}}
Jul 20 15:25:37.020811 np0000005507 devstack@g-api.service[99729]: DEBUG glance.api.middleware.version_negotiation [None req-78f63698-ef89-4deb-b294-3b9a0d80e45d tempest-TaggedBootDevicesTest_v242-1633730514 tempest-TaggedBootDevicesTest_v242-1633730514-project-member] Using url versioning {{(pid=99729) process_request /opt/stack/glance/glance/api/middleware/version_negotiation.py:57}}
Jul 20 15:25:37.021046 np0000005507 devstack@g-api.service[99729]: DEBUG glance.api.middleware.version_negotiation [None req-78f63698-ef89-4deb-b294-3b9a0d80e45d tempest-TaggedBootDevicesTest_v242-1633730514 tempest-TaggedBootDevicesTest_v242-1633730514-project-member] Matched version: v2 {{(pid=99729) process_request /opt/stack/glance/glance/api/middleware/version_negotiation.py:69}}
Jul 20 15:25:37.021046 np0000005507 devstack@g-api.service[99729]: DEBUG glance.api.middleware.version_negotiation [None req-78f63698-ef89-4deb-b294-3b9a0d80e45d tempest-TaggedBootDevicesTest_v242-1633730514 tempest-TaggedBootDevicesTest_v242-1633730514-project-member] new path /v2/images/3d4c7523-fcc0-4e30-8673-95d40cbb2ad9/file {{(pid=99729) process_request /opt/stack/glance/glance/api/middleware/version_negotiation.py:70}}
Jul 20 15:25:37.033862 np0000005507 devstack@g-api.service[99729]: DEBUG glance.api.middleware.cache [None req-78f63698-ef89-4deb-b294-3b9a0d80e45d tempest-TaggedBootDevicesTest_v242-1633730514 tempest-TaggedBootDevicesTest_v242-1633730514-project-member] Cache hit for image '3d4c7523-fcc0-4e30-8673-95d40cbb2ad9' {{(pid=99729) process_request /opt/stack/glance/glance/api/middleware/cache.py:160}}
Jul 20 15:25:37.056138 np0000005507 devstack@g-api.service[99727]: DEBUG swiftclient [None req-0bbf0db9-b48d-4be4-be5c-dbd80c841130 tempest-AttachSCSIVolumeTestJSON-2116230666 tempest-AttachSCSIVolumeTestJSON-2116230666-project-admin] REQ: curl -i https://10.4.3.194:8080/v1/AUTH_2e3e8dfaf7bd427184fa066cdccaaddf/glance -I -H "X-Auth-Token: gAAAAABqXj3wzSBV..." {{(pid=99727) http_log /opt/stack/data/venv/lib/python3.12/site-packages/swiftclient/client.py:160}}
Jul 20 15:25:37.056138 np0000005507 devstack@g-api.service[99727]: DEBUG swiftclient [None req-0bbf0db9-b48d-4be4-be5c-dbd80c841130 tempest-AttachSCSIVolumeTestJSON-2116230666 tempest-AttachSCSIVolumeTestJSON-2116230666-project-admin] RESP STATUS: 204 No Content {{(pid=99727) http_log /opt/stack/data/venv/lib/python3.12/site-packages/swiftclient/client.py:161}}
Jul 20 15:25:37.056138 np0000005507 devstack@g-api.service[99727]: DEBUG swiftclient [None req-0bbf0db9-b48d-4be4-be5c-dbd80c841130 tempest-AttachSCSIVolumeTestJSON-2116230666 tempest-AttachSCSIVolumeTestJSON-2116230666-project-admin] RESP HEADERS: {'Date': 'Mon, 20 Jul 2026 15:25:37 GMT', 'Server': 'Apache/2.4.58 (Ubuntu)', 'Content-Type': 'text/plain; charset=utf-8', 'X-Container-Object-Count': '3', 'X-Container-Bytes-Used': '64356352', 'X-Timestamp': '1784561015.35118', 'Last-Modified': 'Mon, 20 Jul 2026 15:23:36 GMT', 'Accept-Ranges': 'bytes', 'X-Storage-Policy': 'Policy-0', 'X-Container-Sharding': 'False', 'Vary': 'Accept', 'X-Trans-Id': 'tx04cf880a1ddf485082115-006a5e3df0', 'X-Openstack-Request-Id': 'tx04cf880a1ddf485082115-006a5e3df0', 'Connection': 'close'} {{(pid=99727) http_log /opt/stack/data/venv/lib/python3.12/site-packages/swiftclient/client.py:162}}
Jul 20 15:25:37.056138 np0000005507 devstack@g-api.service[99727]: DEBUG glance_store._drivers.swift.store [None req-0bbf0db9-b48d-4be4-be5c-dbd80c841130 tempest-AttachSCSIVolumeTestJSON-2116230666 tempest-AttachSCSIVolumeTestJSON-2116230666-project-admin] Adding image object 'd3ed6ff4-455d-43bf-b85c-566b3c84dc74' to Swift {{(pid=99727) add /opt/stack/data/venv/lib/python3.12/site-packages/glance_store/_drivers/swift/store.py:970}}
Jul 20 15:25:37.056692 np0000005507 devstack@g-api.service[99727]: DEBUG glance_store._drivers.swift.store [None req-0bbf0db9-b48d-4be4-be5c-dbd80c841130 tempest-AttachSCSIVolumeTestJSON-2116230666 tempest-AttachSCSIVolumeTestJSON-2116230666-project-admin] Cannot determine image size because it is either not provided in the request or chunked-transfer encoding is used. Adding image as a segmented object to Swift. {{(pid=99727) add /opt/stack/data/venv/lib/python3.12/site-packages/glance_store/_drivers/swift/store.py:994}}
Jul 20 15:25:37.061361 np0000005507 devstack@g-api.service[99727]: DEBUG oslo_utils.imageutils.format_inspector [None req-0bbf0db9-b48d-4be4-be5c-dbd80c841130 tempest-AttachSCSIVolumeTestJSON-2116230666 tempest-AttachSCSIVolumeTestJSON-2116230666-project-admin] Format inspector for vmdk does not match, excluding from consideration (Signature KDMV not found: b'QFI\xfb') {{(pid=99727) _process_chunk /opt/stack/data/venv/lib/python3.12/site-packages/oslo_utils/imageutils/format_inspector.py:1758}}
Jul 20 15:25:37.065611 np0000005507 devstack@g-api.service[99727]: DEBUG oslo_utils.imageutils.format_inspector [None req-0bbf0db9-b48d-4be4-be5c-dbd80c841130 tempest-AttachSCSIVolumeTestJSON-2116230666 tempest-AttachSCSIVolumeTestJSON-2116230666-project-admin] Format inspector for vhdx does not match, excluding from consideration (Region signature not found at 30000) {{(pid=99727) _process_chunk /opt/stack/data/venv/lib/python3.12/site-packages/oslo_utils/imageutils/format_inspector.py:1758}}
Jul 20 15:25:37.098951 np0000005507 devstack@g-api.service[99729]: [pid: 99729|app: 0|req: 16/43] 127.0.0.1 () {44 vars in 1125 bytes} [Mon Jul 20 15:25:37 2026] GET /v2/images/3d4c7523-fcc0-4e30-8673-95d40cbb2ad9/file => generated 21692416 bytes in 78 msecs (HTTP/1.1 200) 5 headers in 217 bytes (336 switches on core 0)
Jul 20 15:25:37.273690 np0000005507 devstack@g-api.service[99728]: DEBUG glance.api.middleware.version_negotiation [None req-78f63698-ef89-4deb-b294-3b9a0d80e45d tempest-TaggedBootDevicesTest_v242-1633730514 tempest-TaggedBootDevicesTest_v242-1633730514-project-member] Determining version of request: GET /v2/images/3d4c7523-fcc0-4e30-8673-95d40cbb2ad9 Accept: */* {{(pid=99728) process_request /opt/stack/glance/glance/api/middleware/version_negotiation.py:44}}
Jul 20 15:25:37.274852 np0000005507 devstack@g-api.service[99728]: DEBUG glance.api.middleware.version_negotiation [None req-78f63698-ef89-4deb-b294-3b9a0d80e45d tempest-TaggedBootDevicesTest_v242-1633730514 tempest-TaggedBootDevicesTest_v242-1633730514-project-member] Using url versioning {{(pid=99728) process_request /opt/stack/glance/glance/api/middleware/version_negotiation.py:57}}
Jul 20 15:25:37.275051 np0000005507 devstack@g-api.service[99728]: DEBUG glance.api.middleware.version_negotiation [None req-78f63698-ef89-4deb-b294-3b9a0d80e45d tempest-TaggedBootDevicesTest_v242-1633730514 tempest-TaggedBootDevicesTest_v242-1633730514-project-member] Matched version: v2 {{(pid=99728) process_request /opt/stack/glance/glance/api/middleware/version_negotiation.py:69}}
Jul 20 15:25:37.275224 np0000005507 devstack@g-api.service[99728]: DEBUG glance.api.middleware.version_negotiation [None req-78f63698-ef89-4deb-b294-3b9a0d80e45d tempest-TaggedBootDevicesTest_v242-1633730514 tempest-TaggedBootDevicesTest_v242-1633730514-project-member] new path /v2/images/3d4c7523-fcc0-4e30-8673-95d40cbb2ad9 {{(pid=99728) process_request /opt/stack/glance/glance/api/middleware/version_negotiation.py:70}}
Jul 20 15:25:37.291930 np0000005507 devstack@g-api.service[99728]: [pid: 99728|app: 0|req: 19/44] 127.0.0.1 () {44 vars in 1115 bytes} [Mon Jul 20 15:25:37 2026] GET /v2/images/3d4c7523-fcc0-4e30-8673-95d40cbb2ad9 => generated 1044 bytes in 18 msecs (HTTP/1.1 200) 4 headers in 158 bytes (1 switches on core 0)
Jul 20 15:25:37.301034 np0000005507 devstack@g-api.service[99729]: DEBUG glance.api.middleware.version_negotiation [None req-78f63698-ef89-4deb-b294-3b9a0d80e45d tempest-TaggedBootDevicesTest_v242-1633730514 tempest-TaggedBootDevicesTest_v242-1633730514-project-member] Determining version of request: GET /v2/schemas/image Accept: */* {{(pid=99729) process_request /opt/stack/glance/glance/api/middleware/version_negotiation.py:44}}
Jul 20 15:25:37.301344 np0000005507 devstack@g-api.service[99729]: DEBUG glance.api.middleware.version_negotiation [None req-78f63698-ef89-4deb-b294-3b9a0d80e45d tempest-TaggedBootDevicesTest_v242-1633730514 tempest-TaggedBootDevicesTest_v242-1633730514-project-member] Using url versioning {{(pid=99729) process_request /opt/stack/glance/glance/api/middleware/version_negotiation.py:57}}
Jul 20 15:25:37.301635 np0000005507 devstack@g-api.service[99729]: DEBUG glance.api.middleware.version_negotiation [None req-78f63698-ef89-4deb-b294-3b9a0d80e45d tempest-TaggedBootDevicesTest_v242-1633730514 tempest-TaggedBootDevicesTest_v242-1633730514-project-member] Matched version: v2 {{(pid=99729) process_request /opt/stack/glance/glance/api/middleware/version_negotiation.py:69}}
Jul 20 15:25:37.301767 np0000005507 devstack@g-api.service[99729]: DEBUG glance.api.middleware.version_negotiation [None req-78f63698-ef89-4deb-b294-3b9a0d80e45d tempest-TaggedBootDevicesTest_v242-1633730514 tempest-TaggedBootDevicesTest_v242-1633730514-project-member] new path /v2/schemas/image {{(pid=99729) process_request /opt/stack/glance/glance/api/middleware/version_negotiation.py:70}}
Jul 20 15:25:37.306163 np0000005507 devstack@g-api.service[99729]: [pid: 99729|app: 0|req: 17/45] 127.0.0.1 () {44 vars in 1055 bytes} [Mon Jul 20 15:25:37 2026] GET /v2/schemas/image => generated 6083 bytes in 5 msecs (HTTP/1.1 200) 4 headers in 158 bytes (1 switches on core 0)
Jul 20 15:25:37.306700 np0000005507 devstack@g-api.service[99728]: DEBUG glance.api.middleware.version_negotiation [None req-78f63698-ef89-4deb-b294-3b9a0d80e45d tempest-TaggedBootDevicesTest_v242-1633730514 tempest-TaggedBootDevicesTest_v242-1633730514-project-member] Determining version of request: GET /v2/images/3d4c7523-fcc0-4e30-8673-95d40cbb2ad9 Accept: */* {{(pid=99728) process_request /opt/stack/glance/glance/api/middleware/version_negotiation.py:44}}
Jul 20 15:25:37.306876 np0000005507 devstack@g-api.service[99728]: DEBUG glance.api.middleware.version_negotiation [None req-78f63698-ef89-4deb-b294-3b9a0d80e45d tempest-TaggedBootDevicesTest_v242-1633730514 tempest-TaggedBootDevicesTest_v242-1633730514-project-member] Using url versioning {{(pid=99728) process_request /opt/stack/glance/glance/api/middleware/version_negotiation.py:57}}
Jul 20 15:25:37.307011 np0000005507 devstack@g-api.service[99728]: DEBUG glance.api.middleware.version_negotiation [None req-78f63698-ef89-4deb-b294-3b9a0d80e45d tempest-TaggedBootDevicesTest_v242-1633730514 tempest-TaggedBootDevicesTest_v242-1633730514-project-member] Matched version: v2 {{(pid=99728) process_request /opt/stack/glance/glance/api/middleware/version_negotiation.py:69}}
Jul 20 15:25:37.307156 np0000005507 devstack@g-api.service[99728]: DEBUG glance.api.middleware.version_negotiation [None req-78f63698-ef89-4deb-b294-3b9a0d80e45d tempest-TaggedBootDevicesTest_v242-1633730514 tempest-TaggedBootDevicesTest_v242-1633730514-project-member] new path /v2/images/3d4c7523-fcc0-4e30-8673-95d40cbb2ad9 {{(pid=99728) process_request /opt/stack/glance/glance/api/middleware/version_negotiation.py:70}}
Jul 20 15:25:37.329934 np0000005507 devstack@g-api.service[99727]: DEBUG swiftclient [None req-0bbf0db9-b48d-4be4-be5c-dbd80c841130 tempest-AttachSCSIVolumeTestJSON-2116230666 tempest-AttachSCSIVolumeTestJSON-2116230666-project-admin] REQ: curl -i https://10.4.3.194:8080/v1/AUTH_2e3e8dfaf7bd427184fa066cdccaaddf/glance/d3ed6ff4-455d-43bf-b85c-566b3c84dc74-00001 -X PUT -H "X-Auth-Token: gAAAAABqXj3wzSBV..." {{(pid=99727) http_log /opt/stack/data/venv/lib/python3.12/site-packages/swiftclient/client.py:160}}
Jul 20 15:25:37.329934 np0000005507 devstack@g-api.service[99727]: DEBUG swiftclient [None req-0bbf0db9-b48d-4be4-be5c-dbd80c841130 tempest-AttachSCSIVolumeTestJSON-2116230666 tempest-AttachSCSIVolumeTestJSON-2116230666-project-admin] RESP STATUS: 201 Created {{(pid=99727) http_log /opt/stack/data/venv/lib/python3.12/site-packages/swiftclient/client.py:161}}
Jul 20 15:25:37.329934 np0000005507 devstack@g-api.service[99727]: DEBUG swiftclient [None req-0bbf0db9-b48d-4be4-be5c-dbd80c841130 tempest-AttachSCSIVolumeTestJSON-2116230666 tempest-AttachSCSIVolumeTestJSON-2116230666-project-admin] RESP HEADERS: {'Date': 'Mon, 20 Jul 2026 15:25:37 GMT', 'Server': 'Apache/2.4.58 (Ubuntu)', 'Content-Type': 'text/html; charset=UTF-8', 'Content-Length': '0', 'Etag': '87617e24a5e30cb3b87fda8c0764838f', 'Last-Modified': 'Mon, 20 Jul 2026 15:25:38 GMT', 'X-Trans-Id': 'tx9b9ed2a1c9714dcf89178-006a5e3df1', 'X-Openstack-Request-Id': 'tx9b9ed2a1c9714dcf89178-006a5e3df1', 'Connection': 'close'} {{(pid=99727) http_log /opt/stack/data/venv/lib/python3.12/site-packages/swiftclient/client.py:162}}
Jul 20 15:25:37.330160 np0000005507 devstack@g-api.service[99727]: DEBUG glance_store._drivers.swift.store [None req-0bbf0db9-b48d-4be4-be5c-dbd80c841130 tempest-AttachSCSIVolumeTestJSON-2116230666 tempest-AttachSCSIVolumeTestJSON-2116230666-project-admin] Wrote chunk d3ed6ff4-455d-43bf-b85c-566b3c84dc74-00001 (1/?) of length 21692416 to Swift returning MD5 of content: 87617e24a5e30cb3b87fda8c0764838f {{(pid=99727) add /opt/stack/data/venv/lib/python3.12/site-packages/glance_store/_drivers/swift/store.py:1059}}
Jul 20 15:25:37.330370 np0000005507 devstack@g-api.service[99727]: DEBUG glance_store._drivers.swift.store [None req-0bbf0db9-b48d-4be4-be5c-dbd80c841130 tempest-AttachSCSIVolumeTestJSON-2116230666 tempest-AttachSCSIVolumeTestJSON-2116230666-project-admin] Not writing zero-length chunk. {{(pid=99727) add /opt/stack/data/venv/lib/python3.12/site-packages/glance_store/_drivers/swift/store.py:1028}}
Jul 20 15:25:37.354338 np0000005507 devstack@g-api.service[99727]: DEBUG swiftclient [None req-0bbf0db9-b48d-4be4-be5c-dbd80c841130 tempest-AttachSCSIVolumeTestJSON-2116230666 tempest-AttachSCSIVolumeTestJSON-2116230666-project-admin] REQ: curl -i https://10.4.3.194:8080/v1/AUTH_2e3e8dfaf7bd427184fa066cdccaaddf/glance/d3ed6ff4-455d-43bf-b85c-566b3c84dc74 -X PUT -H "X-Object-Manifest: glance/d3ed6ff4-455d-43bf-b85c-566b3c84dc74-" -H "X-Auth-Token: gAAAAABqXj3wzSBV..." -H "Content-Length: 0" {{(pid=99727) http_log /opt/stack/data/venv/lib/python3.12/site-packages/swiftclient/client.py:160}}
Jul 20 15:25:37.354462 np0000005507 devstack@g-api.service[99727]: DEBUG swiftclient [None req-0bbf0db9-b48d-4be4-be5c-dbd80c841130 tempest-AttachSCSIVolumeTestJSON-2116230666 tempest-AttachSCSIVolumeTestJSON-2116230666-project-admin] RESP STATUS: 201 Created {{(pid=99727) http_log /opt/stack/data/venv/lib/python3.12/site-packages/swiftclient/client.py:161}}
