Jun 17 14:49:23.355843 np0000003062 devstack@c-api.service[99197]: DEBUG cinder.api.openstack.wsgi [req-149c4c52-7687-4239-9e07-cf98de86d828 req-89da7912-fb0f-46fd-b94f-70dc29d318bf tempest-ServerBootFromVolumeStableRescueTest-924271047 tempest-ServerBootFromVolumeStableRescueTest-924271047-project-member] Empty body provided in request {{(pid=99197) get_body /opt/stack/cinder/cinder/api/openstack/wsgi.py:725}}
Jun 17 14:49:23.356902 np0000003062 devstack@c-api.service[99197]: DEBUG cinder.api.openstack.wsgi [req-149c4c52-7687-4239-9e07-cf98de86d828 req-89da7912-fb0f-46fd-b94f-70dc29d318bf tempest-ServerBootFromVolumeStableRescueTest-924271047 tempest-ServerBootFromVolumeStableRescueTest-924271047-project-member] Calling method 'show' {{(pid=99197) _process_stack /opt/stack/cinder/cinder/api/openstack/wsgi.py:878}}
Jun 17 14:49:23.382618 np0000003062 devstack@c-api.service[99197]: /opt/stack/data/venv/lib/python3.12/site-packages/oslo_context/context.py:102: DeprecationWarning: Policy enforcement is depending on the value of is_admin. This key is deprecated. Please update your policy file to use the standard policy values.
Jun 17 14:49:23.382618 np0000003062 devstack@c-api.service[99197]: warnings.warn(
Jun 17 14:49:23.389949 np0000003062 devstack@c-api.service[99197]: INFO cinder.volume.api [req-149c4c52-7687-4239-9e07-cf98de86d828 req-89da7912-fb0f-46fd-b94f-70dc29d318bf tempest-ServerBootFromVolumeStableRescueTest-924271047 tempest-ServerBootFromVolumeStableRescueTest-924271047-project-member] Volume info retrieved successfully.
Jun 17 14:49:23.407568 np0000003062 devstack@c-api.service[99197]: INFO cinder.api.openstack.wsgi [req-149c4c52-7687-4239-9e07-cf98de86d828 req-89da7912-fb0f-46fd-b94f-70dc29d318bf tempest-ServerBootFromVolumeStableRescueTest-924271047 tempest-ServerBootFromVolumeStableRescueTest-924271047-project-member] https://10.4.3.112/volume/v3/volumes/2418a4d9-5f75-4b5b-ad2e-473bfdbce354 returned with HTTP 200
Jun 17 14:49:23.407568 np0000003062 devstack@c-api.service[99197]: [pid: 99197|app: 0|req: 86/251] 10.4.3.112 () {70 vars in 1639 bytes} [Wed Jun 17 14:49:23 2026] GET /volume/v3/volumes/2418a4d9-5f75-4b5b-ad2e-473bfdbce354 => generated 1490 bytes in 57 msecs (HTTP/1.1 200) 7 headers in 287 bytes (1 switches on core 0)
Jun 17 14:49:23.429423 np0000003062 devstack@c-api.service[99199]: DEBUG cinder.api.middleware.request_id [None req-d6438af3-475f-4399-8164-30d94f081042 None None] RequestId filter calling following filter/app {{(pid=99199) _context_setter /opt/stack/cinder/cinder/api/middleware/request_id.py:62}}
Jun 17 14:49:23.435623 np0000003062 devstack@c-api.service[99199]: INFO cinder.api.openstack.wsgi [None req-d6438af3-475f-4399-8164-30d94f081042 tempest-ServerStableDeviceRescueTest-608259438 tempest-ServerStableDeviceRescueTest-608259438-project-member] DELETE https://10.4.3.112/volume/v3/volumes/2017b872-e0e6-464a-b225-16c859664a99
Jun 17 14:49:23.435814 np0000003062 devstack@c-api.service[99199]: DEBUG cinder.api.openstack.wsgi [None req-d6438af3-475f-4399-8164-30d94f081042 tempest-ServerStableDeviceRescueTest-608259438 tempest-ServerStableDeviceRescueTest-608259438-project-member] Empty body provided in request {{(pid=99199) get_body /opt/stack/cinder/cinder/api/openstack/wsgi.py:725}}
Jun 17 14:49:23.436098 np0000003062 devstack@c-api.service[99199]: DEBUG cinder.api.openstack.wsgi [None req-d6438af3-475f-4399-8164-30d94f081042 tempest-ServerStableDeviceRescueTest-608259438 tempest-ServerStableDeviceRescueTest-608259438-project-member] Calling method 'delete' {{(pid=99199) _process_stack /opt/stack/cinder/cinder/api/openstack/wsgi.py:878}}
Jun 17 14:49:23.436259 np0000003062 devstack@c-api.service[99199]: INFO cinder.api.v3.volumes [None req-d6438af3-475f-4399-8164-30d94f081042 tempest-ServerStableDeviceRescueTest-608259438 tempest-ServerStableDeviceRescueTest-608259438-project-member] Delete volume with id: 2017b872-e0e6-464a-b225-16c859664a99
Jun 17 14:49:23.455635 np0000003062 devstack@c-api.service[99199]: /opt/stack/data/venv/lib/python3.12/site-packages/oslo_context/context.py:102: DeprecationWarning: Policy enforcement is depending on the value of is_admin. This key is deprecated. Please update your policy file to use the standard policy values.
Jun 17 14:49:23.455635 np0000003062 devstack@c-api.service[99199]: warnings.warn(
Jun 17 14:49:23.456700 np0000003062 devstack@c-api.service[99199]: INFO cinder.volume.api [None req-d6438af3-475f-4399-8164-30d94f081042 tempest-ServerStableDeviceRescueTest-608259438 tempest-ServerStableDeviceRescueTest-608259438-project-member] Volume info retrieved successfully.
Jun 17 14:49:23.493600 np0000003062 devstack@c-api.service[99199]: INFO cinder.volume.api [None req-d6438af3-475f-4399-8164-30d94f081042 tempest-ServerStableDeviceRescueTest-608259438 tempest-ServerStableDeviceRescueTest-608259438-project-member] Delete volume request issued successfully.
Jun 17 14:49:23.493600 np0000003062 devstack@c-api.service[99199]: INFO cinder.api.openstack.wsgi [None req-d6438af3-475f-4399-8164-30d94f081042 tempest-ServerStableDeviceRescueTest-608259438 tempest-ServerStableDeviceRescueTest-608259438-project-member] https://10.4.3.112/volume/v3/volumes/2017b872-e0e6-464a-b225-16c859664a99 returned with HTTP 202
Jun 17 14:49:23.494104 np0000003062 devstack@c-api.service[99199]: [pid: 99199|app: 0|req: 86/252] 10.4.3.112 () {66 vars in 1351 bytes} [Wed Jun 17 14:49:23 2026] DELETE /volume/v3/volumes/2017b872-e0e6-464a-b225-16c859664a99 => generated 0 bytes in 66 msecs (HTTP/1.1 202) 6 headers in 233 bytes (1 switches on core 0)
Jun 17 14:49:23.510629 np0000003062 devstack@c-api.service[99198]: DEBUG cinder.api.middleware.request_id [None req-2348c609-7d0c-4704-8223-cc19274d7fee None None] RequestId filter calling following filter/app {{(pid=99198) _context_setter /opt/stack/cinder/cinder/api/middleware/request_id.py:62}}
Jun 17 14:49:23.511317 np0000003062 devstack@c-api.service[99198]: INFO cinder.api.openstack.wsgi [None req-2348c609-7d0c-4704-8223-cc19274d7fee tempest-ServerStableDeviceRescueTest-608259438 tempest-ServerStableDeviceRescueTest-608259438-project-member] GET https://10.4.3.112/volume/v3/volumes/2017b872-e0e6-464a-b225-16c859664a99
Jun 17 14:49:23.511607 np0000003062 devstack@c-api.service[99198]: DEBUG cinder.api.openstack.wsgi [None req-2348c609-7d0c-4704-8223-cc19274d7fee tempest-ServerStableDeviceRescueTest-608259438 tempest-ServerStableDeviceRescueTest-608259438-project-member] Empty body provided in request {{(pid=99198) get_body /opt/stack/cinder/cinder/api/openstack/wsgi.py:725}}
Jun 17 14:49:23.511862 np0000003062 devstack@c-api.service[99198]: DEBUG cinder.api.openstack.wsgi [None req-2348c609-7d0c-4704-8223-cc19274d7fee tempest-ServerStableDeviceRescueTest-608259438 tempest-ServerStableDeviceRescueTest-608259438-project-member] Calling method 'show' {{(pid=99198) _process_stack /opt/stack/cinder/cinder/api/openstack/wsgi.py:878}}
Jun 17 14:49:23.533103 np0000003062 devstack@c-api.service[99198]: /opt/stack/data/venv/lib/python3.12/site-packages/oslo_context/context.py:102: DeprecationWarning: Policy enforcement is depending on the value of is_admin. This key is deprecated. Please update your policy file to use the standard policy values.
Jun 17 14:49:23.533103 np0000003062 devstack@c-api.service[99198]: warnings.warn(
Jun 17 14:49:23.543148 np0000003062 devstack@c-api.service[99198]: INFO cinder.volume.api [None req-2348c609-7d0c-4704-8223-cc19274d7fee tempest-ServerStableDeviceRescueTest-608259438 tempest-ServerStableDeviceRescueTest-608259438-project-member] Volume info retrieved successfully.
Jun 17 14:49:23.549774 np0000003062 devstack@c-api.service[99198]: INFO cinder.api.openstack.wsgi [None req-2348c609-7d0c-4704-8223-cc19274d7fee tempest-ServerStableDeviceRescueTest-608259438 tempest-ServerStableDeviceRescueTest-608259438-project-member] https://10.4.3.112/volume/v3/volumes/2017b872-e0e6-464a-b225-16c859664a99 returned with HTTP 200
Jun 17 14:49:23.550280 np0000003062 devstack@c-api.service[99198]: [pid: 99198|app: 0|req: 81/253] 10.4.3.112 () {66 vars in 1348 bytes} [Wed Jun 17 14:49:23 2026] GET /volume/v3/volumes/2017b872-e0e6-464a-b225-16c859664a99 => generated 851 bytes in 42 msecs (HTTP/1.1 200) 7 headers in 285 bytes (1 switches on core 0)
Jun 17 14:49:23.578516 np0000003062 devstack@c-api.service[99197]: DEBUG cinder.api.middleware.request_id [req-149c4c52-7687-4239-9e07-cf98de86d828 req-fcf21829-ceba-43e6-b9bd-bec234168362 None None] RequestId filter calling following filter/app {{(pid=99197) _context_setter /opt/stack/cinder/cinder/api/middleware/request_id.py:62}}
Jun 17 14:49:23.583149 np0000003062 devstack@c-api.service[99197]: INFO cinder.api.openstack.wsgi [req-149c4c52-7687-4239-9e07-cf98de86d828 req-fcf21829-ceba-43e6-b9bd-bec234168362 tempest-ServerBootFromVolumeStableRescueTest-924271047 tempest-ServerBootFromVolumeStableRescueTest-924271047-project-member] PUT https://10.4.3.112/volume/v3/attachments/bdb64669-1137-4f44-8931-fd1613b239a3
Jun 17 14:49:23.583658 np0000003062 devstack@c-api.service[99197]: DEBUG cinder.api.openstack.wsgi [req-149c4c52-7687-4239-9e07-cf98de86d828 req-fcf21829-ceba-43e6-b9bd-bec234168362 tempest-ServerBootFromVolumeStableRescueTest-924271047 tempest-ServerBootFromVolumeStableRescueTest-924271047-project-member] Action: 'update', calling method: version_select, body: {"attachment": {"connector": {"platform": "x86_64", "os_type": "linux", "ip": "10.4.3.112", "host": "np0000003062", "multipath": true, "enforce_multipath": true, "initiator": "iqn.2016-04.com.open-iscsi:f235db1f272b", "do_local_attach": false, "uuid": "8515de1c-ba7e-467b-adde-6d9f8a8dbc1f", "system uuid": "40e2932d-3e5c-4fd5-9748-dca3e0710ba0", "nvme_native_multipath": false, "mountpoint": "/dev/vda"}}} {{(pid=99197) _process_stack /opt/stack/cinder/cinder/api/openstack/wsgi.py:876}}
Jun 17 14:49:23.604110 np0000003062 devstack@c-api.service[99197]: DEBUG cinder.coordination [req-149c4c52-7687-4239-9e07-cf98de86d828 req-fcf21829-ceba-43e6-b9bd-bec234168362 tempest-ServerBootFromVolumeStableRescueTest-924271047 tempest-ServerBootFromVolumeStableRescueTest-924271047-project-member] Acquiring lock "cinder-attachment_update-2418a4d9-5f75-4b5b-ad2e-473bfdbce354-np0000003062" by "attachment_update" {{(pid=99197) __acquire /opt/stack/cinder/cinder/coordination.py:138}}
Jun 17 14:49:23.612717 np0000003062 devstack@c-api.service[99199]: DEBUG cinder.api.middleware.request_id [None req-6eb945fc-f3af-425d-84a1-ab58dd5ae066 None None] RequestId filter calling following filter/app {{(pid=99199) _context_setter /opt/stack/cinder/cinder/api/middleware/request_id.py:62}}
Jun 17 14:49:23.614444 np0000003062 devstack@c-api.service[99197]: DEBUG cinder.coordination [req-149c4c52-7687-4239-9e07-cf98de86d828 req-fcf21829-ceba-43e6-b9bd-bec234168362 tempest-ServerBootFromVolumeStableRescueTest-924271047 tempest-ServerBootFromVolumeStableRescueTest-924271047-project-member] Lock "cinder-attachment_update-2418a4d9-5f75-4b5b-ad2e-473bfdbce354-np0000003062" acquired by "attachment_update" :: waited 0.010s {{(pid=99197) __acquire /opt/stack/cinder/cinder/coordination.py:141}}
Jun 17 14:49:23.618242 np0000003062 devstack@c-api.service[99197]: /opt/stack/data/venv/lib/python3.12/site-packages/oslo_context/context.py:102: DeprecationWarning: Policy enforcement is depending on the value of is_admin. This key is deprecated. Please update your policy file to use the standard policy values.
Jun 17 14:49:23.618242 np0000003062 devstack@c-api.service[99197]: warnings.warn(
Jun 17 14:49:23.618693 np0000003062 devstack@c-api.service[99199]: INFO cinder.api.openstack.wsgi [None req-6eb945fc-f3af-425d-84a1-ab58dd5ae066 tempest-ServerRescueNegativeTestJSON-1213222246 tempest-ServerRescueNegativeTestJSON-1213222246-project-member] GET https://10.4.3.112/volume/v3/volumes/fa6da830-be83-409a-9f51-cd0afb5da445
Jun 17 14:49:23.618693 np0000003062 devstack@c-api.service[99199]: DEBUG cinder.api.openstack.wsgi [None req-6eb945fc-f3af-425d-84a1-ab58dd5ae066 tempest-ServerRescueNegativeTestJSON-1213222246 tempest-ServerRescueNegativeTestJSON-1213222246-project-member] Empty body provided in request {{(pid=99199) get_body /opt/stack/cinder/cinder/api/openstack/wsgi.py:725}}
Jun 17 14:49:23.621602 np0000003062 devstack@c-api.service[99199]: DEBUG cinder.api.openstack.wsgi [None req-6eb945fc-f3af-425d-84a1-ab58dd5ae066 tempest-ServerRescueNegativeTestJSON-1213222246 tempest-ServerRescueNegativeTestJSON-1213222246-project-member] Calling method 'show' {{(pid=99199) _process_stack /opt/stack/cinder/cinder/api/openstack/wsgi.py:878}}
Jun 17 14:49:23.651440 np0000003062 devstack@c-api.service[99199]: /opt/stack/data/venv/lib/python3.12/site-packages/oslo_context/context.py:102: DeprecationWarning: Policy enforcement is depending on the value of is_admin. This key is deprecated. Please update your policy file to use the standard policy values.
Jun 17 14:49:23.651440 np0000003062 devstack@c-api.service[99199]: warnings.warn(
Jun 17 14:49:23.662121 np0000003062 devstack@c-api.service[99199]: INFO cinder.volume.api [None req-6eb945fc-f3af-425d-84a1-ab58dd5ae066 tempest-ServerRescueNegativeTestJSON-1213222246 tempest-ServerRescueNegativeTestJSON-1213222246-project-member] Volume info retrieved successfully.
Jun 17 14:49:23.674463 np0000003062 devstack@c-api.service[99199]: INFO cinder.api.openstack.wsgi [None req-6eb945fc-f3af-425d-84a1-ab58dd5ae066 tempest-ServerRescueNegativeTestJSON-1213222246 tempest-ServerRescueNegativeTestJSON-1213222246-project-member] https://10.4.3.112/volume/v3/volumes/fa6da830-be83-409a-9f51-cd0afb5da445 returned with HTTP 200
Jun 17 14:49:23.675001 np0000003062 devstack@c-api.service[99199]: [pid: 99199|app: 0|req: 87/254] 10.4.3.112 () {66 vars in 1348 bytes} [Wed Jun 17 14:49:23 2026] GET /volume/v3/volumes/fa6da830-be83-409a-9f51-cd0afb5da445 => generated 1143 bytes in 63 msecs (HTTP/1.1 200) 7 headers in 286 bytes (1 switches on core 0)
Jun 17 14:49:23.676719 np0000003062 devstack@c-api.service[99198]: DEBUG cinder.api.middleware.request_id [None req-09934bee-8543-403b-9846-27df86ed659a None None] RequestId filter calling following filter/app {{(pid=99198) _context_setter /opt/stack/cinder/cinder/api/middleware/request_id.py:62}}
Jun 17 14:49:23.677469 np0000003062 devstack@c-api.service[99198]: INFO cinder.api.openstack.wsgi [None req-09934bee-8543-403b-9846-27df86ed659a None None] GET https://10.4.3.112/volume//
Jun 17 14:49:23.677787 np0000003062 devstack@c-api.service[99198]: DEBUG cinder.api.openstack.wsgi [None req-09934bee-8543-403b-9846-27df86ed659a None None] Empty body provided in request {{(pid=99198) get_body /opt/stack/cinder/cinder/api/openstack/wsgi.py:725}}
Jun 17 14:49:23.678069 np0000003062 devstack@c-api.service[99198]: DEBUG cinder.api.openstack.wsgi [None req-09934bee-8543-403b-9846-27df86ed659a None None] Calling method 'all' {{(pid=99198) _process_stack /opt/stack/cinder/cinder/api/openstack/wsgi.py:878}}
Jun 17 14:49:23.678498 np0000003062 devstack@c-api.service[99198]: INFO cinder.api.openstack.wsgi [None req-09934bee-8543-403b-9846-27df86ed659a None None] https://10.4.3.112/volume// returned with HTTP 300
Jun 17 14:49:23.685091 np0000003062 devstack@c-api.service[99198]: [pid: 99198|app: 0|req: 82/255] 10.4.3.112 () {66 vars in 1426 bytes} [Wed Jun 17 14:49:23 2026] GET /volume/ => generated 386 bytes in 9 msecs (HTTP/1.1 300) 7 headers in 299 bytes (1 switches on core 0)
Jun 17 14:49:23.696334 np0000003062 devstack@c-api.service[99199]: DEBUG cinder.api.middleware.request_id [None req-904307ce-ae57-484a-9f6c-ee1e89f8923e None None] RequestId filter calling following filter/app {{(pid=99199) _context_setter /opt/stack/cinder/cinder/api/middleware/request_id.py:62}}
Jun 17 14:49:23.700760 np0000003062 devstack@c-api.service[99198]: DEBUG cinder.api.middleware.request_id [req-0ab0ec42-12cf-4eac-9cd1-f606d1eb0ccc req-a1855147-baf7-4ad3-8284-5a0ff51b5f2c None None] RequestId filter calling following filter/app {{(pid=99198) _context_setter /opt/stack/cinder/cinder/api/middleware/request_id.py:62}}
Jun 17 14:49:23.700903 np0000003062 devstack@c-api.service[99199]: INFO cinder.api.openstack.wsgi [None req-904307ce-ae57-484a-9f6c-ee1e89f8923e tempest-ServerRescueNegativeTestJSON-1213222246 tempest-ServerRescueNegativeTestJSON-1213222246-project-member] GET https://10.4.3.112/volume/v3/volumes/fa6da830-be83-409a-9f51-cd0afb5da445
Jun 17 14:49:23.702104 np0000003062 devstack@c-api.service[99199]: DEBUG cinder.api.openstack.wsgi [None req-904307ce-ae57-484a-9f6c-ee1e89f8923e tempest-ServerRescueNegativeTestJSON-1213222246 tempest-ServerRescueNegativeTestJSON-1213222246-project-member] Empty body provided in request {{(pid=99199) get_body /opt/stack/cinder/cinder/api/openstack/wsgi.py:725}}
Jun 17 14:49:23.704412 np0000003062 devstack@c-api.service[99199]: DEBUG cinder.api.openstack.wsgi [None req-904307ce-ae57-484a-9f6c-ee1e89f8923e tempest-ServerRescueNegativeTestJSON-1213222246 tempest-ServerRescueNegativeTestJSON-1213222246-project-member] Calling method 'show' {{(pid=99199) _process_stack /opt/stack/cinder/cinder/api/openstack/wsgi.py:878}}
Jun 17 14:49:23.704770 np0000003062 devstack@c-api.service[99198]: INFO cinder.api.openstack.wsgi [req-0ab0ec42-12cf-4eac-9cd1-f606d1eb0ccc req-a1855147-baf7-4ad3-8284-5a0ff51b5f2c tempest-ServerActionsTestOtherA-760147070 tempest-ServerActionsTestOtherA-760147070-project-member] POST https://10.4.3.112/volume/v3/attachments
Jun 17 14:49:23.705363 np0000003062 devstack@c-api.service[99198]: DEBUG cinder.api.openstack.wsgi [req-0ab0ec42-12cf-4eac-9cd1-f606d1eb0ccc req-a1855147-baf7-4ad3-8284-5a0ff51b5f2c tempest-ServerActionsTestOtherA-760147070 tempest-ServerActionsTestOtherA-760147070-project-member] Action: 'create', calling method: version_select, body: {"attachment": {"volume_uuid": "da20a401-85e9-4bfb-b809-c5b20ec476f2", "connector": null, "instance_uuid": "404b221d-9cc0-4e11-b363-9554b2a68a3b"}} {{(pid=99198) _process_stack /opt/stack/cinder/cinder/api/openstack/wsgi.py:876}}
Jun 17 14:49:23.717679 np0000003062 devstack@c-api.service[99199]: /opt/stack/data/venv/lib/python3.12/site-packages/oslo_context/context.py:102: DeprecationWarning: Policy enforcement is depending on the value of is_admin. This key is deprecated. Please update your policy file to use the standard policy values.
Jun 17 14:49:23.717679 np0000003062 devstack@c-api.service[99199]: warnings.warn(
Jun 17 14:49:23.723283 np0000003062 devstack@c-api.service[99199]: INFO cinder.volume.api [None req-904307ce-ae57-484a-9f6c-ee1e89f8923e tempest-ServerRescueNegativeTestJSON-1213222246 tempest-ServerRescueNegativeTestJSON-1213222246-project-member] Volume info retrieved successfully.
Jun 17 14:49:23.728032 np0000003062 devstack@c-api.service[99198]: /opt/stack/data/venv/lib/python3.12/site-packages/oslo_context/context.py:102: DeprecationWarning: Policy enforcement is depending on the value of is_admin. This key is deprecated. Please update your policy file to use the standard policy values.
Jun 17 14:49:23.728032 np0000003062 devstack@c-api.service[99198]: warnings.warn(
Jun 17 14:49:23.728915 np0000003062 devstack@c-api.service[99199]: INFO cinder.api.openstack.wsgi [None req-904307ce-ae57-484a-9f6c-ee1e89f8923e tempest-ServerRescueNegativeTestJSON-1213222246 tempest-ServerRescueNegativeTestJSON-1213222246-project-member] https://10.4.3.112/volume/v3/volumes/fa6da830-be83-409a-9f51-cd0afb5da445 returned with HTTP 200
Jun 17 14:49:23.728915 np0000003062 devstack@c-api.service[99199]: [pid: 99199|app: 0|req: 88/256] 10.4.3.112 () {66 vars in 1348 bytes} [Wed Jun 17 14:49:23 2026] GET /volume/v3/volumes/fa6da830-be83-409a-9f51-cd0afb5da445 => generated 1143 bytes in 34 msecs (HTTP/1.1 200) 7 headers in 286 bytes (1 switches on core 0)
Jun 17 14:49:23.797693 np0000003062 devstack@c-api.service[99198]: INFO cinder.api.openstack.wsgi [req-0ab0ec42-12cf-4eac-9cd1-f606d1eb0ccc req-a1855147-baf7-4ad3-8284-5a0ff51b5f2c tempest-ServerActionsTestOtherA-760147070 tempest-ServerActionsTestOtherA-760147070-project-member] https://10.4.3.112/volume/v3/attachments returned with HTTP 200
Jun 17 14:49:23.798452 np0000003062 devstack@c-api.service[99198]: [pid: 99198|app: 0|req: 83/257] 10.4.3.112 () {74 vars in 1594 bytes} [Wed Jun 17 14:49:23 2026] POST /volume/v3/attachments => generated 273 bytes in 99 msecs (HTTP/1.1 200) 7 headers in 286 bytes (2 switches on core 0)
Jun 17 14:49:23.814990 np0000003062 devstack@c-api.service[99199]: DEBUG cinder.api.middleware.request_id [None req-942ea1ac-6a06-4f82-a7b5-57526e89d1de None None] RequestId filter calling following filter/app {{(pid=99199) _context_setter /opt/stack/cinder/cinder/api/middleware/request_id.py:62}}
Jun 17 14:49:23.814990 np0000003062 devstack@c-api.service[99199]: INFO cinder.api.openstack.wsgi [None req-942ea1ac-6a06-4f82-a7b5-57526e89d1de None None] GET https://10.4.3.112/volume//
Jun 17 14:49:23.814990 np0000003062 devstack@c-api.service[99199]: DEBUG cinder.api.openstack.wsgi [None req-942ea1ac-6a06-4f82-a7b5-57526e89d1de None None] Empty body provided in request {{(pid=99199) get_body /opt/stack/cinder/cinder/api/openstack/wsgi.py:725}}
Jun 17 14:49:23.815306 np0000003062 devstack@c-api.service[99199]: DEBUG cinder.api.openstack.wsgi [None req-942ea1ac-6a06-4f82-a7b5-57526e89d1de None None] Calling method 'all' {{(pid=99199) _process_stack /opt/stack/cinder/cinder/api/openstack/wsgi.py:878}}
Jun 17 14:49:23.815855 np0000003062 devstack@c-api.service[99199]: INFO cinder.api.openstack.wsgi [None req-942ea1ac-6a06-4f82-a7b5-57526e89d1de None None] https://10.4.3.112/volume// returned with HTTP 300
Jun 17 14:49:23.816302 np0000003062 devstack@c-api.service[99199]: [pid: 99199|app: 0|req: 89/258] 10.4.3.112 () {66 vars in 1426 bytes} [Wed Jun 17 14:49:23 2026] GET /volume/ => generated 386 bytes in 3 msecs (HTTP/1.1 300) 7 headers in 299 bytes (1 switches on core 0)
Jun 17 14:49:23.829196 np0000003062 devstack@c-api.service[99198]: DEBUG cinder.api.middleware.request_id [req-0ab0ec42-12cf-4eac-9cd1-f606d1eb0ccc req-5b2539db-cfa8-489b-be01-c2ac01871e8e None None] RequestId filter calling following filter/app {{(pid=99198) _context_setter /opt/stack/cinder/cinder/api/middleware/request_id.py:62}}
Jun 17 14:49:23.836131 np0000003062 devstack@c-api.service[99198]: INFO cinder.api.openstack.wsgi [req-0ab0ec42-12cf-4eac-9cd1-f606d1eb0ccc req-5b2539db-cfa8-489b-be01-c2ac01871e8e tempest-ServerActionsTestOtherA-760147070 tempest-ServerActionsTestOtherA-760147070-project-member] GET https://10.4.3.112/volume/v3/volumes/da20a401-85e9-4bfb-b809-c5b20ec476f2
Jun 17 14:49:23.838466 np0000003062 devstack@c-api.service[99198]: DEBUG cinder.api.openstack.wsgi [req-0ab0ec42-12cf-4eac-9cd1-f606d1eb0ccc req-5b2539db-cfa8-489b-be01-c2ac01871e8e tempest-ServerActionsTestOtherA-760147070 tempest-ServerActionsTestOtherA-760147070-project-member] Empty body provided in request {{(pid=99198) get_body /opt/stack/cinder/cinder/api/openstack/wsgi.py:725}}
Jun 17 14:49:23.838466 np0000003062 devstack@c-api.service[99198]: DEBUG cinder.api.openstack.wsgi [req-0ab0ec42-12cf-4eac-9cd1-f606d1eb0ccc req-5b2539db-cfa8-489b-be01-c2ac01871e8e tempest-ServerActionsTestOtherA-760147070 tempest-ServerActionsTestOtherA-760147070-project-member] Calling method 'show' {{(pid=99198) _process_stack /opt/stack/cinder/cinder/api/openstack/wsgi.py:878}}
Jun 17 14:49:23.855880 np0000003062 devstack@c-api.service[99199]: DEBUG cinder.api.middleware.request_id [req-7ccf642a-d397-4d87-8844-4cc10ffc0f30 req-232ba8e8-8e8e-4e1c-acef-80de61877206 None None] RequestId filter calling following filter/app {{(pid=99199) _context_setter /opt/stack/cinder/cinder/api/middleware/request_id.py:62}}
Jun 17 14:49:23.858510 np0000003062 devstack@c-api.service[99199]: INFO cinder.api.openstack.wsgi [req-7ccf642a-d397-4d87-8844-4cc10ffc0f30 req-232ba8e8-8e8e-4e1c-acef-80de61877206 tempest-ServerRescueNegativeTestJSON-1213222246 tempest-ServerRescueNegativeTestJSON-1213222246-project-member] GET https://10.4.3.112/volume/v3/volumes/fa6da830-be83-409a-9f51-cd0afb5da445
Jun 17 14:49:23.859420 np0000003062 devstack@c-api.service[99198]: /opt/stack/data/venv/lib/python3.12/site-packages/oslo_context/context.py:102: DeprecationWarning: Policy enforcement is depending on the value of is_admin. This key is deprecated. Please update your policy file to use the standard policy values.
Jun 17 14:49:23.859420 np0000003062 devstack@c-api.service[99198]: warnings.warn(
Jun 17 14:49:23.859544 np0000003062 devstack@c-api.service[99199]: DEBUG cinder.api.openstack.wsgi [req-7ccf642a-d397-4d87-8844-4cc10ffc0f30 req-232ba8e8-8e8e-4e1c-acef-80de61877206 tempest-ServerRescueNegativeTestJSON-1213222246 tempest-ServerRescueNegativeTestJSON-1213222246-project-member] Empty body provided in request {{(pid=99199) get_body /opt/stack/cinder/cinder/api/openstack/wsgi.py:725}}
Jun 17 14:49:23.860795 np0000003062 devstack@c-api.service[99199]: DEBUG cinder.api.openstack.wsgi [req-7ccf642a-d397-4d87-8844-4cc10ffc0f30 req-232ba8e8-8e8e-4e1c-acef-80de61877206 tempest-ServerRescueNegativeTestJSON-1213222246 tempest-ServerRescueNegativeTestJSON-1213222246-project-member] Calling method 'show' {{(pid=99199) _process_stack /opt/stack/cinder/cinder/api/openstack/wsgi.py:878}}
Jun 17 14:49:23.868540 np0000003062 devstack@c-api.service[99198]: INFO cinder.volume.api [req-0ab0ec42-12cf-4eac-9cd1-f606d1eb0ccc req-5b2539db-cfa8-489b-be01-c2ac01871e8e tempest-ServerActionsTestOtherA-760147070 tempest-ServerActionsTestOtherA-760147070-project-member] Volume info retrieved successfully.
Jun 17 14:49:23.878826 np0000003062 devstack@c-api.service[99199]: /opt/stack/data/venv/lib/python3.12/site-packages/oslo_context/context.py:102: DeprecationWarning: Policy enforcement is depending on the value of is_admin. This key is deprecated. Please update your policy file to use the standard policy values.
Jun 17 14:49:23.878826 np0000003062 devstack@c-api.service[99199]: warnings.warn(
Jun 17 14:49:23.884180 np0000003062 devstack@c-api.service[99198]: INFO cinder.api.openstack.wsgi [req-0ab0ec42-12cf-4eac-9cd1-f606d1eb0ccc req-5b2539db-cfa8-489b-be01-c2ac01871e8e tempest-ServerActionsTestOtherA-760147070 tempest-ServerActionsTestOtherA-760147070-project-member] https://10.4.3.112/volume/v3/volumes/da20a401-85e9-4bfb-b809-c5b20ec476f2 returned with HTTP 200
Jun 17 14:49:23.884968 np0000003062 devstack@c-api.service[99198]: [pid: 99198|app: 0|req: 84/259] 10.4.3.112 () {70 vars in 1639 bytes} [Wed Jun 17 14:49:23 2026] GET /volume/v3/volumes/da20a401-85e9-4bfb-b809-c5b20ec476f2 => generated 1318 bytes in 57 msecs (HTTP/1.1 200) 7 headers in 287 bytes (1 switches on core 0)
Jun 17 14:49:23.890981 np0000003062 devstack@c-api.service[99199]: INFO cinder.volume.api [req-7ccf642a-d397-4d87-8844-4cc10ffc0f30 req-232ba8e8-8e8e-4e1c-acef-80de61877206 tempest-ServerRescueNegativeTestJSON-1213222246 tempest-ServerRescueNegativeTestJSON-1213222246-project-member] Volume info retrieved successfully.
Jun 17 14:49:23.900987 np0000003062 devstack@c-api.service[99199]: INFO cinder.api.openstack.wsgi [req-7ccf642a-d397-4d87-8844-4cc10ffc0f30 req-232ba8e8-8e8e-4e1c-acef-80de61877206 tempest-ServerRescueNegativeTestJSON-1213222246 tempest-ServerRescueNegativeTestJSON-1213222246-project-member] https://10.4.3.112/volume/v3/volumes/fa6da830-be83-409a-9f51-cd0afb5da445 returned with HTTP 200
Jun 17 14:49:23.901672 np0000003062 devstack@c-api.service[99199]: [pid: 99199|app: 0|req: 90/260] 10.4.3.112 () {68 vars in 1598 bytes} [Wed Jun 17 14:49:23 2026] GET /volume/v3/volumes/fa6da830-be83-409a-9f51-cd0afb5da445 => generated 1143 bytes in 47 msecs (HTTP/1.1 200) 7 headers in 286 bytes (1 switches on core 0)
Jun 17 14:49:24.149372 np0000003062 devstack@c-api.service[99197]: DEBUG cinder.coordination [req-149c4c52-7687-4239-9e07-cf98de86d828 req-fcf21829-ceba-43e6-b9bd-bec234168362 tempest-ServerBootFromVolumeStableRescueTest-924271047 tempest-ServerBootFromVolumeStableRescueTest-924271047-project-member] Lock "cinder-attachment_update-2418a4d9-5f75-4b5b-ad2e-473bfdbce354-np0000003062" released by "attachment_update" :: held 0.535s {{(pid=99197) __release /opt/stack/cinder/cinder/coordination.py:152}}
Jun 17 14:49:24.150064 np0000003062 devstack@c-api.service[99197]: INFO cinder.api.openstack.wsgi [req-149c4c52-7687-4239-9e07-cf98de86d828 req-fcf21829-ceba-43e6-b9bd-bec234168362 tempest-ServerBootFromVolumeStableRescueTest-924271047 tempest-ServerBootFromVolumeStableRescueTest-924271047-project-member] https://10.4.3.112/volume/v3/attachments/bdb64669-1137-4f44-8931-fd1613b239a3 returned with HTTP 200
Jun 17 14:49:24.150691 np0000003062 devstack@c-api.service[99197]: [pid: 99197|app: 0|req: 87/261] 10.4.3.112 () {74 vars in 1704 bytes} [Wed Jun 17 14:49:23 2026] PUT /volume/v3/attachments/bdb64669-1137-4f44-8931-fd1613b239a3 => generated 969 bytes in 572 msecs (HTTP/1.1 200) 7 headers in 286 bytes (1 switches on core 0)
Jun 17 14:49:24.190908 np0000003062 devstack@c-api.service[99198]: DEBUG cinder.api.middleware.request_id [None req-cf1ca407-bea3-460c-9029-29f5df15aa4d None None] RequestId filter calling following filter/app {{(pid=99198) _context_setter /opt/stack/cinder/cinder/api/middleware/request_id.py:62}}
Jun 17 14:49:24.326330 np0000003062 devstack@c-api.service[99199]: DEBUG cinder.api.middleware.request_id [req-0ab0ec42-12cf-4eac-9cd1-f606d1eb0ccc req-82926fd1-abc4-40a2-9451-e018512ae7f6 None None] RequestId filter calling following filter/app {{(pid=99199) _context_setter /opt/stack/cinder/cinder/api/middleware/request_id.py:62}}
Jun 17 14:49:24.328144 np0000003062 devstack@c-api.service[99199]: INFO cinder.api.openstack.wsgi [req-0ab0ec42-12cf-4eac-9cd1-f606d1eb0ccc req-82926fd1-abc4-40a2-9451-e018512ae7f6 tempest-ServerActionsTestOtherA-760147070 tempest-ServerActionsTestOtherA-760147070-project-member] DELETE https://10.4.3.112/volume/v3/attachments/bbc5cc16-eb8c-4e20-84d6-aac9bb7fb67f
Jun 17 14:49:24.328144 np0000003062 devstack@c-api.service[99199]: DEBUG cinder.api.openstack.wsgi [req-0ab0ec42-12cf-4eac-9cd1-f606d1eb0ccc req-82926fd1-abc4-40a2-9451-e018512ae7f6 tempest-ServerActionsTestOtherA-760147070 tempest-ServerActionsTestOtherA-760147070-project-member] Empty body provided in request {{(pid=99199) get_body /opt/stack/cinder/cinder/api/openstack/wsgi.py:725}}
Jun 17 14:49:24.331847 np0000003062 devstack@c-api.service[99199]: DEBUG cinder.api.openstack.wsgi [req-0ab0ec42-12cf-4eac-9cd1-f606d1eb0ccc req-82926fd1-abc4-40a2-9451-e018512ae7f6 tempest-ServerActionsTestOtherA-760147070 tempest-ServerActionsTestOtherA-760147070-project-member] Calling method 'version_select' {{(pid=99199) _process_stack /opt/stack/cinder/cinder/api/openstack/wsgi.py:878}}
Jun 17 14:49:24.345406 np0000003062 devstack@c-api.service[99199]: /opt/stack/data/venv/lib/python3.12/site-packages/oslo_context/context.py:102: DeprecationWarning: Policy enforcement is depending on the value of is_admin. This key is deprecated. Please update your policy file to use the standard policy values.
Jun 17 14:49:24.345406 np0000003062 devstack@c-api.service[99199]: warnings.warn(
Jun 17 14:49:24.429079 np0000003062 devstack@c-api.service[99198]: INFO cinder.api.openstack.wsgi [None req-cf1ca407-bea3-460c-9029-29f5df15aa4d tempest-VolumeRetypeWithoutMigrationTest-1773146124 tempest-VolumeRetypeWithoutMigrationTest-1773146124-project-admin] POST https://10.4.3.112/volume/v3/types
Jun 17 14:49:24.429444 np0000003062 devstack@c-api.service[99198]: DEBUG cinder.api.openstack.wsgi [None req-cf1ca407-bea3-460c-9029-29f5df15aa4d tempest-VolumeRetypeWithoutMigrationTest-1773146124 tempest-VolumeRetypeWithoutMigrationTest-1773146124-project-admin] Action: 'create', calling method: _create, body: {"volume_type": {"name": "volume-type-1"}} {{(pid=99198) _process_stack /opt/stack/cinder/cinder/api/openstack/wsgi.py:876}}
Jun 17 14:49:24.459331 np0000003062 devstack@c-api.service[99198]: INFO cinder.api.openstack.wsgi [None req-cf1ca407-bea3-460c-9029-29f5df15aa4d tempest-VolumeRetypeWithoutMigrationTest-1773146124 tempest-VolumeRetypeWithoutMigrationTest-1773146124-project-admin] https://10.4.3.112/volume/v3/types returned with HTTP 200
Jun 17 14:49:24.459844 np0000003062 devstack@c-api.service[99198]: [pid: 99198|app: 0|req: 85/262] 10.4.3.112 () {68 vars in 1252 bytes} [Wed Jun 17 14:49:24 2026] POST /volume/v3/types => generated 188 bytes in 269 msecs (HTTP/1.1 200) 7 headers in 285 bytes (1 switches on core 0)
Jun 17 14:49:24.473090 np0000003062 devstack@c-api.service[99197]: DEBUG cinder.api.middleware.request_id [None req-2afaef6d-aed1-4e95-a20c-88d93ea56b14 None None] RequestId filter calling following filter/app {{(pid=99197) _context_setter /opt/stack/cinder/cinder/api/middleware/request_id.py:62}}
Jun 17 14:49:24.476287 np0000003062 devstack@c-api.service[99197]: INFO cinder.api.openstack.wsgi [None req-2afaef6d-aed1-4e95-a20c-88d93ea56b14 tempest-VolumeRetypeWithoutMigrationTest-1773146124 tempest-VolumeRetypeWithoutMigrationTest-1773146124-project-admin] POST https://10.4.3.112/volume/v3/types
Jun 17 14:49:24.476995 np0000003062 devstack@c-api.service[99197]: DEBUG cinder.api.openstack.wsgi [None req-2afaef6d-aed1-4e95-a20c-88d93ea56b14 tempest-VolumeRetypeWithoutMigrationTest-1773146124 tempest-VolumeRetypeWithoutMigrationTest-1773146124-project-admin] Action: 'create', calling method: _create, body: {"volume_type": {"name": "volume-type-2"}} {{(pid=99197) _process_stack /opt/stack/cinder/cinder/api/openstack/wsgi.py:876}}
Jun 17 14:49:24.478983 np0000003062 devstack@c-api.service[99197]: /opt/stack/data/venv/lib/python3.12/site-packages/oslo_context/context.py:102: DeprecationWarning: Policy enforcement is depending on the value of is_admin. This key is deprecated. Please update your policy file to use the standard policy values.
Jun 17 14:49:24.478983 np0000003062 devstack@c-api.service[99197]: warnings.warn(
Jun 17 14:49:24.500405 np0000003062 devstack@c-api.service[99197]: INFO cinder.api.openstack.wsgi [None req-2afaef6d-aed1-4e95-a20c-88d93ea56b14 tempest-VolumeRetypeWithoutMigrationTest-1773146124 tempest-VolumeRetypeWithoutMigrationTest-1773146124-project-admin] https://10.4.3.112/volume/v3/types returned with HTTP 200
Jun 17 14:49:24.501515 np0000003062 devstack@c-api.service[99197]: [pid: 99197|app: 0|req: 88/263] 10.4.3.112 () {68 vars in 1252 bytes} [Wed Jun 17 14:49:24 2026] POST /volume/v3/types => generated 188 bytes in 29 msecs (HTTP/1.1 200) 7 headers in 285 bytes (1 switches on core 0)
Jun 17 14:49:24.515181 np0000003062 devstack@c-api.service[99198]: DEBUG cinder.api.middleware.request_id [None req-37bf74cf-bd7d-4c7f-94b2-70d6e7488fcc None None] RequestId filter calling following filter/app {{(pid=99198) _context_setter /opt/stack/cinder/cinder/api/middleware/request_id.py:62}}
Jun 17 14:49:24.572485 np0000003062 devstack@c-api.service[99197]: DEBUG cinder.api.middleware.request_id [None req-cbe06a32-5c0e-411c-bd73-53d9f49ccf9b None None] RequestId filter calling following filter/app {{(pid=99197) _context_setter /opt/stack/cinder/cinder/api/middleware/request_id.py:62}}
Jun 17 14:49:24.576758 np0000003062 devstack@c-api.service[99197]: INFO cinder.api.openstack.wsgi [None req-cbe06a32-5c0e-411c-bd73-53d9f49ccf9b tempest-ServerStableDeviceRescueTest-608259438 tempest-ServerStableDeviceRescueTest-608259438-project-member] GET https://10.4.3.112/volume/v3/volumes/2017b872-e0e6-464a-b225-16c859664a99
Jun 17 14:49:24.576758 np0000003062 devstack@c-api.service[99197]: DEBUG cinder.api.openstack.wsgi [None req-cbe06a32-5c0e-411c-bd73-53d9f49ccf9b tempest-ServerStableDeviceRescueTest-608259438 tempest-ServerStableDeviceRescueTest-608259438-project-member] Empty body provided in request {{(pid=99197) get_body /opt/stack/cinder/cinder/api/openstack/wsgi.py:725}}
Jun 17 14:49:24.576758 np0000003062 devstack@c-api.service[99197]: DEBUG cinder.api.openstack.wsgi [None req-cbe06a32-5c0e-411c-bd73-53d9f49ccf9b tempest-ServerStableDeviceRescueTest-608259438 tempest-ServerStableDeviceRescueTest-608259438-project-member] Calling method 'show' {{(pid=99197) _process_stack /opt/stack/cinder/cinder/api/openstack/wsgi.py:878}}
Jun 17 14:49:24.582713 np0000003062 devstack@c-api.service[99197]: INFO cinder.api.openstack.wsgi [None req-cbe06a32-5c0e-411c-bd73-53d9f49ccf9b tempest-ServerStableDeviceRescueTest-608259438 tempest-ServerStableDeviceRescueTest-608259438-project-member] https://10.4.3.112/volume/v3/volumes/2017b872-e0e6-464a-b225-16c859664a99 returned with HTTP 404
Jun 17 14:49:24.583925 np0000003062 devstack@c-api.service[99197]: [pid: 99197|app: 0|req: 89/264] 10.4.3.112 () {66 vars in 1348 bytes} [Wed Jun 17 14:49:24 2026] GET /volume/v3/volumes/2017b872-e0e6-464a-b225-16c859664a99 => generated 109 bytes in 12 msecs (HTTP/1.1 404) 7 headers in 292 bytes (1 switches on core 0)
Jun 17 14:49:24.585088 np0000003062 devstack@c-api.service[99197]: DEBUG cinder.api.middleware.request_id [None req-45c71fb5-bb37-46c5-a0d7-08ad780c7864 None None] RequestId filter calling following filter/app {{(pid=99197) _context_setter /opt/stack/cinder/cinder/api/middleware/request_id.py:62}}
Jun 17 14:49:24.607111 np0000003062 devstack@c-api.service[99198]: INFO cinder.api.openstack.wsgi [None req-37bf74cf-bd7d-4c7f-94b2-70d6e7488fcc tempest-VolumeRetypeWithoutMigrationTest-805094330 tempest-VolumeRetypeWithoutMigrationTest-805094330-project-member] POST https://10.4.3.112/volume/v3/volumes
Jun 17 14:49:24.607564 np0000003062 devstack@c-api.service[99198]: DEBUG cinder.api.openstack.wsgi [None req-37bf74cf-bd7d-4c7f-94b2-70d6e7488fcc tempest-VolumeRetypeWithoutMigrationTest-805094330 tempest-VolumeRetypeWithoutMigrationTest-805094330-project-member] Action: 'create', calling method: create, body: {"volume": {"volume_type": "volume-type-1", "size": 1, "name": "tempest-VolumeRetypeWithoutMigrationTest-Volume-1471409666"}} {{(pid=99198) _process_stack /opt/stack/cinder/cinder/api/openstack/wsgi.py:876}}
Jun 17 14:49:24.610808 np0000003062 devstack@c-api.service[99198]: DEBUG cinder.api.v3.volumes [None req-37bf74cf-bd7d-4c7f-94b2-70d6e7488fcc tempest-VolumeRetypeWithoutMigrationTest-805094330 tempest-VolumeRetypeWithoutMigrationTest-805094330-project-member] Create volume request body: {'volume': {'volume_type': 'volume-type-1', 'size': 1, 'name': 'tempest-VolumeRetypeWithoutMigrationTest-Volume-1471409666'}} {{(pid=99198) create /opt/stack/cinder/cinder/api/v3/volumes.py:368}}
Jun 17 14:49:24.616868 np0000003062 devstack@c-api.service[99198]: INFO cinder.api.v3.volumes [None req-37bf74cf-bd7d-4c7f-94b2-70d6e7488fcc tempest-VolumeRetypeWithoutMigrationTest-805094330 tempest-VolumeRetypeWithoutMigrationTest-805094330-project-member] Create volume of 1 GB
Jun 17 14:49:24.617142 np0000003062 devstack@c-api.service[99198]: /opt/stack/data/venv/lib/python3.12/site-packages/oslo_context/context.py:102: DeprecationWarning: Policy enforcement is depending on the value of is_admin. This key is deprecated. Please update your policy file to use the standard policy values.
Jun 17 14:49:24.617142 np0000003062 devstack@c-api.service[99198]: warnings.warn(
Jun 17 14:49:24.617819 np0000003062 devstack@c-api.service[99198]: INFO cinder.volume.api [None req-37bf74cf-bd7d-4c7f-94b2-70d6e7488fcc tempest-VolumeRetypeWithoutMigrationTest-805094330 tempest-VolumeRetypeWithoutMigrationTest-805094330-project-member] Availability Zones retrieved successfully.
Jun 17 14:49:24.624449 np0000003062 devstack@c-api.service[99198]: DEBUG cinder.volume.api [None req-37bf74cf-bd7d-4c7f-94b2-70d6e7488fcc tempest-VolumeRetypeWithoutMigrationTest-805094330 tempest-VolumeRetypeWithoutMigrationTest-805094330-project-member] Flow 'volume_create_api' (7756fb7b-b96f-4dda-9a43-6adc5b615c0b) transitioned into state 'RUNNING' from state 'PENDING' {{(pid=99198) _flow_receiver /opt/stack/data/venv/lib/python3.12/site-packages/taskflow/listeners/logging.py:160}}
Jun 17 14:49:24.625899 np0000003062 devstack@c-api.service[99198]: DEBUG cinder.volume.api [None req-37bf74cf-bd7d-4c7f-94b2-70d6e7488fcc tempest-VolumeRetypeWithoutMigrationTest-805094330 tempest-VolumeRetypeWithoutMigrationTest-805094330-project-member] Task 'cinder.volume.flows.api.create_volume.ExtractVolumeRequestTask;volume:create' (cc3888e2-b755-46dd-b09a-889f639924c2) transitioned into state 'RUNNING' from state 'PENDING' {{(pid=99198) _task_receiver /opt/stack/data/venv/lib/python3.12/site-packages/taskflow/listeners/logging.py:242}}
Jun 17 14:49:24.627036 np0000003062 devstack@c-api.service[99198]: DEBUG cinder.volume.flows.api.create_volume [None req-37bf74cf-bd7d-4c7f-94b2-70d6e7488fcc tempest-VolumeRetypeWithoutMigrationTest-805094330 tempest-VolumeRetypeWithoutMigrationTest-805094330-project-member] Validating volume size '1' using validate_int {{(pid=99198) _extract_size /opt/stack/cinder/cinder/volume/flows/api/create_volume.py:226}}
Jun 17 14:49:24.652235 np0000003062 devstack@c-api.service[99198]: DEBUG cinder.volume.api [None req-37bf74cf-bd7d-4c7f-94b2-70d6e7488fcc tempest-VolumeRetypeWithoutMigrationTest-805094330 tempest-VolumeRetypeWithoutMigrationTest-805094330-project-member] Task 'cinder.volume.flows.api.create_volume.ExtractVolumeRequestTask;volume:create' (cc3888e2-b755-46dd-b09a-889f639924c2) transitioned into state 'SUCCESS' from state 'RUNNING' with result '{'size': 1, 'snapshot_id': None, 'source_volid': None, 'volume_type': VolumeType(created_at=2026-06-17T14:49:24Z,deleted=False,deleted_at=None,description=None,extra_specs={},id=9eb500a1-db2c-4f51-9965-ab1b818ca604,is_public=True,name='volume-type-1',projects=[],qos_specs=,qos_specs_id=None,updated_at=None), 'volume_type_id': '9eb500a1-db2c-4f51-9965-ab1b818ca604', 'encryption_key_id': None, 'qos_specs': None, 'consistencygroup_id': None, 'cgsnapshot_id': None, 'group_id': None, 'replication_status': 'disabled', 'refresh_az': False, 'backup_id': None, 'multiattach': False, 'availability_zones': ['nova']}' {{(pid=99198) _task_receiver /opt/stack/data/venv/lib/python3.12/site-packages/taskflow/listeners/logging.py:218}}
Jun 17 14:49:24.653079 np0000003062 devstack@c-api.service[99198]: DEBUG cinder.volume.api [None req-37bf74cf-bd7d-4c7f-94b2-70d6e7488fcc tempest-VolumeRetypeWithoutMigrationTest-805094330 tempest-VolumeRetypeWithoutMigrationTest-805094330-project-member] Task 'cinder.volume.flows.api.create_volume.QuotaReserveTask;volume:create' (9671fa6f-4bd7-4622-8159-87138287b9e6) transitioned into state 'RUNNING' from state 'PENDING' {{(pid=99198) _task_receiver /opt/stack/data/venv/lib/python3.12/site-packages/taskflow/listeners/logging.py:242}}
Jun 17 14:49:24.693921 np0000003062 devstack@c-api.service[99198]: WARNING cinder.quota [None req-37bf74cf-bd7d-4c7f-94b2-70d6e7488fcc tempest-VolumeRetypeWithoutMigrationTest-805094330 tempest-VolumeRetypeWithoutMigrationTest-805094330-project-member] Deprecated: Default quota for resource: volumes_volume-type-1 is set by the default quota flag: quota_volumes_volume-type-1, it is now deprecated. Please use the default quota class for default quota.
Jun 17 14:49:24.696603 np0000003062 devstack@c-api.service[99198]: WARNING cinder.quota [None req-37bf74cf-bd7d-4c7f-94b2-70d6e7488fcc tempest-VolumeRetypeWithoutMigrationTest-805094330 tempest-VolumeRetypeWithoutMigrationTest-805094330-project-member] Deprecated: Default quota for resource: gigabytes_volume-type-1 is set by the default quota flag: quota_gigabytes_volume-type-1, it is now deprecated. Please use the default quota class for default quota.
Jun 17 14:49:24.696718 np0000003062 devstack@c-api.service[99197]: INFO cinder.api.openstack.wsgi [None req-45c71fb5-bb37-46c5-a0d7-08ad780c7864 tempest-TestMultiAttachVolumeSwap-916102042 tempest-TestMultiAttachVolumeSwap-916102042-project-member] POST https://10.4.3.112/volume/v3/volumes
Jun 17 14:49:24.696718 np0000003062 devstack@c-api.service[99197]: DEBUG cinder.api.openstack.wsgi [None req-45c71fb5-bb37-46c5-a0d7-08ad780c7864 tempest-TestMultiAttachVolumeSwap-916102042 tempest-TestMultiAttachVolumeSwap-916102042-project-member] Action: 'create', calling method: create, body: {"volume": {"volume_type": "multiattach", "size": 1, "display_name": "tempest-TestMultiAttachVolumeSwap-volume-1073664516"}} {{(pid=99197) _process_stack /opt/stack/cinder/cinder/api/openstack/wsgi.py:876}}
Jun 17 14:49:24.697868 np0000003062 devstack@c-api.service[99197]: DEBUG cinder.api.v3.volumes [None req-45c71fb5-bb37-46c5-a0d7-08ad780c7864 tempest-TestMultiAttachVolumeSwap-916102042 tempest-TestMultiAttachVolumeSwap-916102042-project-member] Create volume request body: {'volume': {'volume_type': 'multiattach', 'size': 1, 'display_name': 'tempest-TestMultiAttachVolumeSwap-volume-1073664516'}} {{(pid=99197) create /opt/stack/cinder/cinder/api/v3/volumes.py:368}}
Jun 17 14:49:24.710597 np0000003062 devstack@c-api.service[99197]: INFO cinder.api.v3.volumes [None req-45c71fb5-bb37-46c5-a0d7-08ad780c7864 tempest-TestMultiAttachVolumeSwap-916102042 tempest-TestMultiAttachVolumeSwap-916102042-project-member] Create volume of 1 GB
Jun 17 14:49:24.710597 np0000003062 devstack@c-api.service[99197]: /opt/stack/data/venv/lib/python3.12/site-packages/oslo_context/context.py:102: DeprecationWarning: Policy enforcement is depending on the value of is_admin. This key is deprecated. Please update your policy file to use the standard policy values.
Jun 17 14:49:24.710597 np0000003062 devstack@c-api.service[99197]: warnings.warn(
Jun 17 14:49:24.710597 np0000003062 devstack@c-api.service[99197]: INFO cinder.volume.api [None req-45c71fb5-bb37-46c5-a0d7-08ad780c7864 tempest-TestMultiAttachVolumeSwap-916102042 tempest-TestMultiAttachVolumeSwap-916102042-project-member] Availability Zones retrieved successfully.
Jun 17 14:49:24.716757 np0000003062 devstack@c-api.service[99197]: DEBUG cinder.volume.api [None req-45c71fb5-bb37-46c5-a0d7-08ad780c7864 tempest-TestMultiAttachVolumeSwap-916102042 tempest-TestMultiAttachVolumeSwap-916102042-project-member] Flow 'volume_create_api' (44d1a42a-8b4e-4709-bdfb-2387fdee567f) transitioned into state 'RUNNING' from state 'PENDING' {{(pid=99197) _flow_receiver /opt/stack/data/venv/lib/python3.12/site-packages/taskflow/listeners/logging.py:160}}
Jun 17 14:49:24.718087 np0000003062 devstack@c-api.service[99197]: DEBUG cinder.volume.api [None req-45c71fb5-bb37-46c5-a0d7-08ad780c7864 tempest-TestMultiAttachVolumeSwap-916102042 tempest-TestMultiAttachVolumeSwap-916102042-project-member] Task 'cinder.volume.flows.api.create_volume.ExtractVolumeRequestTask;volume:create' (d121415c-386b-4650-9677-8844e3079f3e) transitioned into state 'RUNNING' from state 'PENDING' {{(pid=99197) _task_receiver /opt/stack/data/venv/lib/python3.12/site-packages/taskflow/listeners/logging.py:242}}
Jun 17 14:49:24.719975 np0000003062 devstack@c-api.service[99197]: DEBUG cinder.volume.flows.api.create_volume [None req-45c71fb5-bb37-46c5-a0d7-08ad780c7864 tempest-TestMultiAttachVolumeSwap-916102042 tempest-TestMultiAttachVolumeSwap-916102042-project-member] Validating volume size '1' using validate_int {{(pid=99197) _extract_size /opt/stack/cinder/cinder/volume/flows/api/create_volume.py:226}}
Jun 17 14:49:24.733330 np0000003062 devstack@c-api.service[99197]: /opt/stack/data/venv/lib/python3.12/site-packages/oslo_context/context.py:102: DeprecationWarning: Policy enforcement is depending on the value of is_admin. This key is deprecated. Please update your policy file to use the standard policy values.
Jun 17 14:49:24.733330 np0000003062 devstack@c-api.service[99197]: warnings.warn(
Jun 17 14:49:24.758290 np0000003062 devstack@c-api.service[99197]: DEBUG cinder.volume.api [None req-45c71fb5-bb37-46c5-a0d7-08ad780c7864 tempest-TestMultiAttachVolumeSwap-916102042 tempest-TestMultiAttachVolumeSwap-916102042-project-member] Task 'cinder.volume.flows.api.create_volume.ExtractVolumeRequestTask;volume:create' (d121415c-386b-4650-9677-8844e3079f3e) transitioned into state 'SUCCESS' from state 'RUNNING' with result '{'size': 1, 'snapshot_id': None, 'source_volid': None, 'volume_type': VolumeType(created_at=2026-06-17T14:44:00Z,deleted=False,deleted_at=None,description=None,extra_specs={multiattach=' True'},id=be3c3897-030d-450f-ad02-4002be4f5957,is_public=True,name='multiattach',projects=[],qos_specs=,qos_specs_id=None,updated_at=None), 'volume_type_id': 'be3c3897-030d-450f-ad02-4002be4f5957', 'encryption_key_id': None, 'qos_specs': None, 'consistencygroup_id': None, 'cgsnapshot_id': None, 'group_id': None, 'replication_status': 'disabled', 'refresh_az': False, 'backup_id': None, 'multiattach': True, 'availability_zones': ['nova']}' {{(pid=99197) _task_receiver /opt/stack/data/venv/lib/python3.12/site-packages/taskflow/listeners/logging.py:218}}
Jun 17 14:49:24.759284 np0000003062 devstack@c-api.service[99198]: DEBUG cinder.quota [None req-37bf74cf-bd7d-4c7f-94b2-70d6e7488fcc tempest-VolumeRetypeWithoutMigrationTest-805094330 tempest-VolumeRetypeWithoutMigrationTest-805094330-project-member] Created reservations ['4fb5ac68-e596-4f2a-bebc-82411928e638', '7d21bd28-3b03-4753-8228-062079a0c066', '07a16e92-6e39-4c5a-8c89-e6fb4cd54f3e', '2793f403-02f8-450d-8bff-5b3e9f203e7b'] {{(pid=99198) reserve /opt/stack/cinder/cinder/quota.py:752}}
Jun 17 14:49:24.760546 np0000003062 devstack@c-api.service[99197]: DEBUG cinder.volume.api [None req-45c71fb5-bb37-46c5-a0d7-08ad780c7864 tempest-TestMultiAttachVolumeSwap-916102042 tempest-TestMultiAttachVolumeSwap-916102042-project-member] Task 'cinder.volume.flows.api.create_volume.QuotaReserveTask;volume:create' (5e3e208a-1fa2-46dd-bd1a-55ff6245096b) transitioned into state 'RUNNING' from state 'PENDING' {{(pid=99197) _task_receiver /opt/stack/data/venv/lib/python3.12/site-packages/taskflow/listeners/logging.py:242}}
