Jun 17 14:47:36.261292 np0000003062 devstack@g-api.service[102023]: DEBUG glance.api.middleware.version_negotiation [None req-82bf37aa-6697-43c1-8ef1-ecbc3206bd2f tempest-ServerBootFromVolumeStableRescueTest-924271047 tempest-ServerBootFromVolumeStableRescueTest-924271047-project-member] new path /v2/images/10426f31-32b3-46e3-a040-e5f9390e7920 {{(pid=102023) process_request /opt/stack/glance/glance/api/middleware/version_negotiation.py:70}}
Jun 17 14:47:36.285135 np0000003062 devstack@g-api.service[102023]: [pid: 102023|app: 0|req: 19/56] 127.0.0.1 () {44 vars in 1115 bytes} [Wed Jun 17 14:47:36 2026] GET /v2/images/10426f31-32b3-46e3-a040-e5f9390e7920 => generated 1358 bytes in 23 msecs (HTTP/1.1 200) 4 headers in 158 bytes (1 switches on core 0)
Jun 17 14:47:36.337877 np0000003062 devstack@g-api.service[102022]: DEBUG glance.api.middleware.version_negotiation [None req-00138b91-6b4f-420e-a345-c48e00395eb8 tempest-ServerBootFromVolumeStableRescueTest-924271047 tempest-ServerBootFromVolumeStableRescueTest-924271047-project-member] Determining version of request: GET /v2/schemas/image Accept: */* {{(pid=102022) process_request /opt/stack/glance/glance/api/middleware/version_negotiation.py:44}}
Jun 17 14:47:36.338327 np0000003062 devstack@g-api.service[102022]: DEBUG glance.api.middleware.version_negotiation [None req-00138b91-6b4f-420e-a345-c48e00395eb8 tempest-ServerBootFromVolumeStableRescueTest-924271047 tempest-ServerBootFromVolumeStableRescueTest-924271047-project-member] Using url versioning {{(pid=102022) process_request /opt/stack/glance/glance/api/middleware/version_negotiation.py:57}}
Jun 17 14:47:36.338327 np0000003062 devstack@g-api.service[102022]: DEBUG glance.api.middleware.version_negotiation [None req-00138b91-6b4f-420e-a345-c48e00395eb8 tempest-ServerBootFromVolumeStableRescueTest-924271047 tempest-ServerBootFromVolumeStableRescueTest-924271047-project-member] Matched version: v2 {{(pid=102022) process_request /opt/stack/glance/glance/api/middleware/version_negotiation.py:69}}
Jun 17 14:47:36.338430 np0000003062 devstack@g-api.service[102022]: DEBUG glance.api.middleware.version_negotiation [None req-00138b91-6b4f-420e-a345-c48e00395eb8 tempest-ServerBootFromVolumeStableRescueTest-924271047 tempest-ServerBootFromVolumeStableRescueTest-924271047-project-member] new path /v2/schemas/image {{(pid=102022) process_request /opt/stack/glance/glance/api/middleware/version_negotiation.py:70}}
Jun 17 14:47:36.343890 np0000003062 devstack@g-api.service[102022]: [pid: 102022|app: 0|req: 20/57] 127.0.0.1 () {44 vars in 1055 bytes} [Wed Jun 17 14:47:36 2026] GET /v2/schemas/image => generated 6083 bytes in 6 msecs (HTTP/1.1 200) 4 headers in 158 bytes (1 switches on core 0)
Jun 17 14:47:36.752641 np0000003062 devstack@g-api.service[102024]: DEBUG glance.api.middleware.version_negotiation [None req-2b45bc0f-8e46-4b61-a14b-f29d3fa73a33 tempest-ServerBootFromVolumeStableRescueTest-924271047 tempest-ServerBootFromVolumeStableRescueTest-924271047-project-member] Determining version of request: GET /v2/images/10426f31-32b3-46e3-a040-e5f9390e7920 Accept: application/json {{(pid=102024) process_request /opt/stack/glance/glance/api/middleware/version_negotiation.py:44}}
Jun 17 14:47:36.755697 np0000003062 devstack@g-api.service[102024]: DEBUG glance.api.middleware.version_negotiation [None req-2b45bc0f-8e46-4b61-a14b-f29d3fa73a33 tempest-ServerBootFromVolumeStableRescueTest-924271047 tempest-ServerBootFromVolumeStableRescueTest-924271047-project-member] Using url versioning {{(pid=102024) process_request /opt/stack/glance/glance/api/middleware/version_negotiation.py:57}}
Jun 17 14:47:36.755697 np0000003062 devstack@g-api.service[102024]: DEBUG glance.api.middleware.version_negotiation [None req-2b45bc0f-8e46-4b61-a14b-f29d3fa73a33 tempest-ServerBootFromVolumeStableRescueTest-924271047 tempest-ServerBootFromVolumeStableRescueTest-924271047-project-member] Matched version: v2 {{(pid=102024) process_request /opt/stack/glance/glance/api/middleware/version_negotiation.py:69}}
Jun 17 14:47:36.755697 np0000003062 devstack@g-api.service[102024]: DEBUG glance.api.middleware.version_negotiation [None req-2b45bc0f-8e46-4b61-a14b-f29d3fa73a33 tempest-ServerBootFromVolumeStableRescueTest-924271047 tempest-ServerBootFromVolumeStableRescueTest-924271047-project-member] new path /v2/images/10426f31-32b3-46e3-a040-e5f9390e7920 {{(pid=102024) process_request /opt/stack/glance/glance/api/middleware/version_negotiation.py:70}}
Jun 17 14:47:36.771558 np0000003062 devstack@g-api.service[102024]: [pid: 102024|app: 0|req: 19/58] 127.0.0.1 () {40 vars in 838 bytes} [Wed Jun 17 14:47:36 2026] GET /v2/images/10426f31-32b3-46e3-a040-e5f9390e7920 => generated 1358 bytes in 19 msecs (HTTP/1.1 200) 4 headers in 158 bytes (1 switches on core 0)
Jun 17 14:47:37.786871 np0000003062 devstack@g-api.service[102023]: DEBUG glance.api.middleware.version_negotiation [None req-82bf37aa-6697-43c1-8ef1-ecbc3206bd2f tempest-ServerBootFromVolumeStableRescueTest-924271047 tempest-ServerBootFromVolumeStableRescueTest-924271047-project-member] Determining version of request: GET /v2/images/10426f31-32b3-46e3-a040-e5f9390e7920 Accept: application/json {{(pid=102023) process_request /opt/stack/glance/glance/api/middleware/version_negotiation.py:44}}
Jun 17 14:47:37.786871 np0000003062 devstack@g-api.service[102023]: DEBUG glance.api.middleware.version_negotiation [None req-82bf37aa-6697-43c1-8ef1-ecbc3206bd2f tempest-ServerBootFromVolumeStableRescueTest-924271047 tempest-ServerBootFromVolumeStableRescueTest-924271047-project-member] Using url versioning {{(pid=102023) process_request /opt/stack/glance/glance/api/middleware/version_negotiation.py:57}}
Jun 17 14:47:37.786871 np0000003062 devstack@g-api.service[102023]: DEBUG glance.api.middleware.version_negotiation [None req-82bf37aa-6697-43c1-8ef1-ecbc3206bd2f tempest-ServerBootFromVolumeStableRescueTest-924271047 tempest-ServerBootFromVolumeStableRescueTest-924271047-project-member] Matched version: v2 {{(pid=102023) process_request /opt/stack/glance/glance/api/middleware/version_negotiation.py:69}}
Jun 17 14:47:37.787969 np0000003062 devstack@g-api.service[102023]: DEBUG glance.api.middleware.version_negotiation [None req-82bf37aa-6697-43c1-8ef1-ecbc3206bd2f tempest-ServerBootFromVolumeStableRescueTest-924271047 tempest-ServerBootFromVolumeStableRescueTest-924271047-project-member] new path /v2/images/10426f31-32b3-46e3-a040-e5f9390e7920 {{(pid=102023) process_request /opt/stack/glance/glance/api/middleware/version_negotiation.py:70}}
Jun 17 14:47:37.824216 np0000003062 devstack@g-api.service[102023]: [pid: 102023|app: 0|req: 20/59] 127.0.0.1 () {40 vars in 838 bytes} [Wed Jun 17 14:47:37 2026] GET /v2/images/10426f31-32b3-46e3-a040-e5f9390e7920 => generated 1358 bytes in 38 msecs (HTTP/1.1 200) 4 headers in 158 bytes (1 switches on core 0)
Jun 17 14:47:38.840293 np0000003062 devstack@g-api.service[102022]: DEBUG glance.api.middleware.version_negotiation [None req-82bf37aa-6697-43c1-8ef1-ecbc3206bd2f tempest-ServerBootFromVolumeStableRescueTest-924271047 tempest-ServerBootFromVolumeStableRescueTest-924271047-project-member] Determining version of request: GET /v2/images/10426f31-32b3-46e3-a040-e5f9390e7920 Accept: application/json {{(pid=102022) process_request /opt/stack/glance/glance/api/middleware/version_negotiation.py:44}}
Jun 17 14:47:38.840817 np0000003062 devstack@g-api.service[102022]: DEBUG glance.api.middleware.version_negotiation [None req-82bf37aa-6697-43c1-8ef1-ecbc3206bd2f tempest-ServerBootFromVolumeStableRescueTest-924271047 tempest-ServerBootFromVolumeStableRescueTest-924271047-project-member] Using url versioning {{(pid=102022) process_request /opt/stack/glance/glance/api/middleware/version_negotiation.py:57}}
Jun 17 14:47:38.840817 np0000003062 devstack@g-api.service[102022]: DEBUG glance.api.middleware.version_negotiation [None req-82bf37aa-6697-43c1-8ef1-ecbc3206bd2f tempest-ServerBootFromVolumeStableRescueTest-924271047 tempest-ServerBootFromVolumeStableRescueTest-924271047-project-member] Matched version: v2 {{(pid=102022) process_request /opt/stack/glance/glance/api/middleware/version_negotiation.py:69}}
Jun 17 14:47:38.840817 np0000003062 devstack@g-api.service[102022]: DEBUG glance.api.middleware.version_negotiation [None req-82bf37aa-6697-43c1-8ef1-ecbc3206bd2f tempest-ServerBootFromVolumeStableRescueTest-924271047 tempest-ServerBootFromVolumeStableRescueTest-924271047-project-member] new path /v2/images/10426f31-32b3-46e3-a040-e5f9390e7920 {{(pid=102022) process_request /opt/stack/glance/glance/api/middleware/version_negotiation.py:70}}
Jun 17 14:47:38.862002 np0000003062 devstack@g-api.service[102022]: [pid: 102022|app: 0|req: 21/60] 127.0.0.1 () {40 vars in 838 bytes} [Wed Jun 17 14:47:38 2026] GET /v2/images/10426f31-32b3-46e3-a040-e5f9390e7920 => generated 1358 bytes in 22 msecs (HTTP/1.1 200) 4 headers in 158 bytes (1 switches on core 0)
Jun 17 14:47:39.570008 np0000003062 devstack@g-api.service[102024]: DEBUG glance.api.middleware.version_negotiation [None req-410557d6-f560-42fe-860b-8d1cbaa0f320 tempest-ServerBootFromVolumeStableRescueTest-924271047 tempest-ServerBootFromVolumeStableRescueTest-924271047-project-member] Determining version of request: GET /v2/images/10426f31-32b3-46e3-a040-e5f9390e7920 Accept: */* {{(pid=102024) process_request /opt/stack/glance/glance/api/middleware/version_negotiation.py:44}}
Jun 17 14:47:39.570008 np0000003062 devstack@g-api.service[102024]: DEBUG glance.api.middleware.version_negotiation [None req-410557d6-f560-42fe-860b-8d1cbaa0f320 tempest-ServerBootFromVolumeStableRescueTest-924271047 tempest-ServerBootFromVolumeStableRescueTest-924271047-project-member] Using url versioning {{(pid=102024) process_request /opt/stack/glance/glance/api/middleware/version_negotiation.py:57}}
Jun 17 14:47:39.570008 np0000003062 devstack@g-api.service[102024]: DEBUG glance.api.middleware.version_negotiation [None req-410557d6-f560-42fe-860b-8d1cbaa0f320 tempest-ServerBootFromVolumeStableRescueTest-924271047 tempest-ServerBootFromVolumeStableRescueTest-924271047-project-member] Matched version: v2 {{(pid=102024) process_request /opt/stack/glance/glance/api/middleware/version_negotiation.py:69}}
Jun 17 14:47:39.570008 np0000003062 devstack@g-api.service[102024]: DEBUG glance.api.middleware.version_negotiation [None req-410557d6-f560-42fe-860b-8d1cbaa0f320 tempest-ServerBootFromVolumeStableRescueTest-924271047 tempest-ServerBootFromVolumeStableRescueTest-924271047-project-member] new path /v2/images/10426f31-32b3-46e3-a040-e5f9390e7920 {{(pid=102024) process_request /opt/stack/glance/glance/api/middleware/version_negotiation.py:70}}
Jun 17 14:47:39.589060 np0000003062 devstack@g-api.service[102024]: [pid: 102024|app: 0|req: 20/61] 127.0.0.1 () {44 vars in 1115 bytes} [Wed Jun 17 14:47:39 2026] GET /v2/images/10426f31-32b3-46e3-a040-e5f9390e7920 => generated 1358 bytes in 19 msecs (HTTP/1.1 200) 4 headers in 158 bytes (1 switches on core 0)
Jun 17 14:47:39.634651 np0000003062 devstack@g-api.service[102023]: DEBUG glance.api.middleware.version_negotiation [None req-2a918b62-77c1-4277-abf1-26ae4dc28f6a tempest-ServerBootFromVolumeStableRescueTest-924271047 tempest-ServerBootFromVolumeStableRescueTest-924271047-project-member] Determining version of request: GET /v2/schemas/image Accept: */* {{(pid=102023) process_request /opt/stack/glance/glance/api/middleware/version_negotiation.py:44}}
Jun 17 14:47:39.635017 np0000003062 devstack@g-api.service[102023]: DEBUG glance.api.middleware.version_negotiation [None req-2a918b62-77c1-4277-abf1-26ae4dc28f6a tempest-ServerBootFromVolumeStableRescueTest-924271047 tempest-ServerBootFromVolumeStableRescueTest-924271047-project-member] Using url versioning {{(pid=102023) process_request /opt/stack/glance/glance/api/middleware/version_negotiation.py:57}}
Jun 17 14:47:39.635122 np0000003062 devstack@g-api.service[102023]: DEBUG glance.api.middleware.version_negotiation [None req-2a918b62-77c1-4277-abf1-26ae4dc28f6a tempest-ServerBootFromVolumeStableRescueTest-924271047 tempest-ServerBootFromVolumeStableRescueTest-924271047-project-member] Matched version: v2 {{(pid=102023) process_request /opt/stack/glance/glance/api/middleware/version_negotiation.py:69}}
Jun 17 14:47:39.635287 np0000003062 devstack@g-api.service[102023]: DEBUG glance.api.middleware.version_negotiation [None req-2a918b62-77c1-4277-abf1-26ae4dc28f6a tempest-ServerBootFromVolumeStableRescueTest-924271047 tempest-ServerBootFromVolumeStableRescueTest-924271047-project-member] new path /v2/schemas/image {{(pid=102023) process_request /opt/stack/glance/glance/api/middleware/version_negotiation.py:70}}
Jun 17 14:47:39.640449 np0000003062 devstack@g-api.service[102023]: [pid: 102023|app: 0|req: 21/62] 127.0.0.1 () {44 vars in 1055 bytes} [Wed Jun 17 14:47:39 2026] GET /v2/schemas/image => generated 6083 bytes in 5 msecs (HTTP/1.1 200) 4 headers in 158 bytes (1 switches on core 0)
Jun 17 14:47:39.701173 np0000003062 devstack@g-api.service[102022]: DEBUG glance.api.middleware.version_negotiation [None req-42d1e93f-0a13-4cca-acc4-74d55692b0a7 tempest-ServerBootFromVolumeStableRescueTest-924271047 tempest-ServerBootFromVolumeStableRescueTest-924271047-project-member] Determining version of request: GET /v2/images/52d6cec5-0c33-465f-9b3f-f5b9d91973ee Accept: */* {{(pid=102022) process_request /opt/stack/glance/glance/api/middleware/version_negotiation.py:44}}
Jun 17 14:47:39.701422 np0000003062 devstack@g-api.service[102024]: DEBUG glance.api.middleware.version_negotiation [None req-82bf37aa-6697-43c1-8ef1-ecbc3206bd2f tempest-ServerBootFromVolumeStableRescueTest-924271047 tempest-ServerBootFromVolumeStableRescueTest-924271047-project-member] Determining version of request: GET /v2/schemas/image Accept: */* {{(pid=102024) process_request /opt/stack/glance/glance/api/middleware/version_negotiation.py:44}}
Jun 17 14:47:39.701526 np0000003062 devstack@g-api.service[102022]: DEBUG glance.api.middleware.version_negotiation [None req-42d1e93f-0a13-4cca-acc4-74d55692b0a7 tempest-ServerBootFromVolumeStableRescueTest-924271047 tempest-ServerBootFromVolumeStableRescueTest-924271047-project-member] Using url versioning {{(pid=102022) process_request /opt/stack/glance/glance/api/middleware/version_negotiation.py:57}}
Jun 17 14:47:39.701719 np0000003062 devstack@g-api.service[102024]: DEBUG glance.api.middleware.version_negotiation [None req-82bf37aa-6697-43c1-8ef1-ecbc3206bd2f tempest-ServerBootFromVolumeStableRescueTest-924271047 tempest-ServerBootFromVolumeStableRescueTest-924271047-project-member] Using url versioning {{(pid=102024) process_request /opt/stack/glance/glance/api/middleware/version_negotiation.py:57}}
Jun 17 14:47:39.701772 np0000003062 devstack@g-api.service[102022]: DEBUG glance.api.middleware.version_negotiation [None req-42d1e93f-0a13-4cca-acc4-74d55692b0a7 tempest-ServerBootFromVolumeStableRescueTest-924271047 tempest-ServerBootFromVolumeStableRescueTest-924271047-project-member] Matched version: v2 {{(pid=102022) process_request /opt/stack/glance/glance/api/middleware/version_negotiation.py:69}}
Jun 17 14:47:39.701813 np0000003062 devstack@g-api.service[102024]: DEBUG glance.api.middleware.version_negotiation [None req-82bf37aa-6697-43c1-8ef1-ecbc3206bd2f tempest-ServerBootFromVolumeStableRescueTest-924271047 tempest-ServerBootFromVolumeStableRescueTest-924271047-project-member] Matched version: v2 {{(pid=102024) process_request /opt/stack/glance/glance/api/middleware/version_negotiation.py:69}}
Jun 17 14:47:39.701868 np0000003062 devstack@g-api.service[102022]: DEBUG glance.api.middleware.version_negotiation [None req-42d1e93f-0a13-4cca-acc4-74d55692b0a7 tempest-ServerBootFromVolumeStableRescueTest-924271047 tempest-ServerBootFromVolumeStableRescueTest-924271047-project-member] new path /v2/images/52d6cec5-0c33-465f-9b3f-f5b9d91973ee {{(pid=102022) process_request /opt/stack/glance/glance/api/middleware/version_negotiation.py:70}}
Jun 17 14:47:39.701982 np0000003062 devstack@g-api.service[102024]: DEBUG glance.api.middleware.version_negotiation [None req-82bf37aa-6697-43c1-8ef1-ecbc3206bd2f tempest-ServerBootFromVolumeStableRescueTest-924271047 tempest-ServerBootFromVolumeStableRescueTest-924271047-project-member] new path /v2/schemas/image {{(pid=102024) process_request /opt/stack/glance/glance/api/middleware/version_negotiation.py:70}}
Jun 17 14:47:39.705417 np0000003062 devstack@g-api.service[102024]: [pid: 102024|app: 0|req: 21/63] 127.0.0.1 () {44 vars in 1055 bytes} [Wed Jun 17 14:47:39 2026] GET /v2/schemas/image => generated 6083 bytes in 4 msecs (HTTP/1.1 200) 4 headers in 158 bytes (1 switches on core 0)
Jun 17 14:47:39.727625 np0000003062 devstack@g-api.service[102022]: [pid: 102022|app: 0|req: 22/64] 127.0.0.1 () {44 vars in 1115 bytes} [Wed Jun 17 14:47:39 2026] GET /v2/images/52d6cec5-0c33-465f-9b3f-f5b9d91973ee => generated 1044 bytes in 26 msecs (HTTP/1.1 200) 4 headers in 158 bytes (1 switches on core 0)
Jun 17 14:47:39.772037 np0000003062 devstack@g-api.service[102023]: DEBUG glance.api.middleware.version_negotiation [None req-82bf37aa-6697-43c1-8ef1-ecbc3206bd2f tempest-ServerBootFromVolumeStableRescueTest-924271047 tempest-ServerBootFromVolumeStableRescueTest-924271047-project-member] Determining version of request: PATCH /v2/images/10426f31-32b3-46e3-a040-e5f9390e7920 Accept: */* {{(pid=102023) process_request /opt/stack/glance/glance/api/middleware/version_negotiation.py:44}}
Jun 17 14:47:39.772210 np0000003062 devstack@g-api.service[102023]: DEBUG glance.api.middleware.version_negotiation [None req-82bf37aa-6697-43c1-8ef1-ecbc3206bd2f tempest-ServerBootFromVolumeStableRescueTest-924271047 tempest-ServerBootFromVolumeStableRescueTest-924271047-project-member] Using url versioning {{(pid=102023) process_request /opt/stack/glance/glance/api/middleware/version_negotiation.py:57}}
Jun 17 14:47:39.772390 np0000003062 devstack@g-api.service[102023]: DEBUG glance.api.middleware.version_negotiation [None req-82bf37aa-6697-43c1-8ef1-ecbc3206bd2f tempest-ServerBootFromVolumeStableRescueTest-924271047 tempest-ServerBootFromVolumeStableRescueTest-924271047-project-member] Matched version: v2 {{(pid=102023) process_request /opt/stack/glance/glance/api/middleware/version_negotiation.py:69}}
Jun 17 14:47:39.772497 np0000003062 devstack@g-api.service[102023]: DEBUG glance.api.middleware.version_negotiation [None req-82bf37aa-6697-43c1-8ef1-ecbc3206bd2f tempest-ServerBootFromVolumeStableRescueTest-924271047 tempest-ServerBootFromVolumeStableRescueTest-924271047-project-member] new path /v2/images/10426f31-32b3-46e3-a040-e5f9390e7920 {{(pid=102023) process_request /opt/stack/glance/glance/api/middleware/version_negotiation.py:70}}
Jun 17 14:47:39.796367 np0000003062 devstack@g-api.service[102024]: DEBUG glance.api.middleware.version_negotiation [None req-82bf37aa-6697-43c1-8ef1-ecbc3206bd2f tempest-ServerBootFromVolumeStableRescueTest-924271047 tempest-ServerBootFromVolumeStableRescueTest-924271047-project-member] Determining version of request: GET /v2/schemas/image Accept: */* {{(pid=102024) process_request /opt/stack/glance/glance/api/middleware/version_negotiation.py:44}}
Jun 17 14:47:39.797675 np0000003062 devstack@g-api.service[102024]: DEBUG glance.api.middleware.version_negotiation [None req-82bf37aa-6697-43c1-8ef1-ecbc3206bd2f tempest-ServerBootFromVolumeStableRescueTest-924271047 tempest-ServerBootFromVolumeStableRescueTest-924271047-project-member] Using url versioning {{(pid=102024) process_request /opt/stack/glance/glance/api/middleware/version_negotiation.py:57}}
Jun 17 14:47:39.797675 np0000003062 devstack@g-api.service[102024]: DEBUG glance.api.middleware.version_negotiation [None req-82bf37aa-6697-43c1-8ef1-ecbc3206bd2f tempest-ServerBootFromVolumeStableRescueTest-924271047 tempest-ServerBootFromVolumeStableRescueTest-924271047-project-member] Matched version: v2 {{(pid=102024) process_request /opt/stack/glance/glance/api/middleware/version_negotiation.py:69}}
Jun 17 14:47:39.797675 np0000003062 devstack@g-api.service[102024]: DEBUG glance.api.middleware.version_negotiation [None req-82bf37aa-6697-43c1-8ef1-ecbc3206bd2f tempest-ServerBootFromVolumeStableRescueTest-924271047 tempest-ServerBootFromVolumeStableRescueTest-924271047-project-member] new path /v2/schemas/image {{(pid=102024) process_request /opt/stack/glance/glance/api/middleware/version_negotiation.py:70}}
Jun 17 14:47:39.800162 np0000003062 devstack@g-api.service[102024]: [pid: 102024|app: 0|req: 22/65] 127.0.0.1 () {44 vars in 1055 bytes} [Wed Jun 17 14:47:39 2026] GET /v2/schemas/image => generated 6083 bytes in 4 msecs (HTTP/1.1 200) 4 headers in 158 bytes (1 switches on core 0)
Jun 17 14:47:39.873476 np0000003062 devstack@g-api.service[102022]: DEBUG glance.api.middleware.version_negotiation [None req-536815d9-1a68-4aa0-bc2c-d84b973cabcb tempest-ServerRescueNegativeTestJSON-1213222246 tempest-ServerRescueNegativeTestJSON-1213222246-project-member] Determining version of request: GET /v2/images/10426f31-32b3-46e3-a040-e5f9390e7920 Accept: application/json {{(pid=102022) process_request /opt/stack/glance/glance/api/middleware/version_negotiation.py:44}}
Jun 17 14:47:39.874795 np0000003062 devstack@g-api.service[102022]: DEBUG glance.api.middleware.version_negotiation [None req-536815d9-1a68-4aa0-bc2c-d84b973cabcb tempest-ServerRescueNegativeTestJSON-1213222246 tempest-ServerRescueNegativeTestJSON-1213222246-project-member] Using url versioning {{(pid=102022) process_request /opt/stack/glance/glance/api/middleware/version_negotiation.py:57}}
Jun 17 14:47:39.874795 np0000003062 devstack@g-api.service[102022]: DEBUG glance.api.middleware.version_negotiation [None req-536815d9-1a68-4aa0-bc2c-d84b973cabcb tempest-ServerRescueNegativeTestJSON-1213222246 tempest-ServerRescueNegativeTestJSON-1213222246-project-member] Matched version: v2 {{(pid=102022) process_request /opt/stack/glance/glance/api/middleware/version_negotiation.py:69}}
Jun 17 14:47:39.875788 np0000003062 devstack@g-api.service[102022]: DEBUG glance.api.middleware.version_negotiation [None req-536815d9-1a68-4aa0-bc2c-d84b973cabcb tempest-ServerRescueNegativeTestJSON-1213222246 tempest-ServerRescueNegativeTestJSON-1213222246-project-member] new path /v2/images/10426f31-32b3-46e3-a040-e5f9390e7920 {{(pid=102022) process_request /opt/stack/glance/glance/api/middleware/version_negotiation.py:70}}
Jun 17 14:47:39.898609 np0000003062 devstack@g-api.service[102022]: [pid: 102022|app: 0|req: 23/66] 127.0.0.1 () {40 vars in 838 bytes} [Wed Jun 17 14:47:39 2026] GET /v2/images/10426f31-32b3-46e3-a040-e5f9390e7920 => generated 1358 bytes in 26 msecs (HTTP/1.1 200) 4 headers in 158 bytes (1 switches on core 0)
Jun 17 14:47:40.002675 np0000003062 devstack@g-api.service[102023]: [pid: 102023|app: 0|req: 22/67] 127.0.0.1 () {46 vars in 1158 bytes} [Wed Jun 17 14:47:39 2026] PATCH /v2/images/10426f31-32b3-46e3-a040-e5f9390e7920 => generated 1469 bytes in 231 msecs (HTTP/1.1 200) 4 headers in 158 bytes (1 switches on core 0)
Jun 17 14:47:40.051678 np0000003062 devstack@g-api.service[102024]: DEBUG glance.api.middleware.version_negotiation [None req-536815d9-1a68-4aa0-bc2c-d84b973cabcb tempest-ServerRescueNegativeTestJSON-1213222246 tempest-ServerRescueNegativeTestJSON-1213222246-project-member] Determining version of request: GET /v2/images/10426f31-32b3-46e3-a040-e5f9390e7920 Accept: */* {{(pid=102024) process_request /opt/stack/glance/glance/api/middleware/version_negotiation.py:44}}
Jun 17 14:47:40.051678 np0000003062 devstack@g-api.service[102024]: DEBUG glance.api.middleware.version_negotiation [None req-536815d9-1a68-4aa0-bc2c-d84b973cabcb tempest-ServerRescueNegativeTestJSON-1213222246 tempest-ServerRescueNegativeTestJSON-1213222246-project-member] Using url versioning {{(pid=102024) process_request /opt/stack/glance/glance/api/middleware/version_negotiation.py:57}}
Jun 17 14:47:40.054117 np0000003062 devstack@g-api.service[102024]: DEBUG glance.api.middleware.version_negotiation [None req-536815d9-1a68-4aa0-bc2c-d84b973cabcb tempest-ServerRescueNegativeTestJSON-1213222246 tempest-ServerRescueNegativeTestJSON-1213222246-project-member] Matched version: v2 {{(pid=102024) process_request /opt/stack/glance/glance/api/middleware/version_negotiation.py:69}}
Jun 17 14:47:40.054905 np0000003062 devstack@g-api.service[102024]: DEBUG glance.api.middleware.version_negotiation [None req-536815d9-1a68-4aa0-bc2c-d84b973cabcb tempest-ServerRescueNegativeTestJSON-1213222246 tempest-ServerRescueNegativeTestJSON-1213222246-project-member] new path /v2/images/10426f31-32b3-46e3-a040-e5f9390e7920 {{(pid=102024) process_request /opt/stack/glance/glance/api/middleware/version_negotiation.py:70}}
Jun 17 14:47:40.075380 np0000003062 devstack@g-api.service[102024]: [pid: 102024|app: 0|req: 23/68] 127.0.0.1 () {44 vars in 1115 bytes} [Wed Jun 17 14:47:40 2026] GET /v2/images/10426f31-32b3-46e3-a040-e5f9390e7920 => generated 1469 bytes in 24 msecs (HTTP/1.1 200) 4 headers in 158 bytes (1 switches on core 0)
Jun 17 14:47:40.130521 np0000003062 devstack@g-api.service[102022]: DEBUG glance.api.middleware.version_negotiation [None req-4b5391c3-9b81-4216-9bf2-d2e8c7b665b4 tempest-ServerBootFromVolumeStableRescueTest-924271047 tempest-ServerBootFromVolumeStableRescueTest-924271047-project-member] Determining version of request: PUT /v2/images/10426f31-32b3-46e3-a040-e5f9390e7920/file Accept: */* {{(pid=102022) process_request /opt/stack/glance/glance/api/middleware/version_negotiation.py:44}}
Jun 17 14:47:40.130521 np0000003062 devstack@g-api.service[102022]: DEBUG glance.api.middleware.version_negotiation [None req-4b5391c3-9b81-4216-9bf2-d2e8c7b665b4 tempest-ServerBootFromVolumeStableRescueTest-924271047 tempest-ServerBootFromVolumeStableRescueTest-924271047-project-member] Using url versioning {{(pid=102022) process_request /opt/stack/glance/glance/api/middleware/version_negotiation.py:57}}
Jun 17 14:47:40.130521 np0000003062 devstack@g-api.service[102022]: DEBUG glance.api.middleware.version_negotiation [None req-4b5391c3-9b81-4216-9bf2-d2e8c7b665b4 tempest-ServerBootFromVolumeStableRescueTest-924271047 tempest-ServerBootFromVolumeStableRescueTest-924271047-project-member] Matched version: v2 {{(pid=102022) process_request /opt/stack/glance/glance/api/middleware/version_negotiation.py:69}}
Jun 17 14:47:40.130521 np0000003062 devstack@g-api.service[102022]: DEBUG glance.api.middleware.version_negotiation [None req-4b5391c3-9b81-4216-9bf2-d2e8c7b665b4 tempest-ServerBootFromVolumeStableRescueTest-924271047 tempest-ServerBootFromVolumeStableRescueTest-924271047-project-member] new path /v2/images/10426f31-32b3-46e3-a040-e5f9390e7920/file {{(pid=102022) process_request /opt/stack/glance/glance/api/middleware/version_negotiation.py:70}}
Jun 17 14:47:40.916101 np0000003062 devstack@g-api.service[102023]: DEBUG glance.api.middleware.version_negotiation [None req-82bf37aa-6697-43c1-8ef1-ecbc3206bd2f tempest-ServerBootFromVolumeStableRescueTest-924271047 tempest-ServerBootFromVolumeStableRescueTest-924271047-project-member] Determining version of request: GET /v2/images/10426f31-32b3-46e3-a040-e5f9390e7920 Accept: application/json {{(pid=102023) process_request /opt/stack/glance/glance/api/middleware/version_negotiation.py:44}}
Jun 17 14:47:40.916101 np0000003062 devstack@g-api.service[102023]: DEBUG glance.api.middleware.version_negotiation [None req-82bf37aa-6697-43c1-8ef1-ecbc3206bd2f tempest-ServerBootFromVolumeStableRescueTest-924271047 tempest-ServerBootFromVolumeStableRescueTest-924271047-project-member] Using url versioning {{(pid=102023) process_request /opt/stack/glance/glance/api/middleware/version_negotiation.py:57}}
Jun 17 14:47:40.917142 np0000003062 devstack@g-api.service[102023]: DEBUG glance.api.middleware.version_negotiation [None req-82bf37aa-6697-43c1-8ef1-ecbc3206bd2f tempest-ServerBootFromVolumeStableRescueTest-924271047 tempest-ServerBootFromVolumeStableRescueTest-924271047-project-member] Matched version: v2 {{(pid=102023) process_request /opt/stack/glance/glance/api/middleware/version_negotiation.py:69}}
Jun 17 14:47:40.917142 np0000003062 devstack@g-api.service[102023]: DEBUG glance.api.middleware.version_negotiation [None req-82bf37aa-6697-43c1-8ef1-ecbc3206bd2f tempest-ServerBootFromVolumeStableRescueTest-924271047 tempest-ServerBootFromVolumeStableRescueTest-924271047-project-member] new path /v2/images/10426f31-32b3-46e3-a040-e5f9390e7920 {{(pid=102023) process_request /opt/stack/glance/glance/api/middleware/version_negotiation.py:70}}
Jun 17 14:47:40.944522 np0000003062 devstack@g-api.service[102023]: [pid: 102023|app: 0|req: 23/69] 127.0.0.1 () {40 vars in 838 bytes} [Wed Jun 17 14:47:40 2026] GET /v2/images/10426f31-32b3-46e3-a040-e5f9390e7920 => generated 1469 bytes in 29 msecs (HTTP/1.1 200) 4 headers in 158 bytes (1 switches on core 0)
Jun 17 14:47:41.203689 np0000003062 devstack@g-api.service[102022]: INFO glance.api.v2.image_data [None req-82bf37aa-6697-43c1-8ef1-ecbc3206bd2f tempest-ServerBootFromVolumeStableRescueTest-924271047 tempest-ServerBootFromVolumeStableRescueTest-924271047-project-member] Unable to create trust: no such option collect_timing in group [keystone_authtoken] Use the existing user token.
Jun 17 14:47:41.955852 np0000003062 devstack@g-api.service[102024]: DEBUG glance.api.middleware.version_negotiation [None req-82bf37aa-6697-43c1-8ef1-ecbc3206bd2f tempest-ServerBootFromVolumeStableRescueTest-924271047 tempest-ServerBootFromVolumeStableRescueTest-924271047-project-member] Determining version of request: GET /v2/images/10426f31-32b3-46e3-a040-e5f9390e7920 Accept: application/json {{(pid=102024) process_request /opt/stack/glance/glance/api/middleware/version_negotiation.py:44}}
Jun 17 14:47:41.956244 np0000003062 devstack@g-api.service[102024]: DEBUG glance.api.middleware.version_negotiation [None req-82bf37aa-6697-43c1-8ef1-ecbc3206bd2f tempest-ServerBootFromVolumeStableRescueTest-924271047 tempest-ServerBootFromVolumeStableRescueTest-924271047-project-member] Using url versioning {{(pid=102024) process_request /opt/stack/glance/glance/api/middleware/version_negotiation.py:57}}
Jun 17 14:47:41.956547 np0000003062 devstack@g-api.service[102024]: DEBUG glance.api.middleware.version_negotiation [None req-82bf37aa-6697-43c1-8ef1-ecbc3206bd2f tempest-ServerBootFromVolumeStableRescueTest-924271047 tempest-ServerBootFromVolumeStableRescueTest-924271047-project-member] Matched version: v2 {{(pid=102024) process_request /opt/stack/glance/glance/api/middleware/version_negotiation.py:69}}
Jun 17 14:47:41.956846 np0000003062 devstack@g-api.service[102024]: DEBUG glance.api.middleware.version_negotiation [None req-82bf37aa-6697-43c1-8ef1-ecbc3206bd2f tempest-ServerBootFromVolumeStableRescueTest-924271047 tempest-ServerBootFromVolumeStableRescueTest-924271047-project-member] new path /v2/images/10426f31-32b3-46e3-a040-e5f9390e7920 {{(pid=102024) process_request /opt/stack/glance/glance/api/middleware/version_negotiation.py:70}}
Jun 17 14:47:41.978011 np0000003062 devstack@g-api.service[102024]: [pid: 102024|app: 0|req: 24/70] 127.0.0.1 () {40 vars in 838 bytes} [Wed Jun 17 14:47:41 2026] GET /v2/images/10426f31-32b3-46e3-a040-e5f9390e7920 => generated 1469 bytes in 23 msecs (HTTP/1.1 200) 4 headers in 158 bytes (1 switches on core 0)
Jun 17 14:47:42.262499 np0000003062 devstack@g-api.service[102022]: DEBUG glance.location [None req-82bf37aa-6697-43c1-8ef1-ecbc3206bd2f tempest-ServerBootFromVolumeStableRescueTest-924271047 tempest-ServerBootFromVolumeStableRescueTest-924271047-project-member] Enabling in-flight format inspection for qcow2 {{(pid=102022) set_data /opt/stack/glance/glance/location.py:616}}
Jun 17 14:47:42.263177 np0000003062 devstack@g-api.service[102022]: DEBUG glance_store.backend [None req-82bf37aa-6697-43c1-8ef1-ecbc3206bd2f tempest-ServerBootFromVolumeStableRescueTest-924271047 tempest-ServerBootFromVolumeStableRescueTest-924271047-project-member] Attempting to import store swift {{(pid=102022) _load_store /opt/stack/data/venv/lib/python3.12/site-packages/glance_store/backend.py:215}}
Jun 17 14:47:42.265166 np0000003062 devstack@g-api.service[102022]: DEBUG glance_store.capabilities [None req-82bf37aa-6697-43c1-8ef1-ecbc3206bd2f tempest-ServerBootFromVolumeStableRescueTest-924271047 tempest-ServerBootFromVolumeStableRescueTest-924271047-project-member] Store glance_store._drivers.swift.store.SingleTenantStore doesn't support updating dynamic storage capabilities. Please overwrite 'update_capabilities' method of the store to implement updating logics if needed. {{(pid=102022) update_capabilities /opt/stack/data/venv/lib/python3.12/site-packages/glance_store/capabilities.py:91}}
Jun 17 14:47:42.265318 np0000003062 devstack@g-api.service[102022]: DEBUG glance_store.driver [None req-82bf37aa-6697-43c1-8ef1-ecbc3206bd2f tempest-ServerBootFromVolumeStableRescueTest-924271047 tempest-ServerBootFromVolumeStableRescueTest-924271047-project-member] Late loading location class glance_store._drivers.swift.store.StoreLocation {{(pid=102022) get_store_location_class /opt/stack/data/venv/lib/python3.12/site-packages/glance_store/driver.py:134}}
Jun 17 14:47:42.265628 np0000003062 devstack@g-api.service[102022]: DEBUG glance_store.location [None req-82bf37aa-6697-43c1-8ef1-ecbc3206bd2f tempest-ServerBootFromVolumeStableRescueTest-924271047 tempest-ServerBootFromVolumeStableRescueTest-924271047-project-member] Registering scheme swift+https with {'store': , 'location_class': , 'store_entry': 'swift'} {{(pid=102022) register_scheme_map /opt/stack/data/venv/lib/python3.12/site-packages/glance_store/location.py:146}}
Jun 17 14:47:42.265876 np0000003062 devstack@g-api.service[102022]: DEBUG glance_store.location [None req-82bf37aa-6697-43c1-8ef1-ecbc3206bd2f tempest-ServerBootFromVolumeStableRescueTest-924271047 tempest-ServerBootFromVolumeStableRescueTest-924271047-project-member] Registering scheme swift+https with {'store': , 'location_class': , 'store_entry': 'swift'} {{(pid=102022) register_scheme_map /opt/stack/data/venv/lib/python3.12/site-packages/glance_store/location.py:146}}
Jun 17 14:47:42.265876 np0000003062 devstack@g-api.service[102022]: DEBUG glance_store.location [None req-82bf37aa-6697-43c1-8ef1-ecbc3206bd2f tempest-ServerBootFromVolumeStableRescueTest-924271047 tempest-ServerBootFromVolumeStableRescueTest-924271047-project-member] Registering scheme swift with {'store': , 'location_class': , 'store_entry': 'swift'} {{(pid=102022) register_scheme_map /opt/stack/data/venv/lib/python3.12/site-packages/glance_store/location.py:146}}
Jun 17 14:47:42.267374 np0000003062 devstack@g-api.service[102022]: DEBUG glance_store.location [None req-82bf37aa-6697-43c1-8ef1-ecbc3206bd2f tempest-ServerBootFromVolumeStableRescueTest-924271047 tempest-ServerBootFromVolumeStableRescueTest-924271047-project-member] Registering scheme swift+https with {'store': , 'location_class': , 'store_entry': 'swift'} {{(pid=102022) register_scheme_map /opt/stack/data/venv/lib/python3.12/site-packages/glance_store/location.py:146}}
Jun 17 14:47:42.267374 np0000003062 devstack@g-api.service[102022]: DEBUG glance_store.location [None req-82bf37aa-6697-43c1-8ef1-ecbc3206bd2f tempest-ServerBootFromVolumeStableRescueTest-924271047 tempest-ServerBootFromVolumeStableRescueTest-924271047-project-member] Registering scheme swift with {'store': , 'location_class': , 'store_entry': 'swift'} {{(pid=102022) register_scheme_map /opt/stack/data/venv/lib/python3.12/site-packages/glance_store/location.py:146}}
Jun 17 14:47:42.267374 np0000003062 devstack@g-api.service[102022]: DEBUG glance_store.location [None req-82bf37aa-6697-43c1-8ef1-ecbc3206bd2f tempest-ServerBootFromVolumeStableRescueTest-924271047 tempest-ServerBootFromVolumeStableRescueTest-924271047-project-member] Registering scheme swift+http with {'store': , 'location_class': , 'store_entry': 'swift'} {{(pid=102022) register_scheme_map /opt/stack/data/venv/lib/python3.12/site-packages/glance_store/location.py:146}}
Jun 17 14:47:42.267711 np0000003062 devstack@g-api.service[102022]: DEBUG glance_store.location [None req-82bf37aa-6697-43c1-8ef1-ecbc3206bd2f tempest-ServerBootFromVolumeStableRescueTest-924271047 tempest-ServerBootFromVolumeStableRescueTest-924271047-project-member] Registering scheme swift+https with {'store': , 'location_class': , 'store_entry': 'swift'} {{(pid=102022) register_scheme_map /opt/stack/data/venv/lib/python3.12/site-packages/glance_store/location.py:146}}
Jun 17 14:47:42.267711 np0000003062 devstack@g-api.service[102022]: DEBUG glance_store.location [None req-82bf37aa-6697-43c1-8ef1-ecbc3206bd2f tempest-ServerBootFromVolumeStableRescueTest-924271047 tempest-ServerBootFromVolumeStableRescueTest-924271047-project-member] Registering scheme swift with {'store': , 'location_class': , 'store_entry': 'swift'} {{(pid=102022) register_scheme_map /opt/stack/data/venv/lib/python3.12/site-packages/glance_store/location.py:146}}
Jun 17 14:47:42.267711 np0000003062 devstack@g-api.service[102022]: DEBUG glance_store.location [None req-82bf37aa-6697-43c1-8ef1-ecbc3206bd2f tempest-ServerBootFromVolumeStableRescueTest-924271047 tempest-ServerBootFromVolumeStableRescueTest-924271047-project-member] Registering scheme swift+http with {'store': , 'location_class': , 'store_entry': 'swift'} {{(pid=102022) register_scheme_map /opt/stack/data/venv/lib/python3.12/site-packages/glance_store/location.py:146}}
Jun 17 14:47:42.267836 np0000003062 devstack@g-api.service[102022]: DEBUG glance_store.location [None req-82bf37aa-6697-43c1-8ef1-ecbc3206bd2f tempest-ServerBootFromVolumeStableRescueTest-924271047 tempest-ServerBootFromVolumeStableRescueTest-924271047-project-member] Registering scheme swift+config with {'store': , 'location_class': , 'store_entry': 'swift'} {{(pid=102022) register_scheme_map /opt/stack/data/venv/lib/python3.12/site-packages/glance_store/location.py:146}}
Jun 17 14:47:42.853835 np0000003062 devstack@g-api.service[102022]: DEBUG swiftclient [None req-82bf37aa-6697-43c1-8ef1-ecbc3206bd2f tempest-ServerBootFromVolumeStableRescueTest-924271047 tempest-ServerBootFromVolumeStableRescueTest-924271047-project-member] REQ: curl -i https://10.4.3.112:8080/v1/AUTH_da8254fc7a0241d2874f5bae687c6c03/glance -I -H "X-Auth-Token: gAAAAABqMrOORpM6..." {{(pid=102022) http_log /opt/stack/data/venv/lib/python3.12/site-packages/swiftclient/client.py:160}}
Jun 17 14:47:42.853835 np0000003062 devstack@g-api.service[102022]: DEBUG swiftclient [None req-82bf37aa-6697-43c1-8ef1-ecbc3206bd2f tempest-ServerBootFromVolumeStableRescueTest-924271047 tempest-ServerBootFromVolumeStableRescueTest-924271047-project-member] RESP STATUS: 204 No Content {{(pid=102022) http_log /opt/stack/data/venv/lib/python3.12/site-packages/swiftclient/client.py:161}}
Jun 17 14:47:42.853835 np0000003062 devstack@g-api.service[102022]: DEBUG swiftclient [None req-82bf37aa-6697-43c1-8ef1-ecbc3206bd2f tempest-ServerBootFromVolumeStableRescueTest-924271047 tempest-ServerBootFromVolumeStableRescueTest-924271047-project-member] RESP HEADERS: {'Date': 'Wed, 17 Jun 2026 14:47:42 GMT', 'Server': 'Apache/2.4.58 (Ubuntu)', 'Content-Type': 'text/plain; charset=utf-8', 'X-Container-Object-Count': '5', 'X-Container-Bytes-Used': '86048768', 'X-Timestamp': '1781707451.16968', 'Last-Modified': 'Wed, 17 Jun 2026 14:44:12 GMT', 'Accept-Ranges': 'bytes', 'X-Storage-Policy': 'Policy-0', 'X-Container-Sharding': 'False', 'Vary': 'Accept', 'X-Trans-Id': 'txe37ac27bbfac4667ba30a-006a32b38e', 'X-Openstack-Request-Id': 'txe37ac27bbfac4667ba30a-006a32b38e', 'Connection': 'close'} {{(pid=102022) http_log /opt/stack/data/venv/lib/python3.12/site-packages/swiftclient/client.py:162}}
Jun 17 14:47:42.854157 np0000003062 devstack@g-api.service[102022]: DEBUG glance_store._drivers.swift.store [None req-82bf37aa-6697-43c1-8ef1-ecbc3206bd2f tempest-ServerBootFromVolumeStableRescueTest-924271047 tempest-ServerBootFromVolumeStableRescueTest-924271047-project-member] Adding image object '10426f31-32b3-46e3-a040-e5f9390e7920' to Swift {{(pid=102022) add /opt/stack/data/venv/lib/python3.12/site-packages/glance_store/_drivers/swift/store.py:970}}
Jun 17 14:47:42.854157 np0000003062 devstack@g-api.service[102022]: DEBUG glance_store._drivers.swift.store [None req-82bf37aa-6697-43c1-8ef1-ecbc3206bd2f tempest-ServerBootFromVolumeStableRescueTest-924271047 tempest-ServerBootFromVolumeStableRescueTest-924271047-project-member] Cannot determine image size because it is either not provided in the request or chunked-transfer encoding is used. Adding image as a segmented object to Swift. {{(pid=102022) add /opt/stack/data/venv/lib/python3.12/site-packages/glance_store/_drivers/swift/store.py:994}}
Jun 17 14:47:42.865026 np0000003062 devstack@g-api.service[102022]: DEBUG oslo_utils.imageutils.format_inspector [None req-82bf37aa-6697-43c1-8ef1-ecbc3206bd2f tempest-ServerBootFromVolumeStableRescueTest-924271047 tempest-ServerBootFromVolumeStableRescueTest-924271047-project-member] Format inspector for vmdk does not match, excluding from consideration (Signature KDMV not found: b'QFI\xfb') {{(pid=102022) _process_chunk /opt/stack/data/venv/lib/python3.12/site-packages/oslo_utils/imageutils/format_inspector.py:1758}}
Jun 17 14:47:42.868238 np0000003062 devstack@g-api.service[102022]: DEBUG oslo_utils.imageutils.format_inspector [None req-82bf37aa-6697-43c1-8ef1-ecbc3206bd2f tempest-ServerBootFromVolumeStableRescueTest-924271047 tempest-ServerBootFromVolumeStableRescueTest-924271047-project-member] Format inspector for vhdx does not match, excluding from consideration (Region signature not found at 30000) {{(pid=102022) _process_chunk /opt/stack/data/venv/lib/python3.12/site-packages/oslo_utils/imageutils/format_inspector.py:1758}}
Jun 17 14:47:42.988955 np0000003062 devstack@g-api.service[102023]: DEBUG glance.api.middleware.version_negotiation [None req-1cee7c83-1d58-4964-91b5-4f54a99ca16b tempest-ServerBootFromVolumeStableRescueTest-924271047 tempest-ServerBootFromVolumeStableRescueTest-924271047-project-member] Determining version of request: GET /v2/images/10426f31-32b3-46e3-a040-e5f9390e7920 Accept: application/json {{(pid=102023) process_request /opt/stack/glance/glance/api/middleware/version_negotiation.py:44}}
Jun 17 14:47:42.988955 np0000003062 devstack@g-api.service[102023]: DEBUG glance.api.middleware.version_negotiation [None req-1cee7c83-1d58-4964-91b5-4f54a99ca16b tempest-ServerBootFromVolumeStableRescueTest-924271047 tempest-ServerBootFromVolumeStableRescueTest-924271047-project-member] Using url versioning {{(pid=102023) process_request /opt/stack/glance/glance/api/middleware/version_negotiation.py:57}}
Jun 17 14:47:42.988955 np0000003062 devstack@g-api.service[102023]: DEBUG glance.api.middleware.version_negotiation [None req-1cee7c83-1d58-4964-91b5-4f54a99ca16b tempest-ServerBootFromVolumeStableRescueTest-924271047 tempest-ServerBootFromVolumeStableRescueTest-924271047-project-member] Matched version: v2 {{(pid=102023) process_request /opt/stack/glance/glance/api/middleware/version_negotiation.py:69}}
Jun 17 14:47:42.988955 np0000003062 devstack@g-api.service[102023]: DEBUG glance.api.middleware.version_negotiation [None req-1cee7c83-1d58-4964-91b5-4f54a99ca16b tempest-ServerBootFromVolumeStableRescueTest-924271047 tempest-ServerBootFromVolumeStableRescueTest-924271047-project-member] new path /v2/images/10426f31-32b3-46e3-a040-e5f9390e7920 {{(pid=102023) process_request /opt/stack/glance/glance/api/middleware/version_negotiation.py:70}}
Jun 17 14:47:43.016815 np0000003062 devstack@g-api.service[102023]: [pid: 102023|app: 0|req: 24/71] 127.0.0.1 () {40 vars in 838 bytes} [Wed Jun 17 14:47:42 2026] GET /v2/images/10426f31-32b3-46e3-a040-e5f9390e7920 => generated 1469 bytes in 28 msecs (HTTP/1.1 200) 4 headers in 158 bytes (1 switches on core 0)
Jun 17 14:47:43.043230 np0000003062 devstack@g-api.service[102024]: DEBUG glance.api.middleware.version_negotiation [None req-534bc590-ea2e-42ce-838a-960fdb7ec7ad tempest-ServerBootFromVolumeStableRescueTest-924271047 tempest-ServerBootFromVolumeStableRescueTest-924271047-project-member] Determining version of request: GET /v2/schemas/image Accept: */* {{(pid=102024) process_request /opt/stack/glance/glance/api/middleware/version_negotiation.py:44}}
Jun 17 14:47:43.044913 np0000003062 devstack@g-api.service[102024]: DEBUG glance.api.middleware.version_negotiation [None req-534bc590-ea2e-42ce-838a-960fdb7ec7ad tempest-ServerBootFromVolumeStableRescueTest-924271047 tempest-ServerBootFromVolumeStableRescueTest-924271047-project-member] Using url versioning {{(pid=102024) process_request /opt/stack/glance/glance/api/middleware/version_negotiation.py:57}}
Jun 17 14:47:43.044913 np0000003062 devstack@g-api.service[102024]: DEBUG glance.api.middleware.version_negotiation [None req-534bc590-ea2e-42ce-838a-960fdb7ec7ad tempest-ServerBootFromVolumeStableRescueTest-924271047 tempest-ServerBootFromVolumeStableRescueTest-924271047-project-member] Matched version: v2 {{(pid=102024) process_request /opt/stack/glance/glance/api/middleware/version_negotiation.py:69}}
Jun 17 14:47:43.044913 np0000003062 devstack@g-api.service[102024]: DEBUG glance.api.middleware.version_negotiation [None req-534bc590-ea2e-42ce-838a-960fdb7ec7ad tempest-ServerBootFromVolumeStableRescueTest-924271047 tempest-ServerBootFromVolumeStableRescueTest-924271047-project-member] new path /v2/schemas/image {{(pid=102024) process_request /opt/stack/glance/glance/api/middleware/version_negotiation.py:70}}
Jun 17 14:47:43.049700 np0000003062 devstack@g-api.service[102024]: [pid: 102024|app: 0|req: 25/72] 127.0.0.1 () {44 vars in 1055 bytes} [Wed Jun 17 14:47:43 2026] GET /v2/schemas/image => generated 6083 bytes in 7 msecs (HTTP/1.1 200) 4 headers in 158 bytes (1 switches on core 0)
Jun 17 14:47:43.098649 np0000003062 devstack@g-api.service[102023]: DEBUG glance.api.middleware.version_negotiation [None req-77986a36-9bd4-4d30-bfd8-57bbb6ad7b5f tempest-ServerBootFromVolumeStableRescueTest-924271047 tempest-ServerBootFromVolumeStableRescueTest-924271047-project-member] Determining version of request: POST /v2/images Accept: */* {{(pid=102023) process_request /opt/stack/glance/glance/api/middleware/version_negotiation.py:44}}
Jun 17 14:47:43.098649 np0000003062 devstack@g-api.service[102023]: DEBUG glance.api.middleware.version_negotiation [None req-77986a36-9bd4-4d30-bfd8-57bbb6ad7b5f tempest-ServerBootFromVolumeStableRescueTest-924271047 tempest-ServerBootFromVolumeStableRescueTest-924271047-project-member] Using url versioning {{(pid=102023) process_request /opt/stack/glance/glance/api/middleware/version_negotiation.py:57}}
Jun 17 14:47:43.098977 np0000003062 devstack@g-api.service[102023]: DEBUG glance.api.middleware.version_negotiation [None req-77986a36-9bd4-4d30-bfd8-57bbb6ad7b5f tempest-ServerBootFromVolumeStableRescueTest-924271047 tempest-ServerBootFromVolumeStableRescueTest-924271047-project-member] Matched version: v2 {{(pid=102023) process_request /opt/stack/glance/glance/api/middleware/version_negotiation.py:69}}
Jun 17 14:47:43.099092 np0000003062 devstack@g-api.service[102023]: DEBUG glance.api.middleware.version_negotiation [None req-77986a36-9bd4-4d30-bfd8-57bbb6ad7b5f tempest-ServerBootFromVolumeStableRescueTest-924271047 tempest-ServerBootFromVolumeStableRescueTest-924271047-project-member] new path /v2/images {{(pid=102023) process_request /opt/stack/glance/glance/api/middleware/version_negotiation.py:70}}
Jun 17 14:47:43.188203 np0000003062 devstack@g-api.service[102022]: DEBUG swiftclient [None req-82bf37aa-6697-43c1-8ef1-ecbc3206bd2f tempest-ServerBootFromVolumeStableRescueTest-924271047 tempest-ServerBootFromVolumeStableRescueTest-924271047-project-member] REQ: curl -i https://10.4.3.112:8080/v1/AUTH_da8254fc7a0241d2874f5bae687c6c03/glance/10426f31-32b3-46e3-a040-e5f9390e7920-00001 -X PUT -H "X-Auth-Token: gAAAAABqMrOORpM6..." {{(pid=102022) http_log /opt/stack/data/venv/lib/python3.12/site-packages/swiftclient/client.py:160}}
Jun 17 14:47:43.188203 np0000003062 devstack@g-api.service[102022]: DEBUG swiftclient [None req-82bf37aa-6697-43c1-8ef1-ecbc3206bd2f tempest-ServerBootFromVolumeStableRescueTest-924271047 tempest-ServerBootFromVolumeStableRescueTest-924271047-project-member] RESP STATUS: 201 Created {{(pid=102022) http_log /opt/stack/data/venv/lib/python3.12/site-packages/swiftclient/client.py:161}}
Jun 17 14:47:43.188203 np0000003062 devstack@g-api.service[102022]: DEBUG swiftclient [None req-82bf37aa-6697-43c1-8ef1-ecbc3206bd2f tempest-ServerBootFromVolumeStableRescueTest-924271047 tempest-ServerBootFromVolumeStableRescueTest-924271047-project-member] RESP HEADERS: {'Date': 'Wed, 17 Jun 2026 14:47:43 GMT', 'Server': 'Apache/2.4.58 (Ubuntu)', 'Content-Type': 'text/html; charset=UTF-8', 'Content-Length': '0', 'Etag': '4fa343ee581d8d2e78533191fd1ac3e1', 'Last-Modified': 'Wed, 17 Jun 2026 14:47:43 GMT', 'X-Trans-Id': 'tx13d7c39ff5084091a6a2e-006a32b38e', 'X-Openstack-Request-Id': 'tx13d7c39ff5084091a6a2e-006a32b38e', 'Connection': 'close'} {{(pid=102022) http_log /opt/stack/data/venv/lib/python3.12/site-packages/swiftclient/client.py:162}}
Jun 17 14:47:43.188609 np0000003062 devstack@g-api.service[102022]: DEBUG glance_store._drivers.swift.store [None req-82bf37aa-6697-43c1-8ef1-ecbc3206bd2f tempest-ServerBootFromVolumeStableRescueTest-924271047 tempest-ServerBootFromVolumeStableRescueTest-924271047-project-member] Wrote chunk 10426f31-32b3-46e3-a040-e5f9390e7920-00001 (1/?) of length 23527424 to Swift returning MD5 of content: 4fa343ee581d8d2e78533191fd1ac3e1 {{(pid=102022) add /opt/stack/data/venv/lib/python3.12/site-packages/glance_store/_drivers/swift/store.py:1059}}
