Jun 17 14:44:03.064554 np0000003062 devstack@g-api.service[102024]: DEBUG glance_store.location [-] Registering scheme http with {'store': , 'location_class': , 'store_entry': 'http'} {{(pid=102024) register_scheme_map /opt/stack/data/venv/lib/python3.12/site-packages/glance_store/location.py:146}}
Jun 17 14:44:03.064554 np0000003062 devstack@g-api.service[102024]: DEBUG glance_store.location [-] Registering scheme https with {'store': , 'location_class': , 'store_entry': 'http'} {{(pid=102024) register_scheme_map /opt/stack/data/venv/lib/python3.12/site-packages/glance_store/location.py:146}}
Jun 17 14:44:03.064674 np0000003062 devstack@g-api.service[102024]: DEBUG glance_store.backend [-] Attempting to import store swift {{(pid=102024) _load_store /opt/stack/data/venv/lib/python3.12/site-packages/glance_store/backend.py:215}}
Jun 17 14:44:03.064848 np0000003062 devstack@g-api.service[102024]: WARNING oslo_config.cfg [-] Deprecated: Option "default_store" from group "glance_store" is deprecated for removal (
Jun 17 14:44:03.064848 np0000003062 devstack@g-api.service[102024]: This option is deprecated against new config option
Jun 17 14:44:03.064848 np0000003062 devstack@g-api.service[102024]: ``default_backend`` which acts similar to ``default_store`` config
Jun 17 14:44:03.064848 np0000003062 devstack@g-api.service[102024]: option.
Jun 17 14:44:03.064848 np0000003062 devstack@g-api.service[102024]: This option is scheduled for removal in the U development
Jun 17 14:44:03.064848 np0000003062 devstack@g-api.service[102024]: cycle.
Jun 17 14:44:03.064848 np0000003062 devstack@g-api.service[102024]: ). Its value may be silently ignored in the future.
Jun 17 14:44:03.066105 np0000003062 devstack@g-api.service[102024]: DEBUG glance_store.capabilities [-] Store glance_store._drivers.swift.store.SingleTenantStore doesn't support updating dynamic storage capabilities. Please overwrite 'update_capabilities' method of the store to implement updating logics if needed. {{(pid=102024) update_capabilities /opt/stack/data/venv/lib/python3.12/site-packages/glance_store/capabilities.py:91}}
Jun 17 14:44:03.066182 np0000003062 devstack@g-api.service[102024]: DEBUG glance_store.backend [-] Registering store swift with schemes ('swift+https', 'swift', 'swift+http', 'swift+config') {{(pid=102024) create_stores /opt/stack/data/venv/lib/python3.12/site-packages/glance_store/backend.py:261}}
Jun 17 14:44:03.066223 np0000003062 devstack@g-api.service[102024]: DEBUG glance_store.driver [-] Late loading location class glance_store._drivers.swift.store.StoreLocation {{(pid=102024) get_store_location_class /opt/stack/data/venv/lib/python3.12/site-packages/glance_store/driver.py:134}}
Jun 17 14:44:03.066285 np0000003062 devstack@g-api.service[102024]: DEBUG glance_store.location [-] Registering scheme swift+https with {'store': , 'location_class': , 'store_entry': 'swift'} {{(pid=102024) register_scheme_map /opt/stack/data/venv/lib/python3.12/site-packages/glance_store/location.py:146}}
Jun 17 14:44:03.066344 np0000003062 devstack@g-api.service[102024]: DEBUG glance_store.location [-] Registering scheme swift with {'store': , 'location_class': , 'store_entry': 'swift'} {{(pid=102024) register_scheme_map /opt/stack/data/venv/lib/python3.12/site-packages/glance_store/location.py:146}}
Jun 17 14:44:03.066409 np0000003062 devstack@g-api.service[102024]: DEBUG glance_store.location [-] Registering scheme swift+http with {'store': , 'location_class': , 'store_entry': 'swift'} {{(pid=102024) register_scheme_map /opt/stack/data/venv/lib/python3.12/site-packages/glance_store/location.py:146}}
Jun 17 14:44:03.066409 np0000003062 devstack@g-api.service[102024]: DEBUG glance_store.location [-] Registering scheme swift+config with {'store': , 'location_class': , 'store_entry': 'swift'} {{(pid=102024) register_scheme_map /opt/stack/data/venv/lib/python3.12/site-packages/glance_store/location.py:146}}
Jun 17 14:44:03.066535 np0000003062 devstack@g-api.service[102024]: DEBUG glance_store.backend [-] Attempting to import store swift {{(pid=102024) _load_store /opt/stack/data/venv/lib/python3.12/site-packages/glance_store/backend.py:215}}
Jun 17 14:44:03.067839 np0000003062 devstack@g-api.service[102024]: DEBUG glance_store.capabilities [-] Store glance_store._drivers.swift.store.SingleTenantStore doesn't support updating dynamic storage capabilities. Please overwrite 'update_capabilities' method of the store to implement updating logics if needed. {{(pid=102024) update_capabilities /opt/stack/data/venv/lib/python3.12/site-packages/glance_store/capabilities.py:91}}
Jun 17 14:44:03.067917 np0000003062 devstack@g-api.service[102024]: DEBUG glance_store.driver [-] Late loading location class glance_store._drivers.swift.store.StoreLocation {{(pid=102024) get_store_location_class /opt/stack/data/venv/lib/python3.12/site-packages/glance_store/driver.py:134}}
Jun 17 14:44:03.067970 np0000003062 devstack@g-api.service[102024]: DEBUG glance_store.location [-] Registering scheme swift+https with {'store': , 'location_class': , 'store_entry': 'swift'} {{(pid=102024) register_scheme_map /opt/stack/data/venv/lib/python3.12/site-packages/glance_store/location.py:146}}
Jun 17 14:44:03.068044 np0000003062 devstack@g-api.service[102024]: DEBUG glance_store.location [-] Registering scheme swift+https with {'store': , 'location_class': , 'store_entry': 'swift'} {{(pid=102024) register_scheme_map /opt/stack/data/venv/lib/python3.12/site-packages/glance_store/location.py:146}}
Jun 17 14:44:03.068094 np0000003062 devstack@g-api.service[102024]: DEBUG glance_store.location [-] Registering scheme swift with {'store': , 'location_class': , 'store_entry': 'swift'} {{(pid=102024) register_scheme_map /opt/stack/data/venv/lib/python3.12/site-packages/glance_store/location.py:146}}
Jun 17 14:44:03.068148 np0000003062 devstack@g-api.service[102024]: DEBUG glance_store.location [-] Registering scheme swift+https with {'store': , 'location_class': , 'store_entry': 'swift'} {{(pid=102024) register_scheme_map /opt/stack/data/venv/lib/python3.12/site-packages/glance_store/location.py:146}}
Jun 17 14:44:03.068148 np0000003062 devstack@g-api.service[102024]: DEBUG glance_store.location [-] Registering scheme swift with {'store': , 'location_class': , 'store_entry': 'swift'} {{(pid=102024) register_scheme_map /opt/stack/data/venv/lib/python3.12/site-packages/glance_store/location.py:146}}
Jun 17 14:44:03.068224 np0000003062 devstack@g-api.service[102024]: DEBUG glance_store.location [-] Registering scheme swift+http with {'store': , 'location_class': , 'store_entry': 'swift'} {{(pid=102024) register_scheme_map /opt/stack/data/venv/lib/python3.12/site-packages/glance_store/location.py:146}}
Jun 17 14:44:03.068282 np0000003062 devstack@g-api.service[102024]: DEBUG glance_store.location [-] Registering scheme swift+https with {'store': , 'location_class': , 'store_entry': 'swift'} {{(pid=102024) register_scheme_map /opt/stack/data/venv/lib/python3.12/site-packages/glance_store/location.py:146}}
Jun 17 14:44:03.068282 np0000003062 devstack@g-api.service[102024]: DEBUG glance_store.location [-] Registering scheme swift with {'store': , 'location_class': , 'store_entry': 'swift'} {{(pid=102024) register_scheme_map /opt/stack/data/venv/lib/python3.12/site-packages/glance_store/location.py:146}}
Jun 17 14:44:03.068372 np0000003062 devstack@g-api.service[102024]: DEBUG glance_store.location [-] Registering scheme swift+http with {'store': , 'location_class': , 'store_entry': 'swift'} {{(pid=102024) register_scheme_map /opt/stack/data/venv/lib/python3.12/site-packages/glance_store/location.py:146}}
Jun 17 14:44:03.068372 np0000003062 devstack@g-api.service[102024]: DEBUG glance_store.location [-] Registering scheme swift+config with {'store': , 'location_class': , 'store_entry': 'swift'} {{(pid=102024) register_scheme_map /opt/stack/data/venv/lib/python3.12/site-packages/glance_store/location.py:146}}
Jun 17 14:44:03.068657 np0000003062 devstack@g-api.service[102024]: DEBUG glance.sqlite_migration [-] SQLite caching database not located, skipping migration {{(pid=102024) get_db_path /opt/stack/glance/glance/sqlite_migration.py:68}}
Jun 17 14:44:03.068839 np0000003062 devstack@g-api.service[102024]: WARNING glance.common.wsgi_app [-] Import methods are enabled but staging directory /tmp/staging/ does not exist; Imports will fail!
Jun 17 14:44:03.166319 np0000003062 devstack@g-api.service[102022]: DEBUG glance.common.config [None req-25480aa1-84e2-4555-889d-cc05a3ec06fa None None] Loading glance-api-keystone+cachemanagement from /etc/glance/glance-api-paste.ini {{(pid=102022) load_paste_app /opt/stack/glance/glance/common/config.py:758}}
Jun 17 14:44:03.186666 np0000003062 devstack@g-api.service[102023]: DEBUG glance.common.config [None req-8f3f1056-e8e4-414a-aea1-5c32af08e4b6 None None] Loading glance-api-keystone+cachemanagement from /etc/glance/glance-api-paste.ini {{(pid=102023) load_paste_app /opt/stack/glance/glance/common/config.py:758}}
Jun 17 14:44:03.352762 np0000003062 devstack@g-api.service[102024]: DEBUG glance.common.config [None req-b3696350-e1e2-4bcb-bfa1-6eb58efcba3e None None] Loading glance-api-keystone+cachemanagement from /etc/glance/glance-api-paste.ini {{(pid=102024) load_paste_app /opt/stack/glance/glance/common/config.py:758}}
Jun 17 14:44:03.817460 np0000003062 devstack@g-api.service[102022]: INFO glance.image_cache [None req-25480aa1-84e2-4555-889d-cc05a3ec06fa None None] Image cache loaded driver 'centralized_db'.
Jun 17 14:44:03.817842 np0000003062 devstack@g-api.service[102023]: INFO glance.image_cache [None req-8f3f1056-e8e4-414a-aea1-5c32af08e4b6 None None] Image cache loaded driver 'centralized_db'.
Jun 17 14:44:03.864554 np0000003062 devstack@g-api.service[102022]: INFO dbcounter [None req-25480aa1-84e2-4555-889d-cc05a3ec06fa None None] Registered counter for database glance
Jun 17 14:44:03.864733 np0000003062 devstack@g-api.service[102023]: INFO dbcounter [None req-8f3f1056-e8e4-414a-aea1-5c32af08e4b6 None None] Registered counter for database glance
Jun 17 14:44:03.907608 np0000003062 devstack@g-api.service[102023]: DEBUG oslo_db.sqlalchemy.engines [None req-8f3f1056-e8e4-414a-aea1-5c32af08e4b6 None None] MySQL server mode set to STRICT_TRANS_TABLES,STRICT_ALL_TABLES,NO_ZERO_IN_DATE,NO_ZERO_DATE,ERROR_FOR_DIVISION_BY_ZERO,TRADITIONAL,NO_ENGINE_SUBSTITUTION {{(pid=102023) _check_effective_sql_mode /opt/stack/data/venv/lib/python3.12/site-packages/oslo_db/sqlalchemy/engines.py:325}}
Jun 17 14:44:03.914684 np0000003062 devstack@g-api.service[102024]: INFO glance.image_cache [None req-b3696350-e1e2-4bcb-bfa1-6eb58efcba3e None None] Image cache loaded driver 'centralized_db'.
Jun 17 14:44:03.922111 np0000003062 devstack@g-api.service[102022]: DEBUG oslo_db.sqlalchemy.engines [None req-25480aa1-84e2-4555-889d-cc05a3ec06fa None None] MySQL server mode set to STRICT_TRANS_TABLES,STRICT_ALL_TABLES,NO_ZERO_IN_DATE,NO_ZERO_DATE,ERROR_FOR_DIVISION_BY_ZERO,TRADITIONAL,NO_ENGINE_SUBSTITUTION {{(pid=102022) _check_effective_sql_mode /opt/stack/data/venv/lib/python3.12/site-packages/oslo_db/sqlalchemy/engines.py:325}}
Jun 17 14:44:03.932508 np0000003062 devstack@g-api.service[102023]: DEBUG dbcounter [-] [102023] Writer thread running {{(pid=102023) stat_writer /opt/stack/data/venv/lib/python3.12/site-packages/dbcounter.py:102}}
Jun 17 14:44:03.945070 np0000003062 devstack@g-api.service[102022]: DEBUG dbcounter [-] [102022] Writer thread running {{(pid=102022) stat_writer /opt/stack/data/venv/lib/python3.12/site-packages/dbcounter.py:102}}
Jun 17 14:44:03.946251 np0000003062 devstack@g-api.service[102023]: INFO glance.image_cache [None req-8f3f1056-e8e4-414a-aea1-5c32af08e4b6 None None] Image cache loaded driver 'centralized_db'.
Jun 17 14:44:03.947959 np0000003062 devstack@g-api.service[102022]: DEBUG glance.image_cache.drivers.centralized_db [None req-25480aa1-84e2-4555-889d-cc05a3ec06fa None None] Node reference is already recorded, ignoring it {{(pid=102022) configure /opt/stack/glance/glance/image_cache/drivers/centralized_db.py:71}}
Jun 17 14:44:03.952787 np0000003062 devstack@g-api.service[102022]: INFO glance.image_cache [None req-25480aa1-84e2-4555-889d-cc05a3ec06fa None None] Image cache loaded driver 'centralized_db'.
Jun 17 14:44:03.954814 np0000003062 devstack@g-api.service[102023]: DEBUG glance.image_cache.drivers.centralized_db [None req-8f3f1056-e8e4-414a-aea1-5c32af08e4b6 None None] Node reference is already recorded, ignoring it {{(pid=102023) configure /opt/stack/glance/glance/image_cache/drivers/centralized_db.py:71}}
Jun 17 14:44:03.959800 np0000003062 devstack@g-api.service[102022]: DEBUG glance.image_cache.drivers.centralized_db [None req-25480aa1-84e2-4555-889d-cc05a3ec06fa None None] Node reference is already recorded, ignoring it {{(pid=102022) configure /opt/stack/glance/glance/image_cache/drivers/centralized_db.py:71}}
Jun 17 14:44:03.960802 np0000003062 devstack@g-api.service[102023]: DEBUG glance.api.v2.cached_images [None req-8f3f1056-e8e4-414a-aea1-5c32af08e4b6 None None] Started cache worker thread {{(pid=102023) __init__ /opt/stack/glance/glance/api/v2/cached_images.py:69}}
Jun 17 14:44:03.961500 np0000003062 devstack@g-api.service[102024]: INFO dbcounter [None req-b3696350-e1e2-4bcb-bfa1-6eb58efcba3e None None] Registered counter for database glance
Jun 17 14:44:03.961648 np0000003062 devstack@g-api.service[102023]: INFO glance.image_cache [None req-8f3f1056-e8e4-414a-aea1-5c32af08e4b6 None None] Image cache loaded driver 'centralized_db'.
Jun 17 14:44:03.964351 np0000003062 devstack@g-api.service[102022]: DEBUG glance.api.v2.cached_images [None req-25480aa1-84e2-4555-889d-cc05a3ec06fa None None] Started cache worker thread {{(pid=102022) __init__ /opt/stack/glance/glance/api/v2/cached_images.py:69}}
Jun 17 14:44:03.964950 np0000003062 devstack@g-api.service[102022]: INFO glance.image_cache [None req-25480aa1-84e2-4555-889d-cc05a3ec06fa None None] Image cache loaded driver 'centralized_db'.
Jun 17 14:44:03.970634 np0000003062 devstack@g-api.service[102023]: DEBUG glance.image_cache.drivers.centralized_db [None req-8f3f1056-e8e4-414a-aea1-5c32af08e4b6 None None] Node reference is already recorded, ignoring it {{(pid=102023) configure /opt/stack/glance/glance/image_cache/drivers/centralized_db.py:71}}
Jun 17 14:44:03.978444 np0000003062 devstack@g-api.service[102023]: INFO glance.api.middleware.cache_manage [None req-8f3f1056-e8e4-414a-aea1-5c32af08e4b6 None None] Initialized image cache management middleware
Jun 17 14:44:03.978659 np0000003062 devstack@g-api.service[102023]: INFO glance.image_cache [None req-8f3f1056-e8e4-414a-aea1-5c32af08e4b6 None None] Image cache loaded driver 'centralized_db'.
Jun 17 14:44:04.007933 np0000003062 devstack@g-api.service[102024]: DEBUG oslo_db.sqlalchemy.engines [None req-b3696350-e1e2-4bcb-bfa1-6eb58efcba3e None None] MySQL server mode set to STRICT_TRANS_TABLES,STRICT_ALL_TABLES,NO_ZERO_IN_DATE,NO_ZERO_DATE,ERROR_FOR_DIVISION_BY_ZERO,TRADITIONAL,NO_ENGINE_SUBSTITUTION {{(pid=102024) _check_effective_sql_mode /opt/stack/data/venv/lib/python3.12/site-packages/oslo_db/sqlalchemy/engines.py:325}}
Jun 17 14:44:04.033180 np0000003062 devstack@g-api.service[102024]: DEBUG dbcounter [-] [102024] Writer thread running {{(pid=102024) stat_writer /opt/stack/data/venv/lib/python3.12/site-packages/dbcounter.py:102}}
Jun 17 14:44:04.038457 np0000003062 devstack@g-api.service[102024]: DEBUG glance.image_cache.drivers.centralized_db [None req-b3696350-e1e2-4bcb-bfa1-6eb58efcba3e None None] Node reference is already recorded, ignoring it {{(pid=102024) configure /opt/stack/glance/glance/image_cache/drivers/centralized_db.py:71}}
Jun 17 14:44:04.045956 np0000003062 devstack@g-api.service[102024]: INFO glance.image_cache [None req-b3696350-e1e2-4bcb-bfa1-6eb58efcba3e None None] Image cache loaded driver 'centralized_db'.
Jun 17 14:44:04.056758 np0000003062 devstack@g-api.service[102024]: DEBUG glance.image_cache.drivers.centralized_db [None req-b3696350-e1e2-4bcb-bfa1-6eb58efcba3e None None] Node reference is already recorded, ignoring it {{(pid=102024) configure /opt/stack/glance/glance/image_cache/drivers/centralized_db.py:71}}
Jun 17 14:44:04.064252 np0000003062 devstack@g-api.service[102024]: DEBUG glance.api.v2.cached_images [None req-b3696350-e1e2-4bcb-bfa1-6eb58efcba3e None None] Started cache worker thread {{(pid=102024) __init__ /opt/stack/glance/glance/api/v2/cached_images.py:69}}
Jun 17 14:44:04.064983 np0000003062 devstack@g-api.service[102024]: INFO glance.image_cache [None req-b3696350-e1e2-4bcb-bfa1-6eb58efcba3e None None] Image cache loaded driver 'centralized_db'.
Jun 17 14:44:04.069256 np0000003062 devstack@g-api.service[102022]: DEBUG glance.image_cache.drivers.centralized_db [None req-25480aa1-84e2-4555-889d-cc05a3ec06fa None None] Node reference is already recorded, ignoring it {{(pid=102022) configure /opt/stack/glance/glance/image_cache/drivers/centralized_db.py:71}}
Jun 17 14:44:04.073787 np0000003062 devstack@g-api.service[102022]: INFO glance.api.middleware.cache_manage [None req-25480aa1-84e2-4555-889d-cc05a3ec06fa None None] Initialized image cache management middleware
Jun 17 14:44:04.073942 np0000003062 devstack@g-api.service[102022]: INFO glance.image_cache [None req-25480aa1-84e2-4555-889d-cc05a3ec06fa None None] Image cache loaded driver 'centralized_db'.
Jun 17 14:44:04.081587 np0000003062 devstack@g-api.service[102022]: DEBUG glance.image_cache.drivers.centralized_db [None req-25480aa1-84e2-4555-889d-cc05a3ec06fa None None] Node reference is already recorded, ignoring it {{(pid=102022) configure /opt/stack/glance/glance/image_cache/drivers/centralized_db.py:71}}
Jun 17 14:44:04.085595 np0000003062 devstack@g-api.service[102022]: INFO glance.api.middleware.cache [None req-25480aa1-84e2-4555-889d-cc05a3ec06fa None None] Initialized image cache middleware
Jun 17 14:44:04.093625 np0000003062 devstack@g-api.service[102023]: DEBUG glance.image_cache.drivers.centralized_db [None req-8f3f1056-e8e4-414a-aea1-5c32af08e4b6 None None] Node reference is already recorded, ignoring it {{(pid=102023) configure /opt/stack/glance/glance/image_cache/drivers/centralized_db.py:71}}
Jun 17 14:44:04.097265 np0000003062 devstack@g-api.service[102023]: INFO glance.api.middleware.cache [None req-8f3f1056-e8e4-414a-aea1-5c32af08e4b6 None None] Initialized image cache middleware
Jun 17 14:44:04.097566 np0000003062 devstack@g-api.service[102022]: DEBUG glance.common.config [None req-25480aa1-84e2-4555-889d-cc05a3ec06fa None None] ******************************************************************************** {{(pid=102022) log_opt_values /opt/stack/data/venv/lib/python3.12/site-packages/oslo_config/cfg.py:3226}}
Jun 17 14:44:04.097664 np0000003062 devstack@g-api.service[102022]: DEBUG glance.common.config [None req-25480aa1-84e2-4555-889d-cc05a3ec06fa None None] Configuration options gathered from: {{(pid=102022) log_opt_values /opt/stack/data/venv/lib/python3.12/site-packages/oslo_config/cfg.py:3227}}
Jun 17 14:44:04.098030 np0000003062 devstack@g-api.service[102022]: DEBUG glance.common.config [None req-25480aa1-84e2-4555-889d-cc05a3ec06fa None None] command line args: [] {{(pid=102022) log_opt_values /opt/stack/data/venv/lib/python3.12/site-packages/oslo_config/cfg.py:3228}}
Jun 17 14:44:04.098179 np0000003062 devstack@g-api.service[102022]: DEBUG glance.common.config [None req-25480aa1-84e2-4555-889d-cc05a3ec06fa None None] config files: ['/etc/glance/glance-image-import.conf', '/etc/glance/glance-api.conf'] {{(pid=102022) log_opt_values /opt/stack/data/venv/lib/python3.12/site-packages/oslo_config/cfg.py:3229}}
Jun 17 14:44:04.098252 np0000003062 devstack@g-api.service[102022]: DEBUG glance.common.config [None req-25480aa1-84e2-4555-889d-cc05a3ec06fa None None] ================================================================================ {{(pid=102022) log_opt_values /opt/stack/data/venv/lib/python3.12/site-packages/oslo_config/cfg.py:3234}}
Jun 17 14:44:04.098370 np0000003062 devstack@g-api.service[102022]: DEBUG glance.common.config [None req-25480aa1-84e2-4555-889d-cc05a3ec06fa None None] allow_anonymous_access = False {{(pid=102022) log_opt_values /opt/stack/data/venv/lib/python3.12/site-packages/oslo_config/cfg.py:3242}}
Jun 17 14:44:04.098472 np0000003062 devstack@g-api.service[102022]: DEBUG glance.common.config [None req-25480aa1-84e2-4555-889d-cc05a3ec06fa None None] api_limit_max = 1000 {{(pid=102022) log_opt_values /opt/stack/data/venv/lib/python3.12/site-packages/oslo_config/cfg.py:3242}}
Jun 17 14:44:04.098567 np0000003062 devstack@g-api.service[102022]: DEBUG glance.common.config [None req-25480aa1-84e2-4555-889d-cc05a3ec06fa None None] backlog = 4096 {{(pid=102022) log_opt_values /opt/stack/data/venv/lib/python3.12/site-packages/oslo_config/cfg.py:3242}}
Jun 17 14:44:04.098730 np0000003062 devstack@g-api.service[102022]: DEBUG glance.common.config [None req-25480aa1-84e2-4555-889d-cc05a3ec06fa None None] bind_host = 0.0.0.0 {{(pid=102022) log_opt_values /opt/stack/data/venv/lib/python3.12/site-packages/oslo_config/cfg.py:3242}}
Jun 17 14:44:04.098836 np0000003062 devstack@g-api.service[102022]: DEBUG glance.common.config [None req-25480aa1-84e2-4555-889d-cc05a3ec06fa None None] bind_port = 19292 {{(pid=102022) log_opt_values /opt/stack/data/venv/lib/python3.12/site-packages/oslo_config/cfg.py:3242}}
Jun 17 14:44:04.098942 np0000003062 devstack@g-api.service[102022]: DEBUG glance.common.config [None req-25480aa1-84e2-4555-889d-cc05a3ec06fa None None] client_socket_timeout = 900 {{(pid=102022) log_opt_values /opt/stack/data/venv/lib/python3.12/site-packages/oslo_config/cfg.py:3242}}
Jun 17 14:44:04.099086 np0000003062 devstack@g-api.service[102022]: DEBUG glance.common.config [None req-25480aa1-84e2-4555-889d-cc05a3ec06fa None None] config_dir = [] {{(pid=102022) log_opt_values /opt/stack/data/venv/lib/python3.12/site-packages/oslo_config/cfg.py:3242}}
Jun 17 14:44:04.099199 np0000003062 devstack@g-api.service[102022]: DEBUG glance.common.config [None req-25480aa1-84e2-4555-889d-cc05a3ec06fa None None] config_file = ['/etc/glance/glance-image-import.conf', '/etc/glance/glance-api.conf'] {{(pid=102022) log_opt_values /opt/stack/data/venv/lib/python3.12/site-packages/oslo_config/cfg.py:3242}}
Jun 17 14:44:04.099351 np0000003062 devstack@g-api.service[102022]: DEBUG glance.common.config [None req-25480aa1-84e2-4555-889d-cc05a3ec06fa None None] config_source = [] {{(pid=102022) log_opt_values /opt/stack/data/venv/lib/python3.12/site-packages/oslo_config/cfg.py:3242}}
Jun 17 14:44:04.099471 np0000003062 devstack@g-api.service[102022]: DEBUG glance.common.config [None req-25480aa1-84e2-4555-889d-cc05a3ec06fa None None] control_exchange = glance {{(pid=102022) log_opt_values /opt/stack/data/venv/lib/python3.12/site-packages/oslo_config/cfg.py:3242}}
Jun 17 14:44:04.099570 np0000003062 devstack@g-api.service[102022]: DEBUG glance.common.config [None req-25480aa1-84e2-4555-889d-cc05a3ec06fa None None] debug = True {{(pid=102022) log_opt_values /opt/stack/data/venv/lib/python3.12/site-packages/oslo_config/cfg.py:3242}}
Jun 17 14:44:04.099751 np0000003062 devstack@g-api.service[102022]: DEBUG glance.common.config [None req-25480aa1-84e2-4555-889d-cc05a3ec06fa None None] default_log_levels = ['amqp=WARN', 'boto=WARN', 'sqlalchemy=WARN', 'suds=INFO', 'oslo.messaging=INFO', 'oslo_messaging=INFO', 'iso8601=WARN', 'requests.packages.urllib3.connectionpool=WARN', 'urllib3.connectionpool=WARN', 'websocket=WARN', 'requests.packages.urllib3.util.retry=WARN', 'urllib3.util.retry=WARN', 'keystonemiddleware=WARN', 'routes.middleware=WARN', 'stevedore=WARN', 'taskflow=WARN', 'keystoneauth=WARN', 'oslo.cache=INFO', 'oslo_policy=INFO', 'dogpile.core.dogpile=INFO'] {{(pid=102022) log_opt_values /opt/stack/data/venv/lib/python3.12/site-packages/oslo_config/cfg.py:3242}}
Jun 17 14:44:04.099878 np0000003062 devstack@g-api.service[102022]: DEBUG glance.common.config [None req-25480aa1-84e2-4555-889d-cc05a3ec06fa None None] default_publisher_id = image.localhost {{(pid=102022) log_opt_values /opt/stack/data/venv/lib/python3.12/site-packages/oslo_config/cfg.py:3242}}
Jun 17 14:44:04.100008 np0000003062 devstack@g-api.service[102022]: DEBUG glance.common.config [None req-25480aa1-84e2-4555-889d-cc05a3ec06fa None None] delayed_delete = False {{(pid=102022) log_opt_values /opt/stack/data/venv/lib/python3.12/site-packages/oslo_config/cfg.py:3242}}
Jun 17 14:44:04.100107 np0000003062 devstack@g-api.service[102022]: DEBUG glance.common.config [None req-25480aa1-84e2-4555-889d-cc05a3ec06fa None None] digest_algorithm = sha256 {{(pid=102022) log_opt_values /opt/stack/data/venv/lib/python3.12/site-packages/oslo_config/cfg.py:3242}}
Jun 17 14:44:04.100200 np0000003062 devstack@g-api.service[102022]: DEBUG glance.common.config [None req-25480aa1-84e2-4555-889d-cc05a3ec06fa None None] disabled_notifications = [] {{(pid=102022) log_opt_values /opt/stack/data/venv/lib/python3.12/site-packages/oslo_config/cfg.py:3242}}
Jun 17 14:44:04.100288 np0000003062 devstack@g-api.service[102022]: DEBUG glance.common.config [None req-25480aa1-84e2-4555-889d-cc05a3ec06fa None None] do_secure_hash = True {{(pid=102022) log_opt_values /opt/stack/data/venv/lib/python3.12/site-packages/oslo_config/cfg.py:3242}}
Jun 17 14:44:04.100415 np0000003062 devstack@g-api.service[102022]: DEBUG glance.common.config [None req-25480aa1-84e2-4555-889d-cc05a3ec06fa None None] enabled_backends = None {{(pid=102022) log_opt_values /opt/stack/data/venv/lib/python3.12/site-packages/oslo_config/cfg.py:3242}}
Jun 17 14:44:04.100528 np0000003062 devstack@g-api.service[102022]: DEBUG glance.common.config [None req-25480aa1-84e2-4555-889d-cc05a3ec06fa None None] enabled_import_methods = ['glance-direct', 'web-download', 'copy-image'] {{(pid=102022) log_opt_values /opt/stack/data/venv/lib/python3.12/site-packages/oslo_config/cfg.py:3242}}
Jun 17 14:44:04.100638 np0000003062 devstack@g-api.service[102022]: DEBUG glance.common.config [None req-25480aa1-84e2-4555-889d-cc05a3ec06fa None None] fatal_deprecations = False {{(pid=102022) log_opt_values /opt/stack/data/venv/lib/python3.12/site-packages/oslo_config/cfg.py:3242}}
Jun 17 14:44:04.100733 np0000003062 devstack@g-api.service[102022]: DEBUG glance.common.config [None req-25480aa1-84e2-4555-889d-cc05a3ec06fa None None] hashing_algorithm = sha512 {{(pid=102022) log_opt_values /opt/stack/data/venv/lib/python3.12/site-packages/oslo_config/cfg.py:3242}}
Jun 17 14:44:04.100844 np0000003062 devstack@g-api.service[102022]: DEBUG glance.common.config [None req-25480aa1-84e2-4555-889d-cc05a3ec06fa None None] http_keepalive = True {{(pid=102022) log_opt_values /opt/stack/data/venv/lib/python3.12/site-packages/oslo_config/cfg.py:3242}}
Jun 17 14:44:04.100981 np0000003062 devstack@g-api.service[102022]: DEBUG glance.common.config [None req-25480aa1-84e2-4555-889d-cc05a3ec06fa None None] http_retries = 3 {{(pid=102022) log_opt_values /opt/stack/data/venv/lib/python3.12/site-packages/oslo_config/cfg.py:3242}}
Jun 17 14:44:04.101094 np0000003062 devstack@g-api.service[102022]: DEBUG glance.common.config [None req-25480aa1-84e2-4555-889d-cc05a3ec06fa None None] image_cache_dir = /opt/stack/data/glance/cache/ {{(pid=102022) log_opt_values /opt/stack/data/venv/lib/python3.12/site-packages/oslo_config/cfg.py:3242}}
Jun 17 14:44:04.101185 np0000003062 devstack@g-api.service[102022]: DEBUG glance.common.config [None req-25480aa1-84e2-4555-889d-cc05a3ec06fa None None] image_cache_driver = centralized_db {{(pid=102022) log_opt_values /opt/stack/data/venv/lib/python3.12/site-packages/oslo_config/cfg.py:3242}}
Jun 17 14:44:04.101275 np0000003062 devstack@g-api.service[102022]: DEBUG glance.common.config [None req-25480aa1-84e2-4555-889d-cc05a3ec06fa None None] image_cache_max_size = 10737418240 {{(pid=102022) log_opt_values /opt/stack/data/venv/lib/python3.12/site-packages/oslo_config/cfg.py:3242}}
Jun 17 14:44:04.101372 np0000003062 devstack@g-api.service[102022]: DEBUG glance.common.config [None req-25480aa1-84e2-4555-889d-cc05a3ec06fa None None] image_cache_sqlite_db = cache.db {{(pid=102022) log_opt_values /opt/stack/data/venv/lib/python3.12/site-packages/oslo_config/cfg.py:3242}}
Jun 17 14:44:04.101504 np0000003062 devstack@g-api.service[102022]: DEBUG glance.common.config [None req-25480aa1-84e2-4555-889d-cc05a3ec06fa None None] image_cache_stall_time = 86400 {{(pid=102022) log_opt_values /opt/stack/data/venv/lib/python3.12/site-packages/oslo_config/cfg.py:3242}}
Jun 17 14:44:04.101633 np0000003062 devstack@g-api.service[102022]: DEBUG glance.common.config [None req-25480aa1-84e2-4555-889d-cc05a3ec06fa None None] image_location_quota = 10 {{(pid=102022) log_opt_values /opt/stack/data/venv/lib/python3.12/site-packages/oslo_config/cfg.py:3242}}
Jun 17 14:44:04.101724 np0000003062 devstack@g-api.service[102022]: DEBUG glance.common.config [None req-25480aa1-84e2-4555-889d-cc05a3ec06fa None None] image_member_quota = 128 {{(pid=102022) log_opt_values /opt/stack/data/venv/lib/python3.12/site-packages/oslo_config/cfg.py:3242}}
Jun 17 14:44:04.101828 np0000003062 devstack@g-api.service[102022]: DEBUG glance.common.config [None req-25480aa1-84e2-4555-889d-cc05a3ec06fa None None] image_property_quota = 128 {{(pid=102022) log_opt_values /opt/stack/data/venv/lib/python3.12/site-packages/oslo_config/cfg.py:3242}}
Jun 17 14:44:04.101968 np0000003062 devstack@g-api.service[102022]: DEBUG glance.common.config [None req-25480aa1-84e2-4555-889d-cc05a3ec06fa None None] image_size_cap = 1099511627776 {{(pid=102022) log_opt_values /opt/stack/data/venv/lib/python3.12/site-packages/oslo_config/cfg.py:3242}}
Jun 17 14:44:04.102115 np0000003062 devstack@g-api.service[102022]: DEBUG glance.common.config [None req-25480aa1-84e2-4555-889d-cc05a3ec06fa None None] image_tag_quota = 128 {{(pid=102022) log_opt_values /opt/stack/data/venv/lib/python3.12/site-packages/oslo_config/cfg.py:3242}}
Jun 17 14:44:04.102215 np0000003062 devstack@g-api.service[102022]: DEBUG glance.common.config [None req-25480aa1-84e2-4555-889d-cc05a3ec06fa None None] instance_format = [instance: %(uuid)s] {{(pid=102022) log_opt_values /opt/stack/data/venv/lib/python3.12/site-packages/oslo_config/cfg.py:3242}}
Jun 17 14:44:04.102316 np0000003062 devstack@g-api.service[102022]: DEBUG glance.common.config [None req-25480aa1-84e2-4555-889d-cc05a3ec06fa None None] instance_uuid_format = [instance: %(uuid)s] {{(pid=102022) log_opt_values /opt/stack/data/venv/lib/python3.12/site-packages/oslo_config/cfg.py:3242}}
Jun 17 14:44:04.102402 np0000003062 devstack@g-api.service[102022]: DEBUG glance.common.config [None req-25480aa1-84e2-4555-889d-cc05a3ec06fa None None] limit_param_default = 25 {{(pid=102022) log_opt_values /opt/stack/data/venv/lib/python3.12/site-packages/oslo_config/cfg.py:3242}}
Jun 17 14:44:04.102500 np0000003062 devstack@g-api.service[102022]: DEBUG glance.common.config [None req-25480aa1-84e2-4555-889d-cc05a3ec06fa None None] log_color = False {{(pid=102022) log_opt_values /opt/stack/data/venv/lib/python3.12/site-packages/oslo_config/cfg.py:3242}}
Jun 17 14:44:04.102617 np0000003062 devstack@g-api.service[102022]: DEBUG glance.common.config [None req-25480aa1-84e2-4555-889d-cc05a3ec06fa None None] log_config_append = None {{(pid=102022) log_opt_values /opt/stack/data/venv/lib/python3.12/site-packages/oslo_config/cfg.py:3242}}
Jun 17 14:44:04.102716 np0000003062 devstack@g-api.service[102022]: DEBUG glance.common.config [None req-25480aa1-84e2-4555-889d-cc05a3ec06fa None None] log_date_format = %Y-%m-%d %H:%M:%S {{(pid=102022) log_opt_values /opt/stack/data/venv/lib/python3.12/site-packages/oslo_config/cfg.py:3242}}
Jun 17 14:44:04.102827 np0000003062 devstack@g-api.service[102022]: DEBUG glance.common.config [None req-25480aa1-84e2-4555-889d-cc05a3ec06fa None None] log_dir = None {{(pid=102022) log_opt_values /opt/stack/data/venv/lib/python3.12/site-packages/oslo_config/cfg.py:3242}}
Jun 17 14:44:04.102963 np0000003062 devstack@g-api.service[102022]: DEBUG glance.common.config [None req-25480aa1-84e2-4555-889d-cc05a3ec06fa None None] log_file = None {{(pid=102022) log_opt_values /opt/stack/data/venv/lib/python3.12/site-packages/oslo_config/cfg.py:3242}}
Jun 17 14:44:04.103104 np0000003062 devstack@g-api.service[102022]: DEBUG glance.common.config [None req-25480aa1-84e2-4555-889d-cc05a3ec06fa None None] log_rotate_interval = 1 {{(pid=102022) log_opt_values /opt/stack/data/venv/lib/python3.12/site-packages/oslo_config/cfg.py:3242}}
Jun 17 14:44:04.103207 np0000003062 devstack@g-api.service[102022]: DEBUG glance.common.config [None req-25480aa1-84e2-4555-889d-cc05a3ec06fa None None] log_rotate_interval_type = days {{(pid=102022) log_opt_values /opt/stack/data/venv/lib/python3.12/site-packages/oslo_config/cfg.py:3242}}
Jun 17 14:44:04.103313 np0000003062 devstack@g-api.service[102022]: DEBUG glance.common.config [None req-25480aa1-84e2-4555-889d-cc05a3ec06fa None None] log_rotation_type = none {{(pid=102022) log_opt_values /opt/stack/data/venv/lib/python3.12/site-packages/oslo_config/cfg.py:3242}}
Jun 17 14:44:04.103384 np0000003062 devstack@g-api.service[102022]: DEBUG glance.common.config [None req-25480aa1-84e2-4555-889d-cc05a3ec06fa None None] logging_context_format_string = %(color)s%(levelname)s %(name)s [%(global_request_id)s %(request_id)s %(project_name)s %(user_name)s%(color)s] %(instance)s%(color)s%(message)s {{(pid=102022) log_opt_values /opt/stack/data/venv/lib/python3.12/site-packages/oslo_config/cfg.py:3242}}
Jun 17 14:44:04.103451 np0000003062 devstack@g-api.service[102022]: DEBUG glance.common.config [None req-25480aa1-84e2-4555-889d-cc05a3ec06fa None None] logging_debug_format_suffix = {{(pid=%(process)d) %(funcName)s %(pathname)s:%(lineno)d}} {{(pid=102022) log_opt_values /opt/stack/data/venv/lib/python3.12/site-packages/oslo_config/cfg.py:3242}}
Jun 17 14:44:04.103547 np0000003062 devstack@g-api.service[102022]: DEBUG glance.common.config [None req-25480aa1-84e2-4555-889d-cc05a3ec06fa None None] logging_default_format_string = %(color)s%(levelname)s %(name)s [-%(color)s] %(instance)s%(color)s%(message)s {{(pid=102022) log_opt_values /opt/stack/data/venv/lib/python3.12/site-packages/oslo_config/cfg.py:3242}}
Jun 17 14:44:04.103664 np0000003062 devstack@g-api.service[102022]: DEBUG glance.common.config [None req-25480aa1-84e2-4555-889d-cc05a3ec06fa None None] logging_exception_prefix = ERROR %(name)s %(instance)s {{(pid=102022) log_opt_values /opt/stack/data/venv/lib/python3.12/site-packages/oslo_config/cfg.py:3242}}
Jun 17 14:44:04.103731 np0000003062 devstack@g-api.service[102022]: DEBUG glance.common.config [None req-25480aa1-84e2-4555-889d-cc05a3ec06fa None None] logging_user_identity_format = %(user)s %(project)s %(domain)s %(system_scope)s %(user_domain)s %(project_domain)s {{(pid=102022) log_opt_values /opt/stack/data/venv/lib/python3.12/site-packages/oslo_config/cfg.py:3242}}
Jun 17 14:44:04.103820 np0000003062 devstack@g-api.service[102022]: DEBUG glance.common.config [None req-25480aa1-84e2-4555-889d-cc05a3ec06fa None None] max_header_line = 16384 {{(pid=102022) log_opt_values /opt/stack/data/venv/lib/python3.12/site-packages/oslo_config/cfg.py:3242}}
Jun 17 14:44:04.103945 np0000003062 devstack@g-api.service[102022]: DEBUG glance.common.config [None req-25480aa1-84e2-4555-889d-cc05a3ec06fa None None] max_logfile_count = 30 {{(pid=102022) log_opt_values /opt/stack/data/venv/lib/python3.12/site-packages/oslo_config/cfg.py:3242}}
Jun 17 14:44:04.104074 np0000003062 devstack@g-api.service[102022]: DEBUG glance.common.config [None req-25480aa1-84e2-4555-889d-cc05a3ec06fa None None] max_logfile_size_mb = 200 {{(pid=102022) log_opt_values /opt/stack/data/venv/lib/python3.12/site-packages/oslo_config/cfg.py:3242}}
Jun 17 14:44:04.104164 np0000003062 devstack@g-api.service[102022]: DEBUG glance.common.config [None req-25480aa1-84e2-4555-889d-cc05a3ec06fa None None] max_request_id_length = 64 {{(pid=102022) log_opt_values /opt/stack/data/venv/lib/python3.12/site-packages/oslo_config/cfg.py:3242}}
Jun 17 14:44:04.104248 np0000003062 devstack@g-api.service[102022]: DEBUG glance.common.config [None req-25480aa1-84e2-4555-889d-cc05a3ec06fa None None] metadata_encryption_key = **** {{(pid=102022) log_opt_values /opt/stack/data/venv/lib/python3.12/site-packages/oslo_config/cfg.py:3242}}
Jun 17 14:44:04.104348 np0000003062 devstack@g-api.service[102022]: DEBUG glance.common.config [None req-25480aa1-84e2-4555-889d-cc05a3ec06fa None None] node_staging_uri = file:///tmp/staging/ {{(pid=102022) log_opt_values /opt/stack/data/venv/lib/python3.12/site-packages/oslo_config/cfg.py:3242}}
Jun 17 14:44:04.104428 np0000003062 devstack@g-api.service[102022]: DEBUG glance.common.config [None req-25480aa1-84e2-4555-889d-cc05a3ec06fa None None] property_protection_file = None {{(pid=102022) log_opt_values /opt/stack/data/venv/lib/python3.12/site-packages/oslo_config/cfg.py:3242}}
Jun 17 14:44:04.104521 np0000003062 devstack@g-api.service[102022]: DEBUG glance.common.config [None req-25480aa1-84e2-4555-889d-cc05a3ec06fa None None] property_protection_rule_format = roles {{(pid=102022) log_opt_values /opt/stack/data/venv/lib/python3.12/site-packages/oslo_config/cfg.py:3242}}
Jun 17 14:44:04.104634 np0000003062 devstack@g-api.service[102022]: DEBUG glance.common.config [None req-25480aa1-84e2-4555-889d-cc05a3ec06fa None None] public_endpoint = https://10.4.3.112/image {{(pid=102022) log_opt_values /opt/stack/data/venv/lib/python3.12/site-packages/oslo_config/cfg.py:3242}}
Jun 17 14:44:04.104726 np0000003062 devstack@g-api.service[102022]: DEBUG glance.common.config [None req-25480aa1-84e2-4555-889d-cc05a3ec06fa None None] publish_errors = False {{(pid=102022) log_opt_values /opt/stack/data/venv/lib/python3.12/site-packages/oslo_config/cfg.py:3242}}
Jun 17 14:44:04.104814 np0000003062 devstack@g-api.service[102022]: DEBUG glance.common.config [None req-25480aa1-84e2-4555-889d-cc05a3ec06fa None None] pydev_worker_debug_host = None {{(pid=102022) log_opt_values /opt/stack/data/venv/lib/python3.12/site-packages/oslo_config/cfg.py:3242}}
Jun 17 14:44:04.104905 np0000003062 devstack@g-api.service[102022]: DEBUG glance.common.config [None req-25480aa1-84e2-4555-889d-cc05a3ec06fa None None] pydev_worker_debug_port = 5678 {{(pid=102022) log_opt_values /opt/stack/data/venv/lib/python3.12/site-packages/oslo_config/cfg.py:3242}}
Jun 17 14:44:04.105030 np0000003062 devstack@g-api.service[102022]: DEBUG glance.common.config [None req-25480aa1-84e2-4555-889d-cc05a3ec06fa None None] rate_limit_burst = 0 {{(pid=102022) log_opt_values /opt/stack/data/venv/lib/python3.12/site-packages/oslo_config/cfg.py:3242}}
Jun 17 14:44:04.105134 np0000003062 devstack@g-api.service[102022]: DEBUG glance.common.config [None req-25480aa1-84e2-4555-889d-cc05a3ec06fa None None] rate_limit_except_level = CRITICAL {{(pid=102022) log_opt_values /opt/stack/data/venv/lib/python3.12/site-packages/oslo_config/cfg.py:3242}}
Jun 17 14:44:04.105221 np0000003062 devstack@g-api.service[102022]: DEBUG glance.common.config [None req-25480aa1-84e2-4555-889d-cc05a3ec06fa None None] rate_limit_interval = 0 {{(pid=102022) log_opt_values /opt/stack/data/venv/lib/python3.12/site-packages/oslo_config/cfg.py:3242}}
Jun 17 14:44:04.105309 np0000003062 devstack@g-api.service[102022]: DEBUG glance.common.config [None req-25480aa1-84e2-4555-889d-cc05a3ec06fa None None] scrub_pool_size = 1 {{(pid=102022) log_opt_values /opt/stack/data/venv/lib/python3.12/site-packages/oslo_config/cfg.py:3242}}
Jun 17 14:44:04.105392 np0000003062 devstack@g-api.service[102022]: DEBUG glance.common.config [None req-25480aa1-84e2-4555-889d-cc05a3ec06fa None None] scrub_time = 0 {{(pid=102022) log_opt_values /opt/stack/data/venv/lib/python3.12/site-packages/oslo_config/cfg.py:3242}}
Jun 17 14:44:04.105477 np0000003062 devstack@g-api.service[102022]: DEBUG glance.common.config [None req-25480aa1-84e2-4555-889d-cc05a3ec06fa None None] shell_completion = None {{(pid=102022) log_opt_values /opt/stack/data/venv/lib/python3.12/site-packages/oslo_config/cfg.py:3242}}
Jun 17 14:44:04.105586 np0000003062 devstack@g-api.service[102022]: DEBUG glance.common.config [None req-25480aa1-84e2-4555-889d-cc05a3ec06fa None None] show_image_direct_url = False {{(pid=102022) log_opt_values /opt/stack/data/venv/lib/python3.12/site-packages/oslo_config/cfg.py:3242}}
Jun 17 14:44:04.105819 np0000003062 devstack@g-api.service[102022]: WARNING oslo_config.cfg [None req-25480aa1-84e2-4555-889d-cc05a3ec06fa None None] Deprecated: Option "show_multiple_locations" from group "DEFAULT" is deprecated for removal (Use of this option, deprecated since Newton, is a security risk and will be removed once we figure out a way to satisfy those use cases that currently require it. An earlier announcement that the same functionality can be achieved with greater granularity by using policies is incorrect. You cannot work around this option via policy configuration at the present time, though that is the direction we believe the fix will take. Please keep an eye on the Glance release notes to stay up to date on progress in addressing this issue.). Its value may be silently ignored in the future.
Jun 17 14:44:04.105967 np0000003062 devstack@g-api.service[102022]: DEBUG glance.common.config [None req-25480aa1-84e2-4555-889d-cc05a3ec06fa None None] show_multiple_locations = False {{(pid=102022) log_opt_values /opt/stack/data/venv/lib/python3.12/site-packages/oslo_config/cfg.py:3242}}
Jun 17 14:44:04.106108 np0000003062 devstack@g-api.service[102022]: DEBUG glance.common.config [None req-25480aa1-84e2-4555-889d-cc05a3ec06fa None None] syslog_log_facility = LOG_USER {{(pid=102022) log_opt_values /opt/stack/data/venv/lib/python3.12/site-packages/oslo_config/cfg.py:3242}}
Jun 17 14:44:04.106202 np0000003062 devstack@g-api.service[102022]: DEBUG glance.common.config [None req-25480aa1-84e2-4555-889d-cc05a3ec06fa None None] tcp_keepidle = 600 {{(pid=102022) log_opt_values /opt/stack/data/venv/lib/python3.12/site-packages/oslo_config/cfg.py:3242}}
Jun 17 14:44:04.106296 np0000003062 devstack@g-api.service[102022]: DEBUG glance.common.config [None req-25480aa1-84e2-4555-889d-cc05a3ec06fa None None] transport_url = **** {{(pid=102022) log_opt_values /opt/stack/data/venv/lib/python3.12/site-packages/oslo_config/cfg.py:3242}}
Jun 17 14:44:04.106384 np0000003062 devstack@g-api.service[102022]: DEBUG glance.common.config [None req-25480aa1-84e2-4555-889d-cc05a3ec06fa None None] use_journal = False {{(pid=102022) log_opt_values /opt/stack/data/venv/lib/python3.12/site-packages/oslo_config/cfg.py:3242}}
Jun 17 14:44:04.106469 np0000003062 devstack@g-api.service[102022]: DEBUG glance.common.config [None req-25480aa1-84e2-4555-889d-cc05a3ec06fa None None] use_json = False {{(pid=102022) log_opt_values /opt/stack/data/venv/lib/python3.12/site-packages/oslo_config/cfg.py:3242}}
Jun 17 14:44:04.106564 np0000003062 devstack@g-api.service[102022]: DEBUG glance.common.config [None req-25480aa1-84e2-4555-889d-cc05a3ec06fa None None] use_keystone_limits = True {{(pid=102022) log_opt_values /opt/stack/data/venv/lib/python3.12/site-packages/oslo_config/cfg.py:3242}}
Jun 17 14:44:04.106674 np0000003062 devstack@g-api.service[102022]: DEBUG glance.common.config [None req-25480aa1-84e2-4555-889d-cc05a3ec06fa None None] use_stderr = False {{(pid=102022) log_opt_values /opt/stack/data/venv/lib/python3.12/site-packages/oslo_config/cfg.py:3242}}
Jun 17 14:44:04.106768 np0000003062 devstack@g-api.service[102022]: DEBUG glance.common.config [None req-25480aa1-84e2-4555-889d-cc05a3ec06fa None None] use_syslog = False {{(pid=102022) log_opt_values /opt/stack/data/venv/lib/python3.12/site-packages/oslo_config/cfg.py:3242}}
Jun 17 14:44:04.106860 np0000003062 devstack@g-api.service[102022]: DEBUG glance.common.config [None req-25480aa1-84e2-4555-889d-cc05a3ec06fa None None] user_storage_quota = 0 {{(pid=102022) log_opt_values /opt/stack/data/venv/lib/python3.12/site-packages/oslo_config/cfg.py:3242}}
Jun 17 14:44:04.106970 np0000003062 devstack@g-api.service[102022]: DEBUG glance.common.config [None req-25480aa1-84e2-4555-889d-cc05a3ec06fa None None] worker_self_reference_url = http://127.0.0.1:60999 {{(pid=102022) log_opt_values /opt/stack/data/venv/lib/python3.12/site-packages/oslo_config/cfg.py:3242}}
Jun 17 14:44:04.107092 np0000003062 devstack@g-api.service[102022]: DEBUG glance.common.config [None req-25480aa1-84e2-4555-889d-cc05a3ec06fa None None] workers = None {{(pid=102022) log_opt_values /opt/stack/data/venv/lib/python3.12/site-packages/oslo_config/cfg.py:3242}}
Jun 17 14:44:04.107207 np0000003062 devstack@g-api.service[102022]: DEBUG glance.common.config [None req-25480aa1-84e2-4555-889d-cc05a3ec06fa None None] oslo_concurrency.disable_process_locking = False {{(pid=102022) log_opt_values /opt/stack/data/venv/lib/python3.12/site-packages/oslo_config/cfg.py:3253}}
Jun 17 14:44:04.107309 np0000003062 devstack@g-api.service[102022]: DEBUG glance.common.config [None req-25480aa1-84e2-4555-889d-cc05a3ec06fa None None] oslo_concurrency.lock_path = /opt/stack/data/glance/locks {{(pid=102022) log_opt_values /opt/stack/data/venv/lib/python3.12/site-packages/oslo_config/cfg.py:3253}}
Jun 17 14:44:04.107408 np0000003062 devstack@g-api.service[102022]: DEBUG glance.common.config [None req-25480aa1-84e2-4555-889d-cc05a3ec06fa None None] oslo_middleware.enable_proxy_headers_parsing = False {{(pid=102022) log_opt_values /opt/stack/data/venv/lib/python3.12/site-packages/oslo_config/cfg.py:3253}}
Jun 17 14:44:04.107528 np0000003062 devstack@g-api.service[102022]: DEBUG glance.common.config [None req-25480aa1-84e2-4555-889d-cc05a3ec06fa None None] oslo_middleware.http_basic_auth_user_file = /etc/htpasswd {{(pid=102022) log_opt_values /opt/stack/data/venv/lib/python3.12/site-packages/oslo_config/cfg.py:3253}}
Jun 17 14:44:04.107655 np0000003062 devstack@g-api.service[102022]: DEBUG glance.common.config [None req-25480aa1-84e2-4555-889d-cc05a3ec06fa None None] paste_deploy.config_file = None {{(pid=102022) log_opt_values /opt/stack/data/venv/lib/python3.12/site-packages/oslo_config/cfg.py:3253}}
Jun 17 14:44:04.107757 np0000003062 devstack@g-api.service[102022]: DEBUG glance.common.config [None req-25480aa1-84e2-4555-889d-cc05a3ec06fa None None] paste_deploy.flavor = keystone+cachemanagement {{(pid=102022) log_opt_values /opt/stack/data/venv/lib/python3.12/site-packages/oslo_config/cfg.py:3253}}
Jun 17 14:44:04.107891 np0000003062 devstack@g-api.service[102023]: DEBUG glance.common.config [None req-8f3f1056-e8e4-414a-aea1-5c32af08e4b6 None None] ******************************************************************************** {{(pid=102023) log_opt_values /opt/stack/data/venv/lib/python3.12/site-packages/oslo_config/cfg.py:3226}}
Jun 17 14:44:04.107930 np0000003062 devstack@g-api.service[102022]: DEBUG glance.common.config [None req-25480aa1-84e2-4555-889d-cc05a3ec06fa None None] image_format.container_formats = ['ami', 'ari', 'aki', 'bare', 'ovf', 'ova', 'docker', 'compressed'] {{(pid=102022) log_opt_values /opt/stack/data/venv/lib/python3.12/site-packages/oslo_config/cfg.py:3253}}
Jun 17 14:44:04.107986 np0000003062 devstack@g-api.service[102023]: DEBUG glance.common.config [None req-8f3f1056-e8e4-414a-aea1-5c32af08e4b6 None None] Configuration options gathered from: {{(pid=102023) log_opt_values /opt/stack/data/venv/lib/python3.12/site-packages/oslo_config/cfg.py:3227}}
Jun 17 14:44:04.108090 np0000003062 devstack@g-api.service[102022]: DEBUG glance.common.config [None req-25480aa1-84e2-4555-889d-cc05a3ec06fa None None] image_format.disk_formats = ['ami', 'ari', 'aki', 'vhd', 'vhdx', 'vmdk', 'raw', 'qcow2', 'vdi', 'iso', 'ploop'] {{(pid=102022) log_opt_values /opt/stack/data/venv/lib/python3.12/site-packages/oslo_config/cfg.py:3253}}
Jun 17 14:44:04.108213 np0000003062 devstack@g-api.service[102022]: DEBUG glance.common.config [None req-25480aa1-84e2-4555-889d-cc05a3ec06fa None None] image_format.gpt_safety_checks_nonfatal = [] {{(pid=102022) log_opt_values /opt/stack/data/venv/lib/python3.12/site-packages/oslo_config/cfg.py:3253}}
Jun 17 14:44:04.108279 np0000003062 devstack@g-api.service[102023]: DEBUG glance.common.config [None req-8f3f1056-e8e4-414a-aea1-5c32af08e4b6 None None] command line args: [] {{(pid=102023) log_opt_values /opt/stack/data/venv/lib/python3.12/site-packages/oslo_config/cfg.py:3228}}
Jun 17 14:44:04.108322 np0000003062 devstack@g-api.service[102022]: DEBUG glance.common.config [None req-25480aa1-84e2-4555-889d-cc05a3ec06fa None None] image_format.require_image_format_match = True {{(pid=102022) log_opt_values /opt/stack/data/venv/lib/python3.12/site-packages/oslo_config/cfg.py:3253}}
Jun 17 14:44:04.108404 np0000003062 devstack@g-api.service[102023]: DEBUG glance.common.config [None req-8f3f1056-e8e4-414a-aea1-5c32af08e4b6 None None] config files: ['/etc/glance/glance-image-import.conf', '/etc/glance/glance-api.conf'] {{(pid=102023) log_opt_values /opt/stack/data/venv/lib/python3.12/site-packages/oslo_config/cfg.py:3229}}
Jun 17 14:44:04.108447 np0000003062 devstack@g-api.service[102022]: DEBUG glance.common.config [None req-25480aa1-84e2-4555-889d-cc05a3ec06fa None None] image_format.vmdk_allowed_types = ['streamOptimized', 'monolithicSparse'] {{(pid=102022) log_opt_values /opt/stack/data/venv/lib/python3.12/site-packages/oslo_config/cfg.py:3253}}
Jun 17 14:44:04.108487 np0000003062 devstack@g-api.service[102023]: DEBUG glance.common.config [None req-8f3f1056-e8e4-414a-aea1-5c32af08e4b6 None None] ================================================================================ {{(pid=102023) log_opt_values /opt/stack/data/venv/lib/python3.12/site-packages/oslo_config/cfg.py:3234}}
