Jun 17 14:43:38.889283 np0000003062 nova-scheduler[95749]: DEBUG cotyledon.oslo_config_glue [-] oslo_limit.cafile = None {{(pid=95749) log_opt_values /opt/stack/data/venv/lib/python3.12/site-packages/oslo_config/cfg.py:3253}}
Jun 17 14:43:38.889283 np0000003062 nova-scheduler[95749]: DEBUG cotyledon.oslo_config_glue [-] oslo_limit.certfile = None {{(pid=95749) log_opt_values /opt/stack/data/venv/lib/python3.12/site-packages/oslo_config/cfg.py:3253}}
Jun 17 14:43:38.889283 np0000003062 nova-scheduler[95749]: DEBUG cotyledon.oslo_config_glue [-] oslo_limit.collect_timing = False {{(pid=95749) log_opt_values /opt/stack/data/venv/lib/python3.12/site-packages/oslo_config/cfg.py:3253}}
Jun 17 14:43:38.889283 np0000003062 nova-scheduler[95749]: DEBUG cotyledon.oslo_config_glue [-] oslo_limit.connect_retries = None {{(pid=95749) log_opt_values /opt/stack/data/venv/lib/python3.12/site-packages/oslo_config/cfg.py:3253}}
Jun 17 14:43:38.889283 np0000003062 nova-scheduler[95749]: DEBUG cotyledon.oslo_config_glue [-] oslo_limit.connect_retry_delay = None {{(pid=95749) log_opt_values /opt/stack/data/venv/lib/python3.12/site-packages/oslo_config/cfg.py:3253}}
Jun 17 14:43:38.889283 np0000003062 nova-scheduler[95749]: DEBUG cotyledon.oslo_config_glue [-] oslo_limit.endpoint_id = None {{(pid=95749) log_opt_values /opt/stack/data/venv/lib/python3.12/site-packages/oslo_config/cfg.py:3253}}
Jun 17 14:43:38.889283 np0000003062 nova-scheduler[95749]: DEBUG cotyledon.oslo_config_glue [-] oslo_limit.endpoint_interface = public {{(pid=95749) log_opt_values /opt/stack/data/venv/lib/python3.12/site-packages/oslo_config/cfg.py:3253}}
Jun 17 14:43:38.889567 np0000003062 nova-scheduler[95749]: DEBUG cotyledon.oslo_config_glue [-] oslo_limit.endpoint_override = None {{(pid=95749) log_opt_values /opt/stack/data/venv/lib/python3.12/site-packages/oslo_config/cfg.py:3253}}
Jun 17 14:43:38.889567 np0000003062 nova-scheduler[95749]: DEBUG cotyledon.oslo_config_glue [-] oslo_limit.endpoint_region_name = None {{(pid=95749) log_opt_values /opt/stack/data/venv/lib/python3.12/site-packages/oslo_config/cfg.py:3253}}
Jun 17 14:43:38.889567 np0000003062 nova-scheduler[95749]: DEBUG cotyledon.oslo_config_glue [-] oslo_limit.endpoint_service_name = None {{(pid=95749) log_opt_values /opt/stack/data/venv/lib/python3.12/site-packages/oslo_config/cfg.py:3253}}
Jun 17 14:43:38.889567 np0000003062 nova-scheduler[95749]: DEBUG cotyledon.oslo_config_glue [-] oslo_limit.endpoint_service_type = None {{(pid=95749) log_opt_values /opt/stack/data/venv/lib/python3.12/site-packages/oslo_config/cfg.py:3253}}
Jun 17 14:43:38.889567 np0000003062 nova-scheduler[95749]: DEBUG cotyledon.oslo_config_glue [-] oslo_limit.insecure = False {{(pid=95749) log_opt_values /opt/stack/data/venv/lib/python3.12/site-packages/oslo_config/cfg.py:3253}}
Jun 17 14:43:38.889567 np0000003062 nova-scheduler[95749]: DEBUG cotyledon.oslo_config_glue [-] oslo_limit.keyfile = None {{(pid=95749) log_opt_values /opt/stack/data/venv/lib/python3.12/site-packages/oslo_config/cfg.py:3253}}
Jun 17 14:43:38.889567 np0000003062 nova-scheduler[95749]: DEBUG cotyledon.oslo_config_glue [-] oslo_limit.max_version = None {{(pid=95749) log_opt_values /opt/stack/data/venv/lib/python3.12/site-packages/oslo_config/cfg.py:3253}}
Jun 17 14:43:38.889567 np0000003062 nova-scheduler[95749]: DEBUG cotyledon.oslo_config_glue [-] oslo_limit.min_version = None {{(pid=95749) log_opt_values /opt/stack/data/venv/lib/python3.12/site-packages/oslo_config/cfg.py:3253}}
Jun 17 14:43:38.889567 np0000003062 nova-scheduler[95749]: DEBUG cotyledon.oslo_config_glue [-] oslo_limit.region_name = None {{(pid=95749) log_opt_values /opt/stack/data/venv/lib/python3.12/site-packages/oslo_config/cfg.py:3253}}
Jun 17 14:43:38.889879 np0000003062 nova-scheduler[95749]: DEBUG cotyledon.oslo_config_glue [-] oslo_limit.retriable_status_codes = None {{(pid=95749) log_opt_values /opt/stack/data/venv/lib/python3.12/site-packages/oslo_config/cfg.py:3253}}
Jun 17 14:43:38.889879 np0000003062 nova-scheduler[95749]: DEBUG cotyledon.oslo_config_glue [-] oslo_limit.service_name = None {{(pid=95749) log_opt_values /opt/stack/data/venv/lib/python3.12/site-packages/oslo_config/cfg.py:3253}}
Jun 17 14:43:38.889949 np0000003062 nova-scheduler[95728]: INFO dbcounter [None req-3f0aa203-f055-4d68-b8f3-258062448478 None None] Registered counter for database nova_cell0
Jun 17 14:43:38.890004 np0000003062 nova-scheduler[95749]: DEBUG cotyledon.oslo_config_glue [-] oslo_limit.service_type = None {{(pid=95749) log_opt_values /opt/stack/data/venv/lib/python3.12/site-packages/oslo_config/cfg.py:3253}}
Jun 17 14:43:38.890004 np0000003062 nova-scheduler[95749]: DEBUG cotyledon.oslo_config_glue [-] oslo_limit.split_loggers = False {{(pid=95749) log_opt_values /opt/stack/data/venv/lib/python3.12/site-packages/oslo_config/cfg.py:3253}}
Jun 17 14:43:38.890004 np0000003062 nova-scheduler[95749]: DEBUG cotyledon.oslo_config_glue [-] oslo_limit.status_code_retries = None {{(pid=95749) log_opt_values /opt/stack/data/venv/lib/python3.12/site-packages/oslo_config/cfg.py:3253}}
Jun 17 14:43:38.890004 np0000003062 nova-scheduler[95749]: DEBUG cotyledon.oslo_config_glue [-] oslo_limit.status_code_retry_delay = None {{(pid=95749) log_opt_values /opt/stack/data/venv/lib/python3.12/site-packages/oslo_config/cfg.py:3253}}
Jun 17 14:43:38.890004 np0000003062 nova-scheduler[95749]: DEBUG cotyledon.oslo_config_glue [-] oslo_limit.timeout = None {{(pid=95749) log_opt_values /opt/stack/data/venv/lib/python3.12/site-packages/oslo_config/cfg.py:3253}}
Jun 17 14:43:38.890004 np0000003062 nova-scheduler[95749]: DEBUG cotyledon.oslo_config_glue [-] oslo_limit.valid_interfaces = None {{(pid=95749) log_opt_values /opt/stack/data/venv/lib/python3.12/site-packages/oslo_config/cfg.py:3253}}
Jun 17 14:43:38.890004 np0000003062 nova-scheduler[95749]: DEBUG cotyledon.oslo_config_glue [-] oslo_limit.version = None {{(pid=95749) log_opt_values /opt/stack/data/venv/lib/python3.12/site-packages/oslo_config/cfg.py:3253}}
Jun 17 14:43:38.890004 np0000003062 nova-scheduler[95749]: DEBUG cotyledon.oslo_config_glue [-] oslo_reports.file_event_handler = None {{(pid=95749) log_opt_values /opt/stack/data/venv/lib/python3.12/site-packages/oslo_config/cfg.py:3253}}
Jun 17 14:43:38.890004 np0000003062 nova-scheduler[95749]: DEBUG cotyledon.oslo_config_glue [-] oslo_reports.file_event_handler_interval = 1 {{(pid=95749) log_opt_values /opt/stack/data/venv/lib/python3.12/site-packages/oslo_config/cfg.py:3253}}
Jun 17 14:43:38.890278 np0000003062 nova-scheduler[95749]: DEBUG cotyledon.oslo_config_glue [-] oslo_reports.log_dir = None {{(pid=95749) log_opt_values /opt/stack/data/venv/lib/python3.12/site-packages/oslo_config/cfg.py:3253}}
Jun 17 14:43:38.890278 np0000003062 nova-scheduler[95749]: DEBUG cotyledon.oslo_config_glue [-] ******************************************************************************** {{(pid=95749) log_opt_values /opt/stack/data/venv/lib/python3.12/site-packages/oslo_config/cfg.py:3260}}
Jun 17 14:43:38.890278 np0000003062 nova-scheduler[95749]: DEBUG cotyledon._service_worker [-] Run service ServiceWrapper(2) [95749] {{(pid=95749) wait_forever /opt/stack/data/venv/lib/python3.12/site-packages/cotyledon/_service_worker.py:218}}
Jun 17 14:43:38.890278 np0000003062 nova-scheduler[95749]: INFO nova.service [-] Starting scheduler node (version 33.1.0)
Jun 17 14:43:38.890278 np0000003062 nova-scheduler[95749]: INFO dbcounter [None req-8e6520ad-9d12-4c98-b32e-39afe2ead45f None None] Registered counter for database nova_cell0
Jun 17 14:43:38.890430 np0000003062 nova-scheduler[95703]: DEBUG oslo_db.sqlalchemy.engines [None req-a9fa23b9-50a7-4650-8afe-07af19c24322 None None] MySQL server mode set to STRICT_TRANS_TABLES,STRICT_ALL_TABLES,NO_ZERO_IN_DATE,NO_ZERO_DATE,ERROR_FOR_DIVISION_BY_ZERO,TRADITIONAL,NO_ENGINE_SUBSTITUTION {{(pid=95703) _check_effective_sql_mode /opt/stack/data/venv/lib/python3.12/site-packages/oslo_db/sqlalchemy/engines.py:325}}
Jun 17 14:43:38.895916 np0000003062 nova-scheduler[95703]: DEBUG dbcounter [-] [95703] Writer thread running {{(pid=95703) stat_writer /opt/stack/data/venv/lib/python3.12/site-packages/dbcounter.py:102}}
Jun 17 14:43:38.910008 np0000003062 nova-scheduler[95749]: DEBUG oslo_db.sqlalchemy.engines [None req-8e6520ad-9d12-4c98-b32e-39afe2ead45f None None] MySQL server mode set to STRICT_TRANS_TABLES,STRICT_ALL_TABLES,NO_ZERO_IN_DATE,NO_ZERO_DATE,ERROR_FOR_DIVISION_BY_ZERO,TRADITIONAL,NO_ENGINE_SUBSTITUTION {{(pid=95749) _check_effective_sql_mode /opt/stack/data/venv/lib/python3.12/site-packages/oslo_db/sqlalchemy/engines.py:325}}
Jun 17 14:43:38.913800 np0000003062 nova-scheduler[95703]: DEBUG nova.service [None req-a9fa23b9-50a7-4650-8afe-07af19c24322 None None] Creating RPC server for service: nova-scheduler on topic: scheduler {{(pid=95703) start /opt/stack/nova/nova/service.py:196}}
Jun 17 14:43:38.922856 np0000003062 nova-scheduler[95749]: DEBUG dbcounter [-] [95749] Writer thread running {{(pid=95749) stat_writer /opt/stack/data/venv/lib/python3.12/site-packages/dbcounter.py:102}}
Jun 17 14:43:38.926276 np0000003062 nova-scheduler[95749]: DEBUG nova.service [None req-8e6520ad-9d12-4c98-b32e-39afe2ead45f None None] Creating RPC server for service: nova-scheduler on topic: scheduler {{(pid=95749) start /opt/stack/nova/nova/service.py:196}}
Jun 17 14:43:38.927454 np0000003062 nova-scheduler[95728]: DEBUG oslo_db.sqlalchemy.engines [None req-3f0aa203-f055-4d68-b8f3-258062448478 None None] MySQL server mode set to STRICT_TRANS_TABLES,STRICT_ALL_TABLES,NO_ZERO_IN_DATE,NO_ZERO_DATE,ERROR_FOR_DIVISION_BY_ZERO,TRADITIONAL,NO_ENGINE_SUBSTITUTION {{(pid=95728) _check_effective_sql_mode /opt/stack/data/venv/lib/python3.12/site-packages/oslo_db/sqlalchemy/engines.py:325}}
Jun 17 14:43:38.937781 np0000003062 nova-scheduler[95728]: DEBUG dbcounter [-] [95728] Writer thread running {{(pid=95728) stat_writer /opt/stack/data/venv/lib/python3.12/site-packages/dbcounter.py:102}}
Jun 17 14:43:38.940988 np0000003062 nova-scheduler[95728]: DEBUG nova.service [None req-3f0aa203-f055-4d68-b8f3-258062448478 None None] Creating RPC server for service: nova-scheduler on topic: scheduler {{(pid=95728) start /opt/stack/nova/nova/service.py:196}}
Jun 17 14:43:38.947211 np0000003062 nova-scheduler[95703]: DEBUG nova.service [None req-a9fa23b9-50a7-4650-8afe-07af19c24322 None None] Join ServiceGroup membership for this service scheduler {{(pid=95703) start /opt/stack/nova/nova/service.py:222}}
Jun 17 14:43:38.947550 np0000003062 nova-scheduler[95703]: DEBUG nova.servicegroup.drivers.db [None req-a9fa23b9-50a7-4650-8afe-07af19c24322 None None] DB_Driver: join new ServiceGroup member np0000003062 to the scheduler group, service = {{(pid=95703) join /opt/stack/nova/nova/servicegroup/drivers/db.py:44}}
Jun 17 14:43:38.950942 np0000003062 nova-scheduler[95749]: DEBUG nova.service [None req-8e6520ad-9d12-4c98-b32e-39afe2ead45f None None] Join ServiceGroup membership for this service scheduler {{(pid=95749) start /opt/stack/nova/nova/service.py:222}}
Jun 17 14:43:38.951208 np0000003062 nova-scheduler[95749]: DEBUG nova.servicegroup.drivers.db [None req-8e6520ad-9d12-4c98-b32e-39afe2ead45f None None] DB_Driver: join new ServiceGroup member np0000003062 to the scheduler group, service = {{(pid=95749) join /opt/stack/nova/nova/servicegroup/drivers/db.py:44}}
Jun 17 14:43:38.959745 np0000003062 nova-scheduler[95728]: DEBUG nova.service [None req-3f0aa203-f055-4d68-b8f3-258062448478 None None] Join ServiceGroup membership for this service scheduler {{(pid=95728) start /opt/stack/nova/nova/service.py:222}}
Jun 17 14:43:38.960052 np0000003062 nova-scheduler[95728]: DEBUG nova.servicegroup.drivers.db [None req-3f0aa203-f055-4d68-b8f3-258062448478 None None] DB_Driver: join new ServiceGroup member np0000003062 to the scheduler group, service = {{(pid=95728) join /opt/stack/nova/nova/servicegroup/drivers/db.py:44}}
Jun 17 14:43:43.962187 np0000003062 nova-scheduler[95703]: DEBUG oslo.service.backend._threading.loopingcall [-] Fixed interval looping call 'nova.servicegroup.drivers.db.DbDriver._report_state' sleeping for 119.99 seconds {{(pid=95703) _run_loop /opt/stack/data/venv/lib/python3.12/site-packages/oslo_service/backend/_threading/loopingcall.py:125}}
Jun 17 14:43:43.965803 np0000003062 nova-scheduler[95749]: DEBUG oslo.service.backend._threading.loopingcall [-] Fixed interval looping call 'nova.servicegroup.drivers.db.DbDriver._report_state' sleeping for 119.99 seconds {{(pid=95749) _run_loop /opt/stack/data/venv/lib/python3.12/site-packages/oslo_service/backend/_threading/loopingcall.py:125}}
Jun 17 14:43:43.971494 np0000003062 nova-scheduler[95728]: DEBUG oslo.service.backend._threading.loopingcall [-] Fixed interval looping call 'nova.servicegroup.drivers.db.DbDriver._report_state' sleeping for 119.99 seconds {{(pid=95728) _run_loop /opt/stack/data/venv/lib/python3.12/site-packages/oslo_service/backend/_threading/loopingcall.py:125}}
Jun 17 14:43:47.482284 np0000003062 nova-scheduler[94497]: DEBUG dbcounter [-] [94497] Writing DB stats nova_api:SELECT=3 {{(pid=94497) stat_writer /opt/stack/data/venv/lib/python3.12/site-packages/dbcounter.py:115}}
Jun 17 14:43:47.637689 np0000003062 nova-scheduler[94497]: DEBUG dbcounter [-] [94497] Writing DB stats nova_cell1:SELECT=1 {{(pid=94497) stat_writer /opt/stack/data/venv/lib/python3.12/site-packages/dbcounter.py:115}}
Jun 17 14:43:47.642892 np0000003062 nova-scheduler[94497]: DEBUG dbcounter [-] [94497] Writing DB stats nova_cell0:SELECT=1 {{(pid=94497) stat_writer /opt/stack/data/venv/lib/python3.12/site-packages/dbcounter.py:115}}
Jun 17 14:43:53.959049 np0000003062 nova-scheduler[95703]: DEBUG dbcounter [-] [95703] Writing DB stats nova_cell0:SELECT=4,nova_cell0:INSERT=1,nova_cell0:UPDATE=1 {{(pid=95703) stat_writer /opt/stack/data/venv/lib/python3.12/site-packages/dbcounter.py:115}}
Jun 17 14:43:53.962113 np0000003062 nova-scheduler[95749]: DEBUG dbcounter [-] [95749] Writing DB stats nova_cell0:SELECT=3 {{(pid=95749) stat_writer /opt/stack/data/venv/lib/python3.12/site-packages/dbcounter.py:115}}
Jun 17 14:43:53.965088 np0000003062 nova-scheduler[95728]: DEBUG oslo.service.backend._threading.loopingcall [None req-274a864f-40cc-46c3-aaee-0843817d7e39 None None] Dynamic interval looping call 'nova.service.Service.periodic_tasks' sleeping for 60.00 seconds {{(pid=95728) _run_loop /opt/stack/data/venv/lib/python3.12/site-packages/oslo_service/backend/_threading/loopingcall.py:125}}
Jun 17 14:43:53.968770 np0000003062 nova-scheduler[95728]: DEBUG dbcounter [-] [95728] Writing DB stats nova_cell0:SELECT=3 {{(pid=95728) stat_writer /opt/stack/data/venv/lib/python3.12/site-packages/dbcounter.py:115}}
Jun 17 14:44:24.950226 np0000003062 nova-scheduler[95703]: DEBUG oslo.service.backend._threading.loopingcall [None req-41962290-e276-46f7-9299-986c089dfb57 None None] Dynamic interval looping call 'nova.service.Service.periodic_tasks' sleeping for 60.00 seconds {{(pid=95703) _run_loop /opt/stack/data/venv/lib/python3.12/site-packages/oslo_service/backend/_threading/loopingcall.py:125}}
Jun 17 14:44:33.954384 np0000003062 nova-scheduler[95749]: DEBUG oslo.service.backend._threading.loopingcall [None req-f9d5a498-f961-4c68-89b8-0426289fffca None None] Dynamic interval looping call 'nova.service.Service.periodic_tasks' sleeping for 60.00 seconds {{(pid=95749) _run_loop /opt/stack/data/venv/lib/python3.12/site-packages/oslo_service/backend/_threading/loopingcall.py:125}}
Jun 17 14:44:53.965683 np0000003062 nova-scheduler[95728]: DEBUG oslo.service.backend._threading.loopingcall [None req-274a864f-40cc-46c3-aaee-0843817d7e39 None None] Dynamic interval looping call 'nova.service.Service.periodic_tasks' sleeping for 60.00 seconds {{(pid=95728) _run_loop /opt/stack/data/venv/lib/python3.12/site-packages/oslo_service/backend/_threading/loopingcall.py:125}}
Jun 17 14:45:24.950796 np0000003062 nova-scheduler[95703]: DEBUG oslo.service.backend._threading.loopingcall [None req-41962290-e276-46f7-9299-986c089dfb57 None None] Dynamic interval looping call 'nova.service.Service.periodic_tasks' sleeping for 60.00 seconds {{(pid=95703) _run_loop /opt/stack/data/venv/lib/python3.12/site-packages/oslo_service/backend/_threading/loopingcall.py:125}}
Jun 17 14:45:33.955331 np0000003062 nova-scheduler[95749]: DEBUG oslo.service.backend._threading.loopingcall [None req-f9d5a498-f961-4c68-89b8-0426289fffca None None] Dynamic interval looping call 'nova.service.Service.periodic_tasks' sleeping for 60.00 seconds {{(pid=95749) _run_loop /opt/stack/data/venv/lib/python3.12/site-packages/oslo_service/backend/_threading/loopingcall.py:125}}
Jun 17 14:45:43.959550 np0000003062 nova-scheduler[95703]: DEBUG oslo.service.backend._threading.loopingcall [-] Fixed interval looping call 'nova.servicegroup.drivers.db.DbDriver._report_state' sleeping for 119.99 seconds {{(pid=95703) _run_loop /opt/stack/data/venv/lib/python3.12/site-packages/oslo_service/backend/_threading/loopingcall.py:125}}
Jun 17 14:45:43.961729 np0000003062 nova-scheduler[95749]: DEBUG oslo.service.backend._threading.loopingcall [-] Fixed interval looping call 'nova.servicegroup.drivers.db.DbDriver._report_state' sleeping for 119.99 seconds {{(pid=95749) _run_loop /opt/stack/data/venv/lib/python3.12/site-packages/oslo_service/backend/_threading/loopingcall.py:125}}
Jun 17 14:45:43.964945 np0000003062 nova-scheduler[95728]: DEBUG oslo.service.backend._threading.loopingcall [-] Fixed interval looping call 'nova.servicegroup.drivers.db.DbDriver._report_state' sleeping for 120.00 seconds {{(pid=95728) _run_loop /opt/stack/data/venv/lib/python3.12/site-packages/oslo_service/backend/_threading/loopingcall.py:125}}
Jun 17 14:45:53.956129 np0000003062 nova-scheduler[95703]: DEBUG dbcounter [-] [95703] Writing DB stats nova_cell0:SELECT=1,nova_cell0:UPDATE=1 {{(pid=95703) stat_writer /opt/stack/data/venv/lib/python3.12/site-packages/dbcounter.py:115}}
Jun 17 14:45:53.960450 np0000003062 nova-scheduler[95749]: DEBUG dbcounter [-] [95749] Writing DB stats nova_cell0:SELECT=1,nova_cell0:UPDATE=1 {{(pid=95749) stat_writer /opt/stack/data/venv/lib/python3.12/site-packages/dbcounter.py:115}}
Jun 17 14:45:53.963397 np0000003062 nova-scheduler[95728]: DEBUG dbcounter [-] [95728] Writing DB stats nova_cell0:SELECT=1 {{(pid=95728) stat_writer /opt/stack/data/venv/lib/python3.12/site-packages/dbcounter.py:115}}
Jun 17 14:45:53.966106 np0000003062 nova-scheduler[95728]: DEBUG oslo.service.backend._threading.loopingcall [None req-274a864f-40cc-46c3-aaee-0843817d7e39 None None] Dynamic interval looping call 'nova.service.Service.periodic_tasks' sleeping for 60.00 seconds {{(pid=95728) _run_loop /opt/stack/data/venv/lib/python3.12/site-packages/oslo_service/backend/_threading/loopingcall.py:125}}
Jun 17 14:46:24.951404 np0000003062 nova-scheduler[95703]: DEBUG oslo.service.backend._threading.loopingcall [None req-41962290-e276-46f7-9299-986c089dfb57 None None] Dynamic interval looping call 'nova.service.Service.periodic_tasks' sleeping for 60.00 seconds {{(pid=95703) _run_loop /opt/stack/data/venv/lib/python3.12/site-packages/oslo_service/backend/_threading/loopingcall.py:125}}
Jun 17 14:46:33.955978 np0000003062 nova-scheduler[95749]: DEBUG oslo.service.backend._threading.loopingcall [None req-f9d5a498-f961-4c68-89b8-0426289fffca None None] Dynamic interval looping call 'nova.service.Service.periodic_tasks' sleeping for 60.00 seconds {{(pid=95749) _run_loop /opt/stack/data/venv/lib/python3.12/site-packages/oslo_service/backend/_threading/loopingcall.py:125}}
Jun 17 14:46:44.087205 np0000003062 nova-scheduler[95703]: DEBUG nova.scheduler.manager [None req-6998088f-d395-4066-8a1b-3341c07363e7 tempest-ServerBootFromVolumeStableRescueTest-924271047 tempest-ServerBootFromVolumeStableRescueTest-924271047-project-member] Starting to schedule for instances: ['cf370d5d-3310-43d8-9230-3331f7b5dbaa'] {{(pid=95703) select_destinations /opt/stack/nova/nova/scheduler/manager.py:210}}
Jun 17 14:46:44.087904 np0000003062 nova-scheduler[95703]: DEBUG nova.scheduler.request_filter [None req-6998088f-d395-4066-8a1b-3341c07363e7 tempest-ServerBootFromVolumeStableRescueTest-924271047 tempest-ServerBootFromVolumeStableRescueTest-924271047-project-member] compute_status_filter request filter added forbidden trait COMPUTE_STATUS_DISABLED {{(pid=95703) compute_status_filter /opt/stack/nova/nova/scheduler/request_filter.py:253}}
Jun 17 14:46:44.087904 np0000003062 nova-scheduler[95703]: DEBUG nova.scheduler.request_filter [None req-6998088f-d395-4066-8a1b-3341c07363e7 tempest-ServerBootFromVolumeStableRescueTest-924271047 tempest-ServerBootFromVolumeStableRescueTest-924271047-project-member] Request filter 'compute_status_filter' took 0.0 seconds {{(pid=95703) wrapper /opt/stack/nova/nova/scheduler/request_filter.py:46}}
Jun 17 14:46:44.088159 np0000003062 nova-scheduler[95703]: DEBUG nova.scheduler.request_filter [None req-6998088f-d395-4066-8a1b-3341c07363e7 tempest-ServerBootFromVolumeStableRescueTest-924271047 tempest-ServerBootFromVolumeStableRescueTest-924271047-project-member] Request filter 'accelerators_filter' took 0.0 seconds {{(pid=95703) wrapper /opt/stack/nova/nova/scheduler/request_filter.py:46}}
Jun 17 14:46:44.088354 np0000003062 nova-scheduler[95703]: DEBUG nova.scheduler.request_filter [None req-6998088f-d395-4066-8a1b-3341c07363e7 tempest-ServerBootFromVolumeStableRescueTest-924271047 tempest-ServerBootFromVolumeStableRescueTest-924271047-project-member] Request filter 'packed_virtqueue_filter' took 0.0 seconds {{(pid=95703) wrapper /opt/stack/nova/nova/scheduler/request_filter.py:46}}
Jun 17 14:46:44.089022 np0000003062 nova-scheduler[95703]: DEBUG nova.scheduler.request_filter [None req-6998088f-d395-4066-8a1b-3341c07363e7 tempest-ServerBootFromVolumeStableRescueTest-924271047 tempest-ServerBootFromVolumeStableRescueTest-924271047-project-member] Request filter 'remote_managed_ports_filter' took 0.0 seconds {{(pid=95703) wrapper /opt/stack/nova/nova/scheduler/request_filter.py:46}}
Jun 17 14:46:44.089167 np0000003062 nova-scheduler[95703]: DEBUG nova.scheduler.request_filter [None req-6998088f-d395-4066-8a1b-3341c07363e7 tempest-ServerBootFromVolumeStableRescueTest-924271047 tempest-ServerBootFromVolumeStableRescueTest-924271047-project-member] ephemeral_encryption_filter skipped {{(pid=95703) ephemeral_encryption_filter /opt/stack/nova/nova/scheduler/request_filter.py:426}}
Jun 17 14:46:44.089665 np0000003062 nova-scheduler[95703]: DEBUG nova.scheduler.request_filter [None req-6998088f-d395-4066-8a1b-3341c07363e7 tempest-ServerBootFromVolumeStableRescueTest-924271047 tempest-ServerBootFromVolumeStableRescueTest-924271047-project-member] virtio_sound_filter skipped {{(pid=95703) virtio_sound_filter /opt/stack/nova/nova/scheduler/request_filter.py:460}}
Jun 17 14:46:44.089665 np0000003062 nova-scheduler[95703]: DEBUG nova.scheduler.request_filter [None req-6998088f-d395-4066-8a1b-3341c07363e7 tempest-ServerBootFromVolumeStableRescueTest-924271047 tempest-ServerBootFromVolumeStableRescueTest-924271047-project-member] tpm_secret_security_filter skipped {{(pid=95703) tpm_secret_security_filter /opt/stack/nova/nova/scheduler/request_filter.py:477}}
Jun 17 14:46:44.679531 np0000003062 nova-scheduler[95703]: INFO nova.utils [None req-6998088f-d395-4066-8a1b-3341c07363e7 tempest-ServerBootFromVolumeStableRescueTest-924271047 tempest-ServerBootFromVolumeStableRescueTest-924271047-project-member] The cell worker thread pool ForkProcess-1.cell_worker is initialized
Jun 17 14:46:44.680063 np0000003062 nova-scheduler[95703]: DEBUG oslo_concurrency.lockutils [None req-6998088f-d395-4066-8a1b-3341c07363e7 tempest-ServerBootFromVolumeStableRescueTest-924271047 tempest-ServerBootFromVolumeStableRescueTest-924271047-project-member] Acquiring lock "9541b390-2001-401d-a844-f84ccce33556" by "nova.context.set_target_cell..get_or_set_cached_cell_and_set_connections" {{(pid=95703) inner /opt/stack/data/venv/lib/python3.12/site-packages/oslo_concurrency/lockutils.py:511}}
Jun 17 14:46:44.680325 np0000003062 nova-scheduler[95703]: DEBUG oslo_concurrency.lockutils [None req-6998088f-d395-4066-8a1b-3341c07363e7 tempest-ServerBootFromVolumeStableRescueTest-924271047 tempest-ServerBootFromVolumeStableRescueTest-924271047-project-member] Lock "9541b390-2001-401d-a844-f84ccce33556" acquired by "nova.context.set_target_cell..get_or_set_cached_cell_and_set_connections" :: waited 0.000s {{(pid=95703) inner /opt/stack/data/venv/lib/python3.12/site-packages/oslo_concurrency/lockutils.py:524}}
Jun 17 14:46:44.682378 np0000003062 nova-scheduler[95703]: DEBUG oslo_concurrency.lockutils [None req-6998088f-d395-4066-8a1b-3341c07363e7 tempest-ServerBootFromVolumeStableRescueTest-924271047 tempest-ServerBootFromVolumeStableRescueTest-924271047-project-member] Lock "9541b390-2001-401d-a844-f84ccce33556" "released" by "nova.context.set_target_cell..get_or_set_cached_cell_and_set_connections" :: held 0.002s {{(pid=95703) inner /opt/stack/data/venv/lib/python3.12/site-packages/oslo_concurrency/lockutils.py:543}}
Jun 17 14:46:44.684653 np0000003062 nova-scheduler[95703]: INFO dbcounter [None req-6998088f-d395-4066-8a1b-3341c07363e7 tempest-ServerBootFromVolumeStableRescueTest-924271047 tempest-ServerBootFromVolumeStableRescueTest-924271047-project-member] Registered counter for database nova_cell1
Jun 17 14:46:44.724725 np0000003062 nova-scheduler[95703]: DEBUG oslo_db.sqlalchemy.engines [None req-6998088f-d395-4066-8a1b-3341c07363e7 tempest-ServerBootFromVolumeStableRescueTest-924271047 tempest-ServerBootFromVolumeStableRescueTest-924271047-project-member] MySQL server mode set to STRICT_TRANS_TABLES,STRICT_ALL_TABLES,NO_ZERO_IN_DATE,NO_ZERO_DATE,ERROR_FOR_DIVISION_BY_ZERO,TRADITIONAL,NO_ENGINE_SUBSTITUTION {{(pid=95703) _check_effective_sql_mode /opt/stack/data/venv/lib/python3.12/site-packages/oslo_db/sqlalchemy/engines.py:325}}
Jun 17 14:46:44.730834 np0000003062 nova-scheduler[95703]: DEBUG dbcounter [-] [95703] Writer thread running {{(pid=95703) stat_writer /opt/stack/data/venv/lib/python3.12/site-packages/dbcounter.py:102}}
Jun 17 14:46:44.745773 np0000003062 nova-scheduler[95703]: DEBUG oslo_db.sqlalchemy.engines [None req-6998088f-d395-4066-8a1b-3341c07363e7 tempest-ServerBootFromVolumeStableRescueTest-924271047 tempest-ServerBootFromVolumeStableRescueTest-924271047-project-member] Parent process 94497 forked (95703) with an open database connection, which is being discarded and recreated. {{(pid=95703) checkout /opt/stack/data/venv/lib/python3.12/site-packages/oslo_db/sqlalchemy/engines.py:402}}
Jun 17 14:46:44.791415 np0000003062 nova-scheduler[95703]: DEBUG dbcounter [-] [95703] Writer thread running {{(pid=95703) stat_writer /opt/stack/data/venv/lib/python3.12/site-packages/dbcounter.py:102}}
Jun 17 14:46:44.795440 np0000003062 nova-scheduler[95703]: DEBUG oslo_concurrency.lockutils [None req-6998088f-d395-4066-8a1b-3341c07363e7 tempest-ServerBootFromVolumeStableRescueTest-924271047 tempest-ServerBootFromVolumeStableRescueTest-924271047-project-member] Acquiring lock "9541b390-2001-401d-a844-f84ccce33556" by "nova.context.set_target_cell..get_or_set_cached_cell_and_set_connections" {{(pid=95703) inner /opt/stack/data/venv/lib/python3.12/site-packages/oslo_concurrency/lockutils.py:511}}
Jun 17 14:46:44.795684 np0000003062 nova-scheduler[95703]: DEBUG oslo_concurrency.lockutils [None req-6998088f-d395-4066-8a1b-3341c07363e7 tempest-ServerBootFromVolumeStableRescueTest-924271047 tempest-ServerBootFromVolumeStableRescueTest-924271047-project-member] Lock "9541b390-2001-401d-a844-f84ccce33556" acquired by "nova.context.set_target_cell..get_or_set_cached_cell_and_set_connections" :: waited 0.000s {{(pid=95703) inner /opt/stack/data/venv/lib/python3.12/site-packages/oslo_concurrency/lockutils.py:524}}
Jun 17 14:46:44.795904 np0000003062 nova-scheduler[95703]: DEBUG oslo_concurrency.lockutils [None req-6998088f-d395-4066-8a1b-3341c07363e7 tempest-ServerBootFromVolumeStableRescueTest-924271047 tempest-ServerBootFromVolumeStableRescueTest-924271047-project-member] Lock "9541b390-2001-401d-a844-f84ccce33556" "released" by "nova.context.set_target_cell..get_or_set_cached_cell_and_set_connections" :: held 0.000s {{(pid=95703) inner /opt/stack/data/venv/lib/python3.12/site-packages/oslo_concurrency/lockutils.py:543}}
Jun 17 14:46:44.799912 np0000003062 nova-scheduler[95703]: DEBUG oslo_concurrency.lockutils [None req-6998088f-d395-4066-8a1b-3341c07363e7 tempest-ServerBootFromVolumeStableRescueTest-924271047 tempest-ServerBootFromVolumeStableRescueTest-924271047-project-member] Acquiring lock "('np0000003062', 'np0000003062')" by "nova.scheduler.host_manager.HostState.update.._locked_update" {{(pid=95703) inner /opt/stack/data/venv/lib/python3.12/site-packages/oslo_concurrency/lockutils.py:511}}
Jun 17 14:46:44.800145 np0000003062 nova-scheduler[95703]: DEBUG oslo_concurrency.lockutils [None req-6998088f-d395-4066-8a1b-3341c07363e7 tempest-ServerBootFromVolumeStableRescueTest-924271047 tempest-ServerBootFromVolumeStableRescueTest-924271047-project-member] Lock "('np0000003062', 'np0000003062')" acquired by "nova.scheduler.host_manager.HostState.update.._locked_update" :: waited 0.000s {{(pid=95703) inner /opt/stack/data/venv/lib/python3.12/site-packages/oslo_concurrency/lockutils.py:524}}
Jun 17 14:46:44.801421 np0000003062 nova-scheduler[95703]: DEBUG nova.scheduler.host_manager [None req-6998088f-d395-4066-8a1b-3341c07363e7 tempest-ServerBootFromVolumeStableRescueTest-924271047 tempest-ServerBootFromVolumeStableRescueTest-924271047-project-member] Update host state from compute node: ComputeNode(cpu_allocation_ratio=4.0,cpu_info='{"arch": "x86_64", "model": "EPYC-Milan", "vendor": "AMD", "topology": {"cells": 1, "sockets": 12, "cores": 1, "threads": 1}, "maxphysaddr": {"mode": "emulate", "bits": 40}, "features": ["tsc-scale", "mce", "sse", "fxsr", "tsc", "adx", "v-vmsave-vmload", "pse36", "cx8", "sha-ni", "pdpe1gb", "mds-no", "vme", "fpu", "ibrs", "rdtscp", "erms", "gds-no", "xsaveerptr", "spec-ctrl", "pku", "pcid", "fxsr_opt", "virt-ssbd", "amd-psfd", "flushbyasid", "perfctr_core", "popcnt", "osvw", "sep", "nx", "sse4.1", "f16c", "rdrand", "pause-filter", "pse", "sse4.2", "pni", "cmov", "avx", "hypervisor", "lm", "vgif", "x2apic", "mmxext", "pae", "sse2", "ibpb", "umip", "npt", "arat", "avx2", "clflush", "cmp_legacy", "cx16", "aes", "msr", "pschange-mc-no", "rdseed", "mmx", "fsgsbase", "tsc-deadline", "wbnoinvd", "misalignsse", "bmi1", "rdpid", "lbrv", "amd-ssbd", "movbe", "pclmuldq", "arch-capabilities", "3dnowprefetch", "stibp-always-on", "clflushopt", "cr8legacy", "vmcb-clean", "syscall", "vaes", "xsaves", "xgetbv1", "stibp", "mtrr", "svme-addr-chk", "xsave", "lfence-always-serializing", "no-nested-data-bp", "smap", "pge", "null-sel-clr-base", "apic", "sse4a", "fma", "mca", "nrip-save", "fsrm", "pat", "xsavec", "ssbd", "de", "abm", "ssse3", "svm", "invpcid", "amd-stibp", "skip-l1dfl-vmentry", "tsc_adjust", "lahf_lm", "rdctl-no", "smep", "pfthreshold", "clzero", "xsaveopt", "topoext", "bmi2", "clwb", "vpclmulqdq"]}',created_at=2026-06-17T14:44:06Z,current_workload=0,deleted=False,deleted_at=None,disk_allocation_ratio=1.0,disk_available_least=74,free_disk_gb=95,free_ram_mb=23518,host='np0000003062',host_ip=10.4.3.112,hypervisor_hostname='np0000003062',hypervisor_type='QEMU',hypervisor_version=8002002,id=1,local_gb=95,local_gb_used=0,mapped=1,memory_mb=24030,memory_mb_used=512,metrics='[]',numa_topology='{"nova_object.name": "NUMATopology", "nova_object.namespace": "nova", "nova_object.version": "1.2", "nova_object.data": {"cells": [{"nova_object.name": "NUMACell", "nova_object.namespace": "nova", "nova_object.version": "1.5", "nova_object.data": {"id": 0, "cpuset": [0, 1, 2, 3, 4, 5, 6, 7, 8, 9, 10, 11], "pcpuset": [0, 1, 2, 3, 4, 5, 6, 7, 8, 9, 10, 11], "memory": 24030, "cpu_usage": 0, "memory_usage": 0, "pinned_cpus": [], "siblings": [[6], [2], [5], [11], [8], [4], [1], [7], [10], [0], [3], [9]], "mempages": [{"nova_object.name": "NUMAPagesTopology", "nova_object.namespace": "nova", "nova_object.version": "1.1", "nova_object.data": {"size_kb": 4, "total": 6151798, "used": 0, "reserved": 0}, "nova_object.changes": ["total", "used", "size_kb", "reserved"]}, {"nova_object.name": "NUMAPagesTopology", "nova_object.namespace": "nova", "nova_object.version": "1.1", "nova_object.data": {"size_kb": 2048, "total": 0, "used": 0, "reserved": 0}, "nova_object.changes": ["total", "used", "size_kb", "reserved"]}, {"nova_object.name": "NUMAPagesTopology", "nova_object.namespace": "nova", "nova_object.version": "1.1", "nova_object.data": {"size_kb": 1048576, "total": 0, "used": 0, "reserved": 0}, "nova_object.changes": ["total", "used", "size_kb", "reserved"]}], "network_metadata": {"nova_object.name": "NetworkMetadata", "nova_object.namespace": "nova", "nova_object.version": "1.0", "nova_object.data": {"physnets": [], "tunneled": false}, "nova_object.changes": ["physnets", "tunneled"]}, "socket": null}, "nova_object.changes": ["id", "cpu_usage", "siblings", "pinned_cpus", "memory", "mempages", "socket", "memory_usage", "cpuset", "pcpuset", "network_metadata"]}]}, "nova_object.changes": ["cells"]}',pci_device_pools=PciDevicePoolList,ram_allocation_ratio=1.0,running_vms=0,service_id=3,stats={failed_builds='0',uptime=' 14:45:50 up 24 min, 2 users, load average: 1.29, 1.56, 0.91
Jun 17 14:46:44.801421 np0000003062 nova-scheduler[95703]: '},supported_hv_specs=[HVSpec,HVSpec,HVSpec,HVSpec,HVSpec,HVSpec,HVSpec,HVSpec,HVSpec,HVSpec,HVSpec,HVSpec,HVSpec,HVSpec,HVSpec,HVSpec,HVSpec,HVSpec,HVSpec,HVSpec,HVSpec,HVSpec,HVSpec,HVSpec,HVSpec],updated_at=2026-06-17T14:45:52Z,uuid=a7106c29-2035-443a-a4c9-170a17cf6879,vcpus=12,vcpus_used=0) {{(pid=95703) _locked_update /opt/stack/nova/nova/scheduler/host_manager.py:168}}
Jun 17 14:46:44.802483 np0000003062 nova-scheduler[95703]: DEBUG nova.scheduler.host_manager [None req-6998088f-d395-4066-8a1b-3341c07363e7 tempest-ServerBootFromVolumeStableRescueTest-924271047 tempest-ServerBootFromVolumeStableRescueTest-924271047-project-member] Update host state with aggregates: [] {{(pid=95703) _locked_update /opt/stack/nova/nova/scheduler/host_manager.py:171}}
Jun 17 14:46:44.802723 np0000003062 nova-scheduler[95703]: DEBUG nova.scheduler.host_manager [None req-6998088f-d395-4066-8a1b-3341c07363e7 tempest-ServerBootFromVolumeStableRescueTest-924271047 tempest-ServerBootFromVolumeStableRescueTest-924271047-project-member] Update host state with service dict: {'id': 3, 'uuid': 'dc126058-5e81-44e5-ae3c-81e6d361908e', 'host': 'np0000003062', 'binary': 'nova-compute', 'topic': 'compute', 'report_count': 2, 'disabled': False, 'disabled_reason': None, 'last_seen_up': datetime.datetime(2026, 6, 17, 14, 46, 15, tzinfo=datetime.timezone.utc), 'forced_down': False, 'version': 72, 'created_at': datetime.datetime(2026, 6, 17, 14, 44, 4, tzinfo=datetime.timezone.utc), 'updated_at': datetime.datetime(2026, 6, 17, 14, 46, 15, tzinfo=datetime.timezone.utc), 'deleted_at': None, 'deleted': False} {{(pid=95703) _locked_update /opt/stack/nova/nova/scheduler/host_manager.py:174}}
Jun 17 14:46:44.802902 np0000003062 nova-scheduler[95703]: DEBUG nova.scheduler.host_manager [None req-6998088f-d395-4066-8a1b-3341c07363e7 tempest-ServerBootFromVolumeStableRescueTest-924271047 tempest-ServerBootFromVolumeStableRescueTest-924271047-project-member] Update host state with instances: [] {{(pid=95703) _locked_update /opt/stack/nova/nova/scheduler/host_manager.py:177}}
Jun 17 14:46:44.803074 np0000003062 nova-scheduler[95703]: DEBUG oslo_concurrency.lockutils [None req-6998088f-d395-4066-8a1b-3341c07363e7 tempest-ServerBootFromVolumeStableRescueTest-924271047 tempest-ServerBootFromVolumeStableRescueTest-924271047-project-member] Lock "('np0000003062', 'np0000003062')" "released" by "nova.scheduler.host_manager.HostState.update.._locked_update" :: held 0.003s {{(pid=95703) inner /opt/stack/data/venv/lib/python3.12/site-packages/oslo_concurrency/lockutils.py:543}}
Jun 17 14:46:44.803657 np0000003062 nova-scheduler[95703]: DEBUG nova.filters [None req-6998088f-d395-4066-8a1b-3341c07363e7 tempest-ServerBootFromVolumeStableRescueTest-924271047 tempest-ServerBootFromVolumeStableRescueTest-924271047-project-member] Starting with 1 host(s) {{(pid=95703) get_filtered_objects /opt/stack/nova/nova/filters.py:70}}
Jun 17 14:46:44.803924 np0000003062 nova-scheduler[95703]: DEBUG nova.filters [None req-6998088f-d395-4066-8a1b-3341c07363e7 tempest-ServerBootFromVolumeStableRescueTest-924271047 tempest-ServerBootFromVolumeStableRescueTest-924271047-project-member] Filter ComputeFilter returned 1 host(s) {{(pid=95703) get_filtered_objects /opt/stack/nova/nova/filters.py:102}}
Jun 17 14:46:44.804240 np0000003062 nova-scheduler[95703]: DEBUG nova.filters [None req-6998088f-d395-4066-8a1b-3341c07363e7 tempest-ServerBootFromVolumeStableRescueTest-924271047 tempest-ServerBootFromVolumeStableRescueTest-924271047-project-member] Filter ComputeCapabilitiesFilter returned 1 host(s) {{(pid=95703) get_filtered_objects /opt/stack/nova/nova/filters.py:102}}
Jun 17 14:46:44.804507 np0000003062 nova-scheduler[95703]: DEBUG nova.filters [None req-6998088f-d395-4066-8a1b-3341c07363e7 tempest-ServerBootFromVolumeStableRescueTest-924271047 tempest-ServerBootFromVolumeStableRescueTest-924271047-project-member] Filter ImagePropertiesFilter returned 1 host(s) {{(pid=95703) get_filtered_objects /opt/stack/nova/nova/filters.py:102}}
Jun 17 14:46:44.804710 np0000003062 nova-scheduler[95703]: DEBUG nova.filters [None req-6998088f-d395-4066-8a1b-3341c07363e7 tempest-ServerBootFromVolumeStableRescueTest-924271047 tempest-ServerBootFromVolumeStableRescueTest-924271047-project-member] Filter ServerGroupAntiAffinityFilter returned 1 host(s) {{(pid=95703) get_filtered_objects /opt/stack/nova/nova/filters.py:102}}
Jun 17 14:46:44.804891 np0000003062 nova-scheduler[95703]: DEBUG nova.filters [None req-6998088f-d395-4066-8a1b-3341c07363e7 tempest-ServerBootFromVolumeStableRescueTest-924271047 tempest-ServerBootFromVolumeStableRescueTest-924271047-project-member] Filter ServerGroupAffinityFilter returned 1 host(s) {{(pid=95703) get_filtered_objects /opt/stack/nova/nova/filters.py:102}}
Jun 17 14:46:44.805055 np0000003062 nova-scheduler[95703]: DEBUG nova.filters [None req-6998088f-d395-4066-8a1b-3341c07363e7 tempest-ServerBootFromVolumeStableRescueTest-924271047 tempest-ServerBootFromVolumeStableRescueTest-924271047-project-member] Filter SameHostFilter returned 1 host(s) {{(pid=95703) get_filtered_objects /opt/stack/nova/nova/filters.py:102}}
Jun 17 14:46:44.805235 np0000003062 nova-scheduler[95703]: DEBUG nova.filters [None req-6998088f-d395-4066-8a1b-3341c07363e7 tempest-ServerBootFromVolumeStableRescueTest-924271047 tempest-ServerBootFromVolumeStableRescueTest-924271047-project-member] Filter DifferentHostFilter returned 1 host(s) {{(pid=95703) get_filtered_objects /opt/stack/nova/nova/filters.py:102}}
Jun 17 14:46:44.805550 np0000003062 nova-scheduler[95703]: DEBUG nova.scheduler.manager [None req-6998088f-d395-4066-8a1b-3341c07363e7 tempest-ServerBootFromVolumeStableRescueTest-924271047 tempest-ServerBootFromVolumeStableRescueTest-924271047-project-member] Filtered [(np0000003062, np0000003062) ram: 23518MB disk: 75776MB io_ops: 0 instances: 0, allocation_candidates: 1] {{(pid=95703) _get_sorted_hosts /opt/stack/nova/nova/scheduler/manager.py:743}}
Jun 17 14:46:44.805819 np0000003062 nova-scheduler[95703]: DEBUG nova.scheduler.manager [None req-6998088f-d395-4066-8a1b-3341c07363e7 tempest-ServerBootFromVolumeStableRescueTest-924271047 tempest-ServerBootFromVolumeStableRescueTest-924271047-project-member] Weighed [WeighedHost [host: (np0000003062, np0000003062) ram: 23518MB disk: 75776MB io_ops: 0 instances: 0, allocation_candidates: 1, weight: 0.0]] {{(pid=95703) _get_sorted_hosts /opt/stack/nova/nova/scheduler/manager.py:765}}
Jun 17 14:46:44.806100 np0000003062 nova-scheduler[95703]: DEBUG nova.scheduler.utils [None req-6998088f-d395-4066-8a1b-3341c07363e7 tempest-ServerBootFromVolumeStableRescueTest-924271047 tempest-ServerBootFromVolumeStableRescueTest-924271047-project-member] Attempting to claim resources in the placement API for instance cf370d5d-3310-43d8-9230-3331f7b5dbaa {{(pid=95703) claim_resources /opt/stack/nova/nova/scheduler/utils.py:1345}}
Jun 17 14:46:44.982603 np0000003062 nova-scheduler[95703]: DEBUG nova.scheduler.manager [None req-6998088f-d395-4066-8a1b-3341c07363e7 tempest-ServerBootFromVolumeStableRescueTest-924271047 tempest-ServerBootFromVolumeStableRescueTest-924271047-project-member] [instance: cf370d5d-3310-43d8-9230-3331f7b5dbaa] Selected host: (np0000003062, np0000003062) ram: 23518MB disk: 75776MB io_ops: 0 instances: 0, allocation_candidates: 1 {{(pid=95703) _consume_selected_host /opt/stack/nova/nova/scheduler/manager.py:625}}
Jun 17 14:46:44.982603 np0000003062 nova-scheduler[95703]: DEBUG oslo_concurrency.lockutils [None req-6998088f-d395-4066-8a1b-3341c07363e7 tempest-ServerBootFromVolumeStableRescueTest-924271047 tempest-ServerBootFromVolumeStableRescueTest-924271047-project-member] Acquiring lock "('np0000003062', 'np0000003062')" by "nova.scheduler.host_manager.HostState.consume_from_request.._locked" {{(pid=95703) inner /opt/stack/data/venv/lib/python3.12/site-packages/oslo_concurrency/lockutils.py:511}}
Jun 17 14:46:44.982603 np0000003062 nova-scheduler[95703]: DEBUG oslo_concurrency.lockutils [None req-6998088f-d395-4066-8a1b-3341c07363e7 tempest-ServerBootFromVolumeStableRescueTest-924271047 tempest-ServerBootFromVolumeStableRescueTest-924271047-project-member] Lock "('np0000003062', 'np0000003062')" acquired by "nova.scheduler.host_manager.HostState.consume_from_request.._locked" :: waited 0.000s {{(pid=95703) inner /opt/stack/data/venv/lib/python3.12/site-packages/oslo_concurrency/lockutils.py:524}}
Jun 17 14:46:44.982603 np0000003062 nova-scheduler[95703]: DEBUG oslo_concurrency.lockutils [None req-6998088f-d395-4066-8a1b-3341c07363e7 tempest-ServerBootFromVolumeStableRescueTest-924271047 tempest-ServerBootFromVolumeStableRescueTest-924271047-project-member] Lock "('np0000003062', 'np0000003062')" "released" by "nova.scheduler.host_manager.HostState.consume_from_request.._locked" :: held 0.000s {{(pid=95703) inner /opt/stack/data/venv/lib/python3.12/site-packages/oslo_concurrency/lockutils.py:543}}
Jun 17 14:46:48.173738 np0000003062 nova-scheduler[95749]: DEBUG nova.scheduler.manager [None req-929fa51f-0e0c-42df-995e-ed6f36185860 tempest-ServerStableDeviceRescueTest-608259438 tempest-ServerStableDeviceRescueTest-608259438-project-member] Starting to schedule for instances: ['3c8b1ef4-cb58-44d9-9b12-c23f30bf9ebc'] {{(pid=95749) select_destinations /opt/stack/nova/nova/scheduler/manager.py:210}}
Jun 17 14:46:48.174286 np0000003062 nova-scheduler[95749]: DEBUG nova.scheduler.request_filter [None req-929fa51f-0e0c-42df-995e-ed6f36185860 tempest-ServerStableDeviceRescueTest-608259438 tempest-ServerStableDeviceRescueTest-608259438-project-member] compute_status_filter request filter added forbidden trait COMPUTE_STATUS_DISABLED {{(pid=95749) compute_status_filter /opt/stack/nova/nova/scheduler/request_filter.py:253}}
Jun 17 14:46:48.174694 np0000003062 nova-scheduler[95749]: DEBUG nova.scheduler.request_filter [None req-929fa51f-0e0c-42df-995e-ed6f36185860 tempest-ServerStableDeviceRescueTest-608259438 tempest-ServerStableDeviceRescueTest-608259438-project-member] Request filter 'compute_status_filter' took 0.0 seconds {{(pid=95749) wrapper /opt/stack/nova/nova/scheduler/request_filter.py:46}}
Jun 17 14:46:48.175048 np0000003062 nova-scheduler[95749]: DEBUG nova.scheduler.request_filter [None req-929fa51f-0e0c-42df-995e-ed6f36185860 tempest-ServerStableDeviceRescueTest-608259438 tempest-ServerStableDeviceRescueTest-608259438-project-member] Request filter 'accelerators_filter' took 0.0 seconds {{(pid=95749) wrapper /opt/stack/nova/nova/scheduler/request_filter.py:46}}
Jun 17 14:46:48.175282 np0000003062 nova-scheduler[95749]: DEBUG nova.scheduler.request_filter [None req-929fa51f-0e0c-42df-995e-ed6f36185860 tempest-ServerStableDeviceRescueTest-608259438 tempest-ServerStableDeviceRescueTest-608259438-project-member] Request filter 'packed_virtqueue_filter' took 0.0 seconds {{(pid=95749) wrapper /opt/stack/nova/nova/scheduler/request_filter.py:46}}
Jun 17 14:46:48.175558 np0000003062 nova-scheduler[95749]: DEBUG nova.scheduler.request_filter [None req-929fa51f-0e0c-42df-995e-ed6f36185860 tempest-ServerStableDeviceRescueTest-608259438 tempest-ServerStableDeviceRescueTest-608259438-project-member] Request filter 'remote_managed_ports_filter' took 0.0 seconds {{(pid=95749) wrapper /opt/stack/nova/nova/scheduler/request_filter.py:46}}
Jun 17 14:46:48.175747 np0000003062 nova-scheduler[95749]: DEBUG nova.scheduler.request_filter [None req-929fa51f-0e0c-42df-995e-ed6f36185860 tempest-ServerStableDeviceRescueTest-608259438 tempest-ServerStableDeviceRescueTest-608259438-project-member] ephemeral_encryption_filter skipped {{(pid=95749) ephemeral_encryption_filter /opt/stack/nova/nova/scheduler/request_filter.py:426}}
Jun 17 14:46:48.175926 np0000003062 nova-scheduler[95749]: DEBUG nova.scheduler.request_filter [None req-929fa51f-0e0c-42df-995e-ed6f36185860 tempest-ServerStableDeviceRescueTest-608259438 tempest-ServerStableDeviceRescueTest-608259438-project-member] virtio_sound_filter skipped {{(pid=95749) virtio_sound_filter /opt/stack/nova/nova/scheduler/request_filter.py:460}}
Jun 17 14:46:48.176090 np0000003062 nova-scheduler[95749]: DEBUG nova.scheduler.request_filter [None req-929fa51f-0e0c-42df-995e-ed6f36185860 tempest-ServerStableDeviceRescueTest-608259438 tempest-ServerStableDeviceRescueTest-608259438-project-member] tpm_secret_security_filter skipped {{(pid=95749) tpm_secret_security_filter /opt/stack/nova/nova/scheduler/request_filter.py:477}}
Jun 17 14:46:48.277254 np0000003062 nova-scheduler[95728]: DEBUG nova.scheduler.manager [None req-84a28875-c145-4395-8f11-49985dcb4435 tempest-ServerActionsTestOtherA-760147070 tempest-ServerActionsTestOtherA-760147070-project-member] Starting to schedule for instances: ['dfd542fe-69de-4881-9e8c-f9e84719f16c'] {{(pid=95728) select_destinations /opt/stack/nova/nova/scheduler/manager.py:210}}
Jun 17 14:46:48.277869 np0000003062 nova-scheduler[95728]: DEBUG nova.scheduler.request_filter [None req-84a28875-c145-4395-8f11-49985dcb4435 tempest-ServerActionsTestOtherA-760147070 tempest-ServerActionsTestOtherA-760147070-project-member] compute_status_filter request filter added forbidden trait COMPUTE_STATUS_DISABLED {{(pid=95728) compute_status_filter /opt/stack/nova/nova/scheduler/request_filter.py:253}}
Jun 17 14:46:48.278387 np0000003062 nova-scheduler[95728]: DEBUG nova.scheduler.request_filter [None req-84a28875-c145-4395-8f11-49985dcb4435 tempest-ServerActionsTestOtherA-760147070 tempest-ServerActionsTestOtherA-760147070-project-member] Request filter 'compute_status_filter' took 0.0 seconds {{(pid=95728) wrapper /opt/stack/nova/nova/scheduler/request_filter.py:46}}
Jun 17 14:46:48.278587 np0000003062 nova-scheduler[95728]: DEBUG nova.scheduler.request_filter [None req-84a28875-c145-4395-8f11-49985dcb4435 tempest-ServerActionsTestOtherA-760147070 tempest-ServerActionsTestOtherA-760147070-project-member] Request filter 'accelerators_filter' took 0.0 seconds {{(pid=95728) wrapper /opt/stack/nova/nova/scheduler/request_filter.py:46}}
Jun 17 14:46:48.278794 np0000003062 nova-scheduler[95728]: DEBUG nova.scheduler.request_filter [None req-84a28875-c145-4395-8f11-49985dcb4435 tempest-ServerActionsTestOtherA-760147070 tempest-ServerActionsTestOtherA-760147070-project-member] Request filter 'packed_virtqueue_filter' took 0.0 seconds {{(pid=95728) wrapper /opt/stack/nova/nova/scheduler/request_filter.py:46}}
Jun 17 14:46:48.279063 np0000003062 nova-scheduler[95728]: DEBUG nova.scheduler.request_filter [None req-84a28875-c145-4395-8f11-49985dcb4435 tempest-ServerActionsTestOtherA-760147070 tempest-ServerActionsTestOtherA-760147070-project-member] Request filter 'remote_managed_ports_filter' took 0.0 seconds {{(pid=95728) wrapper /opt/stack/nova/nova/scheduler/request_filter.py:46}}
Jun 17 14:46:48.279278 np0000003062 nova-scheduler[95728]: DEBUG nova.scheduler.request_filter [None req-84a28875-c145-4395-8f11-49985dcb4435 tempest-ServerActionsTestOtherA-760147070 tempest-ServerActionsTestOtherA-760147070-project-member] ephemeral_encryption_filter skipped {{(pid=95728) ephemeral_encryption_filter /opt/stack/nova/nova/scheduler/request_filter.py:426}}
Jun 17 14:46:48.279386 np0000003062 nova-scheduler[95728]: DEBUG nova.scheduler.request_filter [None req-84a28875-c145-4395-8f11-49985dcb4435 tempest-ServerActionsTestOtherA-760147070 tempest-ServerActionsTestOtherA-760147070-project-member] virtio_sound_filter skipped {{(pid=95728) virtio_sound_filter /opt/stack/nova/nova/scheduler/request_filter.py:460}}
Jun 17 14:46:48.279503 np0000003062 nova-scheduler[95728]: DEBUG nova.scheduler.request_filter [None req-84a28875-c145-4395-8f11-49985dcb4435 tempest-ServerActionsTestOtherA-760147070 tempest-ServerActionsTestOtherA-760147070-project-member] tpm_secret_security_filter skipped {{(pid=95728) tpm_secret_security_filter /opt/stack/nova/nova/scheduler/request_filter.py:477}}
Jun 17 14:46:48.327808 np0000003062 nova-scheduler[95749]: INFO nova.utils [None req-929fa51f-0e0c-42df-995e-ed6f36185860 tempest-ServerStableDeviceRescueTest-608259438 tempest-ServerStableDeviceRescueTest-608259438-project-member] The cell worker thread pool ForkProcess-3.cell_worker is initialized
