Jun 17 14:43:18.289719 np0000003062 devstack@neutron-api.service[89879]: DEBUG neutron.plugins.ml2.drivers.ovn.mech_driver.ovsdb.ovsdb_monitor [-] ChassisAgentWriteEvent : Matched Chassis_Private, update, None None {{(pid=89879) matches /opt/stack/neutron/neutron/plugins/ml2/drivers/ovn/mech_driver/ovsdb/ovsdb_monitor.py:64}}
Jun 17 14:43:18.290148 np0000003062 devstack@neutron-api.service[89881]: DEBUG neutron.plugins.ml2.drivers.ovn.mech_driver.ovsdb.ovsdb_monitor [-] Hash Ring: Node 86a923a916375989a1f1651b0ca64e09 (host: np0000003062) handling event "update" for row 5e911c0e-88d9-4748-9a60-f0ffbde704b5 (table: NB_Global) {{(pid=89881) notify /opt/stack/neutron/neutron/plugins/ml2/drivers/ovn/mech_driver/ovsdb/ovsdb_monitor.py:1015}}
Jun 17 14:43:18.290507 np0000003062 devstack@neutron-api.service[89880]: DEBUG neutron.plugins.ml2.drivers.ovn.mech_driver.ovsdb.ovsdb_monitor [-] ChassisOVNAgentWriteEvent : Matched Chassis_Private, update, None None {{(pid=89880) matches /opt/stack/neutron/neutron/plugins/ml2/drivers/ovn/mech_driver/ovsdb/ovsdb_monitor.py:64}}
Jun 17 14:43:18.292596 np0000003062 devstack@neutron-api.service[89881]: DEBUG neutron.common.ovn.hash_ring_manager [-] Allow caching, nodes 3>=3 {{(pid=89881) _wait_startup_before_caching /opt/stack/neutron/neutron/common/ovn/hash_ring_manager.py:71}}
Jun 17 14:43:18.293239 np0000003062 devstack@neutron-api.service[89879]: DEBUG neutron.plugins.ml2.drivers.ovn.mech_driver.ovsdb.ovsdb_monitor [-] Hash Ring: Node feaaa209343d547b9bebe5fd905d9797 (host: np0000003062) handling event "update" for row 5e911c0e-88d9-4748-9a60-f0ffbde704b5 (table: NB_Global) {{(pid=89879) notify /opt/stack/neutron/neutron/plugins/ml2/drivers/ovn/mech_driver/ovsdb/ovsdb_monitor.py:1015}}
Jun 17 14:43:18.293864 np0000003062 devstack@neutron-api.service[89881]: DEBUG neutron.plugins.ml2.drivers.ovn.mech_driver.ovsdb.ovsdb_monitor [-] ChassisOVNAgentWriteEvent : Matched Chassis_Private, update, None None {{(pid=89881) matches /opt/stack/neutron/neutron/plugins/ml2/drivers/ovn/mech_driver/ovsdb/ovsdb_monitor.py:64}}
Jun 17 14:43:18.294184 np0000003062 devstack@neutron-api.service[89879]: DEBUG neutron.plugins.ml2.drivers.ovn.mech_driver.ovsdb.ovsdb_monitor [-] Hash Ring: Node feaaa209343d547b9bebe5fd905d9797 (host: np0000003062) handling event "update" for row 5e911c0e-88d9-4748-9a60-f0ffbde704b5 (table: NB_Global) {{(pid=89879) notify /opt/stack/neutron/neutron/plugins/ml2/drivers/ovn/mech_driver/ovsdb/ovsdb_monitor.py:1015}}
Jun 17 14:43:18.297741 np0000003062 devstack@neutron-api.service[89879]: DEBUG neutron.plugins.ml2.drivers.ovn.mech_driver.ovsdb.ovsdb_monitor [-] Hash Ring: Node feaaa209343d547b9bebe5fd905d9797 (host: np0000003062) handling event "update" for row 5e911c0e-88d9-4748-9a60-f0ffbde704b5 (table: NB_Global) {{(pid=89879) notify /opt/stack/neutron/neutron/plugins/ml2/drivers/ovn/mech_driver/ovsdb/ovsdb_monitor.py:1015}}
Jun 17 14:43:18.299976 np0000003062 devstack@neutron-api.service[89879]: DEBUG neutron.common.ovn.hash_ring_manager [-] Allow caching, nodes 3>=3 {{(pid=89879) _wait_startup_before_caching /opt/stack/neutron/neutron/common/ovn/hash_ring_manager.py:71}}
Jun 17 14:43:18.300156 np0000003062 devstack@neutron-api.service[89879]: DEBUG neutron.plugins.ml2.drivers.ovn.mech_driver.ovsdb.ovsdb_monitor [-] Hash Ring: Node feaaa209343d547b9bebe5fd905d9797 (host: np0000003062) handling event "update" for row b24fdc4e-d1eb-42da-bfe3-b343fae29b16 (table: Chassis_Private) {{(pid=89879) notify /opt/stack/neutron/neutron/plugins/ml2/drivers/ovn/mech_driver/ovsdb/ovsdb_monitor.py:1015}}
Jun 17 14:43:18.301120 np0000003062 devstack@neutron-api.service[89879]: DEBUG neutron.plugins.ml2.drivers.ovn.mech_driver.ovsdb.ovsdb_monitor [-] ChassisOVNAgentWriteEvent : Matched Chassis_Private, update, None None {{(pid=89879) matches /opt/stack/neutron/neutron/plugins/ml2/drivers/ovn/mech_driver/ovsdb/ovsdb_monitor.py:64}}
Jun 17 14:43:18.301415 np0000003062 devstack@neutron-api.service[89879]: DEBUG neutron.plugins.ml2.drivers.ovn.mech_driver.ovsdb.ovsdb_monitor [-] Hash Ring: Node feaaa209343d547b9bebe5fd905d9797 (host: np0000003062) handling event "update" for row b24fdc4e-d1eb-42da-bfe3-b343fae29b16 (table: Chassis_Private) {{(pid=89879) notify /opt/stack/neutron/neutron/plugins/ml2/drivers/ovn/mech_driver/ovsdb/ovsdb_monitor.py:1015}}
Jun 17 14:43:18.340029 np0000003062 devstack@neutron-api.service[89879]: DEBUG neutron.plugins.ml2.drivers.helpers [None req-c672248e-d86a-48aa-83d6-9f38ef351d18 admin admin] geneve segment allocate from pool success with {'geneve_vni': 38547} {{(pid=89879) allocate_partially_specified_segment /opt/stack/neutron/neutron/plugins/ml2/drivers/helpers.py:142}}
Jun 17 14:43:18.353900 np0000003062 devstack@neutron-api.service[89879]: DEBUG neutron_lib.callbacks.manager [None req-c672248e-d86a-48aa-83d6-9f38ef351d18 admin admin] Publish callbacks ['neutron.services.segments.db._add_segment_host_mapping_for_segment-7997436829356', 'neutron.plugins.ml2.plugin.Ml2Plugin._handle_segment_change-101830'] for segment (14e66b40-ab51-4a4e-a02b-e01ed3510607), precommit_create {{(pid=89879) _notify_loop /opt/stack/data/venv/lib/python3.12/site-packages/neutron_lib/callbacks/manager.py:184}}
Jun 17 14:43:18.354152 np0000003062 devstack@neutron-api.service[89879]: INFO neutron.db.segments_db [None req-c672248e-d86a-48aa-83d6-9f38ef351d18 admin admin] Added segment 14e66b40-ab51-4a4e-a02b-e01ed3510607 of type geneve for network 3ce18d52-5c83-4b73-8622-1b8675fffb16
Jun 17 14:43:18.405974 np0000003062 devstack@neutron-api.service[89879]: DEBUG neutron_lib.callbacks.manager [None req-c672248e-d86a-48aa-83d6-9f38ef351d18 admin admin] Publish callbacks ['neutron.services.auto_allocate.db._ensure_external_network_default_value_callback-7997435114760'] for network (3ce18d52-5c83-4b73-8622-1b8675fffb16), precommit_create {{(pid=89879) _notify_loop /opt/stack/data/venv/lib/python3.12/site-packages/neutron_lib/callbacks/manager.py:184}}
Jun 17 14:43:18.424864 np0000003062 devstack@neutron-api.service[89879]: DEBUG neutron.plugins.ml2.drivers.ovn.mech_driver.mech_driver [None req-c672248e-d86a-48aa-83d6-9f38ef351d18 admin admin] Validating network segment with type geneve, segmentation ID 38547, physical network None {{(pid=89879) _validate_network_segments /opt/stack/neutron/neutron/plugins/ml2/drivers/ovn/mech_driver/mech_driver.py:643}}
Jun 17 14:43:18.425016 np0000003062 devstack@neutron-api.service[89879]: DEBUG neutron.db.ovn_revision_numbers_db [None req-c672248e-d86a-48aa-83d6-9f38ef351d18 admin admin] create_initial_revision uuid=3ce18d52-5c83-4b73-8622-1b8675fffb16, type=networks, rev=-1 {{(pid=89879) create_initial_revision /opt/stack/neutron/neutron/db/ovn_revision_numbers_db.py:98}}
Jun 17 14:43:18.442241 np0000003062 devstack@neutron-api.service[89879]: DEBUG neutron_lib.callbacks.manager [None req-c672248e-d86a-48aa-83d6-9f38ef351d18 admin admin] Publish callbacks ['neutron.plugins.ml2.ovo_rpc._ObjectChangeHandler.handle_event-2543041'] for network (3ce18d52-5c83-4b73-8622-1b8675fffb16), after_create {{(pid=89879) _notify_loop /opt/stack/data/venv/lib/python3.12/site-packages/neutron_lib/callbacks/manager.py:184}}
Jun 17 14:43:18.499313 np0000003062 devstack@neutron-api.service[89879]: DEBUG neutron.api.rpc.handlers.resources_rpc [None req-c672248e-d86a-48aa-83d6-9f38ef351d18 admin admin] Pushing event updated for resources: {'Network': ['ID=3ce18d52-5c83-4b73-8622-1b8675fffb16,revision_number=1']} {{(pid=89879) push /opt/stack/neutron/neutron/api/rpc/handlers/resources_rpc.py:237}}
Jun 17 14:43:18.508297 np0000003062 devstack@neutron-api.service[89879]: DEBUG ovsdbapp.backend.ovs_idl.transaction [-] Running txn n=1 command(idx=0): AddNetworkCommand(_result=None, network_uuid=3ce18d52-5c83-4b73-8622-1b8675fffb16, may_exist=True, columns={'external_ids': {'neutron:network_name': 'private', 'neutron:mtu': '1372', 'neutron:revision_number': '1', 'neutron:availability_zone_hints': '', 'neutron:provnet-network-type': 'geneve'}, 'other_config': {'mcast_snoop': 'false', 'mcast_flood_unregistered': 'false', 'vlan-passthru': 'false'}}) {{(pid=89879) do_commit /opt/stack/data/venv/lib/python3.12/site-packages/ovsdbapp/backend/ovs_idl/transaction.py:89}}
Jun 17 14:43:18.508484 np0000003062 devstack@neutron-api.service[89879]: DEBUG neutron.common.ovn.utils [-] OVS persist_uuid supported=True {{(pid=89879) ovs_persist_uuid_supported /opt/stack/neutron/neutron/common/ovn/utils.py:1544}}
Jun 17 14:43:18.510308 np0000003062 devstack@neutron-api.service[89879]: DEBUG neutron.plugins.ml2.drivers.ovn.mech_driver.ovsdb.ovsdb_monitor [-] Hash Ring: Node feaaa209343d547b9bebe5fd905d9797 (host: np0000003062) handling event "create" for row 3ce18d52-5c83-4b73-8622-1b8675fffb16 (table: Logical_Switch) {{(pid=89879) notify /opt/stack/neutron/neutron/plugins/ml2/drivers/ovn/mech_driver/ovsdb/ovsdb_monitor.py:1015}}
Jun 17 14:43:18.511455 np0000003062 devstack@neutron-api.service[89881]: DEBUG neutron.plugins.ml2.drivers.ovn.mech_driver.ovsdb.ovsdb_monitor [-] Hash Ring: Node 86a923a916375989a1f1651b0ca64e09 (host: np0000003062) handling event "create" for row 3ce18d52-5c83-4b73-8622-1b8675fffb16 (table: Logical_Switch) {{(pid=89881) notify /opt/stack/neutron/neutron/plugins/ml2/drivers/ovn/mech_driver/ovsdb/ovsdb_monitor.py:1015}}
Jun 17 14:43:18.512135 np0000003062 devstack@neutron-api.service[89880]: DEBUG neutron.plugins.ml2.drivers.ovn.mech_driver.ovsdb.ovsdb_monitor [-] Hash Ring: Node d8e16816adbe512f9315c60ad18843dd (host: np0000003062) handling event "create" for row 3ce18d52-5c83-4b73-8622-1b8675fffb16 (table: Logical_Switch) {{(pid=89880) notify /opt/stack/neutron/neutron/plugins/ml2/drivers/ovn/mech_driver/ovsdb/ovsdb_monitor.py:1015}}
Jun 17 14:43:18.517304 np0000003062 devstack@neutron-api.service[89881]: DEBUG neutron.plugins.ml2.drivers.ovn.mech_driver.ovsdb.ovsdb_monitor [-] Hash Ring: Node 86a923a916375989a1f1651b0ca64e09 (host: np0000003062) handling event "create" for row 1612f979-5676-4cef-8e7c-b70426bc04dc (table: Datapath_Binding) {{(pid=89881) notify /opt/stack/neutron/neutron/plugins/ml2/drivers/ovn/mech_driver/ovsdb/ovsdb_monitor.py:1015}}
Jun 17 14:43:18.517428 np0000003062 devstack@neutron-api.service[89880]: DEBUG neutron.plugins.ml2.drivers.ovn.mech_driver.ovsdb.ovsdb_monitor [-] Hash Ring: Node d8e16816adbe512f9315c60ad18843dd (host: np0000003062) handling event "create" for row 1612f979-5676-4cef-8e7c-b70426bc04dc (table: Datapath_Binding) {{(pid=89880) notify /opt/stack/neutron/neutron/plugins/ml2/drivers/ovn/mech_driver/ovsdb/ovsdb_monitor.py:1015}}
Jun 17 14:43:18.522728 np0000003062 devstack@neutron-api.service[89879]: DEBUG neutron.plugins.ml2.drivers.ovn.mech_driver.ovsdb.ovsdb_monitor [-] Hash Ring: Node feaaa209343d547b9bebe5fd905d9797 (host: np0000003062) handling event "create" for row 1612f979-5676-4cef-8e7c-b70426bc04dc (table: Datapath_Binding) {{(pid=89879) notify /opt/stack/neutron/neutron/plugins/ml2/drivers/ovn/mech_driver/ovsdb/ovsdb_monitor.py:1015}}
Jun 17 14:43:18.540555 np0000003062 devstack@neutron-api.service[89879]: INFO neutron.db.ovn_revision_numbers_db [None req-c672248e-d86a-48aa-83d6-9f38ef351d18 admin admin] Successfully bumped revision number for resource 3ce18d52-5c83-4b73-8622-1b8675fffb16 (type: networks) to 1
Jun 17 14:43:18.602265 np0000003062 devstack@neutron-api.service[89879]: DEBUG neutron_lib.callbacks.manager [None req-c672248e-d86a-48aa-83d6-9f38ef351d18 admin admin] Publish callbacks ['neutron.plugins.ml2.plugin.SecurityGroupDbMixin._ensure_default_security_group_handler-4058380'] for port (None), before_create {{(pid=89879) _notify_loop /opt/stack/data/venv/lib/python3.12/site-packages/neutron_lib/callbacks/manager.py:184}}
Jun 17 14:43:18.699184 np0000003062 devstack@neutron-api.service[89879]: DEBUG neutron_lib.callbacks.manager [None req-c672248e-d86a-48aa-83d6-9f38ef351d18 admin admin] Publish callbacks ['neutron.plugins.ml2.drivers.ovn.mech_driver.mech_driver.OVNMechanismDriver._validate_allowed_address_pairs-378563'] for allowed_address_pair (c9ef9755-690c-4af4-b46f-b6397b6b92c9), before_create {{(pid=89879) _notify_loop /opt/stack/data/venv/lib/python3.12/site-packages/neutron_lib/callbacks/manager.py:184}}
Jun 17 14:43:18.699829 np0000003062 devstack@neutron-api.service[89879]: DEBUG neutron_lib.callbacks.manager [None req-c672248e-d86a-48aa-83d6-9f38ef351d18 admin admin] Publish callbacks [] for port (c9ef9755-690c-4af4-b46f-b6397b6b92c9), precommit_create {{(pid=89879) _notify_loop /opt/stack/data/venv/lib/python3.12/site-packages/neutron_lib/callbacks/manager.py:184}}
Jun 17 14:43:18.700038 np0000003062 devstack@neutron-api.service[89879]: DEBUG neutron.plugins.ml2.drivers.ovn.mech_driver.mech_driver [None req-c672248e-d86a-48aa-83d6-9f38ef351d18 admin admin] No provisioning block for port c9ef9755-690c-4af4-b46f-b6397b6b92c9 since it does not have a host {{(pid=89879) _is_port_provisioning_required /opt/stack/neutron/neutron/plugins/ml2/drivers/ovn/mech_driver/mech_driver.py:896}}
Jun 17 14:43:18.700146 np0000003062 devstack@neutron-api.service[89879]: DEBUG neutron.db.ovn_revision_numbers_db [None req-c672248e-d86a-48aa-83d6-9f38ef351d18 admin admin] create_initial_revision uuid=c9ef9755-690c-4af4-b46f-b6397b6b92c9, type=ports, rev=-1 {{(pid=89879) create_initial_revision /opt/stack/neutron/neutron/db/ovn_revision_numbers_db.py:98}}
Jun 17 14:43:18.754853 np0000003062 devstack@neutron-api.service[89879]: DEBUG neutron_lib.callbacks.manager [None req-c672248e-d86a-48aa-83d6-9f38ef351d18 admin admin] Publish callbacks ['neutron.plugins.ml2.ovo_rpc._ObjectChangeHandler.handle_event-2543158'] for port (c9ef9755-690c-4af4-b46f-b6397b6b92c9), after_create {{(pid=89879) _notify_loop /opt/stack/data/venv/lib/python3.12/site-packages/neutron_lib/callbacks/manager.py:184}}
Jun 17 14:43:18.816344 np0000003062 devstack@neutron-api.service[89879]: DEBUG neutron.api.rpc.handlers.resources_rpc [None req-c672248e-d86a-48aa-83d6-9f38ef351d18 admin admin] Pushing event updated for resources: {'Port': ['ID=c9ef9755-690c-4af4-b46f-b6397b6b92c9,revision_number=1']} {{(pid=89879) push /opt/stack/neutron/neutron/api/rpc/handlers/resources_rpc.py:237}}
Jun 17 14:43:18.851732 np0000003062 devstack@neutron-api.service[89879]: DEBUG neutron.plugins.ml2.drivers.ovn.mech_driver.ovsdb.commands [None req-c672248e-d86a-48aa-83d6-9f38ef351d18 admin admin] Converting tag [] to a tag_request {{(pid=89879) _tag_column_to_tag_request /opt/stack/neutron/neutron/plugins/ml2/drivers/ovn/mech_driver/ovsdb/commands.py:205}}
Jun 17 14:43:18.852536 np0000003062 devstack@neutron-api.service[89879]: DEBUG ovsdbapp.backend.ovs_idl.transaction [-] Running txn n=1 command(idx=0): AddLSwitchPortCommand(_result=None, lport=c9ef9755-690c-4af4-b46f-b6397b6b92c9, lswitch=neutron-3ce18d52-5c83-4b73-8622-1b8675fffb16, may_exist=True, network_uuid=3ce18d52-5c83-4b73-8622-1b8675fffb16, columns={'addresses': ['fa:16:3e:56:a8:c6'], 'external_ids': {'neutron:port_name': '', 'neutron:device_id': 'ovnmeta-3ce18d52-5c83-4b73-8622-1b8675fffb16', 'neutron:project_id': '6857c6d10da54e109ec70ab65ffa497d', 'neutron:cidrs': '', 'neutron:device_owner': 'network:distributed', 'neutron:subnet_pool_addr_scope4': '', 'neutron:subnet_pool_addr_scope6': '', 'neutron:network_name': 'neutron-3ce18d52-5c83-4b73-8622-1b8675fffb16', 'neutron:security_group_ids': '', 'neutron:revision_number': '1', 'neutron:vnic_type': 'normal', 'neutron:port_capabilities': '', 'neutron:mtu': '1372'}, 'parent_name': [], 'enabled': True, 'options': {}, 'type': 'localport', 'port_security': [], 'dhcpv4_options': [], 'dhcpv6_options': [], 'tag_request': []}) {{(pid=89879) do_commit /opt/stack/data/venv/lib/python3.12/site-packages/ovsdbapp/backend/ovs_idl/transaction.py:89}}
Jun 17 14:43:18.853227 np0000003062 devstack@neutron-api.service[89879]: DEBUG ovsdbapp.backend.ovs_idl.transaction [-] Running txn n=1 command(idx=1): QoSDelCommand(_result=None, switch=neutron-3ce18d52-5c83-4b73-8622-1b8675fffb16, conditions=[('direction', '=', 'to-lport'), ('priority', '=', 2002), ('match', '=', 'outport == "c9ef9755-690c-4af4-b46f-b6397b6b92c9"')], if_exists=True) {{(pid=89879) do_commit /opt/stack/data/venv/lib/python3.12/site-packages/ovsdbapp/backend/ovs_idl/transaction.py:89}}
Jun 17 14:43:18.853434 np0000003062 devstack@neutron-api.service[89879]: DEBUG ovsdbapp.backend.ovs_idl.transaction [-] Running txn n=1 command(idx=2): QoSDelCommand(_result=None, switch=neutron-3ce18d52-5c83-4b73-8622-1b8675fffb16, conditions=[('direction', '=', 'from-lport'), ('priority', '=', 2002), ('match', '=', 'inport == "c9ef9755-690c-4af4-b46f-b6397b6b92c9"')], if_exists=True) {{(pid=89879) do_commit /opt/stack/data/venv/lib/python3.12/site-packages/ovsdbapp/backend/ovs_idl/transaction.py:89}}
Jun 17 14:43:18.857456 np0000003062 devstack@neutron-api.service[89879]: DEBUG neutron.plugins.ml2.drivers.ovn.mech_driver.ovsdb.ovsdb_monitor [-] Hash Ring: Node feaaa209343d547b9bebe5fd905d9797 (host: np0000003062) handling event "update" for row 3ce18d52-5c83-4b73-8622-1b8675fffb16 (table: Logical_Switch) {{(pid=89879) notify /opt/stack/neutron/neutron/plugins/ml2/drivers/ovn/mech_driver/ovsdb/ovsdb_monitor.py:1015}}
Jun 17 14:43:18.857456 np0000003062 devstack@neutron-api.service[89879]: DEBUG neutron.plugins.ml2.drivers.ovn.mech_driver.ovsdb.ovsdb_monitor [-] Hash Ring: Node feaaa209343d547b9bebe5fd905d9797 (host: np0000003062) handling event "create" for row 99639466-2fcb-44c5-b841-cdc92be0fcfa (table: Logical_Switch_Port) {{(pid=89879) notify /opt/stack/neutron/neutron/plugins/ml2/drivers/ovn/mech_driver/ovsdb/ovsdb_monitor.py:1015}}
Jun 17 14:43:18.858025 np0000003062 devstack@neutron-api.service[89881]: DEBUG neutron.plugins.ml2.drivers.ovn.mech_driver.ovsdb.ovsdb_monitor [-] Hash Ring: Node 86a923a916375989a1f1651b0ca64e09 (host: np0000003062) handling event "update" for row 3ce18d52-5c83-4b73-8622-1b8675fffb16 (table: Logical_Switch) {{(pid=89881) notify /opt/stack/neutron/neutron/plugins/ml2/drivers/ovn/mech_driver/ovsdb/ovsdb_monitor.py:1015}}
Jun 17 14:43:18.858025 np0000003062 devstack@neutron-api.service[89881]: DEBUG neutron.plugins.ml2.drivers.ovn.mech_driver.ovsdb.ovsdb_monitor [-] Hash Ring: Node 86a923a916375989a1f1651b0ca64e09 (host: np0000003062) handling event "create" for row 99639466-2fcb-44c5-b841-cdc92be0fcfa (table: Logical_Switch_Port) {{(pid=89881) notify /opt/stack/neutron/neutron/plugins/ml2/drivers/ovn/mech_driver/ovsdb/ovsdb_monitor.py:1015}}
Jun 17 14:43:18.858635 np0000003062 devstack@neutron-api.service[89880]: DEBUG neutron.plugins.ml2.drivers.ovn.mech_driver.ovsdb.ovsdb_monitor [-] Hash Ring: Node d8e16816adbe512f9315c60ad18843dd (host: np0000003062) handling event "update" for row 3ce18d52-5c83-4b73-8622-1b8675fffb16 (table: Logical_Switch) {{(pid=89880) notify /opt/stack/neutron/neutron/plugins/ml2/drivers/ovn/mech_driver/ovsdb/ovsdb_monitor.py:1015}}
Jun 17 14:43:18.859139 np0000003062 devstack@neutron-api.service[89881]: DEBUG ovsdbapp.backend.ovs_idl.event [-] Matched CREATE: LogicalSwitchPortCreateEvent(events=('create',), table='Logical_Switch_Port', conditions=[], old_conditions=None), priority=20 to row=Logical_Switch_Port(uuid=99639466-2fcb-44c5-b841-cdc92be0fcfa, addresses=['fa:16:3e:56:a8:c6'], dhcpv4_options=[], dhcpv6_options=[], dynamic_addresses=[], enabled=True, external_ids={'neutron:cidrs': '', 'neutron:device_id': 'ovnmeta-3ce18d52-5c83-4b73-8622-1b8675fffb16', 'neutron:device_owner': 'network:distributed', 'neutron:mtu': '1372', 'neutron:network_name': 'neutron-3ce18d52-5c83-4b73-8622-1b8675fffb16', 'neutron:port_capabilities': '', 'neutron:port_name': '', 'neutron:project_id': '6857c6d10da54e109ec70ab65ffa497d', 'neutron:revision_number': '1', 'neutron:security_group_ids': '', 'neutron:subnet_pool_addr_scope4': '', 'neutron:subnet_pool_addr_scope6': '', 'neutron:vnic_type': 'normal'}, ha_chassis_group=[], mirror_rules=[], name='c9ef9755-690c-4af4-b46f-b6397b6b92c9', options={}, parent_name=[], port_security=[], tag=[], tag_request=[], type='localport', up=[]) old= {{(pid=89881) matches /opt/stack/data/venv/lib/python3.12/site-packages/ovsdbapp/backend/ovs_idl/event.py:55}}
Jun 17 14:43:18.859305 np0000003062 devstack@neutron-api.service[89879]: DEBUG ovsdbapp.backend.ovs_idl.event [-] Matched CREATE: LogicalSwitchPortCreateEvent(events=('create',), table='Logical_Switch_Port', conditions=[], old_conditions=None), priority=20 to row=Logical_Switch_Port(uuid=99639466-2fcb-44c5-b841-cdc92be0fcfa, addresses=['fa:16:3e:56:a8:c6'], dhcpv4_options=[], dhcpv6_options=[], dynamic_addresses=[], enabled=True, external_ids={'neutron:cidrs': '', 'neutron:device_id': 'ovnmeta-3ce18d52-5c83-4b73-8622-1b8675fffb16', 'neutron:device_owner': 'network:distributed', 'neutron:mtu': '1372', 'neutron:network_name': 'neutron-3ce18d52-5c83-4b73-8622-1b8675fffb16', 'neutron:port_capabilities': '', 'neutron:port_name': '', 'neutron:project_id': '6857c6d10da54e109ec70ab65ffa497d', 'neutron:revision_number': '1', 'neutron:security_group_ids': '', 'neutron:subnet_pool_addr_scope4': '', 'neutron:subnet_pool_addr_scope6': '', 'neutron:vnic_type': 'normal'}, ha_chassis_group=[], mirror_rules=[], name='c9ef9755-690c-4af4-b46f-b6397b6b92c9', options={}, parent_name=[], port_security=[], tag=[], tag_request=[], type='localport', up=[]) old= {{(pid=89879) matches /opt/stack/data/venv/lib/python3.12/site-packages/ovsdbapp/backend/ovs_idl/event.py:55}}
Jun 17 14:43:18.859909 np0000003062 devstack@neutron-api.service[89879]: INFO neutron.plugins.ml2.drivers.ovn.mech_driver.mech_driver [-] OVN reports status down for port: c9ef9755-690c-4af4-b46f-b6397b6b92c9
Jun 17 14:43:18.860327 np0000003062 devstack@neutron-api.service[89881]: INFO neutron.plugins.ml2.drivers.ovn.mech_driver.mech_driver [-] OVN reports status down for port: c9ef9755-690c-4af4-b46f-b6397b6b92c9
Jun 17 14:43:18.861659 np0000003062 devstack@neutron-api.service[89881]: DEBUG neutron.plugins.ml2.drivers.ovn.mech_driver.ovsdb.ovsdb_monitor [-] Hash Ring: Node 86a923a916375989a1f1651b0ca64e09 (host: np0000003062) handling event "update" for row 99639466-2fcb-44c5-b841-cdc92be0fcfa (table: Logical_Switch_Port) {{(pid=89881) notify /opt/stack/neutron/neutron/plugins/ml2/drivers/ovn/mech_driver/ovsdb/ovsdb_monitor.py:1015}}
Jun 17 14:43:18.861788 np0000003062 devstack@neutron-api.service[89879]: DEBUG neutron.plugins.ml2.drivers.ovn.mech_driver.ovsdb.ovsdb_monitor [-] Hash Ring: Node feaaa209343d547b9bebe5fd905d9797 (host: np0000003062) handling event "create" for row 2ab3c0ff-fe78-4c92-a83b-eccf180019c0 (table: Port_Binding) {{(pid=89879) notify /opt/stack/neutron/neutron/plugins/ml2/drivers/ovn/mech_driver/ovsdb/ovsdb_monitor.py:1015}}
Jun 17 14:43:18.863347 np0000003062 devstack@neutron-api.service[89881]: DEBUG neutron.plugins.ml2.drivers.ovn.mech_driver.ovsdb.ovsdb_monitor [-] Hash Ring: Node 86a923a916375989a1f1651b0ca64e09 (host: np0000003062) handling event "create" for row 2ab3c0ff-fe78-4c92-a83b-eccf180019c0 (table: Port_Binding) {{(pid=89881) notify /opt/stack/neutron/neutron/plugins/ml2/drivers/ovn/mech_driver/ovsdb/ovsdb_monitor.py:1015}}
Jun 17 14:43:18.863852 np0000003062 devstack@neutron-api.service[89879]: DEBUG neutron.plugins.ml2.drivers.ovn.mech_driver.ovsdb.ovsdb_monitor [-] Hash Ring: Node feaaa209343d547b9bebe5fd905d9797 (host: np0000003062) handling event "update" for row 99639466-2fcb-44c5-b841-cdc92be0fcfa (table: Logical_Switch_Port) {{(pid=89879) notify /opt/stack/neutron/neutron/plugins/ml2/drivers/ovn/mech_driver/ovsdb/ovsdb_monitor.py:1015}}
Jun 17 14:43:18.929310 np0000003062 devstack@neutron-api.service[89881]: DEBUG neutron.db.provisioning_blocks [None req-c4132688-02ea-4402-8fdd-a3339213593a None None] Transition to ACTIVE for port object c9ef9755-690c-4af4-b46f-b6397b6b92c9 will not be triggered until provisioned by entity L2. {{(pid=89881) add_provisioning_component /opt/stack/neutron/neutron/db/provisioning_blocks.py:74}}
Jun 17 14:43:18.932886 np0000003062 devstack@neutron-api.service[89879]: INFO neutron.db.ovn_revision_numbers_db [None req-c672248e-d86a-48aa-83d6-9f38ef351d18 admin admin] Successfully bumped revision number for resource c9ef9755-690c-4af4-b46f-b6397b6b92c9 (type: ports) to 1
Jun 17 14:43:18.969674 np0000003062 devstack@neutron-api.service[89879]: DEBUG neutron.pecan_wsgi.hooks.policy_enforcement [None req-c672248e-d86a-48aa-83d6-9f38ef351d18 admin admin] Attributes excluded by policy engine: ['standard_attr_id'] {{(pid=89879) _exclude_attributes_by_policy /opt/stack/neutron/neutron/pecan_wsgi/hooks/policy_enforcement.py:259}}
Jun 17 14:43:18.970273 np0000003062 devstack@neutron-api.service[89879]: DEBUG neutron_lib.callbacks.manager [None req-c672248e-d86a-48aa-83d6-9f38ef351d18 admin admin] Publish callbacks [] for network (None), before_response {{(pid=89879) _notify_loop /opt/stack/data/venv/lib/python3.12/site-packages/neutron_lib/callbacks/manager.py:184}}
Jun 17 14:43:18.976972 np0000003062 devstack@neutron-api.service[89881]: DEBUG neutron.plugins.ml2.plugin [None req-c4132688-02ea-4402-8fdd-a3339213593a None None] Current status of the port c9ef9755-690c-4af4-b46f-b6397b6b92c9 is: DOWN; New status is: DOWN {{(pid=89881) _update_individual_port_db_status /opt/stack/neutron/neutron/plugins/ml2/plugin.py:2470}}
Jun 17 14:43:18.978959 np0000003062 devstack@neutron-api.service[89881]: DEBUG ovsdbapp.backend.ovs_idl.transaction [-] Running txn n=1 command(idx=0): DbRemoveCommand(_result=None, table=Logical_Switch_Port, record=c9ef9755-690c-4af4-b46f-b6397b6b92c9, column=external_ids, values=('neutron:host_id',), keyvalues={}, if_exists=True) {{(pid=89881) do_commit /opt/stack/data/venv/lib/python3.12/site-packages/ovsdbapp/backend/ovs_idl/transaction.py:89}}
Jun 17 14:43:18.989994 np0000003062 devstack@neutron-api.service[89879]: DEBUG neutron.db.provisioning_blocks [None req-c7caa1cd-19ad-40e8-a84c-5a2ef2788591 None None] Ignored duplicate provisioning block setup for port c9ef9755-690c-4af4-b46f-b6397b6b92c9 by entity L2. {{(pid=89879) add_provisioning_component /opt/stack/neutron/neutron/db/provisioning_blocks.py:69}}
Jun 17 14:43:18.995039 np0000003062 devstack@neutron-api.service[89879]: [pid: 89879|app: 0|req: 3/5] 10.4.3.112 () {68 vars in 1326 bytes} [Wed Jun 17 14:43:17 2026] POST /networking/v2.0/networks => generated 681 bytes in 1287 msecs (HTTP/1.1 201) 4 headers in 162 bytes (1 switches on core 0)
Jun 17 14:43:19.028954 np0000003062 devstack@neutron-api.service[89879]: DEBUG neutron.plugins.ml2.plugin [None req-c7caa1cd-19ad-40e8-a84c-5a2ef2788591 None None] Current status of the port c9ef9755-690c-4af4-b46f-b6397b6b92c9 is: DOWN; New status is: DOWN {{(pid=89879) _update_individual_port_db_status /opt/stack/neutron/neutron/plugins/ml2/plugin.py:2470}}
Jun 17 14:43:19.030615 np0000003062 devstack@neutron-api.service[89879]: DEBUG ovsdbapp.backend.ovs_idl.transaction [-] Running txn n=1 command(idx=0): DbRemoveCommand(_result=None, table=Logical_Switch_Port, record=c9ef9755-690c-4af4-b46f-b6397b6b92c9, column=external_ids, values=('neutron:host_id',), keyvalues={}, if_exists=True) {{(pid=89879) do_commit /opt/stack/data/venv/lib/python3.12/site-packages/ovsdbapp/backend/ovs_idl/transaction.py:89}}
Jun 17 14:43:19.348895 np0000003062 devstack@neutron-api.service[89881]: DEBUG neutron.pecan_wsgi.hooks.policy_enforcement [None req-38c1ea65-61b1-4297-98ac-0b03616cf17f admin admin] Attributes excluded by policy engine: ['standard_attr_id'] {{(pid=89881) _exclude_attributes_by_policy /opt/stack/neutron/neutron/pecan_wsgi/hooks/policy_enforcement.py:259}}
Jun 17 14:43:19.350108 np0000003062 devstack@neutron-api.service[89881]: [pid: 89881|app: 0|req: 2/6] 10.4.3.112 () {64 vars in 1384 bytes} [Wed Jun 17 14:43:19 2026] GET /networking/v2.0/networks/3ce18d52-5c83-4b73-8622-1b8675fffb16 => generated 662 bytes in 67 msecs (HTTP/1.1 200) 4 headers in 157 bytes (1 switches on core 0)
Jun 17 14:43:19.360805 np0000003062 devstack@neutron-api.service[89880]: DEBUG neutron.api.wsgi [None req-35cf2a97-bb19-473c-93f6-d4698fe8939f admin admin] Missing Content-Type {{(pid=89880) get_content_type /opt/stack/neutron/neutron/api/wsgi.py:80}}
Jun 17 14:43:19.369499 np0000003062 devstack@neutron-api.service[89880]: [pid: 89880|app: 0|req: 2/7] 10.4.3.112 () {64 vars in 1393 bytes} [Wed Jun 17 14:43:19 2026] GET /networking/v2.0/subnetpools/4e6d07e4-a2cb-4b3c-9bc4-3bef7330368f => generated 533 bytes in 11 msecs (HTTP/1.1 200) 4 headers in 157 bytes (1 switches on core 0)
Jun 17 14:43:19.381534 np0000003062 devstack@neutron-api.service[89879]: DEBUG neutron.api.v2.base [None req-a446c79b-2985-4226-9335-5e8e926d9545 admin admin] Request body: {'subnet': {'network_id': '3ce18d52-5c83-4b73-8622-1b8675fffb16', 'ip_version': 4, 'name': 'private-subnet', 'gateway_ip': '10.1.0.1', 'subnetpool_id': '4e6d07e4-a2cb-4b3c-9bc4-3bef7330368f'}} {{(pid=89879) prepare_request_body /opt/stack/neutron/neutron/api/v2/base.py:727}}
Jun 17 14:43:19.396261 np0000003062 devstack@neutron-api.service[89879]: DEBUG neutron.pecan_wsgi.hooks.quota_enforcement [None req-a446c79b-2985-4226-9335-5e8e926d9545 admin admin] Made reservation on behalf of 6857c6d10da54e109ec70ab65ffa497d for: {'subnet': 1} {{(pid=89879) before /opt/stack/neutron/neutron/pecan_wsgi/hooks/quota_enforcement.py:66}}
Jun 17 14:43:19.398875 np0000003062 devstack@neutron-api.service[89879]: DEBUG neutron_lib.callbacks.manager [None req-a446c79b-2985-4226-9335-5e8e926d9545 admin admin] Publish callbacks [] for subnet (None), before_create {{(pid=89879) _notify_loop /opt/stack/data/venv/lib/python3.12/site-packages/neutron_lib/callbacks/manager.py:184}}
Jun 17 14:43:19.538156 np0000003062 devstack@neutron-api.service[89879]: DEBUG neutron.db.ovn_revision_numbers_db [None req-a446c79b-2985-4226-9335-5e8e926d9545 admin admin] create_initial_revision uuid=79e765a1-4e61-471c-97ad-07ca52ee00de, type=subnets, rev=-1 {{(pid=89879) create_initial_revision /opt/stack/neutron/neutron/db/ovn_revision_numbers_db.py:98}}
Jun 17 14:43:19.541759 np0000003062 devstack@neutron-api.service[89879]: DEBUG neutron_lib.callbacks.manager [None req-a446c79b-2985-4226-9335-5e8e926d9545 admin admin] Publish callbacks ['neutron.plugins.ml2.ovo_rpc._ObjectChangeHandler.handle_event-2543157'] for subnet (79e765a1-4e61-471c-97ad-07ca52ee00de), after_create {{(pid=89879) _notify_loop /opt/stack/data/venv/lib/python3.12/site-packages/neutron_lib/callbacks/manager.py:184}}
Jun 17 14:43:19.560107 np0000003062 devstack@neutron-api.service[89879]: DEBUG neutron.api.rpc.handlers.resources_rpc [None req-a446c79b-2985-4226-9335-5e8e926d9545 admin admin] Pushing event updated for resources: {'Subnet': ['ID=79e765a1-4e61-471c-97ad-07ca52ee00de,revision_number=0']} {{(pid=89879) push /opt/stack/neutron/neutron/api/rpc/handlers/resources_rpc.py:237}}
Jun 17 14:43:19.836834 np0000003062 devstack@neutron-api.service[89879]: DEBUG neutron_lib.callbacks.manager [None req-a446c79b-2985-4226-9335-5e8e926d9545 admin admin] Publish callbacks ['neutron.plugins.ml2.plugin.SecurityGroupDbMixin._ensure_default_security_group_handler-4058380', 'neutron.services.ovn_l3.plugin.OVNL3RouterPlugin._port_update-7997435114600', 'neutron.db.l3_db.L3_NAT_dbonly_mixin._prevent_internal_ip_change_for_fip-7997436695766'] for port (c9ef9755-690c-4af4-b46f-b6397b6b92c9), before_update {{(pid=89879) _notify_loop /opt/stack/data/venv/lib/python3.12/site-packages/neutron_lib/callbacks/manager.py:184}}
Jun 17 14:43:19.952497 np0000003062 devstack@neutron-api.service[89879]: DEBUG neutron.db.db_base_plugin_common [None req-a446c79b-2985-4226-9335-5e8e926d9545 admin admin] Allocated IP 10.1.0.2 (3ce18d52-5c83-4b73-8622-1b8675fffb16/79e765a1-4e61-471c-97ad-07ca52ee00de/c9ef9755-690c-4af4-b46f-b6397b6b92c9) {{(pid=89879) _store_ip_allocation /opt/stack/neutron/neutron/db/db_base_plugin_common.py:131}}
Jun 17 14:43:20.064265 np0000003062 devstack@neutron-api.service[89879]: DEBUG neutron_lib.callbacks.manager [None req-a446c79b-2985-4226-9335-5e8e926d9545 admin admin] Publish callbacks [] for port (c9ef9755-690c-4af4-b46f-b6397b6b92c9), precommit_update {{(pid=89879) _notify_loop /opt/stack/data/venv/lib/python3.12/site-packages/neutron_lib/callbacks/manager.py:184}}
Jun 17 14:43:20.064527 np0000003062 devstack@neutron-api.service[89879]: DEBUG neutron.plugins.ml2.drivers.ovn.mech_driver.mech_driver [None req-a446c79b-2985-4226-9335-5e8e926d9545 admin admin] No provisioning block for port c9ef9755-690c-4af4-b46f-b6397b6b92c9 since it does not have a host {{(pid=89879) _is_port_provisioning_required /opt/stack/neutron/neutron/plugins/ml2/drivers/ovn/mech_driver/mech_driver.py:896}}
Jun 17 14:43:20.075250 np0000003062 devstack@neutron-api.service[89879]: DEBUG neutron_lib.callbacks.manager [None req-a446c79b-2985-4226-9335-5e8e926d9545 admin admin] Publish callbacks ['neutron.plugins.ml2.ovo_rpc._ObjectChangeHandler.handle_event-2543158', 'neutron.services.ovn_l3.plugin.OVNL3RouterPlugin._port_update-7997435114600'] for port (c9ef9755-690c-4af4-b46f-b6397b6b92c9), after_update {{(pid=89879) _notify_loop /opt/stack/data/venv/lib/python3.12/site-packages/neutron_lib/callbacks/manager.py:184}}
Jun 17 14:43:20.105206 np0000003062 devstack@neutron-api.service[89879]: DEBUG neutron.api.rpc.handlers.resources_rpc [None req-a446c79b-2985-4226-9335-5e8e926d9545 admin admin] Pushing event updated for resources: {'Port': ['ID=c9ef9755-690c-4af4-b46f-b6397b6b92c9,revision_number=2']} {{(pid=89879) push /opt/stack/neutron/neutron/api/rpc/handlers/resources_rpc.py:237}}
Jun 17 14:43:20.241694 np0000003062 devstack@neutron-api.service[89879]: DEBUG neutron.plugins.ml2.drivers.ovn.mech_driver.ovsdb.commands [None req-a446c79b-2985-4226-9335-5e8e926d9545 admin admin] Converting tag [] to a tag_request {{(pid=89879) _tag_column_to_tag_request /opt/stack/neutron/neutron/plugins/ml2/drivers/ovn/mech_driver/ovsdb/commands.py:205}}
Jun 17 14:43:20.242676 np0000003062 devstack@neutron-api.service[89879]: DEBUG ovsdbapp.backend.ovs_idl.transaction [-] Running txn n=1 command(idx=0): CheckRevisionNumberCommand(_result=None, name=c9ef9755-690c-4af4-b46f-b6397b6b92c9, resource={'id': 'c9ef9755-690c-4af4-b46f-b6397b6b92c9', 'name': '', 'network_id': '3ce18d52-5c83-4b73-8622-1b8675fffb16', 'project_id': '6857c6d10da54e109ec70ab65ffa497d', 'mac_address': 'fa:16:3e:56:a8:c6', 'admin_state_up': True, 'status': 'DOWN', 'device_id': 'ovnmeta-3ce18d52-5c83-4b73-8622-1b8675fffb16', 'device_owner': 'network:distributed', 'standard_attr_id': 14, 'fixed_ips': [{'subnet_id': '79e765a1-4e61-471c-97ad-07ca52ee00de', 'ip_address': '10.1.0.2'}], 'allowed_address_pairs': [], 'extra_dhcp_opts': [], 'security_groups': [], 'description': '', 'binding:vnic_type': 'normal', 'binding:profile': {}, 'binding:host_id': '', 'binding:vif_type': 'unbound', 'binding:vif_details': {}, 'port_security_enabled': False, 'tags': [], 'created_at': '2026-06-17T14:43:18Z', 'updated_at': '2026-06-17T14:43:19Z', 'revision_number': 2, 'tenant_id': '6857c6d10da54e109ec70ab65ffa497d', 'network': {'id': '3ce18d52-5c83-4b73-8622-1b8675fffb16', 'name': 'private', 'tenant_id': '6857c6d10da54e109ec70ab65ffa497d', 'project_id': '6857c6d10da54e109ec70ab65ffa497d', 'admin_state_up': True, 'mtu': 1372, 'status': 'ACTIVE', 'subnets': ['79e765a1-4e61-471c-97ad-07ca52ee00de'], 'standard_attr_id': 12, 'shared': False, 'availability_zone_hints': [], 'availability_zones': [], 'ipv4_address_scope': None, 'ipv6_address_scope': None, 'router:external': False, 'qinq': False, 'vlan_transparent': False, 'description': '', 'port_security_enabled': True, 'tags': [], 'created_at': '2026-06-17T14:43:18Z', 'updated_at': '2026-06-17T14:43:19Z', 'revision_number': 2, 'provider:network_type': 'geneve', 'provider:physical_network': None, 'provider:segmentation_id': 38547}}, resource_type=ports, if_exists=True) {{(pid=89879) do_commit /opt/stack/data/venv/lib/python3.12/site-packages/ovsdbapp/backend/ovs_idl/transaction.py:89}}
Jun 17 14:43:20.243036 np0000003062 devstack@neutron-api.service[89879]: DEBUG ovsdbapp.backend.ovs_idl.transaction [-] Running txn n=1 command(idx=1): AddDHCPOptionsCommand(_result=None, columns={'cidr': '10.1.0.0/26', 'options': {'server_id': '10.1.0.1', 'lease_time': '43200', 'mtu': '1372', 'router': '10.1.0.1', 'server_mac': 'fa:16:3e:fd:ac:1d', 'dns_server': '{127.0.0.53}', 'classless_static_route': '{169.254.169.254/32,10.1.0.2, 0.0.0.0/0,10.1.0.1}'}, 'external_ids': {'subnet_id': '79e765a1-4e61-471c-97ad-07ca52ee00de', 'neutron:network_id': '3ce18d52-5c83-4b73-8622-1b8675fffb16', 'neutron:revision_number': '0'}}, may_exist=True, subnet_id=79e765a1-4e61-471c-97ad-07ca52ee00de, port_id=None, new_insert=False) {{(pid=89879) do_commit /opt/stack/data/venv/lib/python3.12/site-packages/ovsdbapp/backend/ovs_idl/transaction.py:89}}
Jun 17 14:43:20.243318 np0000003062 devstack@neutron-api.service[89879]: DEBUG ovsdbapp.backend.ovs_idl.transaction [-] Running txn n=1 command(idx=2): SetLSwitchPortCommand(_result=None, lport=c9ef9755-690c-4af4-b46f-b6397b6b92c9, external_ids_update=None, columns={'external_ids': {'neutron:port_name': '', 'neutron:device_id': 'ovnmeta-3ce18d52-5c83-4b73-8622-1b8675fffb16', 'neutron:project_id': '6857c6d10da54e109ec70ab65ffa497d', 'neutron:cidrs': '10.1.0.2/26', 'neutron:device_owner': 'network:distributed', 'neutron:subnet_pool_addr_scope4': '', 'neutron:subnet_pool_addr_scope6': '', 'neutron:network_name': 'neutron-3ce18d52-5c83-4b73-8622-1b8675fffb16', 'neutron:security_group_ids': '', 'neutron:revision_number': '2', 'neutron:vnic_type': 'normal', 'neutron:port_capabilities': '', 'neutron:mtu': '1372'}, 'parent_name': [], 'options': {}, 'enabled': True, 'port_security': [], 'dhcpv4_options': [], 'dhcpv6_options': [], 'type': 'localport', 'addresses': ['fa:16:3e:56:a8:c6 10.1.0.2'], 'ha_chassis_group': [], 'tag_request': []}, if_exists=False) {{(pid=89879) do_commit /opt/stack/data/venv/lib/python3.12/site-packages/ovsdbapp/backend/ovs_idl/transaction.py:89}}
Jun 17 14:43:20.243990 np0000003062 devstack@neutron-api.service[89879]: DEBUG ovsdbapp.backend.ovs_idl.transaction [-] Running txn n=1 command(idx=3): PgDelPortCommand(_result=None, port_group=neutron_pg_drop, lsp=['c9ef9755-690c-4af4-b46f-b6397b6b92c9'], if_exists=False) {{(pid=89879) do_commit /opt/stack/data/venv/lib/python3.12/site-packages/ovsdbapp/backend/ovs_idl/transaction.py:89}}
Jun 17 14:43:20.247495 np0000003062 devstack@neutron-api.service[89879]: DEBUG neutron.plugins.ml2.drivers.ovn.mech_driver.ovsdb.ovsdb_monitor [-] Hash Ring: Node feaaa209343d547b9bebe5fd905d9797 (host: np0000003062) handling event "create" for row 09ceaf75-581b-4d92-a8b9-5f89e01b2efa (table: DHCP_Options) {{(pid=89879) notify /opt/stack/neutron/neutron/plugins/ml2/drivers/ovn/mech_driver/ovsdb/ovsdb_monitor.py:1015}}
Jun 17 14:43:20.248255 np0000003062 devstack@neutron-api.service[89881]: DEBUG neutron.plugins.ml2.drivers.ovn.mech_driver.ovsdb.ovsdb_monitor [-] Hash Ring: Node 86a923a916375989a1f1651b0ca64e09 (host: np0000003062) handling event "update" for row 99639466-2fcb-44c5-b841-cdc92be0fcfa (table: Logical_Switch_Port) {{(pid=89881) notify /opt/stack/neutron/neutron/plugins/ml2/drivers/ovn/mech_driver/ovsdb/ovsdb_monitor.py:1015}}
Jun 17 14:43:20.248605 np0000003062 devstack@neutron-api.service[89879]: DEBUG neutron.plugins.ml2.drivers.ovn.mech_driver.ovsdb.ovsdb_monitor [-] Hash Ring: Node feaaa209343d547b9bebe5fd905d9797 (host: np0000003062) handling event "update" for row 99639466-2fcb-44c5-b841-cdc92be0fcfa (table: Logical_Switch_Port) {{(pid=89879) notify /opt/stack/neutron/neutron/plugins/ml2/drivers/ovn/mech_driver/ovsdb/ovsdb_monitor.py:1015}}
Jun 17 14:43:20.252354 np0000003062 devstack@neutron-api.service[89881]: DEBUG neutron.plugins.ml2.drivers.ovn.mech_driver.ovsdb.ovsdb_monitor [-] Hash Ring: Node 86a923a916375989a1f1651b0ca64e09 (host: np0000003062) handling event "update" for row 2ab3c0ff-fe78-4c92-a83b-eccf180019c0 (table: Port_Binding) {{(pid=89881) notify /opt/stack/neutron/neutron/plugins/ml2/drivers/ovn/mech_driver/ovsdb/ovsdb_monitor.py:1015}}
Jun 17 14:43:20.252677 np0000003062 devstack@neutron-api.service[89879]: DEBUG neutron.plugins.ml2.drivers.ovn.mech_driver.ovsdb.ovsdb_monitor [-] Hash Ring: Node feaaa209343d547b9bebe5fd905d9797 (host: np0000003062) handling event "update" for row 2ab3c0ff-fe78-4c92-a83b-eccf180019c0 (table: Port_Binding) {{(pid=89879) notify /opt/stack/neutron/neutron/plugins/ml2/drivers/ovn/mech_driver/ovsdb/ovsdb_monitor.py:1015}}
Jun 17 14:43:20.275496 np0000003062 devstack@neutron-api.service[89879]: INFO neutron.db.ovn_revision_numbers_db [None req-a446c79b-2985-4226-9335-5e8e926d9545 admin admin] Successfully bumped revision number for resource c9ef9755-690c-4af4-b46f-b6397b6b92c9 (type: ports) to 2
Jun 17 14:43:20.288174 np0000003062 devstack@neutron-api.service[89879]: DEBUG neutron.plugins.ml2.plugin [None req-a446c79b-2985-4226-9335-5e8e926d9545 admin admin] In _notify_port_updated(), no bound segment for port c9ef9755-690c-4af4-b46f-b6397b6b92c9 on network 3ce18d52-5c83-4b73-8622-1b8675fffb16 {{(pid=89879) _notify_port_updated /opt/stack/neutron/neutron/plugins/ml2/plugin.py:1038}}
Jun 17 14:43:20.327318 np0000003062 devstack@neutron-api.service[89879]: INFO neutron.db.ovn_revision_numbers_db [None req-a446c79b-2985-4226-9335-5e8e926d9545 admin admin] Successfully bumped revision number for resource 79e765a1-4e61-471c-97ad-07ca52ee00de (type: subnets) to 0
Jun 17 14:43:20.328492 np0000003062 devstack@neutron-api.service[89879]: DEBUG neutron.pecan_wsgi.hooks.policy_enforcement [None req-a446c79b-2985-4226-9335-5e8e926d9545 admin admin] Attributes excluded by policy engine: ['standard_attr_id', 'shared', 'network'] {{(pid=89879) _exclude_attributes_by_policy /opt/stack/neutron/neutron/pecan_wsgi/hooks/policy_enforcement.py:259}}
Jun 17 14:43:20.328886 np0000003062 devstack@neutron-api.service[89879]: DEBUG neutron_lib.callbacks.manager [None req-a446c79b-2985-4226-9335-5e8e926d9545 admin admin] Publish callbacks [] for subnet (None), before_response {{(pid=89879) _notify_loop /opt/stack/data/venv/lib/python3.12/site-packages/neutron_lib/callbacks/manager.py:184}}
Jun 17 14:43:20.342935 np0000003062 devstack@neutron-api.service[89879]: [pid: 89879|app: 0|req: 4/8] 10.4.3.112 () {68 vars in 1324 bytes} [Wed Jun 17 14:43:19 2026] POST /networking/v2.0/subnets => generated 666 bytes in 965 msecs (HTTP/1.1 201) 4 headers in 162 bytes (1 switches on core 0)
Jun 17 14:43:20.780067 np0000003062 devstack@neutron-api.service[89881]: DEBUG neutron.pecan_wsgi.hooks.policy_enforcement [None req-24317f0a-9bba-4138-8768-98d21b1e8e4b admin admin] Attributes excluded by policy engine: ['standard_attr_id'] {{(pid=89881) _exclude_attributes_by_policy /opt/stack/neutron/neutron/pecan_wsgi/hooks/policy_enforcement.py:259}}
Jun 17 14:43:20.781437 np0000003062 devstack@neutron-api.service[89881]: [pid: 89881|app: 0|req: 3/9] 10.4.3.112 () {64 vars in 1384 bytes} [Wed Jun 17 14:43:20 2026] GET /networking/v2.0/networks/3ce18d52-5c83-4b73-8622-1b8675fffb16 => generated 700 bytes in 56 msecs (HTTP/1.1 200) 4 headers in 157 bytes (1 switches on core 0)
Jun 17 14:43:20.793459 np0000003062 devstack@neutron-api.service[89880]: DEBUG neutron.api.wsgi [None req-4ead58ac-0e08-4251-bad4-decc0c4f15ce admin admin] Missing Content-Type {{(pid=89880) get_content_type /opt/stack/neutron/neutron/api/wsgi.py:80}}
Jun 17 14:43:20.804218 np0000003062 devstack@neutron-api.service[89880]: [pid: 89880|app: 0|req: 3/10] 10.4.3.112 () {64 vars in 1393 bytes} [Wed Jun 17 14:43:20 2026] GET /networking/v2.0/subnetpools/b3d2c0fc-0cb6-46e2-b92f-cf7028e67d12 => generated 541 bytes in 13 msecs (HTTP/1.1 200) 4 headers in 157 bytes (1 switches on core 0)
Jun 17 14:43:20.815859 np0000003062 devstack@neutron-api.service[89879]: DEBUG neutron.api.v2.base [None req-7f049339-ef2f-40d4-bd39-63eaa7cf7670 admin admin] Request body: {'subnet': {'network_id': '3ce18d52-5c83-4b73-8622-1b8675fffb16', 'ipv6_ra_mode': 'slaac', 'ip_version': 6, 'name': 'ipv6-private-subnet', 'ipv6_address_mode': 'slaac', 'subnetpool_id': 'b3d2c0fc-0cb6-46e2-b92f-cf7028e67d12'}} {{(pid=89879) prepare_request_body /opt/stack/neutron/neutron/api/v2/base.py:727}}
Jun 17 14:43:20.831088 np0000003062 devstack@neutron-api.service[89879]: DEBUG neutron.pecan_wsgi.hooks.quota_enforcement [None req-7f049339-ef2f-40d4-bd39-63eaa7cf7670 admin admin] Made reservation on behalf of 6857c6d10da54e109ec70ab65ffa497d for: {'subnet': 1} {{(pid=89879) before /opt/stack/neutron/neutron/pecan_wsgi/hooks/quota_enforcement.py:66}}
Jun 17 14:43:20.833678 np0000003062 devstack@neutron-api.service[89879]: DEBUG neutron_lib.callbacks.manager [None req-7f049339-ef2f-40d4-bd39-63eaa7cf7670 admin admin] Publish callbacks [] for subnet (None), before_create {{(pid=89879) _notify_loop /opt/stack/data/venv/lib/python3.12/site-packages/neutron_lib/callbacks/manager.py:184}}
Jun 17 14:43:20.937758 np0000003062 devstack@neutron-api.service[89879]: DEBUG neutron.db.ovn_revision_numbers_db [None req-7f049339-ef2f-40d4-bd39-63eaa7cf7670 admin admin] create_initial_revision uuid=7169657b-8269-49cd-9e60-040383e16bbd, type=subnets, rev=-1 {{(pid=89879) create_initial_revision /opt/stack/neutron/neutron/db/ovn_revision_numbers_db.py:98}}
Jun 17 14:43:21.015547 np0000003062 devstack@neutron-api.service[89879]: DEBUG neutron.objects.ports [None req-7f049339-ef2f-40d4-bd39-63eaa7cf7670 admin admin] Time-cost: Fetching 1 ports in 0 security groups {{(pid=89879) get_objects /opt/stack/neutron/neutron/objects/ports.py:506}}
Jun 17 14:43:21.129353 np0000003062 devstack@neutron-api.service[89879]: DEBUG neutron_lib.callbacks.manager [None req-7f049339-ef2f-40d4-bd39-63eaa7cf7670 admin admin] Publish callbacks ['neutron.plugins.ml2.plugin.SecurityGroupDbMixin._ensure_default_security_group_handler-4058380', 'neutron.services.ovn_l3.plugin.OVNL3RouterPlugin._port_update-7997435114600', 'neutron.db.l3_db.L3_NAT_dbonly_mixin._prevent_internal_ip_change_for_fip-7997436695766'] for port (c9ef9755-690c-4af4-b46f-b6397b6b92c9), before_update {{(pid=89879) _notify_loop /opt/stack/data/venv/lib/python3.12/site-packages/neutron_lib/callbacks/manager.py:184}}
Jun 17 14:43:21.238066 np0000003062 devstack@neutron-api.service[89879]: DEBUG neutron_lib.callbacks.manager [None req-7f049339-ef2f-40d4-bd39-63eaa7cf7670 admin admin] Publish callbacks [] for port (c9ef9755-690c-4af4-b46f-b6397b6b92c9), precommit_update {{(pid=89879) _notify_loop /opt/stack/data/venv/lib/python3.12/site-packages/neutron_lib/callbacks/manager.py:184}}
Jun 17 14:43:21.238259 np0000003062 devstack@neutron-api.service[89879]: DEBUG neutron.plugins.ml2.drivers.ovn.mech_driver.mech_driver [None req-7f049339-ef2f-40d4-bd39-63eaa7cf7670 admin admin] No provisioning block for port c9ef9755-690c-4af4-b46f-b6397b6b92c9 since it does not have a host {{(pid=89879) _is_port_provisioning_required /opt/stack/neutron/neutron/plugins/ml2/drivers/ovn/mech_driver/mech_driver.py:896}}
Jun 17 14:43:21.239391 np0000003062 devstack@neutron-api.service[89879]: DEBUG neutron_lib.callbacks.manager [None req-7f049339-ef2f-40d4-bd39-63eaa7cf7670 admin admin] Publish callbacks ['neutron.plugins.ml2.ovo_rpc._ObjectChangeHandler.handle_event-2543158', 'neutron.services.ovn_l3.plugin.OVNL3RouterPlugin._port_update-7997435114600'] for port (c9ef9755-690c-4af4-b46f-b6397b6b92c9), after_update {{(pid=89879) _notify_loop /opt/stack/data/venv/lib/python3.12/site-packages/neutron_lib/callbacks/manager.py:184}}
Jun 17 14:43:21.265536 np0000003062 devstack@neutron-api.service[89879]: DEBUG neutron.api.rpc.handlers.resources_rpc [None req-7f049339-ef2f-40d4-bd39-63eaa7cf7670 admin admin] Pushing event updated for resources: {'Port': ['ID=c9ef9755-690c-4af4-b46f-b6397b6b92c9,revision_number=3']} {{(pid=89879) push /opt/stack/neutron/neutron/api/rpc/handlers/resources_rpc.py:237}}
Jun 17 14:43:21.385180 np0000003062 devstack@neutron-api.service[89879]: DEBUG neutron.plugins.ml2.drivers.ovn.mech_driver.ovsdb.commands [None req-7f049339-ef2f-40d4-bd39-63eaa7cf7670 admin admin] Converting tag [] to a tag_request {{(pid=89879) _tag_column_to_tag_request /opt/stack/neutron/neutron/plugins/ml2/drivers/ovn/mech_driver/ovsdb/commands.py:205}}
