Aug 21 17:05:56.410811 np0000007922 devstack@c-api.service[100182]: DEBUG cinder.api.openstack.wsgi [None req-f6bd6768-7c2c-41b2-8886-f8b81f759476 tempest-AttachSCSIVolumeTestJSON-327966492 tempest-AttachSCSIVolumeTestJSON-327966492-project-reader] Empty body provided in request {{(pid=100182) get_body /opt/stack/cinder/cinder/api/openstack/wsgi.py:725}}
Aug 21 17:05:56.411064 np0000007922 devstack@c-api.service[100182]: DEBUG cinder.api.openstack.wsgi [None req-f6bd6768-7c2c-41b2-8886-f8b81f759476 tempest-AttachSCSIVolumeTestJSON-327966492 tempest-AttachSCSIVolumeTestJSON-327966492-project-reader] Calling method 'show' {{(pid=100182) _process_stack /opt/stack/cinder/cinder/api/openstack/wsgi.py:878}}
Aug 21 17:05:56.426992 np0000007922 devstack@c-api.service[100182]: /opt/stack/data/venv/lib/python3.12/site-packages/oslo_context/context.py:102: DeprecationWarning: Policy enforcement is depending on the value of is_admin. This key is deprecated. Please update your policy file to use the standard policy values.
Aug 21 17:05:56.426992 np0000007922 devstack@c-api.service[100182]: warnings.warn(
Aug 21 17:05:56.436448 np0000007922 devstack@c-api.service[100182]: INFO cinder.volume.api [None req-f6bd6768-7c2c-41b2-8886-f8b81f759476 tempest-AttachSCSIVolumeTestJSON-327966492 tempest-AttachSCSIVolumeTestJSON-327966492-project-reader] Volume info retrieved successfully.
Aug 21 17:05:56.441114 np0000007922 devstack@c-api.service[100182]: INFO cinder.api.openstack.wsgi [None req-f6bd6768-7c2c-41b2-8886-f8b81f759476 tempest-AttachSCSIVolumeTestJSON-327966492 tempest-AttachSCSIVolumeTestJSON-327966492-project-reader] https://10.4.3.128/volume/v3/volumes/0339696a-ae8b-4948-8988-e3a096102a90 returned with HTTP 200
Aug 21 17:05:56.441114 np0000007922 devstack@c-api.service[100182]: [pid: 100182|app: 0|req: 38/151] 10.4.3.128 () {66 vars in 1348 bytes} [Fri Aug 21 17:05:56 2026] GET /volume/v3/volumes/0339696a-ae8b-4948-8988-e3a096102a90 => generated 1142 bytes in 33 msecs (HTTP/1.1 200) 7 headers in 286 bytes (1 switches on core 0)
Aug 21 17:05:56.672938 np0000007922 devstack@c-api.service[100180]: DEBUG cinder.api.middleware.request_id [None req-f5c97546-3511-45d4-bbaa-16d606029eeb None None] RequestId filter calling following filter/app {{(pid=100180) _context_setter /opt/stack/cinder/cinder/api/middleware/request_id.py:62}}
Aug 21 17:05:56.674802 np0000007922 devstack@c-api.service[100180]: INFO cinder.api.openstack.wsgi [None req-f5c97546-3511-45d4-bbaa-16d606029eeb tempest-VolumesAdminNegativeTest-1579330953 tempest-VolumesAdminNegativeTest-1579330953-project-member] GET https://10.4.3.128/volume/v3/volumes/6f480ba4-0b3c-4d62-891b-82413db285e9
Aug 21 17:05:56.675265 np0000007922 devstack@c-api.service[100180]: DEBUG cinder.api.openstack.wsgi [None req-f5c97546-3511-45d4-bbaa-16d606029eeb tempest-VolumesAdminNegativeTest-1579330953 tempest-VolumesAdminNegativeTest-1579330953-project-member] Empty body provided in request {{(pid=100180) get_body /opt/stack/cinder/cinder/api/openstack/wsgi.py:725}}
Aug 21 17:05:56.675265 np0000007922 devstack@c-api.service[100180]: DEBUG cinder.api.openstack.wsgi [None req-f5c97546-3511-45d4-bbaa-16d606029eeb tempest-VolumesAdminNegativeTest-1579330953 tempest-VolumesAdminNegativeTest-1579330953-project-member] Calling method 'show' {{(pid=100180) _process_stack /opt/stack/cinder/cinder/api/openstack/wsgi.py:878}}
Aug 21 17:05:56.683173 np0000007922 devstack@c-api.service[100180]: /opt/stack/data/venv/lib/python3.12/site-packages/oslo_context/context.py:102: DeprecationWarning: Policy enforcement is depending on the value of is_admin. This key is deprecated. Please update your policy file to use the standard policy values.
Aug 21 17:05:56.683173 np0000007922 devstack@c-api.service[100180]: warnings.warn(
Aug 21 17:05:56.688071 np0000007922 devstack@c-api.service[100180]: INFO cinder.volume.api [None req-f5c97546-3511-45d4-bbaa-16d606029eeb tempest-VolumesAdminNegativeTest-1579330953 tempest-VolumesAdminNegativeTest-1579330953-project-member] Volume info retrieved successfully.
Aug 21 17:05:56.693545 np0000007922 devstack@c-api.service[100180]: INFO cinder.api.openstack.wsgi [None req-f5c97546-3511-45d4-bbaa-16d606029eeb tempest-VolumesAdminNegativeTest-1579330953 tempest-VolumesAdminNegativeTest-1579330953-project-member] https://10.4.3.128/volume/v3/volumes/6f480ba4-0b3c-4d62-891b-82413db285e9 returned with HTTP 200
Aug 21 17:05:56.694041 np0000007922 devstack@c-api.service[100180]: [pid: 100180|app: 0|req: 38/152] 10.4.3.128 () {66 vars in 1348 bytes} [Fri Aug 21 17:05:56 2026] GET /volume/v3/volumes/6f480ba4-0b3c-4d62-891b-82413db285e9 => generated 848 bytes in 21 msecs (HTTP/1.1 200) 7 headers in 285 bytes (1 switches on core 0)
Aug 21 17:05:57.194918 np0000007922 devstack@c-api.service[100181]: DEBUG cinder.api.middleware.request_id [req-4a48f1f8-b41a-4241-a661-b244b411d8b5 req-d54f4922-beee-4d1b-a154-aebd6527774f None None] RequestId filter calling following filter/app {{(pid=100181) _context_setter /opt/stack/cinder/cinder/api/middleware/request_id.py:62}}
Aug 21 17:05:57.197900 np0000007922 devstack@c-api.service[100181]: INFO cinder.api.openstack.wsgi [req-4a48f1f8-b41a-4241-a661-b244b411d8b5 req-d54f4922-beee-4d1b-a154-aebd6527774f tempest-VolumesAdminNegativeTest-1565568066 tempest-VolumesAdminNegativeTest-1565568066-project] GET https://10.4.3.128/volume/v3/volumes/0f50cd7e-d963-4579-8827-f37791ab9c17
Aug 21 17:05:57.198165 np0000007922 devstack@c-api.service[100181]: DEBUG cinder.api.openstack.wsgi [req-4a48f1f8-b41a-4241-a661-b244b411d8b5 req-d54f4922-beee-4d1b-a154-aebd6527774f tempest-VolumesAdminNegativeTest-1565568066 tempest-VolumesAdminNegativeTest-1565568066-project] Empty body provided in request {{(pid=100181) get_body /opt/stack/cinder/cinder/api/openstack/wsgi.py:725}}
Aug 21 17:05:57.198457 np0000007922 devstack@c-api.service[100181]: DEBUG cinder.api.openstack.wsgi [req-4a48f1f8-b41a-4241-a661-b244b411d8b5 req-d54f4922-beee-4d1b-a154-aebd6527774f tempest-VolumesAdminNegativeTest-1565568066 tempest-VolumesAdminNegativeTest-1565568066-project] Calling method 'show' {{(pid=100181) _process_stack /opt/stack/cinder/cinder/api/openstack/wsgi.py:878}}
Aug 21 17:05:57.256226 np0000007922 devstack@c-api.service[100181]: INFO cinder.api.openstack.wsgi [req-4a48f1f8-b41a-4241-a661-b244b411d8b5 req-d54f4922-beee-4d1b-a154-aebd6527774f tempest-VolumesAdminNegativeTest-1565568066 tempest-VolumesAdminNegativeTest-1565568066-project] https://10.4.3.128/volume/v3/volumes/0f50cd7e-d963-4579-8827-f37791ab9c17 returned with HTTP 404
Aug 21 17:05:57.257487 np0000007922 devstack@c-api.service[100181]: [pid: 100181|app: 0|req: 39/153] 10.4.3.128 () {68 vars in 1598 bytes} [Fri Aug 21 17:05:57 2026] GET /volume/v3/volumes/0f50cd7e-d963-4579-8827-f37791ab9c17 => generated 109 bytes in 63 msecs (HTTP/1.1 404) 7 headers in 292 bytes (1 switches on core 0)
Aug 21 17:05:57.272613 np0000007922 devstack@c-api.service[100183]: DEBUG cinder.api.middleware.request_id [None req-9f7ecd0d-4708-46ae-8ad0-5f0499e3efb6 None None] RequestId filter calling following filter/app {{(pid=100183) _context_setter /opt/stack/cinder/cinder/api/middleware/request_id.py:62}}
Aug 21 17:05:57.277090 np0000007922 devstack@c-api.service[100183]: INFO cinder.api.openstack.wsgi [None req-9f7ecd0d-4708-46ae-8ad0-5f0499e3efb6 tempest-VolumesAdminNegativeTest-1579330953 tempest-VolumesAdminNegativeTest-1579330953-project-member] DELETE https://10.4.3.128/volume/v3/volumes/6f480ba4-0b3c-4d62-891b-82413db285e9
Aug 21 17:05:57.277434 np0000007922 devstack@c-api.service[100183]: DEBUG cinder.api.openstack.wsgi [None req-9f7ecd0d-4708-46ae-8ad0-5f0499e3efb6 tempest-VolumesAdminNegativeTest-1579330953 tempest-VolumesAdminNegativeTest-1579330953-project-member] Empty body provided in request {{(pid=100183) get_body /opt/stack/cinder/cinder/api/openstack/wsgi.py:725}}
Aug 21 17:05:57.277774 np0000007922 devstack@c-api.service[100183]: DEBUG cinder.api.openstack.wsgi [None req-9f7ecd0d-4708-46ae-8ad0-5f0499e3efb6 tempest-VolumesAdminNegativeTest-1579330953 tempest-VolumesAdminNegativeTest-1579330953-project-member] Calling method 'delete' {{(pid=100183) _process_stack /opt/stack/cinder/cinder/api/openstack/wsgi.py:878}}
Aug 21 17:05:57.277774 np0000007922 devstack@c-api.service[100183]: INFO cinder.api.v3.volumes [None req-9f7ecd0d-4708-46ae-8ad0-5f0499e3efb6 tempest-VolumesAdminNegativeTest-1579330953 tempest-VolumesAdminNegativeTest-1579330953-project-member] Delete volume with id: 6f480ba4-0b3c-4d62-891b-82413db285e9
Aug 21 17:05:57.292518 np0000007922 devstack@c-api.service[100183]: /opt/stack/data/venv/lib/python3.12/site-packages/oslo_context/context.py:102: DeprecationWarning: Policy enforcement is depending on the value of is_admin. This key is deprecated. Please update your policy file to use the standard policy values.
Aug 21 17:05:57.292518 np0000007922 devstack@c-api.service[100183]: warnings.warn(
Aug 21 17:05:57.293458 np0000007922 devstack@c-api.service[100183]: INFO cinder.volume.api [None req-9f7ecd0d-4708-46ae-8ad0-5f0499e3efb6 tempest-VolumesAdminNegativeTest-1579330953 tempest-VolumesAdminNegativeTest-1579330953-project-member] Volume info retrieved successfully.
Aug 21 17:05:57.308527 np0000007922 devstack@c-api.service[100182]: DEBUG cinder.api.middleware.request_id [req-4aa79264-99bb-4e63-ab89-a40a9bad6b87 req-3041a28a-497f-45bf-9731-0d5d782511da None None] RequestId filter calling following filter/app {{(pid=100182) _context_setter /opt/stack/cinder/cinder/api/middleware/request_id.py:62}}
Aug 21 17:05:57.312521 np0000007922 devstack@c-api.service[100182]: INFO cinder.api.openstack.wsgi [req-4aa79264-99bb-4e63-ab89-a40a9bad6b87 req-3041a28a-497f-45bf-9731-0d5d782511da tempest-AttachSCSIVolumeTestJSON-327966492 tempest-AttachSCSIVolumeTestJSON-327966492-project-member] DELETE https://10.4.3.128/volume/v3/attachments/fd7902a3-8a42-4369-a4b0-fd6dc5bf005d
Aug 21 17:05:57.312940 np0000007922 devstack@c-api.service[100182]: DEBUG cinder.api.openstack.wsgi [req-4aa79264-99bb-4e63-ab89-a40a9bad6b87 req-3041a28a-497f-45bf-9731-0d5d782511da tempest-AttachSCSIVolumeTestJSON-327966492 tempest-AttachSCSIVolumeTestJSON-327966492-project-member] Empty body provided in request {{(pid=100182) get_body /opt/stack/cinder/cinder/api/openstack/wsgi.py:725}}
Aug 21 17:05:57.313286 np0000007922 devstack@c-api.service[100182]: DEBUG cinder.api.openstack.wsgi [req-4aa79264-99bb-4e63-ab89-a40a9bad6b87 req-3041a28a-497f-45bf-9731-0d5d782511da tempest-AttachSCSIVolumeTestJSON-327966492 tempest-AttachSCSIVolumeTestJSON-327966492-project-member] Calling method 'version_select' {{(pid=100182) _process_stack /opt/stack/cinder/cinder/api/openstack/wsgi.py:878}}
Aug 21 17:05:57.330223 np0000007922 devstack@c-api.service[100182]: /opt/stack/data/venv/lib/python3.12/site-packages/oslo_context/context.py:102: DeprecationWarning: Policy enforcement is depending on the value of is_admin. This key is deprecated. Please update your policy file to use the standard policy values.
Aug 21 17:05:57.330223 np0000007922 devstack@c-api.service[100182]: warnings.warn(
Aug 21 17:05:57.346263 np0000007922 devstack@c-api.service[100183]: INFO cinder.volume.api [None req-9f7ecd0d-4708-46ae-8ad0-5f0499e3efb6 tempest-VolumesAdminNegativeTest-1579330953 tempest-VolumesAdminNegativeTest-1579330953-project-member] Delete volume request issued successfully.
Aug 21 17:05:57.347704 np0000007922 devstack@c-api.service[100183]: INFO cinder.api.openstack.wsgi [None req-9f7ecd0d-4708-46ae-8ad0-5f0499e3efb6 tempest-VolumesAdminNegativeTest-1579330953 tempest-VolumesAdminNegativeTest-1579330953-project-member] https://10.4.3.128/volume/v3/volumes/6f480ba4-0b3c-4d62-891b-82413db285e9 returned with HTTP 202
Aug 21 17:05:57.349014 np0000007922 devstack@c-api.service[100183]: [pid: 100183|app: 0|req: 39/154] 10.4.3.128 () {66 vars in 1351 bytes} [Fri Aug 21 17:05:57 2026] DELETE /volume/v3/volumes/6f480ba4-0b3c-4d62-891b-82413db285e9 => generated 0 bytes in 76 msecs (HTTP/1.1 202) 6 headers in 233 bytes (1 switches on core 0)
Aug 21 17:05:57.363585 np0000007922 devstack@c-api.service[100180]: DEBUG cinder.api.middleware.request_id [None req-0dafd5f1-f339-4c5f-bd59-3e387a311b74 None None] RequestId filter calling following filter/app {{(pid=100180) _context_setter /opt/stack/cinder/cinder/api/middleware/request_id.py:62}}
Aug 21 17:05:57.369219 np0000007922 devstack@c-api.service[100180]: INFO cinder.api.openstack.wsgi [None req-0dafd5f1-f339-4c5f-bd59-3e387a311b74 tempest-VolumesAdminNegativeTest-1579330953 tempest-VolumesAdminNegativeTest-1579330953-project-member] GET https://10.4.3.128/volume/v3/volumes/6f480ba4-0b3c-4d62-891b-82413db285e9
Aug 21 17:05:57.369776 np0000007922 devstack@c-api.service[100180]: DEBUG cinder.api.openstack.wsgi [None req-0dafd5f1-f339-4c5f-bd59-3e387a311b74 tempest-VolumesAdminNegativeTest-1579330953 tempest-VolumesAdminNegativeTest-1579330953-project-member] Empty body provided in request {{(pid=100180) get_body /opt/stack/cinder/cinder/api/openstack/wsgi.py:725}}
Aug 21 17:05:57.370439 np0000007922 devstack@c-api.service[100180]: DEBUG cinder.api.openstack.wsgi [None req-0dafd5f1-f339-4c5f-bd59-3e387a311b74 tempest-VolumesAdminNegativeTest-1579330953 tempest-VolumesAdminNegativeTest-1579330953-project-member] Calling method 'show' {{(pid=100180) _process_stack /opt/stack/cinder/cinder/api/openstack/wsgi.py:878}}
Aug 21 17:05:57.385261 np0000007922 devstack@c-api.service[100180]: /opt/stack/data/venv/lib/python3.12/site-packages/oslo_context/context.py:102: DeprecationWarning: Policy enforcement is depending on the value of is_admin. This key is deprecated. Please update your policy file to use the standard policy values.
Aug 21 17:05:57.385261 np0000007922 devstack@c-api.service[100180]: warnings.warn(
Aug 21 17:05:57.393232 np0000007922 devstack@c-api.service[100180]: INFO cinder.volume.api [None req-0dafd5f1-f339-4c5f-bd59-3e387a311b74 tempest-VolumesAdminNegativeTest-1579330953 tempest-VolumesAdminNegativeTest-1579330953-project-member] Volume info retrieved successfully.
Aug 21 17:05:57.403346 np0000007922 devstack@c-api.service[100180]: INFO cinder.api.openstack.wsgi [None req-0dafd5f1-f339-4c5f-bd59-3e387a311b74 tempest-VolumesAdminNegativeTest-1579330953 tempest-VolumesAdminNegativeTest-1579330953-project-member] https://10.4.3.128/volume/v3/volumes/6f480ba4-0b3c-4d62-891b-82413db285e9 returned with HTTP 200
Aug 21 17:05:57.404200 np0000007922 devstack@c-api.service[100180]: [pid: 100180|app: 0|req: 39/155] 10.4.3.128 () {66 vars in 1348 bytes} [Fri Aug 21 17:05:57 2026] GET /volume/v3/volumes/6f480ba4-0b3c-4d62-891b-82413db285e9 => generated 847 bytes in 42 msecs (HTTP/1.1 200) 7 headers in 285 bytes (2 switches on core 0)
Aug 21 17:05:57.455859 np0000007922 devstack@c-api.service[100181]: DEBUG cinder.api.middleware.request_id [None req-0df0256e-7121-495a-9736-530bf6084a1f None None] RequestId filter calling following filter/app {{(pid=100181) _context_setter /opt/stack/cinder/cinder/api/middleware/request_id.py:62}}
Aug 21 17:05:57.458744 np0000007922 devstack@c-api.service[100181]: INFO cinder.api.openstack.wsgi [None req-0df0256e-7121-495a-9736-530bf6084a1f tempest-AttachSCSIVolumeTestJSON-327966492 tempest-AttachSCSIVolumeTestJSON-327966492-project-reader] GET https://10.4.3.128/volume/v3/volumes/0339696a-ae8b-4948-8988-e3a096102a90
Aug 21 17:05:57.459045 np0000007922 devstack@c-api.service[100181]: DEBUG cinder.api.openstack.wsgi [None req-0df0256e-7121-495a-9736-530bf6084a1f tempest-AttachSCSIVolumeTestJSON-327966492 tempest-AttachSCSIVolumeTestJSON-327966492-project-reader] Empty body provided in request {{(pid=100181) get_body /opt/stack/cinder/cinder/api/openstack/wsgi.py:725}}
Aug 21 17:05:57.459362 np0000007922 devstack@c-api.service[100181]: DEBUG cinder.api.openstack.wsgi [None req-0df0256e-7121-495a-9736-530bf6084a1f tempest-AttachSCSIVolumeTestJSON-327966492 tempest-AttachSCSIVolumeTestJSON-327966492-project-reader] Calling method 'show' {{(pid=100181) _process_stack /opt/stack/cinder/cinder/api/openstack/wsgi.py:878}}
Aug 21 17:05:57.472459 np0000007922 devstack@c-api.service[100181]: /opt/stack/data/venv/lib/python3.12/site-packages/oslo_context/context.py:102: DeprecationWarning: Policy enforcement is depending on the value of is_admin. This key is deprecated. Please update your policy file to use the standard policy values.
Aug 21 17:05:57.472459 np0000007922 devstack@c-api.service[100181]: warnings.warn(
Aug 21 17:05:57.477938 np0000007922 devstack@c-api.service[100181]: INFO cinder.volume.api [None req-0df0256e-7121-495a-9736-530bf6084a1f tempest-AttachSCSIVolumeTestJSON-327966492 tempest-AttachSCSIVolumeTestJSON-327966492-project-reader] Volume info retrieved successfully.
Aug 21 17:05:57.485737 np0000007922 devstack@c-api.service[100181]: INFO cinder.api.openstack.wsgi [None req-0df0256e-7121-495a-9736-530bf6084a1f tempest-AttachSCSIVolumeTestJSON-327966492 tempest-AttachSCSIVolumeTestJSON-327966492-project-reader] https://10.4.3.128/volume/v3/volumes/0339696a-ae8b-4948-8988-e3a096102a90 returned with HTTP 200
Aug 21 17:05:57.485737 np0000007922 devstack@c-api.service[100181]: [pid: 100181|app: 0|req: 40/156] 10.4.3.128 () {66 vars in 1348 bytes} [Fri Aug 21 17:05:57 2026] GET /volume/v3/volumes/0339696a-ae8b-4948-8988-e3a096102a90 => generated 1142 bytes in 30 msecs (HTTP/1.1 200) 7 headers in 286 bytes (1 switches on core 0)
Aug 21 17:05:57.648189 np0000007922 devstack@c-api.service[100182]: INFO cinder.api.openstack.wsgi [req-4aa79264-99bb-4e63-ab89-a40a9bad6b87 req-3041a28a-497f-45bf-9731-0d5d782511da tempest-AttachSCSIVolumeTestJSON-327966492 tempest-AttachSCSIVolumeTestJSON-327966492-project-member] https://10.4.3.128/volume/v3/attachments/fd7902a3-8a42-4369-a4b0-fd6dc5bf005d returned with HTTP 200
Aug 21 17:05:57.648849 np0000007922 devstack@c-api.service[100182]: [pid: 100182|app: 0|req: 39/157] 10.4.3.128 () {72 vars in 1673 bytes} [Fri Aug 21 17:05:57 2026] DELETE /volume/v3/attachments/fd7902a3-8a42-4369-a4b0-fd6dc5bf005d => generated 19 bytes in 342 msecs (HTTP/1.1 200) 7 headers in 285 bytes (1 switches on core 0)
Aug 21 17:05:58.425435 np0000007922 devstack@c-api.service[100183]: DEBUG cinder.api.middleware.request_id [None req-2ae50b04-cc28-49cf-b6fe-1bbcd6e953d0 None None] RequestId filter calling following filter/app {{(pid=100183) _context_setter /opt/stack/cinder/cinder/api/middleware/request_id.py:62}}
Aug 21 17:05:58.427710 np0000007922 devstack@c-api.service[100183]: INFO cinder.api.openstack.wsgi [None req-2ae50b04-cc28-49cf-b6fe-1bbcd6e953d0 tempest-VolumesAdminNegativeTest-1579330953 tempest-VolumesAdminNegativeTest-1579330953-project-member] GET https://10.4.3.128/volume/v3/volumes/6f480ba4-0b3c-4d62-891b-82413db285e9
Aug 21 17:05:58.429447 np0000007922 devstack@c-api.service[100183]: DEBUG cinder.api.openstack.wsgi [None req-2ae50b04-cc28-49cf-b6fe-1bbcd6e953d0 tempest-VolumesAdminNegativeTest-1579330953 tempest-VolumesAdminNegativeTest-1579330953-project-member] Empty body provided in request {{(pid=100183) get_body /opt/stack/cinder/cinder/api/openstack/wsgi.py:725}}
Aug 21 17:05:58.429689 np0000007922 devstack@c-api.service[100183]: DEBUG cinder.api.openstack.wsgi [None req-2ae50b04-cc28-49cf-b6fe-1bbcd6e953d0 tempest-VolumesAdminNegativeTest-1579330953 tempest-VolumesAdminNegativeTest-1579330953-project-member] Calling method 'show' {{(pid=100183) _process_stack /opt/stack/cinder/cinder/api/openstack/wsgi.py:878}}
Aug 21 17:05:58.504610 np0000007922 devstack@c-api.service[100180]: DEBUG cinder.api.middleware.request_id [None req-56daf981-dc86-4c59-af80-5d098d85f7fd None None] RequestId filter calling following filter/app {{(pid=100180) _context_setter /opt/stack/cinder/cinder/api/middleware/request_id.py:62}}
Aug 21 17:05:58.507295 np0000007922 devstack@c-api.service[100180]: INFO cinder.api.openstack.wsgi [None req-56daf981-dc86-4c59-af80-5d098d85f7fd tempest-AttachSCSIVolumeTestJSON-327966492 tempest-AttachSCSIVolumeTestJSON-327966492-project-reader] GET https://10.4.3.128/volume/v3/volumes/0339696a-ae8b-4948-8988-e3a096102a90
Aug 21 17:05:58.507572 np0000007922 devstack@c-api.service[100180]: DEBUG cinder.api.openstack.wsgi [None req-56daf981-dc86-4c59-af80-5d098d85f7fd tempest-AttachSCSIVolumeTestJSON-327966492 tempest-AttachSCSIVolumeTestJSON-327966492-project-reader] Empty body provided in request {{(pid=100180) get_body /opt/stack/cinder/cinder/api/openstack/wsgi.py:725}}
Aug 21 17:05:58.507841 np0000007922 devstack@c-api.service[100180]: DEBUG cinder.api.openstack.wsgi [None req-56daf981-dc86-4c59-af80-5d098d85f7fd tempest-AttachSCSIVolumeTestJSON-327966492 tempest-AttachSCSIVolumeTestJSON-327966492-project-reader] Calling method 'show' {{(pid=100180) _process_stack /opt/stack/cinder/cinder/api/openstack/wsgi.py:878}}
Aug 21 17:05:58.520114 np0000007922 devstack@c-api.service[100180]: /opt/stack/data/venv/lib/python3.12/site-packages/oslo_context/context.py:102: DeprecationWarning: Policy enforcement is depending on the value of is_admin. This key is deprecated. Please update your policy file to use the standard policy values.
Aug 21 17:05:58.520114 np0000007922 devstack@c-api.service[100180]: warnings.warn(
Aug 21 17:05:58.529668 np0000007922 devstack@c-api.service[100180]: INFO cinder.volume.api [None req-56daf981-dc86-4c59-af80-5d098d85f7fd tempest-AttachSCSIVolumeTestJSON-327966492 tempest-AttachSCSIVolumeTestJSON-327966492-project-reader] Volume info retrieved successfully.
Aug 21 17:05:58.539236 np0000007922 devstack@c-api.service[100180]: INFO cinder.api.openstack.wsgi [None req-56daf981-dc86-4c59-af80-5d098d85f7fd tempest-AttachSCSIVolumeTestJSON-327966492 tempest-AttachSCSIVolumeTestJSON-327966492-project-reader] https://10.4.3.128/volume/v3/volumes/0339696a-ae8b-4948-8988-e3a096102a90 returned with HTTP 200
Aug 21 17:05:58.542682 np0000007922 devstack@c-api.service[100180]: [pid: 100180|app: 0|req: 40/158] 10.4.3.128 () {66 vars in 1348 bytes} [Fri Aug 21 17:05:58 2026] GET /volume/v3/volumes/0339696a-ae8b-4948-8988-e3a096102a90 => generated 847 bytes in 39 msecs (HTTP/1.1 200) 7 headers in 285 bytes (1 switches on core 0)
Aug 21 17:05:58.588559 np0000007922 devstack@c-api.service[100183]: INFO cinder.api.openstack.wsgi [None req-2ae50b04-cc28-49cf-b6fe-1bbcd6e953d0 tempest-VolumesAdminNegativeTest-1579330953 tempest-VolumesAdminNegativeTest-1579330953-project-member] https://10.4.3.128/volume/v3/volumes/6f480ba4-0b3c-4d62-891b-82413db285e9 returned with HTTP 404
Aug 21 17:05:58.589248 np0000007922 devstack@c-api.service[100183]: [pid: 100183|app: 0|req: 40/159] 10.4.3.128 () {66 vars in 1348 bytes} [Fri Aug 21 17:05:58 2026] GET /volume/v3/volumes/6f480ba4-0b3c-4d62-891b-82413db285e9 => generated 109 bytes in 164 msecs (HTTP/1.1 404) 7 headers in 292 bytes (1 switches on core 0)
Aug 21 17:05:58.618172 np0000007922 devstack@c-api.service[100181]: DEBUG cinder.api.middleware.request_id [None req-bfcdd2cd-8396-4104-a863-d64363524d0e None None] RequestId filter calling following filter/app {{(pid=100181) _context_setter /opt/stack/cinder/cinder/api/middleware/request_id.py:62}}
Aug 21 17:05:58.622114 np0000007922 devstack@c-api.service[100181]: INFO cinder.api.openstack.wsgi [None req-bfcdd2cd-8396-4104-a863-d64363524d0e tempest-AttachSCSIVolumeTestJSON-327966492 tempest-AttachSCSIVolumeTestJSON-327966492-project-member] GET https://10.4.3.128/volume/v3/volumes/0339696a-ae8b-4948-8988-e3a096102a90
Aug 21 17:05:58.622418 np0000007922 devstack@c-api.service[100181]: DEBUG cinder.api.openstack.wsgi [None req-bfcdd2cd-8396-4104-a863-d64363524d0e tempest-AttachSCSIVolumeTestJSON-327966492 tempest-AttachSCSIVolumeTestJSON-327966492-project-member] Empty body provided in request {{(pid=100181) get_body /opt/stack/cinder/cinder/api/openstack/wsgi.py:725}}
Aug 21 17:05:58.622802 np0000007922 devstack@c-api.service[100181]: DEBUG cinder.api.openstack.wsgi [None req-bfcdd2cd-8396-4104-a863-d64363524d0e tempest-AttachSCSIVolumeTestJSON-327966492 tempest-AttachSCSIVolumeTestJSON-327966492-project-member] Calling method 'show' {{(pid=100181) _process_stack /opt/stack/cinder/cinder/api/openstack/wsgi.py:878}}
Aug 21 17:05:58.643150 np0000007922 devstack@c-api.service[100181]: /opt/stack/data/venv/lib/python3.12/site-packages/oslo_context/context.py:102: DeprecationWarning: Policy enforcement is depending on the value of is_admin. This key is deprecated. Please update your policy file to use the standard policy values.
Aug 21 17:05:58.643150 np0000007922 devstack@c-api.service[100181]: warnings.warn(
Aug 21 17:05:58.655953 np0000007922 devstack@c-api.service[100181]: INFO cinder.volume.api [None req-bfcdd2cd-8396-4104-a863-d64363524d0e tempest-AttachSCSIVolumeTestJSON-327966492 tempest-AttachSCSIVolumeTestJSON-327966492-project-member] Volume info retrieved successfully.
Aug 21 17:05:58.668714 np0000007922 devstack@c-api.service[100181]: INFO cinder.api.openstack.wsgi [None req-bfcdd2cd-8396-4104-a863-d64363524d0e tempest-AttachSCSIVolumeTestJSON-327966492 tempest-AttachSCSIVolumeTestJSON-327966492-project-member] https://10.4.3.128/volume/v3/volumes/0339696a-ae8b-4948-8988-e3a096102a90 returned with HTTP 200
Aug 21 17:05:58.668714 np0000007922 devstack@c-api.service[100181]: [pid: 100181|app: 0|req: 41/160] 10.4.3.128 () {66 vars in 1348 bytes} [Fri Aug 21 17:05:58 2026] GET /volume/v3/volumes/0339696a-ae8b-4948-8988-e3a096102a90 => generated 847 bytes in 47 msecs (HTTP/1.1 200) 7 headers in 285 bytes (1 switches on core 0)
Aug 21 17:05:58.747577 np0000007922 devstack@c-api.service[100182]: DEBUG cinder.api.middleware.request_id [req-9f3ef43e-25d6-469f-9964-d4792a975b5e req-15b33202-01d8-4ed1-a359-c5c914907bb8 None None] RequestId filter calling following filter/app {{(pid=100182) _context_setter /opt/stack/cinder/cinder/api/middleware/request_id.py:62}}
Aug 21 17:05:58.755921 np0000007922 devstack@c-api.service[100180]: DEBUG cinder.api.middleware.request_id [None req-bae9e35a-f3a8-4add-8e9c-3af0cf0f7693 None None] RequestId filter calling following filter/app {{(pid=100180) _context_setter /opt/stack/cinder/cinder/api/middleware/request_id.py:62}}
Aug 21 17:05:58.756104 np0000007922 devstack@c-api.service[100182]: INFO cinder.api.openstack.wsgi [req-9f3ef43e-25d6-469f-9964-d4792a975b5e req-15b33202-01d8-4ed1-a359-c5c914907bb8 tempest-VolumesAssistedSnapshotsTest-757980841 tempest-VolumesAssistedSnapshotsTest-757980841-project-admin] GET https://10.4.3.128/volume/v3/volumes/7c77f79f-3dbb-4886-8e57-3b7f3673ce42
Aug 21 17:05:58.756104 np0000007922 devstack@c-api.service[100182]: DEBUG cinder.api.openstack.wsgi [req-9f3ef43e-25d6-469f-9964-d4792a975b5e req-15b33202-01d8-4ed1-a359-c5c914907bb8 tempest-VolumesAssistedSnapshotsTest-757980841 tempest-VolumesAssistedSnapshotsTest-757980841-project-admin] Empty body provided in request {{(pid=100182) get_body /opt/stack/cinder/cinder/api/openstack/wsgi.py:725}}
Aug 21 17:05:58.757176 np0000007922 devstack@c-api.service[100182]: DEBUG cinder.api.openstack.wsgi [req-9f3ef43e-25d6-469f-9964-d4792a975b5e req-15b33202-01d8-4ed1-a359-c5c914907bb8 tempest-VolumesAssistedSnapshotsTest-757980841 tempest-VolumesAssistedSnapshotsTest-757980841-project-admin] Calling method 'show' {{(pid=100182) _process_stack /opt/stack/cinder/cinder/api/openstack/wsgi.py:878}}
Aug 21 17:05:58.766306 np0000007922 devstack@c-api.service[100180]: INFO cinder.api.openstack.wsgi [None req-bae9e35a-f3a8-4add-8e9c-3af0cf0f7693 tempest-AttachSCSIVolumeTestJSON-327966492 tempest-AttachSCSIVolumeTestJSON-327966492-project-member] GET https://10.4.3.128/volume/v3/volumes/0339696a-ae8b-4948-8988-e3a096102a90
Aug 21 17:05:58.766306 np0000007922 devstack@c-api.service[100180]: DEBUG cinder.api.openstack.wsgi [None req-bae9e35a-f3a8-4add-8e9c-3af0cf0f7693 tempest-AttachSCSIVolumeTestJSON-327966492 tempest-AttachSCSIVolumeTestJSON-327966492-project-member] Empty body provided in request {{(pid=100180) get_body /opt/stack/cinder/cinder/api/openstack/wsgi.py:725}}
Aug 21 17:05:58.766306 np0000007922 devstack@c-api.service[100180]: DEBUG cinder.api.openstack.wsgi [None req-bae9e35a-f3a8-4add-8e9c-3af0cf0f7693 tempest-AttachSCSIVolumeTestJSON-327966492 tempest-AttachSCSIVolumeTestJSON-327966492-project-member] Calling method 'show' {{(pid=100180) _process_stack /opt/stack/cinder/cinder/api/openstack/wsgi.py:878}}
Aug 21 17:05:58.773729 np0000007922 devstack@c-api.service[100182]: /opt/stack/data/venv/lib/python3.12/site-packages/oslo_context/context.py:102: DeprecationWarning: Policy enforcement is depending on the value of is_admin. This key is deprecated. Please update your policy file to use the standard policy values.
Aug 21 17:05:58.773729 np0000007922 devstack@c-api.service[100182]: warnings.warn(
Aug 21 17:05:58.773960 np0000007922 devstack@c-api.service[100180]: /opt/stack/data/venv/lib/python3.12/site-packages/oslo_context/context.py:102: DeprecationWarning: Policy enforcement is depending on the value of is_admin. This key is deprecated. Please update your policy file to use the standard policy values.
Aug 21 17:05:58.773960 np0000007922 devstack@c-api.service[100180]: warnings.warn(
Aug 21 17:05:58.779090 np0000007922 devstack@c-api.service[100182]: INFO cinder.volume.api [req-9f3ef43e-25d6-469f-9964-d4792a975b5e req-15b33202-01d8-4ed1-a359-c5c914907bb8 tempest-VolumesAssistedSnapshotsTest-757980841 tempest-VolumesAssistedSnapshotsTest-757980841-project-admin] Volume info retrieved successfully.
Aug 21 17:05:58.779469 np0000007922 devstack@c-api.service[100180]: INFO cinder.volume.api [None req-bae9e35a-f3a8-4add-8e9c-3af0cf0f7693 tempest-AttachSCSIVolumeTestJSON-327966492 tempest-AttachSCSIVolumeTestJSON-327966492-project-member] Volume info retrieved successfully.
Aug 21 17:05:58.786005 np0000007922 devstack@c-api.service[100182]: INFO cinder.api.openstack.wsgi [req-9f3ef43e-25d6-469f-9964-d4792a975b5e req-15b33202-01d8-4ed1-a359-c5c914907bb8 tempest-VolumesAssistedSnapshotsTest-757980841 tempest-VolumesAssistedSnapshotsTest-757980841-project-admin] https://10.4.3.128/volume/v3/volumes/7c77f79f-3dbb-4886-8e57-3b7f3673ce42 returned with HTTP 200
Aug 21 17:05:58.787030 np0000007922 devstack@c-api.service[100182]: [pid: 100182|app: 0|req: 40/161] 10.4.3.128 () {68 vars in 1598 bytes} [Fri Aug 21 17:05:58 2026] GET /volume/v3/volumes/7c77f79f-3dbb-4886-8e57-3b7f3673ce42 => generated 1025 bytes in 40 msecs (HTTP/1.1 200) 7 headers in 286 bytes (1 switches on core 0)
Aug 21 17:05:58.787778 np0000007922 devstack@c-api.service[100180]: INFO cinder.api.openstack.wsgi [None req-bae9e35a-f3a8-4add-8e9c-3af0cf0f7693 tempest-AttachSCSIVolumeTestJSON-327966492 tempest-AttachSCSIVolumeTestJSON-327966492-project-member] https://10.4.3.128/volume/v3/volumes/0339696a-ae8b-4948-8988-e3a096102a90 returned with HTTP 200
Aug 21 17:05:58.789671 np0000007922 devstack@c-api.service[100180]: [pid: 100180|app: 0|req: 41/162] 10.4.3.128 () {66 vars in 1348 bytes} [Fri Aug 21 17:05:58 2026] GET /volume/v3/volumes/0339696a-ae8b-4948-8988-e3a096102a90 => generated 847 bytes in 38 msecs (HTTP/1.1 200) 7 headers in 285 bytes (1 switches on core 0)
Aug 21 17:05:58.892101 np0000007922 devstack@c-api.service[100183]: DEBUG cinder.api.middleware.request_id [None req-2157cf3c-fd7a-49a4-a05b-f70f6a0fa535 None None] RequestId filter calling following filter/app {{(pid=100183) _context_setter /opt/stack/cinder/cinder/api/middleware/request_id.py:62}}
Aug 21 17:05:58.894811 np0000007922 devstack@c-api.service[100183]: INFO cinder.api.openstack.wsgi [None req-2157cf3c-fd7a-49a4-a05b-f70f6a0fa535 tempest-TaggedAttachmentsTest-81172601 tempest-TaggedAttachmentsTest-81172601-project-member] POST https://10.4.3.128/volume/v3/volumes
Aug 21 17:05:58.895679 np0000007922 devstack@c-api.service[100183]: DEBUG cinder.api.openstack.wsgi [None req-2157cf3c-fd7a-49a4-a05b-f70f6a0fa535 tempest-TaggedAttachmentsTest-81172601 tempest-TaggedAttachmentsTest-81172601-project-member] Action: 'create', calling method: create, body: {"volume": {"size": 1, "display_name": "tempest-TaggedAttachmentsTest-volume-1039516589"}} {{(pid=100183) _process_stack /opt/stack/cinder/cinder/api/openstack/wsgi.py:876}}
Aug 21 17:05:58.899124 np0000007922 devstack@c-api.service[100183]: DEBUG cinder.api.v3.volumes [None req-2157cf3c-fd7a-49a4-a05b-f70f6a0fa535 tempest-TaggedAttachmentsTest-81172601 tempest-TaggedAttachmentsTest-81172601-project-member] Create volume request body: {'volume': {'size': 1, 'display_name': 'tempest-TaggedAttachmentsTest-volume-1039516589'}} {{(pid=100183) create /opt/stack/cinder/cinder/api/v3/volumes.py:368}}
Aug 21 17:05:58.899124 np0000007922 devstack@c-api.service[100183]: INFO cinder.api.v3.volumes [None req-2157cf3c-fd7a-49a4-a05b-f70f6a0fa535 tempest-TaggedAttachmentsTest-81172601 tempest-TaggedAttachmentsTest-81172601-project-member] Create volume of 1 GB
Aug 21 17:05:58.904797 np0000007922 devstack@c-api.service[100183]: INFO cinder.volume.api [None req-2157cf3c-fd7a-49a4-a05b-f70f6a0fa535 tempest-TaggedAttachmentsTest-81172601 tempest-TaggedAttachmentsTest-81172601-project-member] Availability Zones retrieved successfully.
Aug 21 17:05:58.914071 np0000007922 devstack@c-api.service[100183]: DEBUG cinder.volume.api [None req-2157cf3c-fd7a-49a4-a05b-f70f6a0fa535 tempest-TaggedAttachmentsTest-81172601 tempest-TaggedAttachmentsTest-81172601-project-member] Flow 'volume_create_api' (50cd3503-a044-4332-af8f-687f69e8698a) transitioned into state 'RUNNING' from state 'PENDING' {{(pid=100183) _flow_receiver /opt/stack/data/venv/lib/python3.12/site-packages/taskflow/listeners/logging.py:160}}
Aug 21 17:05:58.916414 np0000007922 devstack@c-api.service[100183]: DEBUG cinder.volume.api [None req-2157cf3c-fd7a-49a4-a05b-f70f6a0fa535 tempest-TaggedAttachmentsTest-81172601 tempest-TaggedAttachmentsTest-81172601-project-member] Task 'cinder.volume.flows.api.create_volume.ExtractVolumeRequestTask;volume:create' (07da0c46-a901-4c3c-929f-6239faa55b8a) transitioned into state 'RUNNING' from state 'PENDING' {{(pid=100183) _task_receiver /opt/stack/data/venv/lib/python3.12/site-packages/taskflow/listeners/logging.py:242}}
Aug 21 17:05:58.917387 np0000007922 devstack@c-api.service[100183]: DEBUG cinder.volume.flows.api.create_volume [None req-2157cf3c-fd7a-49a4-a05b-f70f6a0fa535 tempest-TaggedAttachmentsTest-81172601 tempest-TaggedAttachmentsTest-81172601-project-member] Validating volume size '1' using validate_int {{(pid=100183) _extract_size /opt/stack/cinder/cinder/volume/flows/api/create_volume.py:226}}
Aug 21 17:05:58.956005 np0000007922 devstack@c-api.service[100181]: DEBUG cinder.api.middleware.request_id [None req-c064efd1-0683-4593-ae37-2c53f771cf31 None None] RequestId filter calling following filter/app {{(pid=100181) _context_setter /opt/stack/cinder/cinder/api/middleware/request_id.py:62}}
Aug 21 17:05:58.957322 np0000007922 devstack@c-api.service[100181]: INFO cinder.api.openstack.wsgi [None req-c064efd1-0683-4593-ae37-2c53f771cf31 None None] GET https://10.4.3.128/volume//
Aug 21 17:05:58.957322 np0000007922 devstack@c-api.service[100181]: DEBUG cinder.api.openstack.wsgi [None req-c064efd1-0683-4593-ae37-2c53f771cf31 None None] Empty body provided in request {{(pid=100181) get_body /opt/stack/cinder/cinder/api/openstack/wsgi.py:725}}
Aug 21 17:05:58.958590 np0000007922 devstack@c-api.service[100181]: DEBUG cinder.api.openstack.wsgi [None req-c064efd1-0683-4593-ae37-2c53f771cf31 None None] Calling method 'all' {{(pid=100181) _process_stack /opt/stack/cinder/cinder/api/openstack/wsgi.py:878}}
Aug 21 17:05:58.959185 np0000007922 devstack@c-api.service[100181]: INFO cinder.api.openstack.wsgi [None req-c064efd1-0683-4593-ae37-2c53f771cf31 None None] https://10.4.3.128/volume// returned with HTTP 300
Aug 21 17:05:58.959585 np0000007922 devstack@c-api.service[100181]: [pid: 100181|app: 0|req: 42/163] 10.4.3.128 () {66 vars in 1428 bytes} [Fri Aug 21 17:05:58 2026] GET /volume/ => generated 386 bytes in 5 msecs (HTTP/1.1 300) 7 headers in 299 bytes (1 switches on core 0)
Aug 21 17:05:58.970088 np0000007922 devstack@c-api.service[100182]: DEBUG cinder.api.middleware.request_id [req-9f3ef43e-25d6-469f-9964-d4792a975b5e req-effa6ef5-98f1-41b7-9b9f-88c24d10544a None None] RequestId filter calling following filter/app {{(pid=100182) _context_setter /opt/stack/cinder/cinder/api/middleware/request_id.py:62}}
Aug 21 17:05:58.974813 np0000007922 devstack@c-api.service[100182]: INFO cinder.api.openstack.wsgi [req-9f3ef43e-25d6-469f-9964-d4792a975b5e req-effa6ef5-98f1-41b7-9b9f-88c24d10544a tempest-VolumesAssistedSnapshotsTest-757980841 tempest-VolumesAssistedSnapshotsTest-757980841-project-admin] POST https://10.4.3.128/volume/v3/attachments
Aug 21 17:05:58.975329 np0000007922 devstack@c-api.service[100183]: DEBUG cinder.volume.api [None req-2157cf3c-fd7a-49a4-a05b-f70f6a0fa535 tempest-TaggedAttachmentsTest-81172601 tempest-TaggedAttachmentsTest-81172601-project-member] Task 'cinder.volume.flows.api.create_volume.ExtractVolumeRequestTask;volume:create' (07da0c46-a901-4c3c-929f-6239faa55b8a) transitioned into state 'SUCCESS' from state 'RUNNING' with result '{'size': 1, 'snapshot_id': None, 'source_volid': None, 'volume_type': VolumeType(created_at=2026-08-21T17:02:30Z,deleted=False,deleted_at=None,description=None,extra_specs={volume_backend_name='storpool'},id=cee4497e-686d-4d9f-adce-f7af14b0fbf4,is_public=True,name='storpool',projects=[],qos_specs=,qos_specs_id=None,updated_at=None), 'volume_type_id': 'cee4497e-686d-4d9f-adce-f7af14b0fbf4', 'encryption_key_id': None, 'qos_specs': None, 'consistencygroup_id': None, 'cgsnapshot_id': None, 'group_id': None, 'replication_status': 'disabled', 'refresh_az': False, 'backup_id': None, 'multiattach': False, 'availability_zones': ['nova']}' {{(pid=100183) _task_receiver /opt/stack/data/venv/lib/python3.12/site-packages/taskflow/listeners/logging.py:218}}
Aug 21 17:05:58.975825 np0000007922 devstack@c-api.service[100182]: DEBUG cinder.api.openstack.wsgi [req-9f3ef43e-25d6-469f-9964-d4792a975b5e req-effa6ef5-98f1-41b7-9b9f-88c24d10544a tempest-VolumesAssistedSnapshotsTest-757980841 tempest-VolumesAssistedSnapshotsTest-757980841-project-admin] Action: 'create', calling method: version_select, body: {"attachment": {"volume_uuid": "7c77f79f-3dbb-4886-8e57-3b7f3673ce42", "connector": null, "instance_uuid": "5e7acee3-5753-49cf-bf7b-fa69d7c790f4"}} {{(pid=100182) _process_stack /opt/stack/cinder/cinder/api/openstack/wsgi.py:876}}
Aug 21 17:05:58.976853 np0000007922 devstack@c-api.service[100183]: DEBUG cinder.volume.api [None req-2157cf3c-fd7a-49a4-a05b-f70f6a0fa535 tempest-TaggedAttachmentsTest-81172601 tempest-TaggedAttachmentsTest-81172601-project-member] Task 'cinder.volume.flows.api.create_volume.QuotaReserveTask;volume:create' (0a8e6f36-7911-48ff-9938-91a4b75dd5e6) transitioned into state 'RUNNING' from state 'PENDING' {{(pid=100183) _task_receiver /opt/stack/data/venv/lib/python3.12/site-packages/taskflow/listeners/logging.py:242}}
Aug 21 17:05:58.993242 np0000007922 devstack@c-api.service[100182]: /opt/stack/data/venv/lib/python3.12/site-packages/oslo_context/context.py:102: DeprecationWarning: Policy enforcement is depending on the value of is_admin. This key is deprecated. Please update your policy file to use the standard policy values.
Aug 21 17:05:58.993242 np0000007922 devstack@c-api.service[100182]: warnings.warn(
Aug 21 17:05:59.022513 np0000007922 devstack@c-api.service[100183]: WARNING cinder.quota [None req-2157cf3c-fd7a-49a4-a05b-f70f6a0fa535 tempest-TaggedAttachmentsTest-81172601 tempest-TaggedAttachmentsTest-81172601-project-member] Deprecated: Default quota for resource: volumes_storpool is set by the default quota flag: quota_volumes_storpool, it is now deprecated. Please use the default quota class for default quota.
Aug 21 17:05:59.023649 np0000007922 devstack@c-api.service[100183]: WARNING cinder.quota [None req-2157cf3c-fd7a-49a4-a05b-f70f6a0fa535 tempest-TaggedAttachmentsTest-81172601 tempest-TaggedAttachmentsTest-81172601-project-member] Deprecated: Default quota for resource: gigabytes_storpool is set by the default quota flag: quota_gigabytes_storpool, it is now deprecated. Please use the default quota class for default quota.
Aug 21 17:05:59.054928 np0000007922 devstack@c-api.service[100182]: INFO cinder.api.openstack.wsgi [req-9f3ef43e-25d6-469f-9964-d4792a975b5e req-effa6ef5-98f1-41b7-9b9f-88c24d10544a tempest-VolumesAssistedSnapshotsTest-757980841 tempest-VolumesAssistedSnapshotsTest-757980841-project-admin] https://10.4.3.128/volume/v3/attachments returned with HTTP 200
Aug 21 17:05:59.055465 np0000007922 devstack@c-api.service[100182]: [pid: 100182|app: 0|req: 41/164] 10.4.3.128 () {74 vars in 1594 bytes} [Fri Aug 21 17:05:58 2026] POST /volume/v3/attachments => generated 273 bytes in 86 msecs (HTTP/1.1 200) 7 headers in 286 bytes (1 switches on core 0)
Aug 21 17:05:59.094624 np0000007922 devstack@c-api.service[100183]: DEBUG cinder.quota [None req-2157cf3c-fd7a-49a4-a05b-f70f6a0fa535 tempest-TaggedAttachmentsTest-81172601 tempest-TaggedAttachmentsTest-81172601-project-member] Created reservations ['69653abb-6317-489c-bdbf-a3e4a202028d', 'b09ef493-ca67-4aba-afad-269aee1f3923', '4dcfc321-ef8f-4724-ac35-9a7c41b97d24', 'd6f143bb-ac48-40c0-bd25-051947c270cd'] {{(pid=100183) reserve /opt/stack/cinder/cinder/quota.py:752}}
Aug 21 17:05:59.095509 np0000007922 devstack@c-api.service[100183]: DEBUG cinder.volume.api [None req-2157cf3c-fd7a-49a4-a05b-f70f6a0fa535 tempest-TaggedAttachmentsTest-81172601 tempest-TaggedAttachmentsTest-81172601-project-member] Task 'cinder.volume.flows.api.create_volume.QuotaReserveTask;volume:create' (0a8e6f36-7911-48ff-9938-91a4b75dd5e6) transitioned into state 'SUCCESS' from state 'RUNNING' with result '{'reservations': ['69653abb-6317-489c-bdbf-a3e4a202028d', 'b09ef493-ca67-4aba-afad-269aee1f3923', '4dcfc321-ef8f-4724-ac35-9a7c41b97d24', 'd6f143bb-ac48-40c0-bd25-051947c270cd']}' {{(pid=100183) _task_receiver /opt/stack/data/venv/lib/python3.12/site-packages/taskflow/listeners/logging.py:218}}
Aug 21 17:05:59.096391 np0000007922 devstack@c-api.service[100183]: DEBUG cinder.volume.api [None req-2157cf3c-fd7a-49a4-a05b-f70f6a0fa535 tempest-TaggedAttachmentsTest-81172601 tempest-TaggedAttachmentsTest-81172601-project-member] Task 'cinder.volume.flows.api.create_volume.EntryCreateTask;volume:create' (51e4a8c0-2a22-4d65-90f6-8618f86f10ca) transitioned into state 'RUNNING' from state 'PENDING' {{(pid=100183) _task_receiver /opt/stack/data/venv/lib/python3.12/site-packages/taskflow/listeners/logging.py:242}}
Aug 21 17:05:59.118792 np0000007922 devstack@c-api.service[100180]: DEBUG cinder.api.middleware.request_id [None req-5119e77a-2868-4ba1-bd14-c87c61d336c2 None None] RequestId filter calling following filter/app {{(pid=100180) _context_setter /opt/stack/cinder/cinder/api/middleware/request_id.py:62}}
Aug 21 17:05:59.121445 np0000007922 devstack@c-api.service[100180]: INFO cinder.api.openstack.wsgi [None req-5119e77a-2868-4ba1-bd14-c87c61d336c2 tempest-VolumesAssistedSnapshotsTest-757980841 tempest-VolumesAssistedSnapshotsTest-757980841-project-admin] GET https://10.4.3.128/volume/v3/volumes/7c77f79f-3dbb-4886-8e57-3b7f3673ce42
Aug 21 17:05:59.121545 np0000007922 devstack@c-api.service[100180]: DEBUG cinder.api.openstack.wsgi [None req-5119e77a-2868-4ba1-bd14-c87c61d336c2 tempest-VolumesAssistedSnapshotsTest-757980841 tempest-VolumesAssistedSnapshotsTest-757980841-project-admin] Empty body provided in request {{(pid=100180) get_body /opt/stack/cinder/cinder/api/openstack/wsgi.py:725}}
Aug 21 17:05:59.122222 np0000007922 devstack@c-api.service[100180]: DEBUG cinder.api.openstack.wsgi [None req-5119e77a-2868-4ba1-bd14-c87c61d336c2 tempest-VolumesAssistedSnapshotsTest-757980841 tempest-VolumesAssistedSnapshotsTest-757980841-project-admin] Calling method 'show' {{(pid=100180) _process_stack /opt/stack/cinder/cinder/api/openstack/wsgi.py:878}}
Aug 21 17:05:59.131577 np0000007922 devstack@c-api.service[100181]: DEBUG cinder.api.middleware.request_id [None req-d1c054a4-7368-459d-ae14-41cfc7f1ccd2 None None] RequestId filter calling following filter/app {{(pid=100181) _context_setter /opt/stack/cinder/cinder/api/middleware/request_id.py:62}}
Aug 21 17:05:59.133121 np0000007922 devstack@c-api.service[100181]: INFO cinder.api.openstack.wsgi [None req-d1c054a4-7368-459d-ae14-41cfc7f1ccd2 None None] GET https://10.4.3.128/volume//
Aug 21 17:05:59.133121 np0000007922 devstack@c-api.service[100181]: DEBUG cinder.api.openstack.wsgi [None req-d1c054a4-7368-459d-ae14-41cfc7f1ccd2 None None] Empty body provided in request {{(pid=100181) get_body /opt/stack/cinder/cinder/api/openstack/wsgi.py:725}}
Aug 21 17:05:59.133121 np0000007922 devstack@c-api.service[100181]: DEBUG cinder.api.openstack.wsgi [None req-d1c054a4-7368-459d-ae14-41cfc7f1ccd2 None None] Calling method 'all' {{(pid=100181) _process_stack /opt/stack/cinder/cinder/api/openstack/wsgi.py:878}}
Aug 21 17:05:59.133319 np0000007922 devstack@c-api.service[100183]: DEBUG cinder.volume.api [None req-2157cf3c-fd7a-49a4-a05b-f70f6a0fa535 tempest-TaggedAttachmentsTest-81172601 tempest-TaggedAttachmentsTest-81172601-project-member] Task 'cinder.volume.flows.api.create_volume.EntryCreateTask;volume:create' (51e4a8c0-2a22-4d65-90f6-8618f86f10ca) transitioned into state 'SUCCESS' from state 'RUNNING' with result '{'volume_id': 'a0166381-dc7e-43d8-8f03-a397ecbf3643', 'volume_properties': VolumeProperties(attach_status='detached',availability_zone='nova',cgsnapshot_id=None,consistencygroup_id=None,display_description=None,display_name='tempest-TaggedAttachmentsTest-volume-1039516589',encryption_key_id=None,group_id=None,group_type_id=,metadata={},multiattach=False,project_id='db11205ba805470eac58b5b30b9fca70',qos_specs=None,replication_status=,reservations=['69653abb-6317-489c-bdbf-a3e4a202028d','b09ef493-ca67-4aba-afad-269aee1f3923','4dcfc321-ef8f-4724-ac35-9a7c41b97d24','d6f143bb-ac48-40c0-bd25-051947c270cd'],size=1,snapshot_id=None,source_replicaid=,source_volid=None,status='creating',user_id='229b6cf9c98448aeb12880ef0ee5f3e0',volume_type_id=cee4497e-686d-4d9f-adce-f7af14b0fbf4), 'volume': Volume(_name_id=None,admin_metadata=,attach_status='detached',availability_zone='nova',bootable=False,cluster=,cluster_name=None,consistencygroup=,consistencygroup_id=None,created_at=2026-08-21T17:05:59Z,deleted=False,deleted_at=None,display_description=None,display_name='tempest-TaggedAttachmentsTest-volume-1039516589',ec2_id=None,encryption_key_id=None,glance_metadata=,group=,group_id=None,host=None,id=a0166381-dc7e-43d8-8f03-a397ecbf3643,launched_at=None,metadata={},migration_status=None,multiattach=False,previous_status=None,project_id='db11205ba805470eac58b5b30b9fca70',provider_auth=None,provider_geometry=None,provider_id=None,provider_location=None,replication_driver_data=None,replication_extended_status=None,replication_status=None,scheduled_at=None,service_uuid=None,shared_targets=True,size=1,snapshot_id=None,snapshots=,source_volid=None,status='creating',terminated_at=None,updated_at=None,use_quota=True,user_id='229b6cf9c98448aeb12880ef0ee5f3e0',volume_attachment=VolumeAttachmentList,volume_type=VolumeType(cee4497e-686d-4d9f-adce-f7af14b0fbf4),volume_type_id=cee4497e-686d-4d9f-adce-f7af14b0fbf4)}' {{(pid=100183) _task_receiver /opt/stack/data/venv/lib/python3.12/site-packages/taskflow/listeners/logging.py:218}}
Aug 21 17:05:59.133458 np0000007922 devstack@c-api.service[100181]: INFO cinder.api.openstack.wsgi [None req-d1c054a4-7368-459d-ae14-41cfc7f1ccd2 None None] https://10.4.3.128/volume// returned with HTTP 300
Aug 21 17:05:59.133762 np0000007922 devstack@c-api.service[100181]: [pid: 100181|app: 0|req: 43/165] 10.4.3.128 () {66 vars in 1426 bytes} [Fri Aug 21 17:05:59 2026] GET /volume/ => generated 386 bytes in 3 msecs (HTTP/1.1 300) 7 headers in 299 bytes (1 switches on core 0)
Aug 21 17:05:59.134597 np0000007922 devstack@c-api.service[100183]: DEBUG cinder.volume.api [None req-2157cf3c-fd7a-49a4-a05b-f70f6a0fa535 tempest-TaggedAttachmentsTest-81172601 tempest-TaggedAttachmentsTest-81172601-project-member] Task 'cinder.volume.flows.api.create_volume.QuotaCommitTask;volume:create' (513b0e09-4b53-4826-a0c7-70a041517cae) transitioned into state 'RUNNING' from state 'PENDING' {{(pid=100183) _task_receiver /opt/stack/data/venv/lib/python3.12/site-packages/taskflow/listeners/logging.py:242}}
Aug 21 17:05:59.138101 np0000007922 devstack@c-api.service[100180]: /opt/stack/data/venv/lib/python3.12/site-packages/oslo_context/context.py:102: DeprecationWarning: Policy enforcement is depending on the value of is_admin. This key is deprecated. Please update your policy file to use the standard policy values.
Aug 21 17:05:59.138101 np0000007922 devstack@c-api.service[100180]: warnings.warn(
Aug 21 17:05:59.145249 np0000007922 devstack@c-api.service[100180]: INFO cinder.volume.api [None req-5119e77a-2868-4ba1-bd14-c87c61d336c2 tempest-VolumesAssistedSnapshotsTest-757980841 tempest-VolumesAssistedSnapshotsTest-757980841-project-admin] Volume info retrieved successfully.
Aug 21 17:05:59.148314 np0000007922 devstack@c-api.service[100182]: DEBUG cinder.api.middleware.request_id [req-9f3ef43e-25d6-469f-9964-d4792a975b5e req-18934d30-4063-43c6-8529-8a5a04b628ba None None] RequestId filter calling following filter/app {{(pid=100182) _context_setter /opt/stack/cinder/cinder/api/middleware/request_id.py:62}}
Aug 21 17:05:59.151521 np0000007922 devstack@c-api.service[100182]: INFO cinder.api.openstack.wsgi [req-9f3ef43e-25d6-469f-9964-d4792a975b5e req-18934d30-4063-43c6-8529-8a5a04b628ba tempest-VolumesAssistedSnapshotsTest-757980841 tempest-VolumesAssistedSnapshotsTest-757980841-project-admin] GET https://10.4.3.128/volume/v3/volumes/7c77f79f-3dbb-4886-8e57-3b7f3673ce42
