Aug 21 17:02:09.205265 np0000007922 nova-scheduler[96498]: DEBUG cotyledon.oslo_config_glue [-] workarounds.libvirt_disable_apic = False {{(pid=96498) log_opt_values /opt/stack/data/venv/lib/python3.12/site-packages/oslo_config/cfg.py:3560}}
Aug 21 17:02:09.205265 np0000007922 nova-scheduler[96498]: DEBUG cotyledon.oslo_config_glue [-] workarounds.never_download_image_if_on_rbd = False {{(pid=96498) log_opt_values /opt/stack/data/venv/lib/python3.12/site-packages/oslo_config/cfg.py:3560}}
Aug 21 17:02:09.205265 np0000007922 nova-scheduler[96498]: DEBUG cotyledon.oslo_config_glue [-] workarounds.qemu_monitor_announce_self_count = 3 {{(pid=96498) log_opt_values /opt/stack/data/venv/lib/python3.12/site-packages/oslo_config/cfg.py:3560}}
Aug 21 17:02:09.205265 np0000007922 nova-scheduler[96498]: DEBUG cotyledon.oslo_config_glue [-] workarounds.qemu_monitor_announce_self_interval = 1 {{(pid=96498) log_opt_values /opt/stack/data/venv/lib/python3.12/site-packages/oslo_config/cfg.py:3560}}
Aug 21 17:02:09.205265 np0000007922 nova-scheduler[96498]: DEBUG cotyledon.oslo_config_glue [-] workarounds.reserve_disk_resource_for_image_cache = False {{(pid=96498) log_opt_values /opt/stack/data/venv/lib/python3.12/site-packages/oslo_config/cfg.py:3560}}
Aug 21 17:02:09.205452 np0000007922 nova-scheduler[96498]: DEBUG cotyledon.oslo_config_glue [-] workarounds.skip_cpu_compare_at_startup = False {{(pid=96498) log_opt_values /opt/stack/data/venv/lib/python3.12/site-packages/oslo_config/cfg.py:3560}}
Aug 21 17:02:09.205452 np0000007922 nova-scheduler[96498]: DEBUG cotyledon.oslo_config_glue [-] workarounds.skip_cpu_compare_on_dest = False {{(pid=96498) log_opt_values /opt/stack/data/venv/lib/python3.12/site-packages/oslo_config/cfg.py:3560}}
Aug 21 17:02:09.205452 np0000007922 nova-scheduler[96498]: DEBUG cotyledon.oslo_config_glue [-] workarounds.skip_hypervisor_version_check_on_lm = False {{(pid=96498) log_opt_values /opt/stack/data/venv/lib/python3.12/site-packages/oslo_config/cfg.py:3560}}
Aug 21 17:02:09.205452 np0000007922 nova-scheduler[96498]: DEBUG cotyledon.oslo_config_glue [-] workarounds.skip_reserve_in_use_ironic_nodes = False {{(pid=96498) log_opt_values /opt/stack/data/venv/lib/python3.12/site-packages/oslo_config/cfg.py:3560}}
Aug 21 17:02:09.205452 np0000007922 nova-scheduler[96498]: DEBUG cotyledon.oslo_config_glue [-] workarounds.unified_limits_count_pcpu_as_vcpu = False {{(pid=96498) log_opt_values /opt/stack/data/venv/lib/python3.12/site-packages/oslo_config/cfg.py:3560}}
Aug 21 17:02:09.205452 np0000007922 nova-scheduler[96498]: DEBUG cotyledon.oslo_config_glue [-] workarounds.wait_for_vif_plugged_event_during_hard_reboot = [] {{(pid=96498) log_opt_values /opt/stack/data/venv/lib/python3.12/site-packages/oslo_config/cfg.py:3560}}
Aug 21 17:02:09.205452 np0000007922 nova-scheduler[96498]: DEBUG cotyledon.oslo_config_glue [-] wsgi.api_paste_config = /etc/nova/api-paste.ini {{(pid=96498) log_opt_values /opt/stack/data/venv/lib/python3.12/site-packages/oslo_config/cfg.py:3560}}
Aug 21 17:02:09.205452 np0000007922 nova-scheduler[96498]: DEBUG cotyledon.oslo_config_glue [-] wsgi.secure_proxy_ssl_header = None {{(pid=96498) log_opt_values /opt/stack/data/venv/lib/python3.12/site-packages/oslo_config/cfg.py:3560}}
Aug 21 17:02:09.205452 np0000007922 nova-scheduler[96498]: DEBUG cotyledon.oslo_config_glue [-] zvm.ca_file = None {{(pid=96498) log_opt_values /opt/stack/data/venv/lib/python3.12/site-packages/oslo_config/cfg.py:3560}}
Aug 21 17:02:09.205670 np0000007922 nova-scheduler[96498]: DEBUG cotyledon.oslo_config_glue [-] zvm.cloud_connector_url = None {{(pid=96498) log_opt_values /opt/stack/data/venv/lib/python3.12/site-packages/oslo_config/cfg.py:3560}}
Aug 21 17:02:09.205670 np0000007922 nova-scheduler[96498]: DEBUG cotyledon.oslo_config_glue [-] zvm.image_tmp_path = /opt/stack/data/nova/images {{(pid=96498) log_opt_values /opt/stack/data/venv/lib/python3.12/site-packages/oslo_config/cfg.py:3560}}
Aug 21 17:02:09.205670 np0000007922 nova-scheduler[96498]: DEBUG cotyledon.oslo_config_glue [-] zvm.reachable_timeout = 300 {{(pid=96498) log_opt_values /opt/stack/data/venv/lib/python3.12/site-packages/oslo_config/cfg.py:3560}}
Aug 21 17:02:09.205670 np0000007922 nova-scheduler[96498]: DEBUG cotyledon.oslo_config_glue [-] oslo_versionedobjects.fatal_exception_format_errors = False {{(pid=96498) log_opt_values /opt/stack/data/venv/lib/python3.12/site-packages/oslo_config/cfg.py:3560}}
Aug 21 17:02:09.205670 np0000007922 nova-scheduler[96498]: DEBUG cotyledon.oslo_config_glue [-] oslo_middleware.http_basic_auth_user_file = /etc/htpasswd {{(pid=96498) log_opt_values /opt/stack/data/venv/lib/python3.12/site-packages/oslo_config/cfg.py:3560}}
Aug 21 17:02:09.205670 np0000007922 nova-scheduler[96498]: DEBUG cotyledon.oslo_config_glue [-] oslo_messaging_metrics.metrics_buffer_size = 1000 {{(pid=96498) log_opt_values /opt/stack/data/venv/lib/python3.12/site-packages/oslo_config/cfg.py:3560}}
Aug 21 17:02:09.205670 np0000007922 nova-scheduler[96498]: DEBUG cotyledon.oslo_config_glue [-] oslo_messaging_metrics.metrics_enabled = False {{(pid=96498) log_opt_values /opt/stack/data/venv/lib/python3.12/site-packages/oslo_config/cfg.py:3560}}
Aug 21 17:02:09.205670 np0000007922 nova-scheduler[96498]: DEBUG cotyledon.oslo_config_glue [-] oslo_messaging_metrics.metrics_process_name = {{(pid=96498) log_opt_values /opt/stack/data/venv/lib/python3.12/site-packages/oslo_config/cfg.py:3560}}
Aug 21 17:02:09.205878 np0000007922 nova-scheduler[96498]: DEBUG cotyledon.oslo_config_glue [-] oslo_messaging_metrics.metrics_socket_file = /var/tmp/metrics_collector.sock {{(pid=96498) log_opt_values /opt/stack/data/venv/lib/python3.12/site-packages/oslo_config/cfg.py:3560}}
Aug 21 17:02:09.205878 np0000007922 nova-scheduler[96498]: DEBUG cotyledon.oslo_config_glue [-] oslo_messaging_metrics.metrics_thread_stop_timeout = 10 {{(pid=96498) log_opt_values /opt/stack/data/venv/lib/python3.12/site-packages/oslo_config/cfg.py:3560}}
Aug 21 17:02:09.205878 np0000007922 nova-scheduler[96498]: DEBUG cotyledon.oslo_config_glue [-] profiler.connection_string = messaging:// {{(pid=96498) log_opt_values /opt/stack/data/venv/lib/python3.12/site-packages/oslo_config/cfg.py:3560}}
Aug 21 17:02:09.205878 np0000007922 nova-scheduler[96498]: DEBUG cotyledon.oslo_config_glue [-] profiler.enabled = False {{(pid=96498) log_opt_values /opt/stack/data/venv/lib/python3.12/site-packages/oslo_config/cfg.py:3560}}
Aug 21 17:02:09.205878 np0000007922 nova-scheduler[96498]: DEBUG cotyledon.oslo_config_glue [-] profiler.es_doc_type = notification {{(pid=96498) log_opt_values /opt/stack/data/venv/lib/python3.12/site-packages/oslo_config/cfg.py:3560}}
Aug 21 17:02:09.205878 np0000007922 nova-scheduler[96498]: DEBUG cotyledon.oslo_config_glue [-] profiler.es_scroll_size = 10000 {{(pid=96498) log_opt_values /opt/stack/data/venv/lib/python3.12/site-packages/oslo_config/cfg.py:3560}}
Aug 21 17:02:09.205878 np0000007922 nova-scheduler[96498]: DEBUG cotyledon.oslo_config_glue [-] profiler.es_scroll_time = 2m {{(pid=96498) log_opt_values /opt/stack/data/venv/lib/python3.12/site-packages/oslo_config/cfg.py:3560}}
Aug 21 17:02:09.205878 np0000007922 nova-scheduler[96498]: DEBUG cotyledon.oslo_config_glue [-] profiler.filter_error_trace = False {{(pid=96498) log_opt_values /opt/stack/data/venv/lib/python3.12/site-packages/oslo_config/cfg.py:3560}}
Aug 21 17:02:09.205878 np0000007922 nova-scheduler[96498]: DEBUG cotyledon.oslo_config_glue [-] profiler.hmac_keys = **** {{(pid=96498) log_opt_values /opt/stack/data/venv/lib/python3.12/site-packages/oslo_config/cfg.py:3560}}
Aug 21 17:02:09.206044 np0000007922 nova-scheduler[96498]: DEBUG cotyledon.oslo_config_glue [-] profiler.sentinel_service_name = mymaster {{(pid=96498) log_opt_values /opt/stack/data/venv/lib/python3.12/site-packages/oslo_config/cfg.py:3560}}
Aug 21 17:02:09.206044 np0000007922 nova-scheduler[96498]: DEBUG cotyledon.oslo_config_glue [-] profiler.socket_timeout = 0.1 {{(pid=96498) log_opt_values /opt/stack/data/venv/lib/python3.12/site-packages/oslo_config/cfg.py:3560}}
Aug 21 17:02:09.206044 np0000007922 nova-scheduler[96498]: DEBUG cotyledon.oslo_config_glue [-] profiler.trace_requests = False {{(pid=96498) log_opt_values /opt/stack/data/venv/lib/python3.12/site-packages/oslo_config/cfg.py:3560}}
Aug 21 17:02:09.206044 np0000007922 nova-scheduler[96498]: DEBUG cotyledon.oslo_config_glue [-] profiler.trace_sqlalchemy = False {{(pid=96498) log_opt_values /opt/stack/data/venv/lib/python3.12/site-packages/oslo_config/cfg.py:3560}}
Aug 21 17:02:09.206044 np0000007922 nova-scheduler[96498]: DEBUG cotyledon.oslo_config_glue [-] profiler_jaeger.process_tags = {} {{(pid=96498) log_opt_values /opt/stack/data/venv/lib/python3.12/site-packages/oslo_config/cfg.py:3560}}
Aug 21 17:02:09.206044 np0000007922 nova-scheduler[96498]: DEBUG cotyledon.oslo_config_glue [-] profiler_jaeger.service_name_prefix = None {{(pid=96498) log_opt_values /opt/stack/data/venv/lib/python3.12/site-packages/oslo_config/cfg.py:3560}}
Aug 21 17:02:09.206044 np0000007922 nova-scheduler[96498]: DEBUG cotyledon.oslo_config_glue [-] profiler_otlp.service_name_prefix = None {{(pid=96498) log_opt_values /opt/stack/data/venv/lib/python3.12/site-packages/oslo_config/cfg.py:3560}}
Aug 21 17:02:09.206044 np0000007922 nova-scheduler[96498]: DEBUG cotyledon.oslo_config_glue [-] oslo_messaging_rabbit.amqp_auto_delete = False {{(pid=96498) log_opt_values /opt/stack/data/venv/lib/python3.12/site-packages/oslo_config/cfg.py:3560}}
Aug 21 17:02:09.206044 np0000007922 nova-scheduler[96498]: DEBUG cotyledon.oslo_config_glue [-] oslo_messaging_rabbit.amqp_durable_queues = False {{(pid=96498) log_opt_values /opt/stack/data/venv/lib/python3.12/site-packages/oslo_config/cfg.py:3560}}
Aug 21 17:02:09.206267 np0000007922 nova-scheduler[96498]: DEBUG cotyledon.oslo_config_glue [-] oslo_messaging_rabbit.conn_pool_min_size = 2 {{(pid=96498) log_opt_values /opt/stack/data/venv/lib/python3.12/site-packages/oslo_config/cfg.py:3560}}
Aug 21 17:02:09.206267 np0000007922 nova-scheduler[96498]: DEBUG cotyledon.oslo_config_glue [-] oslo_messaging_rabbit.conn_pool_ttl = 1200 {{(pid=96498) log_opt_values /opt/stack/data/venv/lib/python3.12/site-packages/oslo_config/cfg.py:3560}}
Aug 21 17:02:09.206267 np0000007922 nova-scheduler[96498]: DEBUG cotyledon.oslo_config_glue [-] oslo_messaging_rabbit.direct_mandatory_flag = True {{(pid=96498) log_opt_values /opt/stack/data/venv/lib/python3.12/site-packages/oslo_config/cfg.py:3560}}
Aug 21 17:02:09.206267 np0000007922 nova-scheduler[96498]: DEBUG cotyledon.oslo_config_glue [-] oslo_messaging_rabbit.enable_cancel_on_failover = False {{(pid=96498) log_opt_values /opt/stack/data/venv/lib/python3.12/site-packages/oslo_config/cfg.py:3560}}
Aug 21 17:02:09.206267 np0000007922 nova-scheduler[96498]: DEBUG cotyledon.oslo_config_glue [-] oslo_messaging_rabbit.heartbeat_rate = 3 {{(pid=96498) log_opt_values /opt/stack/data/venv/lib/python3.12/site-packages/oslo_config/cfg.py:3560}}
Aug 21 17:02:09.206267 np0000007922 nova-scheduler[96498]: DEBUG cotyledon.oslo_config_glue [-] oslo_messaging_rabbit.heartbeat_timeout_threshold = 60 {{(pid=96498) log_opt_values /opt/stack/data/venv/lib/python3.12/site-packages/oslo_config/cfg.py:3560}}
Aug 21 17:02:09.206267 np0000007922 nova-scheduler[96498]: DEBUG cotyledon.oslo_config_glue [-] oslo_messaging_rabbit.hostname = np0000007922 {{(pid=96498) log_opt_values /opt/stack/data/venv/lib/python3.12/site-packages/oslo_config/cfg.py:3560}}
Aug 21 17:02:09.206267 np0000007922 nova-scheduler[96498]: DEBUG cotyledon.oslo_config_glue [-] oslo_messaging_rabbit.kombu_compression = None {{(pid=96498) log_opt_values /opt/stack/data/venv/lib/python3.12/site-packages/oslo_config/cfg.py:3560}}
Aug 21 17:02:09.206267 np0000007922 nova-scheduler[96498]: DEBUG cotyledon.oslo_config_glue [-] oslo_messaging_rabbit.kombu_failover_strategy = round-robin {{(pid=96498) log_opt_values /opt/stack/data/venv/lib/python3.12/site-packages/oslo_config/cfg.py:3560}}
Aug 21 17:02:09.206447 np0000007922 nova-scheduler[96498]: DEBUG cotyledon.oslo_config_glue [-] oslo_messaging_rabbit.kombu_missing_consumer_retry_timeout = 60 {{(pid=96498) log_opt_values /opt/stack/data/venv/lib/python3.12/site-packages/oslo_config/cfg.py:3560}}
Aug 21 17:02:09.206447 np0000007922 nova-scheduler[96498]: DEBUG cotyledon.oslo_config_glue [-] oslo_messaging_rabbit.kombu_reconnect_delay = 1.0 {{(pid=96498) log_opt_values /opt/stack/data/venv/lib/python3.12/site-packages/oslo_config/cfg.py:3560}}
Aug 21 17:02:09.206447 np0000007922 nova-scheduler[96498]: DEBUG cotyledon.oslo_config_glue [-] oslo_messaging_rabbit.kombu_reconnect_splay = 0.0 {{(pid=96498) log_opt_values /opt/stack/data/venv/lib/python3.12/site-packages/oslo_config/cfg.py:3560}}
Aug 21 17:02:09.206447 np0000007922 nova-scheduler[96498]: DEBUG cotyledon.oslo_config_glue [-] oslo_messaging_rabbit.processname = nova-scheduler {{(pid=96498) log_opt_values /opt/stack/data/venv/lib/python3.12/site-packages/oslo_config/cfg.py:3560}}
Aug 21 17:02:09.206447 np0000007922 nova-scheduler[96498]: DEBUG cotyledon.oslo_config_glue [-] oslo_messaging_rabbit.rabbit_ha_queues = False {{(pid=96498) log_opt_values /opt/stack/data/venv/lib/python3.12/site-packages/oslo_config/cfg.py:3560}}
Aug 21 17:02:09.206447 np0000007922 nova-scheduler[96498]: DEBUG cotyledon.oslo_config_glue [-] oslo_messaging_rabbit.rabbit_interval_max = 30 {{(pid=96498) log_opt_values /opt/stack/data/venv/lib/python3.12/site-packages/oslo_config/cfg.py:3560}}
Aug 21 17:02:09.206447 np0000007922 nova-scheduler[96498]: DEBUG cotyledon.oslo_config_glue [-] oslo_messaging_rabbit.rabbit_login_method = AMQPLAIN {{(pid=96498) log_opt_values /opt/stack/data/venv/lib/python3.12/site-packages/oslo_config/cfg.py:3560}}
Aug 21 17:02:09.206447 np0000007922 nova-scheduler[96498]: DEBUG cotyledon.oslo_config_glue [-] oslo_messaging_rabbit.rabbit_qos_prefetch_count = 0 {{(pid=96498) log_opt_values /opt/stack/data/venv/lib/python3.12/site-packages/oslo_config/cfg.py:3560}}
Aug 21 17:02:09.206447 np0000007922 nova-scheduler[96498]: DEBUG cotyledon.oslo_config_glue [-] oslo_messaging_rabbit.rabbit_quorum_delivery_limit = 0 {{(pid=96498) log_opt_values /opt/stack/data/venv/lib/python3.12/site-packages/oslo_config/cfg.py:3560}}
Aug 21 17:02:09.206677 np0000007922 nova-scheduler[96498]: DEBUG cotyledon.oslo_config_glue [-] oslo_messaging_rabbit.rabbit_quorum_max_memory_bytes = 0 {{(pid=96498) log_opt_values /opt/stack/data/venv/lib/python3.12/site-packages/oslo_config/cfg.py:3560}}
Aug 21 17:02:09.206677 np0000007922 nova-scheduler[96498]: DEBUG cotyledon.oslo_config_glue [-] oslo_messaging_rabbit.rabbit_quorum_max_memory_length = 0 {{(pid=96498) log_opt_values /opt/stack/data/venv/lib/python3.12/site-packages/oslo_config/cfg.py:3560}}
Aug 21 17:02:09.206677 np0000007922 nova-scheduler[96498]: DEBUG cotyledon.oslo_config_glue [-] oslo_messaging_rabbit.rabbit_quorum_queue = False {{(pid=96498) log_opt_values /opt/stack/data/venv/lib/python3.12/site-packages/oslo_config/cfg.py:3560}}
Aug 21 17:02:09.206677 np0000007922 nova-scheduler[96498]: DEBUG cotyledon.oslo_config_glue [-] oslo_messaging_rabbit.rabbit_retry_backoff = 2 {{(pid=96498) log_opt_values /opt/stack/data/venv/lib/python3.12/site-packages/oslo_config/cfg.py:3560}}
Aug 21 17:02:09.206677 np0000007922 nova-scheduler[96498]: DEBUG cotyledon.oslo_config_glue [-] oslo_messaging_rabbit.rabbit_retry_interval = 1 {{(pid=96498) log_opt_values /opt/stack/data/venv/lib/python3.12/site-packages/oslo_config/cfg.py:3560}}
Aug 21 17:02:09.206677 np0000007922 nova-scheduler[96498]: DEBUG cotyledon.oslo_config_glue [-] oslo_messaging_rabbit.rabbit_stream_fanout = False {{(pid=96498) log_opt_values /opt/stack/data/venv/lib/python3.12/site-packages/oslo_config/cfg.py:3560}}
Aug 21 17:02:09.206677 np0000007922 nova-scheduler[96498]: DEBUG cotyledon.oslo_config_glue [-] oslo_messaging_rabbit.rabbit_transient_queues_ttl = 1800 {{(pid=96498) log_opt_values /opt/stack/data/venv/lib/python3.12/site-packages/oslo_config/cfg.py:3560}}
Aug 21 17:02:09.206677 np0000007922 nova-scheduler[96498]: DEBUG cotyledon.oslo_config_glue [-] oslo_messaging_rabbit.rabbit_transient_quorum_queue = False {{(pid=96498) log_opt_values /opt/stack/data/venv/lib/python3.12/site-packages/oslo_config/cfg.py:3560}}
Aug 21 17:02:09.206823 np0000007922 nova-scheduler[96498]: DEBUG cotyledon.oslo_config_glue [-] oslo_messaging_rabbit.rpc_conn_pool_size = 30 {{(pid=96498) log_opt_values /opt/stack/data/venv/lib/python3.12/site-packages/oslo_config/cfg.py:3560}}
Aug 21 17:02:09.206823 np0000007922 nova-scheduler[96498]: DEBUG cotyledon.oslo_config_glue [-] oslo_messaging_rabbit.ssl = False {{(pid=96498) log_opt_values /opt/stack/data/venv/lib/python3.12/site-packages/oslo_config/cfg.py:3560}}
Aug 21 17:02:09.206823 np0000007922 nova-scheduler[96498]: DEBUG cotyledon.oslo_config_glue [-] oslo_messaging_rabbit.ssl_ca_file = {{(pid=96498) log_opt_values /opt/stack/data/venv/lib/python3.12/site-packages/oslo_config/cfg.py:3560}}
Aug 21 17:02:09.206823 np0000007922 nova-scheduler[96498]: DEBUG cotyledon.oslo_config_glue [-] oslo_messaging_rabbit.ssl_cert_file = {{(pid=96498) log_opt_values /opt/stack/data/venv/lib/python3.12/site-packages/oslo_config/cfg.py:3560}}
Aug 21 17:02:09.206823 np0000007922 nova-scheduler[96498]: DEBUG cotyledon.oslo_config_glue [-] oslo_messaging_rabbit.ssl_enforce_fips_mode = False {{(pid=96498) log_opt_values /opt/stack/data/venv/lib/python3.12/site-packages/oslo_config/cfg.py:3560}}
Aug 21 17:02:09.206823 np0000007922 nova-scheduler[96498]: DEBUG cotyledon.oslo_config_glue [-] oslo_messaging_rabbit.ssl_enforce_hostname_verification = True {{(pid=96498) log_opt_values /opt/stack/data/venv/lib/python3.12/site-packages/oslo_config/cfg.py:3560}}
Aug 21 17:02:09.206823 np0000007922 nova-scheduler[96498]: DEBUG cotyledon.oslo_config_glue [-] oslo_messaging_rabbit.ssl_key_file = {{(pid=96498) log_opt_values /opt/stack/data/venv/lib/python3.12/site-packages/oslo_config/cfg.py:3560}}
Aug 21 17:02:09.206823 np0000007922 nova-scheduler[96498]: DEBUG cotyledon.oslo_config_glue [-] oslo_messaging_rabbit.ssl_version = {{(pid=96498) log_opt_values /opt/stack/data/venv/lib/python3.12/site-packages/oslo_config/cfg.py:3560}}
Aug 21 17:02:09.206823 np0000007922 nova-scheduler[96498]: DEBUG cotyledon.oslo_config_glue [-] oslo_messaging_rabbit.use_queue_manager = False {{(pid=96498) log_opt_values /opt/stack/data/venv/lib/python3.12/site-packages/oslo_config/cfg.py:3560}}
Aug 21 17:02:09.206990 np0000007922 nova-scheduler[96498]: DEBUG cotyledon.oslo_config_glue [-] oslo_messaging_notifications.driver = ['messagingv2'] {{(pid=96498) log_opt_values /opt/stack/data/venv/lib/python3.12/site-packages/oslo_config/cfg.py:3560}}
Aug 21 17:02:09.206990 np0000007922 nova-scheduler[96498]: DEBUG cotyledon.oslo_config_glue [-] oslo_messaging_notifications.retry = -1 {{(pid=96498) log_opt_values /opt/stack/data/venv/lib/python3.12/site-packages/oslo_config/cfg.py:3560}}
Aug 21 17:02:09.206990 np0000007922 nova-scheduler[96498]: DEBUG cotyledon.oslo_config_glue [-] oslo_messaging_notifications.topics = ['notifications'] {{(pid=96498) log_opt_values /opt/stack/data/venv/lib/python3.12/site-packages/oslo_config/cfg.py:3560}}
Aug 21 17:02:09.206990 np0000007922 nova-scheduler[96498]: DEBUG cotyledon.oslo_config_glue [-] oslo_messaging_notifications.transport_url = **** {{(pid=96498) log_opt_values /opt/stack/data/venv/lib/python3.12/site-packages/oslo_config/cfg.py:3560}}
Aug 21 17:02:09.206990 np0000007922 nova-scheduler[96498]: DEBUG cotyledon.oslo_config_glue [-] oslo_limit.auth_section = None {{(pid=96498) log_opt_values /opt/stack/data/venv/lib/python3.12/site-packages/oslo_config/cfg.py:3560}}
Aug 21 17:02:09.206990 np0000007922 nova-scheduler[96498]: DEBUG cotyledon.oslo_config_glue [-] oslo_limit.auth_type = None {{(pid=96498) log_opt_values /opt/stack/data/venv/lib/python3.12/site-packages/oslo_config/cfg.py:3560}}
Aug 21 17:02:09.206990 np0000007922 nova-scheduler[96498]: DEBUG cotyledon.oslo_config_glue [-] oslo_limit.cafile = None {{(pid=96498) log_opt_values /opt/stack/data/venv/lib/python3.12/site-packages/oslo_config/cfg.py:3560}}
Aug 21 17:02:09.206990 np0000007922 nova-scheduler[96498]: DEBUG cotyledon.oslo_config_glue [-] oslo_limit.certfile = None {{(pid=96498) log_opt_values /opt/stack/data/venv/lib/python3.12/site-packages/oslo_config/cfg.py:3560}}
Aug 21 17:02:09.206990 np0000007922 nova-scheduler[96498]: DEBUG cotyledon.oslo_config_glue [-] oslo_limit.collect_timing = False {{(pid=96498) log_opt_values /opt/stack/data/venv/lib/python3.12/site-packages/oslo_config/cfg.py:3560}}
Aug 21 17:02:09.207296 np0000007922 nova-scheduler[96498]: DEBUG cotyledon.oslo_config_glue [-] oslo_limit.connect_retries = None {{(pid=96498) log_opt_values /opt/stack/data/venv/lib/python3.12/site-packages/oslo_config/cfg.py:3560}}
Aug 21 17:02:09.207296 np0000007922 nova-scheduler[96498]: DEBUG cotyledon.oslo_config_glue [-] oslo_limit.connect_retry_delay = None {{(pid=96498) log_opt_values /opt/stack/data/venv/lib/python3.12/site-packages/oslo_config/cfg.py:3560}}
Aug 21 17:02:09.207296 np0000007922 nova-scheduler[96498]: DEBUG cotyledon.oslo_config_glue [-] oslo_limit.endpoint_id = None {{(pid=96498) log_opt_values /opt/stack/data/venv/lib/python3.12/site-packages/oslo_config/cfg.py:3560}}
Aug 21 17:02:09.207363 np0000007922 nova-scheduler[96496]: INFO dbcounter [None req-46a1b5c6-241b-400d-ae5b-c4997f02dd8b None None] Registered counter for database nova_cell0
Aug 21 17:02:09.207386 np0000007922 nova-scheduler[96498]: DEBUG cotyledon.oslo_config_glue [-] oslo_limit.endpoint_interface = public {{(pid=96498) log_opt_values /opt/stack/data/venv/lib/python3.12/site-packages/oslo_config/cfg.py:3560}}
Aug 21 17:02:09.207386 np0000007922 nova-scheduler[96498]: DEBUG cotyledon.oslo_config_glue [-] oslo_limit.endpoint_override = None {{(pid=96498) log_opt_values /opt/stack/data/venv/lib/python3.12/site-packages/oslo_config/cfg.py:3560}}
Aug 21 17:02:09.207386 np0000007922 nova-scheduler[96498]: DEBUG cotyledon.oslo_config_glue [-] oslo_limit.endpoint_region_name = None {{(pid=96498) log_opt_values /opt/stack/data/venv/lib/python3.12/site-packages/oslo_config/cfg.py:3560}}
Aug 21 17:02:09.207386 np0000007922 nova-scheduler[96498]: DEBUG cotyledon.oslo_config_glue [-] oslo_limit.endpoint_service_name = None {{(pid=96498) log_opt_values /opt/stack/data/venv/lib/python3.12/site-packages/oslo_config/cfg.py:3560}}
Aug 21 17:02:09.207386 np0000007922 nova-scheduler[96498]: DEBUG cotyledon.oslo_config_glue [-] oslo_limit.endpoint_service_type = None {{(pid=96498) log_opt_values /opt/stack/data/venv/lib/python3.12/site-packages/oslo_config/cfg.py:3560}}
Aug 21 17:02:09.207386 np0000007922 nova-scheduler[96498]: DEBUG cotyledon.oslo_config_glue [-] oslo_limit.insecure = False {{(pid=96498) log_opt_values /opt/stack/data/venv/lib/python3.12/site-packages/oslo_config/cfg.py:3560}}
Aug 21 17:02:09.207386 np0000007922 nova-scheduler[96498]: DEBUG cotyledon.oslo_config_glue [-] oslo_limit.keyfile = None {{(pid=96498) log_opt_values /opt/stack/data/venv/lib/python3.12/site-packages/oslo_config/cfg.py:3560}}
Aug 21 17:02:09.207386 np0000007922 nova-scheduler[96498]: DEBUG cotyledon.oslo_config_glue [-] oslo_limit.max_version = None {{(pid=96498) log_opt_values /opt/stack/data/venv/lib/python3.12/site-packages/oslo_config/cfg.py:3560}}
Aug 21 17:02:09.207386 np0000007922 nova-scheduler[96498]: DEBUG cotyledon.oslo_config_glue [-] oslo_limit.min_version = None {{(pid=96498) log_opt_values /opt/stack/data/venv/lib/python3.12/site-packages/oslo_config/cfg.py:3560}}
Aug 21 17:02:09.207587 np0000007922 nova-scheduler[96498]: DEBUG cotyledon.oslo_config_glue [-] oslo_limit.region_name = None {{(pid=96498) log_opt_values /opt/stack/data/venv/lib/python3.12/site-packages/oslo_config/cfg.py:3560}}
Aug 21 17:02:09.207587 np0000007922 nova-scheduler[96498]: DEBUG cotyledon.oslo_config_glue [-] oslo_limit.retriable_status_codes = None {{(pid=96498) log_opt_values /opt/stack/data/venv/lib/python3.12/site-packages/oslo_config/cfg.py:3560}}
Aug 21 17:02:09.207587 np0000007922 nova-scheduler[96498]: DEBUG cotyledon.oslo_config_glue [-] oslo_limit.service_name = None {{(pid=96498) log_opt_values /opt/stack/data/venv/lib/python3.12/site-packages/oslo_config/cfg.py:3560}}
Aug 21 17:02:09.207587 np0000007922 nova-scheduler[96498]: DEBUG cotyledon.oslo_config_glue [-] oslo_limit.service_type = None {{(pid=96498) log_opt_values /opt/stack/data/venv/lib/python3.12/site-packages/oslo_config/cfg.py:3560}}
Aug 21 17:02:09.207587 np0000007922 nova-scheduler[96498]: DEBUG cotyledon.oslo_config_glue [-] oslo_limit.split_loggers = False {{(pid=96498) log_opt_values /opt/stack/data/venv/lib/python3.12/site-packages/oslo_config/cfg.py:3560}}
Aug 21 17:02:09.207587 np0000007922 nova-scheduler[96498]: DEBUG cotyledon.oslo_config_glue [-] oslo_limit.status_code_retries = None {{(pid=96498) log_opt_values /opt/stack/data/venv/lib/python3.12/site-packages/oslo_config/cfg.py:3560}}
Aug 21 17:02:09.207587 np0000007922 nova-scheduler[96498]: DEBUG cotyledon.oslo_config_glue [-] oslo_limit.status_code_retry_delay = None {{(pid=96498) log_opt_values /opt/stack/data/venv/lib/python3.12/site-packages/oslo_config/cfg.py:3560}}
Aug 21 17:02:09.207587 np0000007922 nova-scheduler[96498]: DEBUG cotyledon.oslo_config_glue [-] oslo_limit.timeout = None {{(pid=96498) log_opt_values /opt/stack/data/venv/lib/python3.12/site-packages/oslo_config/cfg.py:3560}}
Aug 21 17:02:09.207587 np0000007922 nova-scheduler[96498]: DEBUG cotyledon.oslo_config_glue [-] oslo_limit.valid_interfaces = None {{(pid=96498) log_opt_values /opt/stack/data/venv/lib/python3.12/site-packages/oslo_config/cfg.py:3560}}
Aug 21 17:02:09.207797 np0000007922 nova-scheduler[96498]: DEBUG cotyledon.oslo_config_glue [-] oslo_limit.version = None {{(pid=96498) log_opt_values /opt/stack/data/venv/lib/python3.12/site-packages/oslo_config/cfg.py:3560}}
Aug 21 17:02:09.207797 np0000007922 nova-scheduler[96498]: DEBUG cotyledon.oslo_config_glue [-] oslo_reports.file_event_handler = None {{(pid=96498) log_opt_values /opt/stack/data/venv/lib/python3.12/site-packages/oslo_config/cfg.py:3560}}
Aug 21 17:02:09.207797 np0000007922 nova-scheduler[96498]: DEBUG cotyledon.oslo_config_glue [-] oslo_reports.file_event_handler_interval = 1 {{(pid=96498) log_opt_values /opt/stack/data/venv/lib/python3.12/site-packages/oslo_config/cfg.py:3560}}
Aug 21 17:02:09.207797 np0000007922 nova-scheduler[96498]: DEBUG cotyledon.oslo_config_glue [-] oslo_reports.log_dir = None {{(pid=96498) log_opt_values /opt/stack/data/venv/lib/python3.12/site-packages/oslo_config/cfg.py:3560}}
Aug 21 17:02:09.207797 np0000007922 nova-scheduler[96498]: DEBUG cotyledon.oslo_config_glue [-] ******************************************************************************** {{(pid=96498) log_opt_values /opt/stack/data/venv/lib/python3.12/site-packages/oslo_config/cfg.py:3567}}
Aug 21 17:02:09.207797 np0000007922 nova-scheduler[96498]: DEBUG cotyledon._service_worker [-] Run service ServiceWrapper(3) [96498] {{(pid=96498) wait_forever /opt/stack/data/venv/lib/python3.12/site-packages/cotyledon/_service_worker.py:218}}
Aug 21 17:02:09.207797 np0000007922 nova-scheduler[96498]: INFO nova.service [-] Starting scheduler node (version 33.1.0)
Aug 21 17:02:09.207797 np0000007922 nova-scheduler[96498]: INFO dbcounter [None req-deec722f-c404-4034-8251-e7516cabe5af None None] Registered counter for database nova_cell0
Aug 21 17:02:09.207955 np0000007922 nova-scheduler[96492]: DEBUG oslo_db.sqlalchemy.engines [None req-34a13ece-78e9-465c-a698-e66539591b3c None None] MySQL server mode set to STRICT_TRANS_TABLES,STRICT_ALL_TABLES,NO_ZERO_IN_DATE,NO_ZERO_DATE,ERROR_FOR_DIVISION_BY_ZERO,TRADITIONAL,NO_ENGINE_SUBSTITUTION {{(pid=96492) _check_effective_sql_mode /opt/stack/data/venv/lib/python3.12/site-packages/oslo_db/sqlalchemy/engines.py:325}}
Aug 21 17:02:09.207955 np0000007922 nova-scheduler[96492]: DEBUG dbcounter [-] [96492] Writer thread running {{(pid=96492) stat_writer /opt/stack/data/venv/lib/python3.12/site-packages/dbcounter.py:102}}
Aug 21 17:02:09.208012 np0000007922 nova-scheduler[96494]: DEBUG oslo_db.sqlalchemy.engines [None req-4be1c293-2325-401e-abec-304f08cf3fba None None] MySQL server mode set to STRICT_TRANS_TABLES,STRICT_ALL_TABLES,NO_ZERO_IN_DATE,NO_ZERO_DATE,ERROR_FOR_DIVISION_BY_ZERO,TRADITIONAL,NO_ENGINE_SUBSTITUTION {{(pid=96494) _check_effective_sql_mode /opt/stack/data/venv/lib/python3.12/site-packages/oslo_db/sqlalchemy/engines.py:325}}
Aug 21 17:02:09.215365 np0000007922 nova-scheduler[96494]: DEBUG dbcounter [-] [96494] Writer thread running {{(pid=96494) stat_writer /opt/stack/data/venv/lib/python3.12/site-packages/dbcounter.py:102}}
Aug 21 17:02:09.216137 np0000007922 nova-scheduler[96496]: DEBUG oslo_db.sqlalchemy.engines [None req-46a1b5c6-241b-400d-ae5b-c4997f02dd8b None None] MySQL server mode set to STRICT_TRANS_TABLES,STRICT_ALL_TABLES,NO_ZERO_IN_DATE,NO_ZERO_DATE,ERROR_FOR_DIVISION_BY_ZERO,TRADITIONAL,NO_ENGINE_SUBSTITUTION {{(pid=96496) _check_effective_sql_mode /opt/stack/data/venv/lib/python3.12/site-packages/oslo_db/sqlalchemy/engines.py:325}}
Aug 21 17:02:09.218628 np0000007922 nova-scheduler[96492]: DEBUG nova.service [None req-34a13ece-78e9-465c-a698-e66539591b3c None None] Creating RPC server for service: nova-scheduler on topic: scheduler {{(pid=96492) start /opt/stack/nova/nova/service.py:262}}
Aug 21 17:02:09.220211 np0000007922 nova-scheduler[96494]: DEBUG nova.service [None req-4be1c293-2325-401e-abec-304f08cf3fba None None] Creating RPC server for service: nova-scheduler on topic: scheduler {{(pid=96494) start /opt/stack/nova/nova/service.py:262}}
Aug 21 17:02:09.232000 np0000007922 nova-scheduler[96496]: DEBUG dbcounter [-] [96496] Writer thread running {{(pid=96496) stat_writer /opt/stack/data/venv/lib/python3.12/site-packages/dbcounter.py:102}}
Aug 21 17:02:09.232193 np0000007922 nova-scheduler[96498]: DEBUG oslo_db.sqlalchemy.engines [None req-deec722f-c404-4034-8251-e7516cabe5af None None] MySQL server mode set to STRICT_TRANS_TABLES,STRICT_ALL_TABLES,NO_ZERO_IN_DATE,NO_ZERO_DATE,ERROR_FOR_DIVISION_BY_ZERO,TRADITIONAL,NO_ENGINE_SUBSTITUTION {{(pid=96498) _check_effective_sql_mode /opt/stack/data/venv/lib/python3.12/site-packages/oslo_db/sqlalchemy/engines.py:325}}
Aug 21 17:02:09.236788 np0000007922 nova-scheduler[96496]: DEBUG nova.service [None req-46a1b5c6-241b-400d-ae5b-c4997f02dd8b None None] Creating RPC server for service: nova-scheduler on topic: scheduler {{(pid=96496) start /opt/stack/nova/nova/service.py:262}}
Aug 21 17:02:09.245173 np0000007922 nova-scheduler[96498]: DEBUG dbcounter [-] [96498] Writer thread running {{(pid=96498) stat_writer /opt/stack/data/venv/lib/python3.12/site-packages/dbcounter.py:102}}
Aug 21 17:02:09.249846 np0000007922 nova-scheduler[96498]: DEBUG nova.service [None req-deec722f-c404-4034-8251-e7516cabe5af None None] Creating RPC server for service: nova-scheduler on topic: scheduler {{(pid=96498) start /opt/stack/nova/nova/service.py:262}}
Aug 21 17:02:09.250295 np0000007922 nova-scheduler[96494]: DEBUG nova.service [None req-4be1c293-2325-401e-abec-304f08cf3fba None None] Join ServiceGroup membership for this service scheduler {{(pid=96494) start /opt/stack/nova/nova/service.py:288}}
Aug 21 17:02:09.250563 np0000007922 nova-scheduler[96494]: DEBUG nova.servicegroup.drivers.db [None req-4be1c293-2325-401e-abec-304f08cf3fba None None] DB_Driver: join new ServiceGroup member np0000007922 to the scheduler group, service = {{(pid=96494) join /opt/stack/nova/nova/servicegroup/drivers/db.py:44}}
Aug 21 17:02:09.258679 np0000007922 nova-scheduler[96492]: DEBUG nova.service [None req-34a13ece-78e9-465c-a698-e66539591b3c None None] Join ServiceGroup membership for this service scheduler {{(pid=96492) start /opt/stack/nova/nova/service.py:288}}
Aug 21 17:02:09.258983 np0000007922 nova-scheduler[96492]: DEBUG nova.servicegroup.drivers.db [None req-34a13ece-78e9-465c-a698-e66539591b3c None None] DB_Driver: join new ServiceGroup member np0000007922 to the scheduler group, service = {{(pid=96492) join /opt/stack/nova/nova/servicegroup/drivers/db.py:44}}
Aug 21 17:02:09.259918 np0000007922 nova-scheduler[96496]: DEBUG nova.service [None req-46a1b5c6-241b-400d-ae5b-c4997f02dd8b None None] Join ServiceGroup membership for this service scheduler {{(pid=96496) start /opt/stack/nova/nova/service.py:288}}
Aug 21 17:02:09.260072 np0000007922 nova-scheduler[96496]: DEBUG nova.servicegroup.drivers.db [None req-46a1b5c6-241b-400d-ae5b-c4997f02dd8b None None] DB_Driver: join new ServiceGroup member np0000007922 to the scheduler group, service = {{(pid=96496) join /opt/stack/nova/nova/servicegroup/drivers/db.py:44}}
Aug 21 17:02:09.272730 np0000007922 nova-scheduler[96498]: DEBUG nova.service [None req-deec722f-c404-4034-8251-e7516cabe5af None None] Join ServiceGroup membership for this service scheduler {{(pid=96498) start /opt/stack/nova/nova/service.py:288}}
Aug 21 17:02:09.273015 np0000007922 nova-scheduler[96498]: DEBUG nova.servicegroup.drivers.db [None req-deec722f-c404-4034-8251-e7516cabe5af None None] DB_Driver: join new ServiceGroup member np0000007922 to the scheduler group, service = {{(pid=96498) join /opt/stack/nova/nova/servicegroup/drivers/db.py:44}}
Aug 21 17:02:14.269994 np0000007922 nova-scheduler[96494]: DEBUG oslo.service.backend._threading.loopingcall [-] Fixed interval looping call 'nova.servicegroup.drivers.db.DbDriver._report_state' sleeping for 119.98 seconds {{(pid=96494) _run_loop /opt/stack/data/venv/lib/python3.12/site-packages/oslo_service/backend/_threading/loopingcall.py:125}}
Aug 21 17:02:14.270828 np0000007922 nova-scheduler[96492]: DEBUG oslo.service.backend._threading.loopingcall [-] Fixed interval looping call 'nova.servicegroup.drivers.db.DbDriver._report_state' sleeping for 119.99 seconds {{(pid=96492) _run_loop /opt/stack/data/venv/lib/python3.12/site-packages/oslo_service/backend/_threading/loopingcall.py:125}}
Aug 21 17:02:14.272067 np0000007922 nova-scheduler[96496]: DEBUG oslo.service.backend._threading.loopingcall [-] Fixed interval looping call 'nova.servicegroup.drivers.db.DbDriver._report_state' sleeping for 119.99 seconds {{(pid=96496) _run_loop /opt/stack/data/venv/lib/python3.12/site-packages/oslo_service/backend/_threading/loopingcall.py:125}}
Aug 21 17:02:14.285106 np0000007922 nova-scheduler[96498]: DEBUG oslo.service.backend._threading.loopingcall [-] Fixed interval looping call 'nova.servicegroup.drivers.db.DbDriver._report_state' sleeping for 119.99 seconds {{(pid=96498) _run_loop /opt/stack/data/venv/lib/python3.12/site-packages/oslo_service/backend/_threading/loopingcall.py:125}}
Aug 21 17:02:16.254428 np0000007922 nova-scheduler[96494]: DEBUG oslo.service.backend._threading.loopingcall [None req-763303d1-be11-4bc1-ad48-9cc52e316126 None None] Dynamic interval looping call 'nova.service.Service.periodic_tasks' sleeping for 60.00 seconds {{(pid=96494) _run_loop /opt/stack/data/venv/lib/python3.12/site-packages/oslo_service/backend/_threading/loopingcall.py:125}}
Aug 21 17:02:16.275741 np0000007922 nova-scheduler[96498]: DEBUG oslo.service.backend._threading.loopingcall [None req-16a3ce4d-0a34-4de3-93ea-312019a1922c None None] Dynamic interval looping call 'nova.service.Service.periodic_tasks' sleeping for 60.00 seconds {{(pid=96498) _run_loop /opt/stack/data/venv/lib/python3.12/site-packages/oslo_service/backend/_threading/loopingcall.py:125}}
Aug 21 17:02:17.722595 np0000007922 nova-scheduler[95300]: DEBUG dbcounter [-] [95300] Writing DB stats nova_api:SELECT=3 {{(pid=95300) stat_writer /opt/stack/data/venv/lib/python3.12/site-packages/dbcounter.py:115}}
Aug 21 17:02:17.911929 np0000007922 nova-scheduler[95300]: DEBUG dbcounter [-] [95300] Writing DB stats nova_cell0:SELECT=1 {{(pid=95300) stat_writer /opt/stack/data/venv/lib/python3.12/site-packages/dbcounter.py:115}}
Aug 21 17:02:17.912706 np0000007922 nova-scheduler[95300]: DEBUG dbcounter [-] [95300] Writing DB stats nova_cell1:SELECT=1 {{(pid=95300) stat_writer /opt/stack/data/venv/lib/python3.12/site-packages/dbcounter.py:115}}
Aug 21 17:02:24.265260 np0000007922 nova-scheduler[96494]: DEBUG dbcounter [-] [96494] Writing DB stats nova_cell0:SELECT=3,nova_cell0:UPDATE=1 {{(pid=96494) stat_writer /opt/stack/data/venv/lib/python3.12/site-packages/dbcounter.py:115}}
Aug 21 17:02:24.268464 np0000007922 nova-scheduler[96492]: DEBUG dbcounter [-] [96492] Writing DB stats nova_cell0:SELECT=4,nova_cell0:INSERT=1 {{(pid=96492) stat_writer /opt/stack/data/venv/lib/python3.12/site-packages/dbcounter.py:115}}
Aug 21 17:02:24.268760 np0000007922 nova-scheduler[96496]: DEBUG dbcounter [-] [96496] Writing DB stats nova_cell0:SELECT=3 {{(pid=96496) stat_writer /opt/stack/data/venv/lib/python3.12/site-packages/dbcounter.py:115}}
Aug 21 17:02:24.284911 np0000007922 nova-scheduler[96498]: DEBUG dbcounter [-] [96498] Writing DB stats nova_cell0:SELECT=3 {{(pid=96498) stat_writer /opt/stack/data/venv/lib/python3.12/site-packages/dbcounter.py:115}}
Aug 21 17:02:50.261569 np0000007922 nova-scheduler[96492]: DEBUG oslo.service.backend._threading.loopingcall [None req-86d4cbbe-b0ba-4f63-b3a0-c6060fe2a13c None None] Dynamic interval looping call 'nova.service.Service.periodic_tasks' sleeping for 60.00 seconds {{(pid=96492) _run_loop /opt/stack/data/venv/lib/python3.12/site-packages/oslo_service/backend/_threading/loopingcall.py:125}}
Aug 21 17:03:09.262252 np0000007922 nova-scheduler[96496]: DEBUG oslo.service.backend._threading.loopingcall [None req-f985971f-4a0a-4596-b1d8-23deb40d138f None None] Dynamic interval looping call 'nova.service.Service.periodic_tasks' sleeping for 60.00 seconds {{(pid=96496) _run_loop /opt/stack/data/venv/lib/python3.12/site-packages/oslo_service/backend/_threading/loopingcall.py:125}}
Aug 21 17:03:16.254824 np0000007922 nova-scheduler[96494]: DEBUG oslo.service.backend._threading.loopingcall [None req-763303d1-be11-4bc1-ad48-9cc52e316126 None None] Dynamic interval looping call 'nova.service.Service.periodic_tasks' sleeping for 60.00 seconds {{(pid=96494) _run_loop /opt/stack/data/venv/lib/python3.12/site-packages/oslo_service/backend/_threading/loopingcall.py:125}}
Aug 21 17:03:16.276211 np0000007922 nova-scheduler[96498]: DEBUG oslo.service.backend._threading.loopingcall [None req-16a3ce4d-0a34-4de3-93ea-312019a1922c None None] Dynamic interval looping call 'nova.service.Service.periodic_tasks' sleeping for 60.00 seconds {{(pid=96498) _run_loop /opt/stack/data/venv/lib/python3.12/site-packages/oslo_service/backend/_threading/loopingcall.py:125}}
Aug 21 17:03:50.262128 np0000007922 nova-scheduler[96492]: DEBUG oslo.service.backend._threading.loopingcall [None req-86d4cbbe-b0ba-4f63-b3a0-c6060fe2a13c None None] Dynamic interval looping call 'nova.service.Service.periodic_tasks' sleeping for 60.00 seconds {{(pid=96492) _run_loop /opt/stack/data/venv/lib/python3.12/site-packages/oslo_service/backend/_threading/loopingcall.py:125}}
Aug 21 17:04:09.263074 np0000007922 nova-scheduler[96496]: DEBUG oslo.service.backend._threading.loopingcall [None req-f985971f-4a0a-4596-b1d8-23deb40d138f None None] Dynamic interval looping call 'nova.service.Service.periodic_tasks' sleeping for 60.00 seconds {{(pid=96496) _run_loop /opt/stack/data/venv/lib/python3.12/site-packages/oslo_service/backend/_threading/loopingcall.py:125}}
Aug 21 17:04:14.257197 np0000007922 nova-scheduler[96494]: DEBUG oslo.service.backend._threading.loopingcall [-] Fixed interval looping call 'nova.servicegroup.drivers.db.DbDriver._report_state' sleeping for 119.99 seconds {{(pid=96494) _run_loop /opt/stack/data/venv/lib/python3.12/site-packages/oslo_service/backend/_threading/loopingcall.py:125}}
Aug 21 17:04:14.264651 np0000007922 nova-scheduler[96492]: DEBUG oslo.service.backend._threading.loopingcall [-] Fixed interval looping call 'nova.servicegroup.drivers.db.DbDriver._report_state' sleeping for 120.00 seconds {{(pid=96492) _run_loop /opt/stack/data/venv/lib/python3.12/site-packages/oslo_service/backend/_threading/loopingcall.py:125}}
Aug 21 17:04:14.266434 np0000007922 nova-scheduler[96496]: DEBUG oslo.service.backend._threading.loopingcall [-] Fixed interval looping call 'nova.servicegroup.drivers.db.DbDriver._report_state' sleeping for 120.00 seconds {{(pid=96496) _run_loop /opt/stack/data/venv/lib/python3.12/site-packages/oslo_service/backend/_threading/loopingcall.py:125}}
Aug 21 17:04:14.280438 np0000007922 nova-scheduler[96498]: DEBUG oslo.service.backend._threading.loopingcall [-] Fixed interval looping call 'nova.servicegroup.drivers.db.DbDriver._report_state' sleeping for 120.00 seconds {{(pid=96498) _run_loop /opt/stack/data/venv/lib/python3.12/site-packages/oslo_service/backend/_threading/loopingcall.py:125}}
Aug 21 17:04:16.255465 np0000007922 nova-scheduler[96494]: DEBUG oslo.service.backend._threading.loopingcall [None req-763303d1-be11-4bc1-ad48-9cc52e316126 None None] Dynamic interval looping call 'nova.service.Service.periodic_tasks' sleeping for 60.00 seconds {{(pid=96494) _run_loop /opt/stack/data/venv/lib/python3.12/site-packages/oslo_service/backend/_threading/loopingcall.py:125}}
Aug 21 17:04:16.276734 np0000007922 nova-scheduler[96498]: DEBUG oslo.service.backend._threading.loopingcall [None req-16a3ce4d-0a34-4de3-93ea-312019a1922c None None] Dynamic interval looping call 'nova.service.Service.periodic_tasks' sleeping for 60.00 seconds {{(pid=96498) _run_loop /opt/stack/data/venv/lib/python3.12/site-packages/oslo_service/backend/_threading/loopingcall.py:125}}
Aug 21 17:04:24.421907 np0000007922 nova-scheduler[96494]: DEBUG dbcounter [-] [96494] Writing DB stats nova_cell0:SELECT=1,nova_cell0:UPDATE=1 {{(pid=96494) stat_writer /opt/stack/data/venv/lib/python3.12/site-packages/dbcounter.py:115}}
Aug 21 17:04:24.422526 np0000007922 nova-scheduler[96492]: DEBUG dbcounter [-] [96492] Writing DB stats nova_cell0:SELECT=1 {{(pid=96492) stat_writer /opt/stack/data/venv/lib/python3.12/site-packages/dbcounter.py:115}}
Aug 21 17:04:24.422901 np0000007922 nova-scheduler[96496]: DEBUG dbcounter [-] [96496] Writing DB stats nova_cell0:SELECT=1 {{(pid=96496) stat_writer /opt/stack/data/venv/lib/python3.12/site-packages/dbcounter.py:115}}
Aug 21 17:04:24.423353 np0000007922 nova-scheduler[96498]: DEBUG dbcounter [-] [96498] Writing DB stats nova_cell0:SELECT=1 {{(pid=96498) stat_writer /opt/stack/data/venv/lib/python3.12/site-packages/dbcounter.py:115}}
Aug 21 17:04:40.596135 np0000007922 nova-scheduler[96494]: DEBUG nova.scheduler.manager [None req-c7eafc65-473a-431e-9c2e-c2029c479253 tempest-DeleteServersTestJSON-1272185053 tempest-DeleteServersTestJSON-1272185053-project-member] Starting to schedule for instances: ['94027e16-7902-4376-90d5-e8ad15806cff'] {{(pid=96494) select_destinations /opt/stack/nova/nova/scheduler/manager.py:197}}
Aug 21 17:04:40.596561 np0000007922 nova-scheduler[96494]: DEBUG nova.scheduler.request_filter [None req-c7eafc65-473a-431e-9c2e-c2029c479253 tempest-DeleteServersTestJSON-1272185053 tempest-DeleteServersTestJSON-1272185053-project-member] compute_status_filter request filter added forbidden trait COMPUTE_STATUS_DISABLED {{(pid=96494) compute_status_filter /opt/stack/nova/nova/scheduler/request_filter.py:253}}
Aug 21 17:04:40.596726 np0000007922 nova-scheduler[96494]: DEBUG nova.scheduler.request_filter [None req-c7eafc65-473a-431e-9c2e-c2029c479253 tempest-DeleteServersTestJSON-1272185053 tempest-DeleteServersTestJSON-1272185053-project-member] Request filter 'compute_status_filter' took 0.0 seconds {{(pid=96494) wrapper /opt/stack/nova/nova/scheduler/request_filter.py:46}}
Aug 21 17:04:40.597014 np0000007922 nova-scheduler[96494]: DEBUG nova.scheduler.request_filter [None req-c7eafc65-473a-431e-9c2e-c2029c479253 tempest-DeleteServersTestJSON-1272185053 tempest-DeleteServersTestJSON-1272185053-project-member] Request filter 'accelerators_filter' took 0.0 seconds {{(pid=96494) wrapper /opt/stack/nova/nova/scheduler/request_filter.py:46}}
Aug 21 17:04:40.597373 np0000007922 nova-scheduler[96494]: DEBUG nova.scheduler.request_filter [None req-c7eafc65-473a-431e-9c2e-c2029c479253 tempest-DeleteServersTestJSON-1272185053 tempest-DeleteServersTestJSON-1272185053-project-member] Request filter 'packed_virtqueue_filter' took 0.0 seconds {{(pid=96494) wrapper /opt/stack/nova/nova/scheduler/request_filter.py:46}}
Aug 21 17:04:40.597809 np0000007922 nova-scheduler[96494]: DEBUG nova.scheduler.request_filter [None req-c7eafc65-473a-431e-9c2e-c2029c479253 tempest-DeleteServersTestJSON-1272185053 tempest-DeleteServersTestJSON-1272185053-project-member] Request filter 'remote_managed_ports_filter' took 0.0 seconds {{(pid=96494) wrapper /opt/stack/nova/nova/scheduler/request_filter.py:46}}
Aug 21 17:04:40.598021 np0000007922 nova-scheduler[96494]: DEBUG nova.scheduler.request_filter [None req-c7eafc65-473a-431e-9c2e-c2029c479253 tempest-DeleteServersTestJSON-1272185053 tempest-DeleteServersTestJSON-1272185053-project-member] ephemeral_encryption_filter skipped {{(pid=96494) ephemeral_encryption_filter /opt/stack/nova/nova/scheduler/request_filter.py:426}}
Aug 21 17:04:40.598189 np0000007922 nova-scheduler[96494]: DEBUG nova.scheduler.request_filter [None req-c7eafc65-473a-431e-9c2e-c2029c479253 tempest-DeleteServersTestJSON-1272185053 tempest-DeleteServersTestJSON-1272185053-project-member] virtio_sound_filter skipped {{(pid=96494) virtio_sound_filter /opt/stack/nova/nova/scheduler/request_filter.py:460}}
Aug 21 17:04:40.598356 np0000007922 nova-scheduler[96494]: DEBUG nova.scheduler.request_filter [None req-c7eafc65-473a-431e-9c2e-c2029c479253 tempest-DeleteServersTestJSON-1272185053 tempest-DeleteServersTestJSON-1272185053-project-member] tpm_secret_security_filter skipped {{(pid=96494) tpm_secret_security_filter /opt/stack/nova/nova/scheduler/request_filter.py:477}}
Aug 21 17:04:41.351530 np0000007922 nova-scheduler[96494]: DEBUG oslo_concurrency.lockutils [None req-c7eafc65-473a-431e-9c2e-c2029c479253 tempest-DeleteServersTestJSON-1272185053 tempest-DeleteServersTestJSON-1272185053-project-member] Acquiring lock "f74c94b6-b969-4361-ab7c-e226a9262826" by "nova.context.set_target_cell..get_or_set_cached_cell_and_set_connections" {{(pid=96494) inner /opt/stack/data/venv/lib/python3.12/site-packages/oslo_concurrency/lockutils.py:512}}
Aug 21 17:04:41.351969 np0000007922 nova-scheduler[96494]: DEBUG oslo_concurrency.lockutils [None req-c7eafc65-473a-431e-9c2e-c2029c479253 tempest-DeleteServersTestJSON-1272185053 tempest-DeleteServersTestJSON-1272185053-project-member] Lock "f74c94b6-b969-4361-ab7c-e226a9262826" acquired by "nova.context.set_target_cell..get_or_set_cached_cell_and_set_connections" :: waited 0.000s {{(pid=96494) inner /opt/stack/data/venv/lib/python3.12/site-packages/oslo_concurrency/lockutils.py:525}}
Aug 21 17:04:41.354080 np0000007922 nova-scheduler[96494]: DEBUG oslo_concurrency.lockutils [None req-c7eafc65-473a-431e-9c2e-c2029c479253 tempest-DeleteServersTestJSON-1272185053 tempest-DeleteServersTestJSON-1272185053-project-member] Lock "f74c94b6-b969-4361-ab7c-e226a9262826" "released" by "nova.context.set_target_cell..get_or_set_cached_cell_and_set_connections" :: held 0.002s {{(pid=96494) inner /opt/stack/data/venv/lib/python3.12/site-packages/oslo_concurrency/lockutils.py:544}}
Aug 21 17:04:41.354373 np0000007922 nova-scheduler[96494]: INFO nova.thread_pool_factory [None req-c7eafc65-473a-431e-9c2e-c2029c479253 tempest-DeleteServersTestJSON-1272185053 tempest-DeleteServersTestJSON-1272185053-project-member] The cell_worker thread pool ForkProcess-2.cell_worker is initialized
Aug 21 17:04:41.357853 np0000007922 nova-scheduler[96494]: INFO dbcounter [None req-c7eafc65-473a-431e-9c2e-c2029c479253 tempest-DeleteServersTestJSON-1272185053 tempest-DeleteServersTestJSON-1272185053-project-member] Registered counter for database nova_cell1
Aug 21 17:04:41.413100 np0000007922 nova-scheduler[96494]: DEBUG oslo_db.sqlalchemy.engines [None req-c7eafc65-473a-431e-9c2e-c2029c479253 tempest-DeleteServersTestJSON-1272185053 tempest-DeleteServersTestJSON-1272185053-project-member] MySQL server mode set to STRICT_TRANS_TABLES,STRICT_ALL_TABLES,NO_ZERO_IN_DATE,NO_ZERO_DATE,ERROR_FOR_DIVISION_BY_ZERO,TRADITIONAL,NO_ENGINE_SUBSTITUTION {{(pid=96494) _check_effective_sql_mode /opt/stack/data/venv/lib/python3.12/site-packages/oslo_db/sqlalchemy/engines.py:325}}
Aug 21 17:04:41.419689 np0000007922 nova-scheduler[96494]: DEBUG dbcounter [-] [96494] Writer thread running {{(pid=96494) stat_writer /opt/stack/data/venv/lib/python3.12/site-packages/dbcounter.py:102}}
Aug 21 17:04:41.435336 np0000007922 nova-scheduler[96494]: DEBUG oslo_db.sqlalchemy.engines [None req-c7eafc65-473a-431e-9c2e-c2029c479253 tempest-DeleteServersTestJSON-1272185053 tempest-DeleteServersTestJSON-1272185053-project-member] Parent process 95300 forked (96494) with an open database connection, which is being discarded and recreated. {{(pid=96494) checkout /opt/stack/data/venv/lib/python3.12/site-packages/oslo_db/sqlalchemy/engines.py:402}}
Aug 21 17:04:41.481839 np0000007922 nova-scheduler[96494]: DEBUG dbcounter [-] [96494] Writer thread running {{(pid=96494) stat_writer /opt/stack/data/venv/lib/python3.12/site-packages/dbcounter.py:102}}
Aug 21 17:04:41.485300 np0000007922 nova-scheduler[96494]: DEBUG oslo_concurrency.lockutils [None req-c7eafc65-473a-431e-9c2e-c2029c479253 tempest-DeleteServersTestJSON-1272185053 tempest-DeleteServersTestJSON-1272185053-project-member] Acquiring lock "f74c94b6-b969-4361-ab7c-e226a9262826" by "nova.context.set_target_cell..get_or_set_cached_cell_and_set_connections" {{(pid=96494) inner /opt/stack/data/venv/lib/python3.12/site-packages/oslo_concurrency/lockutils.py:512}}
