Aug 18 07:14:29.779192 np0000007610 devstack@g-api.service[99778]: DEBUG glance.api.middleware.version_negotiation [None req-86ea41ce-a388-4fc9-aef4-d5e24477cf49 tempest-VolumesActionsTest-1743092435 tempest-VolumesActionsTest-1743092435-project-member] new path /v2/images/8fceafee-a6d6-477e-9e3a-2bbe34fa3683 {{(pid=99778) process_request /opt/stack/glance/glance/api/middleware/version_negotiation.py:70}}
Aug 18 07:14:29.781604 np0000007610 devstack@g-api.service[99776]: [pid: 99776|app: 0|req: 130/397] 127.0.0.1 () {44 vars in 1115 bytes} [Tue Aug 18 07:14:29 2026] GET /v2/images/0c55eaff-74fb-4dc8-815c-a69cbc930307 => generated 1044 bytes in 11 msecs (HTTP/1.1 200) 4 headers in 158 bytes (1 switches on core 0)
Aug 18 07:14:29.788494 np0000007610 devstack@g-api.service[99778]: [pid: 99778|app: 0|req: 134/398] 127.0.0.1 () {40 vars in 838 bytes} [Tue Aug 18 07:14:29 2026] GET /v2/images/8fceafee-a6d6-477e-9e3a-2bbe34fa3683 => generated 649 bytes in 10 msecs (HTTP/1.1 200) 4 headers in 157 bytes (1 switches on core 0)
Aug 18 07:14:29.822736 np0000007610 devstack@g-api.service[99777]: DEBUG glance.api.middleware.version_negotiation [None req-86ea41ce-a388-4fc9-aef4-d5e24477cf49 tempest-VolumesActionsTest-1743092435 tempest-VolumesActionsTest-1743092435-project-member] Determining version of request: GET /v2/schemas/image Accept: */* {{(pid=99777) process_request /opt/stack/glance/glance/api/middleware/version_negotiation.py:44}}
Aug 18 07:14:29.823787 np0000007610 devstack@g-api.service[99777]: DEBUG glance.api.middleware.version_negotiation [None req-86ea41ce-a388-4fc9-aef4-d5e24477cf49 tempest-VolumesActionsTest-1743092435 tempest-VolumesActionsTest-1743092435-project-member] Using url versioning {{(pid=99777) process_request /opt/stack/glance/glance/api/middleware/version_negotiation.py:57}}
Aug 18 07:14:29.824044 np0000007610 devstack@g-api.service[99777]: DEBUG glance.api.middleware.version_negotiation [None req-86ea41ce-a388-4fc9-aef4-d5e24477cf49 tempest-VolumesActionsTest-1743092435 tempest-VolumesActionsTest-1743092435-project-member] Matched version: v2 {{(pid=99777) process_request /opt/stack/glance/glance/api/middleware/version_negotiation.py:69}}
Aug 18 07:14:29.825197 np0000007610 devstack@g-api.service[99777]: DEBUG glance.api.middleware.version_negotiation [None req-86ea41ce-a388-4fc9-aef4-d5e24477cf49 tempest-VolumesActionsTest-1743092435 tempest-VolumesActionsTest-1743092435-project-member] new path /v2/schemas/image {{(pid=99777) process_request /opt/stack/glance/glance/api/middleware/version_negotiation.py:70}}
Aug 18 07:14:29.829256 np0000007610 devstack@g-api.service[99777]: [pid: 99777|app: 0|req: 135/399] 127.0.0.1 () {44 vars in 1055 bytes} [Tue Aug 18 07:14:29 2026] GET /v2/schemas/image => generated 6083 bytes in 7 msecs (HTTP/1.1 200) 4 headers in 158 bytes (1 switches on core 0)
Aug 18 07:14:30.063146 np0000007610 devstack@g-api.service[99776]: DEBUG glance.api.middleware.version_negotiation [None req-c245f4a8-b0db-4e73-b440-2edb00a9fada tempest-AttachVolumeShelveTestJSON-240078720 tempest-AttachVolumeShelveTestJSON-240078720-project-member] Determining version of request: PUT /v2/images/8fceafee-a6d6-477e-9e3a-2bbe34fa3683/file Accept: */* {{(pid=99776) process_request /opt/stack/glance/glance/api/middleware/version_negotiation.py:44}}
Aug 18 07:14:30.063146 np0000007610 devstack@g-api.service[99776]: DEBUG glance.api.middleware.version_negotiation [None req-c245f4a8-b0db-4e73-b440-2edb00a9fada tempest-AttachVolumeShelveTestJSON-240078720 tempest-AttachVolumeShelveTestJSON-240078720-project-member] Using url versioning {{(pid=99776) process_request /opt/stack/glance/glance/api/middleware/version_negotiation.py:57}}
Aug 18 07:14:30.063146 np0000007610 devstack@g-api.service[99776]: DEBUG glance.api.middleware.version_negotiation [None req-c245f4a8-b0db-4e73-b440-2edb00a9fada tempest-AttachVolumeShelveTestJSON-240078720 tempest-AttachVolumeShelveTestJSON-240078720-project-member] Matched version: v2 {{(pid=99776) process_request /opt/stack/glance/glance/api/middleware/version_negotiation.py:69}}
Aug 18 07:14:30.063146 np0000007610 devstack@g-api.service[99776]: DEBUG glance.api.middleware.version_negotiation [None req-c245f4a8-b0db-4e73-b440-2edb00a9fada tempest-AttachVolumeShelveTestJSON-240078720 tempest-AttachVolumeShelveTestJSON-240078720-project-member] new path /v2/images/8fceafee-a6d6-477e-9e3a-2bbe34fa3683/file {{(pid=99776) process_request /opt/stack/glance/glance/api/middleware/version_negotiation.py:70}}
Aug 18 07:14:30.542500 np0000007610 devstack@g-api.service[99776]: INFO glance.api.v2.image_data [None req-86ea41ce-a388-4fc9-aef4-d5e24477cf49 tempest-VolumesActionsTest-1743092435 tempest-VolumesActionsTest-1743092435-project-member] Unable to create trust: no such option collect_timing in group [keystone_authtoken] Use the existing user token.
Aug 18 07:14:30.802374 np0000007610 devstack@g-api.service[99778]: DEBUG glance.api.middleware.version_negotiation [None req-5d2e9285-4831-418a-8dc7-e62f94cc4458 tempest-VolumesActionsTest-1743092435 tempest-VolumesActionsTest-1743092435-project-member] Determining version of request: GET /v2/images/8fceafee-a6d6-477e-9e3a-2bbe34fa3683 Accept: application/json {{(pid=99778) process_request /opt/stack/glance/glance/api/middleware/version_negotiation.py:44}}
Aug 18 07:14:30.803445 np0000007610 devstack@g-api.service[99778]: DEBUG glance.api.middleware.version_negotiation [None req-5d2e9285-4831-418a-8dc7-e62f94cc4458 tempest-VolumesActionsTest-1743092435 tempest-VolumesActionsTest-1743092435-project-member] Using url versioning {{(pid=99778) process_request /opt/stack/glance/glance/api/middleware/version_negotiation.py:57}}
Aug 18 07:14:30.803551 np0000007610 devstack@g-api.service[99778]: DEBUG glance.api.middleware.version_negotiation [None req-5d2e9285-4831-418a-8dc7-e62f94cc4458 tempest-VolumesActionsTest-1743092435 tempest-VolumesActionsTest-1743092435-project-member] Matched version: v2 {{(pid=99778) process_request /opt/stack/glance/glance/api/middleware/version_negotiation.py:69}}
Aug 18 07:14:30.803698 np0000007610 devstack@g-api.service[99778]: DEBUG glance.api.middleware.version_negotiation [None req-5d2e9285-4831-418a-8dc7-e62f94cc4458 tempest-VolumesActionsTest-1743092435 tempest-VolumesActionsTest-1743092435-project-member] new path /v2/images/8fceafee-a6d6-477e-9e3a-2bbe34fa3683 {{(pid=99778) process_request /opt/stack/glance/glance/api/middleware/version_negotiation.py:70}}
Aug 18 07:14:30.814398 np0000007610 devstack@g-api.service[99778]: [pid: 99778|app: 0|req: 135/400] 127.0.0.1 () {40 vars in 838 bytes} [Tue Aug 18 07:14:30 2026] GET /v2/images/8fceafee-a6d6-477e-9e3a-2bbe34fa3683 => generated 649 bytes in 12 msecs (HTTP/1.1 200) 4 headers in 157 bytes (1 switches on core 0)
Aug 18 07:14:30.996446 np0000007610 devstack@g-api.service[99776]: DEBUG glance.location [None req-86ea41ce-a388-4fc9-aef4-d5e24477cf49 tempest-VolumesActionsTest-1743092435 tempest-VolumesActionsTest-1743092435-project-member] Enabling in-flight format inspection for raw {{(pid=99776) set_data /opt/stack/glance/glance/location.py:596}}
Aug 18 07:14:30.997751 np0000007610 devstack@g-api.service[99776]: DEBUG glance_store.backend [None req-86ea41ce-a388-4fc9-aef4-d5e24477cf49 tempest-VolumesActionsTest-1743092435 tempest-VolumesActionsTest-1743092435-project-member] Attempting to import store swift {{(pid=99776) _load_store /opt/stack/data/venv/lib/python3.12/site-packages/glance_store/backend.py:215}}
Aug 18 07:14:30.998284 np0000007610 devstack@g-api.service[99776]: DEBUG glance_store.capabilities [None req-86ea41ce-a388-4fc9-aef4-d5e24477cf49 tempest-VolumesActionsTest-1743092435 tempest-VolumesActionsTest-1743092435-project-member] Store glance_store._drivers.swift.store.SingleTenantStore doesn't support updating dynamic storage capabilities. Please overwrite 'update_capabilities' method of the store to implement updating logics if needed. {{(pid=99776) update_capabilities /opt/stack/data/venv/lib/python3.12/site-packages/glance_store/capabilities.py:91}}
Aug 18 07:14:30.998412 np0000007610 devstack@g-api.service[99776]: DEBUG glance_store.driver [None req-86ea41ce-a388-4fc9-aef4-d5e24477cf49 tempest-VolumesActionsTest-1743092435 tempest-VolumesActionsTest-1743092435-project-member] Late loading location class glance_store._drivers.swift.store.StoreLocation {{(pid=99776) get_store_location_class /opt/stack/data/venv/lib/python3.12/site-packages/glance_store/driver.py:134}}
Aug 18 07:14:30.998513 np0000007610 devstack@g-api.service[99776]: DEBUG glance_store.location [None req-86ea41ce-a388-4fc9-aef4-d5e24477cf49 tempest-VolumesActionsTest-1743092435 tempest-VolumesActionsTest-1743092435-project-member] Registering scheme swift+https with {'store': , 'location_class': , 'store_entry': 'swift'} {{(pid=99776) register_scheme_map /opt/stack/data/venv/lib/python3.12/site-packages/glance_store/location.py:146}}
Aug 18 07:14:30.998589 np0000007610 devstack@g-api.service[99776]: DEBUG glance_store.location [None req-86ea41ce-a388-4fc9-aef4-d5e24477cf49 tempest-VolumesActionsTest-1743092435 tempest-VolumesActionsTest-1743092435-project-member] Registering scheme swift+https with {'store': , 'location_class': , 'store_entry': 'swift'} {{(pid=99776) register_scheme_map /opt/stack/data/venv/lib/python3.12/site-packages/glance_store/location.py:146}}
Aug 18 07:14:30.998665 np0000007610 devstack@g-api.service[99776]: DEBUG glance_store.location [None req-86ea41ce-a388-4fc9-aef4-d5e24477cf49 tempest-VolumesActionsTest-1743092435 tempest-VolumesActionsTest-1743092435-project-member] Registering scheme swift with {'store': , 'location_class': , 'store_entry': 'swift'} {{(pid=99776) register_scheme_map /opt/stack/data/venv/lib/python3.12/site-packages/glance_store/location.py:146}}
Aug 18 07:14:30.998749 np0000007610 devstack@g-api.service[99776]: DEBUG glance_store.location [None req-86ea41ce-a388-4fc9-aef4-d5e24477cf49 tempest-VolumesActionsTest-1743092435 tempest-VolumesActionsTest-1743092435-project-member] Registering scheme swift+https with {'store': , 'location_class': , 'store_entry': 'swift'} {{(pid=99776) register_scheme_map /opt/stack/data/venv/lib/python3.12/site-packages/glance_store/location.py:146}}
Aug 18 07:14:30.998814 np0000007610 devstack@g-api.service[99776]: DEBUG glance_store.location [None req-86ea41ce-a388-4fc9-aef4-d5e24477cf49 tempest-VolumesActionsTest-1743092435 tempest-VolumesActionsTest-1743092435-project-member] Registering scheme swift with {'store': , 'location_class': , 'store_entry': 'swift'} {{(pid=99776) register_scheme_map /opt/stack/data/venv/lib/python3.12/site-packages/glance_store/location.py:146}}
Aug 18 07:14:30.998883 np0000007610 devstack@g-api.service[99776]: DEBUG glance_store.location [None req-86ea41ce-a388-4fc9-aef4-d5e24477cf49 tempest-VolumesActionsTest-1743092435 tempest-VolumesActionsTest-1743092435-project-member] Registering scheme swift+http with {'store': , 'location_class': , 'store_entry': 'swift'} {{(pid=99776) register_scheme_map /opt/stack/data/venv/lib/python3.12/site-packages/glance_store/location.py:146}}
Aug 18 07:14:30.998955 np0000007610 devstack@g-api.service[99776]: DEBUG glance_store.location [None req-86ea41ce-a388-4fc9-aef4-d5e24477cf49 tempest-VolumesActionsTest-1743092435 tempest-VolumesActionsTest-1743092435-project-member] Registering scheme swift+https with {'store': , 'location_class': , 'store_entry': 'swift'} {{(pid=99776) register_scheme_map /opt/stack/data/venv/lib/python3.12/site-packages/glance_store/location.py:146}}
Aug 18 07:14:30.999035 np0000007610 devstack@g-api.service[99776]: DEBUG glance_store.location [None req-86ea41ce-a388-4fc9-aef4-d5e24477cf49 tempest-VolumesActionsTest-1743092435 tempest-VolumesActionsTest-1743092435-project-member] Registering scheme swift with {'store': , 'location_class': , 'store_entry': 'swift'} {{(pid=99776) register_scheme_map /opt/stack/data/venv/lib/python3.12/site-packages/glance_store/location.py:146}}
Aug 18 07:14:30.999105 np0000007610 devstack@g-api.service[99776]: DEBUG glance_store.location [None req-86ea41ce-a388-4fc9-aef4-d5e24477cf49 tempest-VolumesActionsTest-1743092435 tempest-VolumesActionsTest-1743092435-project-member] Registering scheme swift+http with {'store': , 'location_class': , 'store_entry': 'swift'} {{(pid=99776) register_scheme_map /opt/stack/data/venv/lib/python3.12/site-packages/glance_store/location.py:146}}
Aug 18 07:14:30.999173 np0000007610 devstack@g-api.service[99776]: DEBUG glance_store.location [None req-86ea41ce-a388-4fc9-aef4-d5e24477cf49 tempest-VolumesActionsTest-1743092435 tempest-VolumesActionsTest-1743092435-project-member] Registering scheme swift+config with {'store': , 'location_class': , 'store_entry': 'swift'} {{(pid=99776) register_scheme_map /opt/stack/data/venv/lib/python3.12/site-packages/glance_store/location.py:146}}
Aug 18 07:14:31.230052 np0000007610 devstack@g-api.service[99776]: DEBUG swiftclient [None req-86ea41ce-a388-4fc9-aef4-d5e24477cf49 tempest-VolumesActionsTest-1743092435 tempest-VolumesActionsTest-1743092435-project-member] REQ: curl -i https://10.4.3.182:8080/v1/AUTH_e541c10c90e74b21a0dcd081308e738c/glance -I -H "X-Auth-Token: gAAAAABqhAZXNytq..." {{(pid=99776) http_log /opt/stack/data/venv/lib/python3.12/site-packages/swiftclient/client.py:160}}
Aug 18 07:14:31.230177 np0000007610 devstack@g-api.service[99776]: DEBUG swiftclient [None req-86ea41ce-a388-4fc9-aef4-d5e24477cf49 tempest-VolumesActionsTest-1743092435 tempest-VolumesActionsTest-1743092435-project-member] RESP STATUS: 204 No Content {{(pid=99776) http_log /opt/stack/data/venv/lib/python3.12/site-packages/swiftclient/client.py:161}}
Aug 18 07:14:31.231042 np0000007610 devstack@g-api.service[99776]: DEBUG swiftclient [None req-86ea41ce-a388-4fc9-aef4-d5e24477cf49 tempest-VolumesActionsTest-1743092435 tempest-VolumesActionsTest-1743092435-project-member] RESP HEADERS: {'Date': 'Tue, 18 Aug 2026 07:14:31 GMT', 'Server': 'Apache/2.4.58 (Ubuntu)', 'Content-Type': 'text/plain; charset=utf-8', 'X-Container-Object-Count': '7', 'X-Container-Bytes-Used': '139657216', 'X-Timestamp': '1787036878.91156', 'Last-Modified': 'Tue, 18 Aug 2026 07:07:59 GMT', 'Accept-Ranges': 'bytes', 'X-Storage-Policy': 'Policy-0', 'X-Container-Sharding': 'False', 'Vary': 'Accept', 'X-Trans-Id': 'tx963998ca4b2444b8b80ca-006a840657', 'X-Openstack-Request-Id': 'tx963998ca4b2444b8b80ca-006a840657', 'Connection': 'close'} {{(pid=99776) http_log /opt/stack/data/venv/lib/python3.12/site-packages/swiftclient/client.py:162}}
Aug 18 07:14:31.231042 np0000007610 devstack@g-api.service[99776]: DEBUG glance_store._drivers.swift.store [None req-86ea41ce-a388-4fc9-aef4-d5e24477cf49 tempest-VolumesActionsTest-1743092435 tempest-VolumesActionsTest-1743092435-project-member] Adding image object '8fceafee-a6d6-477e-9e3a-2bbe34fa3683' to Swift {{(pid=99776) add /opt/stack/data/venv/lib/python3.12/site-packages/glance_store/_drivers/swift/store.py:970}}
Aug 18 07:14:31.231042 np0000007610 devstack@g-api.service[99776]: DEBUG glance_store._drivers.swift.store [None req-86ea41ce-a388-4fc9-aef4-d5e24477cf49 tempest-VolumesActionsTest-1743092435 tempest-VolumesActionsTest-1743092435-project-member] Cannot determine image size because it is either not provided in the request or chunked-transfer encoding is used. Adding image as a segmented object to Swift. {{(pid=99776) add /opt/stack/data/venv/lib/python3.12/site-packages/glance_store/_drivers/swift/store.py:994}}
Aug 18 07:14:31.236304 np0000007610 devstack@g-api.service[99776]: DEBUG oslo_utils.imageutils.format_inspector [None req-86ea41ce-a388-4fc9-aef4-d5e24477cf49 tempest-VolumesActionsTest-1743092435 tempest-VolumesActionsTest-1743092435-project-member] Format inspector for vmdk does not match, excluding from consideration (Signature KDMV not found: b'\x00\x00\x00\x00') {{(pid=99776) _process_chunk /opt/stack/data/venv/lib/python3.12/site-packages/oslo_utils/imageutils/format_inspector.py:1758}}
Aug 18 07:14:31.238701 np0000007610 devstack@g-api.service[99776]: DEBUG oslo_utils.imageutils.format_inspector [None req-86ea41ce-a388-4fc9-aef4-d5e24477cf49 tempest-VolumesActionsTest-1743092435 tempest-VolumesActionsTest-1743092435-project-member] Format inspector for vhdx does not match, excluding from consideration (Region signature not found at 30000) {{(pid=99776) _process_chunk /opt/stack/data/venv/lib/python3.12/site-packages/oslo_utils/imageutils/format_inspector.py:1758}}
Aug 18 07:14:31.823507 np0000007610 devstack@g-api.service[99777]: DEBUG glance.api.middleware.version_negotiation [None req-c245f4a8-b0db-4e73-b440-2edb00a9fada tempest-AttachVolumeShelveTestJSON-240078720 tempest-AttachVolumeShelveTestJSON-240078720-project-member] Determining version of request: GET /v2/images/8fceafee-a6d6-477e-9e3a-2bbe34fa3683 Accept: application/json {{(pid=99777) process_request /opt/stack/glance/glance/api/middleware/version_negotiation.py:44}}
Aug 18 07:14:31.823880 np0000007610 devstack@g-api.service[99777]: DEBUG glance.api.middleware.version_negotiation [None req-c245f4a8-b0db-4e73-b440-2edb00a9fada tempest-AttachVolumeShelveTestJSON-240078720 tempest-AttachVolumeShelveTestJSON-240078720-project-member] Using url versioning {{(pid=99777) process_request /opt/stack/glance/glance/api/middleware/version_negotiation.py:57}}
Aug 18 07:14:31.823880 np0000007610 devstack@g-api.service[99777]: DEBUG glance.api.middleware.version_negotiation [None req-c245f4a8-b0db-4e73-b440-2edb00a9fada tempest-AttachVolumeShelveTestJSON-240078720 tempest-AttachVolumeShelveTestJSON-240078720-project-member] Matched version: v2 {{(pid=99777) process_request /opt/stack/glance/glance/api/middleware/version_negotiation.py:69}}
Aug 18 07:14:31.823880 np0000007610 devstack@g-api.service[99777]: DEBUG glance.api.middleware.version_negotiation [None req-c245f4a8-b0db-4e73-b440-2edb00a9fada tempest-AttachVolumeShelveTestJSON-240078720 tempest-AttachVolumeShelveTestJSON-240078720-project-member] new path /v2/images/8fceafee-a6d6-477e-9e3a-2bbe34fa3683 {{(pid=99777) process_request /opt/stack/glance/glance/api/middleware/version_negotiation.py:70}}
Aug 18 07:14:31.841962 np0000007610 devstack@g-api.service[99777]: [pid: 99777|app: 0|req: 136/401] 127.0.0.1 () {40 vars in 838 bytes} [Tue Aug 18 07:14:31 2026] GET /v2/images/8fceafee-a6d6-477e-9e3a-2bbe34fa3683 => generated 649 bytes in 18 msecs (HTTP/1.1 200) 4 headers in 157 bytes (1 switches on core 0)
Aug 18 07:14:32.851263 np0000007610 devstack@g-api.service[99778]: DEBUG glance.api.middleware.version_negotiation [None req-2f2b42ca-8eb3-4295-9b72-4ccade21f10e tempest-VolumesActionsTest-1743092435 tempest-VolumesActionsTest-1743092435-project-member] Determining version of request: GET /v2/images/8fceafee-a6d6-477e-9e3a-2bbe34fa3683 Accept: application/json {{(pid=99778) process_request /opt/stack/glance/glance/api/middleware/version_negotiation.py:44}}
Aug 18 07:14:32.851908 np0000007610 devstack@g-api.service[99778]: DEBUG glance.api.middleware.version_negotiation [None req-2f2b42ca-8eb3-4295-9b72-4ccade21f10e tempest-VolumesActionsTest-1743092435 tempest-VolumesActionsTest-1743092435-project-member] Using url versioning {{(pid=99778) process_request /opt/stack/glance/glance/api/middleware/version_negotiation.py:57}}
Aug 18 07:14:32.852308 np0000007610 devstack@g-api.service[99778]: DEBUG glance.api.middleware.version_negotiation [None req-2f2b42ca-8eb3-4295-9b72-4ccade21f10e tempest-VolumesActionsTest-1743092435 tempest-VolumesActionsTest-1743092435-project-member] Matched version: v2 {{(pid=99778) process_request /opt/stack/glance/glance/api/middleware/version_negotiation.py:69}}
Aug 18 07:14:32.852565 np0000007610 devstack@g-api.service[99778]: DEBUG glance.api.middleware.version_negotiation [None req-2f2b42ca-8eb3-4295-9b72-4ccade21f10e tempest-VolumesActionsTest-1743092435 tempest-VolumesActionsTest-1743092435-project-member] new path /v2/images/8fceafee-a6d6-477e-9e3a-2bbe34fa3683 {{(pid=99778) process_request /opt/stack/glance/glance/api/middleware/version_negotiation.py:70}}
Aug 18 07:14:32.865449 np0000007610 devstack@g-api.service[99778]: [pid: 99778|app: 0|req: 136/402] 127.0.0.1 () {40 vars in 838 bytes} [Tue Aug 18 07:14:32 2026] GET /v2/images/8fceafee-a6d6-477e-9e3a-2bbe34fa3683 => generated 649 bytes in 14 msecs (HTTP/1.1 200) 4 headers in 157 bytes (1 switches on core 0)
Aug 18 07:14:33.252290 np0000007610 devstack@g-api.service[99776]: DEBUG swiftclient [None req-86ea41ce-a388-4fc9-aef4-d5e24477cf49 tempest-VolumesActionsTest-1743092435 tempest-VolumesActionsTest-1743092435-project-member] REQ: curl -i https://10.4.3.182:8080/v1/AUTH_e541c10c90e74b21a0dcd081308e738c/glance/8fceafee-a6d6-477e-9e3a-2bbe34fa3683-00001 -X PUT -H "X-Auth-Token: gAAAAABqhAZXNytq..." {{(pid=99776) http_log /opt/stack/data/venv/lib/python3.12/site-packages/swiftclient/client.py:160}}
Aug 18 07:14:33.252597 np0000007610 devstack@g-api.service[99776]: DEBUG swiftclient [None req-86ea41ce-a388-4fc9-aef4-d5e24477cf49 tempest-VolumesActionsTest-1743092435 tempest-VolumesActionsTest-1743092435-project-member] RESP STATUS: 201 Created {{(pid=99776) http_log /opt/stack/data/venv/lib/python3.12/site-packages/swiftclient/client.py:161}}
Aug 18 07:14:33.252597 np0000007610 devstack@g-api.service[99776]: DEBUG swiftclient [None req-86ea41ce-a388-4fc9-aef4-d5e24477cf49 tempest-VolumesActionsTest-1743092435 tempest-VolumesActionsTest-1743092435-project-member] RESP HEADERS: {'Date': 'Tue, 18 Aug 2026 07:14:33 GMT', 'Server': 'Apache/2.4.58 (Ubuntu)', 'Content-Type': 'text/html; charset=UTF-8', 'Content-Length': '0', 'Etag': 'eda9a9889837ac4bc81d6387d92c1bec', 'Last-Modified': 'Tue, 18 Aug 2026 07:14:32 GMT', 'X-Trans-Id': 'txefa62e35c758474aa5270-006a840657', 'X-Openstack-Request-Id': 'txefa62e35c758474aa5270-006a840657', 'Connection': 'close'} {{(pid=99776) http_log /opt/stack/data/venv/lib/python3.12/site-packages/swiftclient/client.py:162}}
Aug 18 07:14:33.252696 np0000007610 devstack@g-api.service[99776]: DEBUG glance_store._drivers.swift.store [None req-86ea41ce-a388-4fc9-aef4-d5e24477cf49 tempest-VolumesActionsTest-1743092435 tempest-VolumesActionsTest-1743092435-project-member] Wrote chunk 8fceafee-a6d6-477e-9e3a-2bbe34fa3683-00001 (1/?) of length 204800000 to Swift returning MD5 of content: eda9a9889837ac4bc81d6387d92c1bec {{(pid=99776) add /opt/stack/data/venv/lib/python3.12/site-packages/glance_store/_drivers/swift/store.py:1059}}
Aug 18 07:14:33.874812 np0000007610 devstack@g-api.service[99777]: DEBUG glance.api.middleware.version_negotiation [None req-6f60bfce-6803-47e8-bcc6-35ad841e315e tempest-VolumesActionsTest-1743092435 tempest-VolumesActionsTest-1743092435-project-member] Determining version of request: GET /v2/images/8fceafee-a6d6-477e-9e3a-2bbe34fa3683 Accept: application/json {{(pid=99777) process_request /opt/stack/glance/glance/api/middleware/version_negotiation.py:44}}
Aug 18 07:14:33.875261 np0000007610 devstack@g-api.service[99777]: DEBUG glance.api.middleware.version_negotiation [None req-6f60bfce-6803-47e8-bcc6-35ad841e315e tempest-VolumesActionsTest-1743092435 tempest-VolumesActionsTest-1743092435-project-member] Using url versioning {{(pid=99777) process_request /opt/stack/glance/glance/api/middleware/version_negotiation.py:57}}
Aug 18 07:14:33.875261 np0000007610 devstack@g-api.service[99777]: DEBUG glance.api.middleware.version_negotiation [None req-6f60bfce-6803-47e8-bcc6-35ad841e315e tempest-VolumesActionsTest-1743092435 tempest-VolumesActionsTest-1743092435-project-member] Matched version: v2 {{(pid=99777) process_request /opt/stack/glance/glance/api/middleware/version_negotiation.py:69}}
Aug 18 07:14:33.875261 np0000007610 devstack@g-api.service[99777]: DEBUG glance.api.middleware.version_negotiation [None req-6f60bfce-6803-47e8-bcc6-35ad841e315e tempest-VolumesActionsTest-1743092435 tempest-VolumesActionsTest-1743092435-project-member] new path /v2/images/8fceafee-a6d6-477e-9e3a-2bbe34fa3683 {{(pid=99777) process_request /opt/stack/glance/glance/api/middleware/version_negotiation.py:70}}
Aug 18 07:14:33.895856 np0000007610 devstack@g-api.service[99777]: [pid: 99777|app: 0|req: 137/403] 127.0.0.1 () {40 vars in 838 bytes} [Tue Aug 18 07:14:33 2026] GET /v2/images/8fceafee-a6d6-477e-9e3a-2bbe34fa3683 => generated 649 bytes in 21 msecs (HTTP/1.1 200) 4 headers in 157 bytes (1 switches on core 0)
Aug 18 07:14:34.906204 np0000007610 devstack@g-api.service[99778]: DEBUG glance.api.middleware.version_negotiation [None req-346a05a7-0b54-4874-a5eb-11817dbc8afa tempest-VolumesActionsTest-1743092435 tempest-VolumesActionsTest-1743092435-project-member] Determining version of request: GET /v2/images/8fceafee-a6d6-477e-9e3a-2bbe34fa3683 Accept: application/json {{(pid=99778) process_request /opt/stack/glance/glance/api/middleware/version_negotiation.py:44}}
Aug 18 07:14:34.906204 np0000007610 devstack@g-api.service[99778]: DEBUG glance.api.middleware.version_negotiation [None req-346a05a7-0b54-4874-a5eb-11817dbc8afa tempest-VolumesActionsTest-1743092435 tempest-VolumesActionsTest-1743092435-project-member] Using url versioning {{(pid=99778) process_request /opt/stack/glance/glance/api/middleware/version_negotiation.py:57}}
Aug 18 07:14:34.906204 np0000007610 devstack@g-api.service[99778]: DEBUG glance.api.middleware.version_negotiation [None req-346a05a7-0b54-4874-a5eb-11817dbc8afa tempest-VolumesActionsTest-1743092435 tempest-VolumesActionsTest-1743092435-project-member] Matched version: v2 {{(pid=99778) process_request /opt/stack/glance/glance/api/middleware/version_negotiation.py:69}}
Aug 18 07:14:34.906819 np0000007610 devstack@g-api.service[99778]: DEBUG glance.api.middleware.version_negotiation [None req-346a05a7-0b54-4874-a5eb-11817dbc8afa tempest-VolumesActionsTest-1743092435 tempest-VolumesActionsTest-1743092435-project-member] new path /v2/images/8fceafee-a6d6-477e-9e3a-2bbe34fa3683 {{(pid=99778) process_request /opt/stack/glance/glance/api/middleware/version_negotiation.py:70}}
Aug 18 07:14:34.922090 np0000007610 devstack@g-api.service[99778]: [pid: 99778|app: 0|req: 137/404] 127.0.0.1 () {40 vars in 838 bytes} [Tue Aug 18 07:14:34 2026] GET /v2/images/8fceafee-a6d6-477e-9e3a-2bbe34fa3683 => generated 649 bytes in 16 msecs (HTTP/1.1 200) 4 headers in 157 bytes (1 switches on core 0)
Aug 18 07:14:35.530062 np0000007610 devstack@g-api.service[99776]: DEBUG swiftclient [None req-86ea41ce-a388-4fc9-aef4-d5e24477cf49 tempest-VolumesActionsTest-1743092435 tempest-VolumesActionsTest-1743092435-project-member] REQ: curl -i https://10.4.3.182:8080/v1/AUTH_e541c10c90e74b21a0dcd081308e738c/glance/8fceafee-a6d6-477e-9e3a-2bbe34fa3683-00002 -X PUT -H "X-Auth-Token: gAAAAABqhAZXNytq..." {{(pid=99776) http_log /opt/stack/data/venv/lib/python3.12/site-packages/swiftclient/client.py:160}}
Aug 18 07:14:35.530466 np0000007610 devstack@g-api.service[99776]: DEBUG swiftclient [None req-86ea41ce-a388-4fc9-aef4-d5e24477cf49 tempest-VolumesActionsTest-1743092435 tempest-VolumesActionsTest-1743092435-project-member] RESP STATUS: 201 Created {{(pid=99776) http_log /opt/stack/data/venv/lib/python3.12/site-packages/swiftclient/client.py:161}}
Aug 18 07:14:35.530466 np0000007610 devstack@g-api.service[99776]: DEBUG swiftclient [None req-86ea41ce-a388-4fc9-aef4-d5e24477cf49 tempest-VolumesActionsTest-1743092435 tempest-VolumesActionsTest-1743092435-project-member] RESP HEADERS: {'Date': 'Tue, 18 Aug 2026 07:14:35 GMT', 'Server': 'Apache/2.4.58 (Ubuntu)', 'Content-Type': 'text/html; charset=UTF-8', 'Content-Length': '0', 'Etag': 'eda9a9889837ac4bc81d6387d92c1bec', 'Last-Modified': 'Tue, 18 Aug 2026 07:14:34 GMT', 'X-Trans-Id': 'tx113b929e73e44978a2be1-006a840659', 'X-Openstack-Request-Id': 'tx113b929e73e44978a2be1-006a840659', 'Connection': 'close'} {{(pid=99776) http_log /opt/stack/data/venv/lib/python3.12/site-packages/swiftclient/client.py:162}}
Aug 18 07:14:35.530466 np0000007610 devstack@g-api.service[99776]: DEBUG glance_store._drivers.swift.store [None req-86ea41ce-a388-4fc9-aef4-d5e24477cf49 tempest-VolumesActionsTest-1743092435 tempest-VolumesActionsTest-1743092435-project-member] Wrote chunk 8fceafee-a6d6-477e-9e3a-2bbe34fa3683-00002 (2/?) of length 204800000 to Swift returning MD5 of content: eda9a9889837ac4bc81d6387d92c1bec {{(pid=99776) add /opt/stack/data/venv/lib/python3.12/site-packages/glance_store/_drivers/swift/store.py:1059}}
Aug 18 07:14:35.929675 np0000007610 devstack@g-api.service[99777]: DEBUG glance.api.middleware.version_negotiation [None req-c5d815e4-e400-499e-97df-b885c62ee071 tempest-VolumesActionsTest-1743092435 tempest-VolumesActionsTest-1743092435-project-member] Determining version of request: GET /v2/images/8fceafee-a6d6-477e-9e3a-2bbe34fa3683 Accept: application/json {{(pid=99777) process_request /opt/stack/glance/glance/api/middleware/version_negotiation.py:44}}
Aug 18 07:14:35.929991 np0000007610 devstack@g-api.service[99777]: DEBUG glance.api.middleware.version_negotiation [None req-c5d815e4-e400-499e-97df-b885c62ee071 tempest-VolumesActionsTest-1743092435 tempest-VolumesActionsTest-1743092435-project-member] Using url versioning {{(pid=99777) process_request /opt/stack/glance/glance/api/middleware/version_negotiation.py:57}}
Aug 18 07:14:35.930028 np0000007610 devstack@g-api.service[99777]: DEBUG glance.api.middleware.version_negotiation [None req-c5d815e4-e400-499e-97df-b885c62ee071 tempest-VolumesActionsTest-1743092435 tempest-VolumesActionsTest-1743092435-project-member] Matched version: v2 {{(pid=99777) process_request /opt/stack/glance/glance/api/middleware/version_negotiation.py:69}}
Aug 18 07:14:35.930173 np0000007610 devstack@g-api.service[99777]: DEBUG glance.api.middleware.version_negotiation [None req-c5d815e4-e400-499e-97df-b885c62ee071 tempest-VolumesActionsTest-1743092435 tempest-VolumesActionsTest-1743092435-project-member] new path /v2/images/8fceafee-a6d6-477e-9e3a-2bbe34fa3683 {{(pid=99777) process_request /opt/stack/glance/glance/api/middleware/version_negotiation.py:70}}
Aug 18 07:14:35.948078 np0000007610 devstack@g-api.service[99777]: [pid: 99777|app: 0|req: 138/405] 127.0.0.1 () {40 vars in 838 bytes} [Tue Aug 18 07:14:35 2026] GET /v2/images/8fceafee-a6d6-477e-9e3a-2bbe34fa3683 => generated 649 bytes in 19 msecs (HTTP/1.1 200) 4 headers in 157 bytes (1 switches on core 0)
Aug 18 07:14:36.958766 np0000007610 devstack@g-api.service[99778]: DEBUG glance.api.middleware.version_negotiation [None req-3e6ee208-cadd-424d-b004-ed0c02d02550 tempest-VolumesActionsTest-1743092435 tempest-VolumesActionsTest-1743092435-project-member] Determining version of request: GET /v2/images/8fceafee-a6d6-477e-9e3a-2bbe34fa3683 Accept: application/json {{(pid=99778) process_request /opt/stack/glance/glance/api/middleware/version_negotiation.py:44}}
Aug 18 07:14:36.959733 np0000007610 devstack@g-api.service[99778]: DEBUG glance.api.middleware.version_negotiation [None req-3e6ee208-cadd-424d-b004-ed0c02d02550 tempest-VolumesActionsTest-1743092435 tempest-VolumesActionsTest-1743092435-project-member] Using url versioning {{(pid=99778) process_request /opt/stack/glance/glance/api/middleware/version_negotiation.py:57}}
Aug 18 07:14:36.959733 np0000007610 devstack@g-api.service[99778]: DEBUG glance.api.middleware.version_negotiation [None req-3e6ee208-cadd-424d-b004-ed0c02d02550 tempest-VolumesActionsTest-1743092435 tempest-VolumesActionsTest-1743092435-project-member] Matched version: v2 {{(pid=99778) process_request /opt/stack/glance/glance/api/middleware/version_negotiation.py:69}}
Aug 18 07:14:36.959733 np0000007610 devstack@g-api.service[99778]: DEBUG glance.api.middleware.version_negotiation [None req-3e6ee208-cadd-424d-b004-ed0c02d02550 tempest-VolumesActionsTest-1743092435 tempest-VolumesActionsTest-1743092435-project-member] new path /v2/images/8fceafee-a6d6-477e-9e3a-2bbe34fa3683 {{(pid=99778) process_request /opt/stack/glance/glance/api/middleware/version_negotiation.py:70}}
Aug 18 07:14:36.978539 np0000007610 devstack@g-api.service[99778]: [pid: 99778|app: 0|req: 138/406] 127.0.0.1 () {40 vars in 838 bytes} [Tue Aug 18 07:14:36 2026] GET /v2/images/8fceafee-a6d6-477e-9e3a-2bbe34fa3683 => generated 649 bytes in 20 msecs (HTTP/1.1 200) 4 headers in 157 bytes (1 switches on core 0)
Aug 18 07:14:37.539085 np0000007610 devstack@g-api.service[99776]: DEBUG swiftclient [None req-86ea41ce-a388-4fc9-aef4-d5e24477cf49 tempest-VolumesActionsTest-1743092435 tempest-VolumesActionsTest-1743092435-project-member] REQ: curl -i https://10.4.3.182:8080/v1/AUTH_e541c10c90e74b21a0dcd081308e738c/glance/8fceafee-a6d6-477e-9e3a-2bbe34fa3683-00003 -X PUT -H "X-Auth-Token: gAAAAABqhAZXNytq..." {{(pid=99776) http_log /opt/stack/data/venv/lib/python3.12/site-packages/swiftclient/client.py:160}}
Aug 18 07:14:37.539655 np0000007610 devstack@g-api.service[99776]: DEBUG swiftclient [None req-86ea41ce-a388-4fc9-aef4-d5e24477cf49 tempest-VolumesActionsTest-1743092435 tempest-VolumesActionsTest-1743092435-project-member] RESP STATUS: 201 Created {{(pid=99776) http_log /opt/stack/data/venv/lib/python3.12/site-packages/swiftclient/client.py:161}}
Aug 18 07:14:37.539655 np0000007610 devstack@g-api.service[99776]: DEBUG swiftclient [None req-86ea41ce-a388-4fc9-aef4-d5e24477cf49 tempest-VolumesActionsTest-1743092435 tempest-VolumesActionsTest-1743092435-project-member] RESP HEADERS: {'Date': 'Tue, 18 Aug 2026 07:14:37 GMT', 'Server': 'Apache/2.4.58 (Ubuntu)', 'Content-Type': 'text/html; charset=UTF-8', 'Content-Length': '0', 'Etag': 'eda9a9889837ac4bc81d6387d92c1bec', 'Last-Modified': 'Tue, 18 Aug 2026 07:14:36 GMT', 'X-Trans-Id': 'txf9bc8c9508744e8aa9da0-006a84065b', 'X-Openstack-Request-Id': 'txf9bc8c9508744e8aa9da0-006a84065b', 'Connection': 'close'} {{(pid=99776) http_log /opt/stack/data/venv/lib/python3.12/site-packages/swiftclient/client.py:162}}
Aug 18 07:14:37.539655 np0000007610 devstack@g-api.service[99776]: DEBUG glance_store._drivers.swift.store [None req-86ea41ce-a388-4fc9-aef4-d5e24477cf49 tempest-VolumesActionsTest-1743092435 tempest-VolumesActionsTest-1743092435-project-member] Wrote chunk 8fceafee-a6d6-477e-9e3a-2bbe34fa3683-00003 (3/?) of length 204800000 to Swift returning MD5 of content: eda9a9889837ac4bc81d6387d92c1bec {{(pid=99776) add /opt/stack/data/venv/lib/python3.12/site-packages/glance_store/_drivers/swift/store.py:1059}}
Aug 18 07:14:37.988776 np0000007610 devstack@g-api.service[99777]: DEBUG glance.api.middleware.version_negotiation [None req-630c26c5-60f3-4f5f-8c91-90bd3aa69f5e tempest-VolumesActionsTest-1743092435 tempest-VolumesActionsTest-1743092435-project-member] Determining version of request: GET /v2/images/8fceafee-a6d6-477e-9e3a-2bbe34fa3683 Accept: application/json {{(pid=99777) process_request /opt/stack/glance/glance/api/middleware/version_negotiation.py:44}}
Aug 18 07:14:37.989241 np0000007610 devstack@g-api.service[99777]: DEBUG glance.api.middleware.version_negotiation [None req-630c26c5-60f3-4f5f-8c91-90bd3aa69f5e tempest-VolumesActionsTest-1743092435 tempest-VolumesActionsTest-1743092435-project-member] Using url versioning {{(pid=99777) process_request /opt/stack/glance/glance/api/middleware/version_negotiation.py:57}}
Aug 18 07:14:37.989241 np0000007610 devstack@g-api.service[99777]: DEBUG glance.api.middleware.version_negotiation [None req-630c26c5-60f3-4f5f-8c91-90bd3aa69f5e tempest-VolumesActionsTest-1743092435 tempest-VolumesActionsTest-1743092435-project-member] Matched version: v2 {{(pid=99777) process_request /opt/stack/glance/glance/api/middleware/version_negotiation.py:69}}
Aug 18 07:14:37.989241 np0000007610 devstack@g-api.service[99777]: DEBUG glance.api.middleware.version_negotiation [None req-630c26c5-60f3-4f5f-8c91-90bd3aa69f5e tempest-VolumesActionsTest-1743092435 tempest-VolumesActionsTest-1743092435-project-member] new path /v2/images/8fceafee-a6d6-477e-9e3a-2bbe34fa3683 {{(pid=99777) process_request /opt/stack/glance/glance/api/middleware/version_negotiation.py:70}}
Aug 18 07:14:38.006811 np0000007610 devstack@g-api.service[99777]: [pid: 99777|app: 0|req: 139/407] 127.0.0.1 () {40 vars in 838 bytes} [Tue Aug 18 07:14:37 2026] GET /v2/images/8fceafee-a6d6-477e-9e3a-2bbe34fa3683 => generated 649 bytes in 18 msecs (HTTP/1.1 200) 4 headers in 157 bytes (1 switches on core 0)
Aug 18 07:14:39.018009 np0000007610 devstack@g-api.service[99778]: DEBUG glance.api.middleware.version_negotiation [None req-67d2beac-ed51-4772-a356-a877e8e8e508 tempest-VolumesActionsTest-1743092435 tempest-VolumesActionsTest-1743092435-project-member] Determining version of request: GET /v2/images/8fceafee-a6d6-477e-9e3a-2bbe34fa3683 Accept: application/json {{(pid=99778) process_request /opt/stack/glance/glance/api/middleware/version_negotiation.py:44}}
Aug 18 07:14:39.018525 np0000007610 devstack@g-api.service[99778]: DEBUG glance.api.middleware.version_negotiation [None req-67d2beac-ed51-4772-a356-a877e8e8e508 tempest-VolumesActionsTest-1743092435 tempest-VolumesActionsTest-1743092435-project-member] Using url versioning {{(pid=99778) process_request /opt/stack/glance/glance/api/middleware/version_negotiation.py:57}}
Aug 18 07:14:39.018525 np0000007610 devstack@g-api.service[99778]: DEBUG glance.api.middleware.version_negotiation [None req-67d2beac-ed51-4772-a356-a877e8e8e508 tempest-VolumesActionsTest-1743092435 tempest-VolumesActionsTest-1743092435-project-member] Matched version: v2 {{(pid=99778) process_request /opt/stack/glance/glance/api/middleware/version_negotiation.py:69}}
Aug 18 07:14:39.018614 np0000007610 devstack@g-api.service[99778]: DEBUG glance.api.middleware.version_negotiation [None req-67d2beac-ed51-4772-a356-a877e8e8e508 tempest-VolumesActionsTest-1743092435 tempest-VolumesActionsTest-1743092435-project-member] new path /v2/images/8fceafee-a6d6-477e-9e3a-2bbe34fa3683 {{(pid=99778) process_request /opt/stack/glance/glance/api/middleware/version_negotiation.py:70}}
Aug 18 07:14:39.045777 np0000007610 devstack@g-api.service[99778]: [pid: 99778|app: 0|req: 139/408] 127.0.0.1 () {40 vars in 838 bytes} [Tue Aug 18 07:14:39 2026] GET /v2/images/8fceafee-a6d6-477e-9e3a-2bbe34fa3683 => generated 649 bytes in 28 msecs (HTTP/1.1 200) 4 headers in 157 bytes (1 switches on core 0)
Aug 18 07:14:39.651161 np0000007610 devstack@g-api.service[99776]: DEBUG swiftclient [None req-86ea41ce-a388-4fc9-aef4-d5e24477cf49 tempest-VolumesActionsTest-1743092435 tempest-VolumesActionsTest-1743092435-project-member] REQ: curl -i https://10.4.3.182:8080/v1/AUTH_e541c10c90e74b21a0dcd081308e738c/glance/8fceafee-a6d6-477e-9e3a-2bbe34fa3683-00004 -X PUT -H "X-Auth-Token: gAAAAABqhAZXNytq..." {{(pid=99776) http_log /opt/stack/data/venv/lib/python3.12/site-packages/swiftclient/client.py:160}}
Aug 18 07:14:39.651660 np0000007610 devstack@g-api.service[99776]: DEBUG swiftclient [None req-86ea41ce-a388-4fc9-aef4-d5e24477cf49 tempest-VolumesActionsTest-1743092435 tempest-VolumesActionsTest-1743092435-project-member] RESP STATUS: 201 Created {{(pid=99776) http_log /opt/stack/data/venv/lib/python3.12/site-packages/swiftclient/client.py:161}}
Aug 18 07:14:39.651660 np0000007610 devstack@g-api.service[99776]: DEBUG swiftclient [None req-86ea41ce-a388-4fc9-aef4-d5e24477cf49 tempest-VolumesActionsTest-1743092435 tempest-VolumesActionsTest-1743092435-project-member] RESP HEADERS: {'Date': 'Tue, 18 Aug 2026 07:14:39 GMT', 'Server': 'Apache/2.4.58 (Ubuntu)', 'Content-Type': 'text/html; charset=UTF-8', 'Content-Length': '0', 'Etag': 'eda9a9889837ac4bc81d6387d92c1bec', 'Last-Modified': 'Tue, 18 Aug 2026 07:14:38 GMT', 'X-Trans-Id': 'txcfd7e229844640ef90481-006a84065d', 'X-Openstack-Request-Id': 'txcfd7e229844640ef90481-006a84065d', 'Connection': 'close'} {{(pid=99776) http_log /opt/stack/data/venv/lib/python3.12/site-packages/swiftclient/client.py:162}}
Aug 18 07:14:39.651660 np0000007610 devstack@g-api.service[99776]: DEBUG glance_store._drivers.swift.store [None req-86ea41ce-a388-4fc9-aef4-d5e24477cf49 tempest-VolumesActionsTest-1743092435 tempest-VolumesActionsTest-1743092435-project-member] Wrote chunk 8fceafee-a6d6-477e-9e3a-2bbe34fa3683-00004 (4/?) of length 204800000 to Swift returning MD5 of content: eda9a9889837ac4bc81d6387d92c1bec {{(pid=99776) add /opt/stack/data/venv/lib/python3.12/site-packages/glance_store/_drivers/swift/store.py:1059}}
Aug 18 07:14:40.057676 np0000007610 devstack@g-api.service[99777]: DEBUG glance.api.middleware.version_negotiation [None req-67ab4561-2b61-4685-8c12-09af2893ea63 tempest-VolumesActionsTest-1743092435 tempest-VolumesActionsTest-1743092435-project-member] Determining version of request: GET /v2/images/8fceafee-a6d6-477e-9e3a-2bbe34fa3683 Accept: application/json {{(pid=99777) process_request /opt/stack/glance/glance/api/middleware/version_negotiation.py:44}}
Aug 18 07:14:40.057942 np0000007610 devstack@g-api.service[99777]: DEBUG glance.api.middleware.version_negotiation [None req-67ab4561-2b61-4685-8c12-09af2893ea63 tempest-VolumesActionsTest-1743092435 tempest-VolumesActionsTest-1743092435-project-member] Using url versioning {{(pid=99777) process_request /opt/stack/glance/glance/api/middleware/version_negotiation.py:57}}
Aug 18 07:14:40.058410 np0000007610 devstack@g-api.service[99777]: DEBUG glance.api.middleware.version_negotiation [None req-67ab4561-2b61-4685-8c12-09af2893ea63 tempest-VolumesActionsTest-1743092435 tempest-VolumesActionsTest-1743092435-project-member] Matched version: v2 {{(pid=99777) process_request /opt/stack/glance/glance/api/middleware/version_negotiation.py:69}}
Aug 18 07:14:40.058410 np0000007610 devstack@g-api.service[99777]: DEBUG glance.api.middleware.version_negotiation [None req-67ab4561-2b61-4685-8c12-09af2893ea63 tempest-VolumesActionsTest-1743092435 tempest-VolumesActionsTest-1743092435-project-member] new path /v2/images/8fceafee-a6d6-477e-9e3a-2bbe34fa3683 {{(pid=99777) process_request /opt/stack/glance/glance/api/middleware/version_negotiation.py:70}}
Aug 18 07:14:40.072104 np0000007610 devstack@g-api.service[99777]: [pid: 99777|app: 0|req: 140/409] 127.0.0.1 () {40 vars in 838 bytes} [Tue Aug 18 07:14:40 2026] GET /v2/images/8fceafee-a6d6-477e-9e3a-2bbe34fa3683 => generated 649 bytes in 14 msecs (HTTP/1.1 200) 4 headers in 157 bytes (1 switches on core 0)
Aug 18 07:14:40.992774 np0000007610 devstack@g-api.service[99776]: DEBUG dbcounter [-] [99776] Writing DB stats glance:SELECT=12,glance:UPDATE=1 {{(pid=99776) stat_writer /opt/stack/data/venv/lib/python3.12/site-packages/dbcounter.py:115}}
Aug 18 07:14:41.079704 np0000007610 devstack@g-api.service[99778]: DEBUG glance.api.middleware.version_negotiation [None req-85a95fa4-6123-46c1-b4da-1c1390345ab7 tempest-VolumesActionsTest-1743092435 tempest-VolumesActionsTest-1743092435-project-member] Determining version of request: GET /v2/images/8fceafee-a6d6-477e-9e3a-2bbe34fa3683 Accept: application/json {{(pid=99778) process_request /opt/stack/glance/glance/api/middleware/version_negotiation.py:44}}
Aug 18 07:14:41.080140 np0000007610 devstack@g-api.service[99778]: DEBUG glance.api.middleware.version_negotiation [None req-85a95fa4-6123-46c1-b4da-1c1390345ab7 tempest-VolumesActionsTest-1743092435 tempest-VolumesActionsTest-1743092435-project-member] Using url versioning {{(pid=99778) process_request /opt/stack/glance/glance/api/middleware/version_negotiation.py:57}}
Aug 18 07:14:41.080140 np0000007610 devstack@g-api.service[99778]: DEBUG glance.api.middleware.version_negotiation [None req-85a95fa4-6123-46c1-b4da-1c1390345ab7 tempest-VolumesActionsTest-1743092435 tempest-VolumesActionsTest-1743092435-project-member] Matched version: v2 {{(pid=99778) process_request /opt/stack/glance/glance/api/middleware/version_negotiation.py:69}}
Aug 18 07:14:41.080218 np0000007610 devstack@g-api.service[99778]: DEBUG glance.api.middleware.version_negotiation [None req-85a95fa4-6123-46c1-b4da-1c1390345ab7 tempest-VolumesActionsTest-1743092435 tempest-VolumesActionsTest-1743092435-project-member] new path /v2/images/8fceafee-a6d6-477e-9e3a-2bbe34fa3683 {{(pid=99778) process_request /opt/stack/glance/glance/api/middleware/version_negotiation.py:70}}
Aug 18 07:14:41.088750 np0000007610 devstack@g-api.service[99778]: [pid: 99778|app: 0|req: 140/410] 127.0.0.1 () {40 vars in 838 bytes} [Tue Aug 18 07:14:41 2026] GET /v2/images/8fceafee-a6d6-477e-9e3a-2bbe34fa3683 => generated 649 bytes in 9 msecs (HTTP/1.1 200) 4 headers in 157 bytes (1 switches on core 0)
Aug 18 07:14:41.499859 np0000007610 devstack@g-api.service[99776]: DEBUG swiftclient [None req-86ea41ce-a388-4fc9-aef4-d5e24477cf49 tempest-VolumesActionsTest-1743092435 tempest-VolumesActionsTest-1743092435-project-member] REQ: curl -i https://10.4.3.182:8080/v1/AUTH_e541c10c90e74b21a0dcd081308e738c/glance/8fceafee-a6d6-477e-9e3a-2bbe34fa3683-00005 -X PUT -H "X-Auth-Token: gAAAAABqhAZXNytq..." {{(pid=99776) http_log /opt/stack/data/venv/lib/python3.12/site-packages/swiftclient/client.py:160}}
Aug 18 07:14:41.500002 np0000007610 devstack@g-api.service[99776]: DEBUG swiftclient [None req-86ea41ce-a388-4fc9-aef4-d5e24477cf49 tempest-VolumesActionsTest-1743092435 tempest-VolumesActionsTest-1743092435-project-member] RESP STATUS: 201 Created {{(pid=99776) http_log /opt/stack/data/venv/lib/python3.12/site-packages/swiftclient/client.py:161}}
Aug 18 07:14:41.500174 np0000007610 devstack@g-api.service[99776]: DEBUG swiftclient [None req-86ea41ce-a388-4fc9-aef4-d5e24477cf49 tempest-VolumesActionsTest-1743092435 tempest-VolumesActionsTest-1743092435-project-member] RESP HEADERS: {'Date': 'Tue, 18 Aug 2026 07:14:41 GMT', 'Server': 'Apache/2.4.58 (Ubuntu)', 'Content-Type': 'text/html; charset=UTF-8', 'Content-Length': '0', 'Etag': 'eda9a9889837ac4bc81d6387d92c1bec', 'Last-Modified': 'Tue, 18 Aug 2026 07:14:40 GMT', 'X-Trans-Id': 'tx073c4d8e00b343e492865-006a84065f', 'X-Openstack-Request-Id': 'tx073c4d8e00b343e492865-006a84065f', 'Connection': 'close'} {{(pid=99776) http_log /opt/stack/data/venv/lib/python3.12/site-packages/swiftclient/client.py:162}}
Aug 18 07:14:41.500298 np0000007610 devstack@g-api.service[99776]: DEBUG glance_store._drivers.swift.store [None req-86ea41ce-a388-4fc9-aef4-d5e24477cf49 tempest-VolumesActionsTest-1743092435 tempest-VolumesActionsTest-1743092435-project-member] Wrote chunk 8fceafee-a6d6-477e-9e3a-2bbe34fa3683-00005 (5/?) of length 204800000 to Swift returning MD5 of content: eda9a9889837ac4bc81d6387d92c1bec {{(pid=99776) add /opt/stack/data/venv/lib/python3.12/site-packages/glance_store/_drivers/swift/store.py:1059}}
Aug 18 07:14:41.961814 np0000007610 devstack@g-api.service[99776]: DEBUG swiftclient [None req-86ea41ce-a388-4fc9-aef4-d5e24477cf49 tempest-VolumesActionsTest-1743092435 tempest-VolumesActionsTest-1743092435-project-member] REQ: curl -i https://10.4.3.182:8080/v1/AUTH_e541c10c90e74b21a0dcd081308e738c/glance/8fceafee-a6d6-477e-9e3a-2bbe34fa3683-00006 -X PUT -H "X-Auth-Token: gAAAAABqhAZXNytq..." {{(pid=99776) http_log /opt/stack/data/venv/lib/python3.12/site-packages/swiftclient/client.py:160}}
Aug 18 07:14:41.962089 np0000007610 devstack@g-api.service[99776]: DEBUG swiftclient [None req-86ea41ce-a388-4fc9-aef4-d5e24477cf49 tempest-VolumesActionsTest-1743092435 tempest-VolumesActionsTest-1743092435-project-member] RESP STATUS: 201 Created {{(pid=99776) http_log /opt/stack/data/venv/lib/python3.12/site-packages/swiftclient/client.py:161}}
Aug 18 07:14:41.962089 np0000007610 devstack@g-api.service[99776]: DEBUG swiftclient [None req-86ea41ce-a388-4fc9-aef4-d5e24477cf49 tempest-VolumesActionsTest-1743092435 tempest-VolumesActionsTest-1743092435-project-member] RESP HEADERS: {'Date': 'Tue, 18 Aug 2026 07:14:41 GMT', 'Server': 'Apache/2.4.58 (Ubuntu)', 'Content-Type': 'text/html; charset=UTF-8', 'Content-Length': '0', 'Etag': '708761f3b8777ec77058e63da08eeeb6', 'Last-Modified': 'Tue, 18 Aug 2026 07:14:42 GMT', 'X-Trans-Id': 'txb9a86e8c94194b93abe84-006a840661', 'X-Openstack-Request-Id': 'txb9a86e8c94194b93abe84-006a840661', 'Connection': 'close'} {{(pid=99776) http_log /opt/stack/data/venv/lib/python3.12/site-packages/swiftclient/client.py:162}}
Aug 18 07:14:41.962504 np0000007610 devstack@g-api.service[99776]: DEBUG glance_store._drivers.swift.store [None req-86ea41ce-a388-4fc9-aef4-d5e24477cf49 tempest-VolumesActionsTest-1743092435 tempest-VolumesActionsTest-1743092435-project-member] Wrote chunk 8fceafee-a6d6-477e-9e3a-2bbe34fa3683-00006 (6/?) of length 49741824 to Swift returning MD5 of content: 708761f3b8777ec77058e63da08eeeb6 {{(pid=99776) add /opt/stack/data/venv/lib/python3.12/site-packages/glance_store/_drivers/swift/store.py:1059}}
Aug 18 07:14:41.962504 np0000007610 devstack@g-api.service[99776]: DEBUG glance_store._drivers.swift.store [None req-86ea41ce-a388-4fc9-aef4-d5e24477cf49 tempest-VolumesActionsTest-1743092435 tempest-VolumesActionsTest-1743092435-project-member] Not writing zero-length chunk. {{(pid=99776) add /opt/stack/data/venv/lib/python3.12/site-packages/glance_store/_drivers/swift/store.py:1028}}
Aug 18 07:14:41.993961 np0000007610 devstack@g-api.service[99776]: DEBUG swiftclient [None req-86ea41ce-a388-4fc9-aef4-d5e24477cf49 tempest-VolumesActionsTest-1743092435 tempest-VolumesActionsTest-1743092435-project-member] REQ: curl -i https://10.4.3.182:8080/v1/AUTH_e541c10c90e74b21a0dcd081308e738c/glance/8fceafee-a6d6-477e-9e3a-2bbe34fa3683 -X PUT -H "X-Object-Manifest: glance/8fceafee-a6d6-477e-9e3a-2bbe34fa3683-" -H "X-Auth-Token: gAAAAABqhAZXNytq..." -H "Content-Length: 0" {{(pid=99776) http_log /opt/stack/data/venv/lib/python3.12/site-packages/swiftclient/client.py:160}}
Aug 18 07:14:41.994418 np0000007610 devstack@g-api.service[99776]: DEBUG swiftclient [None req-86ea41ce-a388-4fc9-aef4-d5e24477cf49 tempest-VolumesActionsTest-1743092435 tempest-VolumesActionsTest-1743092435-project-member] RESP STATUS: 201 Created {{(pid=99776) http_log /opt/stack/data/venv/lib/python3.12/site-packages/swiftclient/client.py:161}}
