Aug 18 07:07:36.295530 np0000007610 nova-conductor[95918]: DEBUG cotyledon.oslo_config_glue [-] oslo_messaging_rabbit.rabbit_qos_prefetch_count = 0 {{(pid=95918) log_opt_values /opt/stack/data/venv/lib/python3.12/site-packages/oslo_config/cfg.py:3560}}
Aug 18 07:07:36.295530 np0000007610 nova-conductor[95918]: DEBUG cotyledon.oslo_config_glue [-] oslo_messaging_rabbit.rabbit_quorum_delivery_limit = 0 {{(pid=95918) log_opt_values /opt/stack/data/venv/lib/python3.12/site-packages/oslo_config/cfg.py:3560}}
Aug 18 07:07:36.295530 np0000007610 nova-conductor[95918]: DEBUG cotyledon.oslo_config_glue [-] oslo_messaging_rabbit.rabbit_quorum_max_memory_bytes = 0 {{(pid=95918) log_opt_values /opt/stack/data/venv/lib/python3.12/site-packages/oslo_config/cfg.py:3560}}
Aug 18 07:07:36.295530 np0000007610 nova-conductor[95918]: DEBUG cotyledon.oslo_config_glue [-] oslo_messaging_rabbit.rabbit_quorum_max_memory_length = 0 {{(pid=95918) log_opt_values /opt/stack/data/venv/lib/python3.12/site-packages/oslo_config/cfg.py:3560}}
Aug 18 07:07:36.295530 np0000007610 nova-conductor[95918]: DEBUG cotyledon.oslo_config_glue [-] oslo_messaging_rabbit.rabbit_quorum_queue = False {{(pid=95918) log_opt_values /opt/stack/data/venv/lib/python3.12/site-packages/oslo_config/cfg.py:3560}}
Aug 18 07:07:36.295530 np0000007610 nova-conductor[95918]: DEBUG cotyledon.oslo_config_glue [-] oslo_messaging_rabbit.rabbit_retry_backoff = 2 {{(pid=95918) log_opt_values /opt/stack/data/venv/lib/python3.12/site-packages/oslo_config/cfg.py:3560}}
Aug 18 07:07:36.295530 np0000007610 nova-conductor[95918]: DEBUG cotyledon.oslo_config_glue [-] oslo_messaging_rabbit.rabbit_retry_interval = 1 {{(pid=95918) log_opt_values /opt/stack/data/venv/lib/python3.12/site-packages/oslo_config/cfg.py:3560}}
Aug 18 07:07:36.295530 np0000007610 nova-conductor[95918]: DEBUG cotyledon.oslo_config_glue [-] oslo_messaging_rabbit.rabbit_stream_fanout = False {{(pid=95918) log_opt_values /opt/stack/data/venv/lib/python3.12/site-packages/oslo_config/cfg.py:3560}}
Aug 18 07:07:36.295698 np0000007610 nova-conductor[95918]: DEBUG cotyledon.oslo_config_glue [-] oslo_messaging_rabbit.rabbit_transient_queues_ttl = 1800 {{(pid=95918) log_opt_values /opt/stack/data/venv/lib/python3.12/site-packages/oslo_config/cfg.py:3560}}
Aug 18 07:07:36.295698 np0000007610 nova-conductor[95918]: DEBUG cotyledon.oslo_config_glue [-] oslo_messaging_rabbit.rabbit_transient_quorum_queue = False {{(pid=95918) log_opt_values /opt/stack/data/venv/lib/python3.12/site-packages/oslo_config/cfg.py:3560}}
Aug 18 07:07:36.295698 np0000007610 nova-conductor[95918]: DEBUG cotyledon.oslo_config_glue [-] oslo_messaging_rabbit.rpc_conn_pool_size = 30 {{(pid=95918) log_opt_values /opt/stack/data/venv/lib/python3.12/site-packages/oslo_config/cfg.py:3560}}
Aug 18 07:07:36.295698 np0000007610 nova-conductor[95918]: DEBUG cotyledon.oslo_config_glue [-] oslo_messaging_rabbit.ssl = False {{(pid=95918) log_opt_values /opt/stack/data/venv/lib/python3.12/site-packages/oslo_config/cfg.py:3560}}
Aug 18 07:07:36.295698 np0000007610 nova-conductor[95918]: DEBUG cotyledon.oslo_config_glue [-] oslo_messaging_rabbit.ssl_ca_file = {{(pid=95918) log_opt_values /opt/stack/data/venv/lib/python3.12/site-packages/oslo_config/cfg.py:3560}}
Aug 18 07:07:36.295698 np0000007610 nova-conductor[95918]: DEBUG cotyledon.oslo_config_glue [-] oslo_messaging_rabbit.ssl_cert_file = {{(pid=95918) log_opt_values /opt/stack/data/venv/lib/python3.12/site-packages/oslo_config/cfg.py:3560}}
Aug 18 07:07:36.295698 np0000007610 nova-conductor[95918]: DEBUG cotyledon.oslo_config_glue [-] oslo_messaging_rabbit.ssl_enforce_fips_mode = False {{(pid=95918) log_opt_values /opt/stack/data/venv/lib/python3.12/site-packages/oslo_config/cfg.py:3560}}
Aug 18 07:07:36.295698 np0000007610 nova-conductor[95918]: DEBUG cotyledon.oslo_config_glue [-] oslo_messaging_rabbit.ssl_enforce_hostname_verification = True {{(pid=95918) log_opt_values /opt/stack/data/venv/lib/python3.12/site-packages/oslo_config/cfg.py:3560}}
Aug 18 07:07:36.295698 np0000007610 nova-conductor[95918]: DEBUG cotyledon.oslo_config_glue [-] oslo_messaging_rabbit.ssl_key_file = {{(pid=95918) log_opt_values /opt/stack/data/venv/lib/python3.12/site-packages/oslo_config/cfg.py:3560}}
Aug 18 07:07:36.295885 np0000007610 nova-conductor[95918]: DEBUG cotyledon.oslo_config_glue [-] oslo_messaging_rabbit.ssl_version = {{(pid=95918) log_opt_values /opt/stack/data/venv/lib/python3.12/site-packages/oslo_config/cfg.py:3560}}
Aug 18 07:07:36.295885 np0000007610 nova-conductor[95918]: DEBUG cotyledon.oslo_config_glue [-] oslo_messaging_rabbit.use_queue_manager = False {{(pid=95918) log_opt_values /opt/stack/data/venv/lib/python3.12/site-packages/oslo_config/cfg.py:3560}}
Aug 18 07:07:36.295885 np0000007610 nova-conductor[95918]: DEBUG cotyledon.oslo_config_glue [-] oslo_messaging_notifications.driver = ['messagingv2'] {{(pid=95918) log_opt_values /opt/stack/data/venv/lib/python3.12/site-packages/oslo_config/cfg.py:3560}}
Aug 18 07:07:36.295885 np0000007610 nova-conductor[95918]: DEBUG cotyledon.oslo_config_glue [-] oslo_messaging_notifications.retry = -1 {{(pid=95918) log_opt_values /opt/stack/data/venv/lib/python3.12/site-packages/oslo_config/cfg.py:3560}}
Aug 18 07:07:36.295885 np0000007610 nova-conductor[95918]: DEBUG cotyledon.oslo_config_glue [-] oslo_messaging_notifications.topics = ['notifications'] {{(pid=95918) log_opt_values /opt/stack/data/venv/lib/python3.12/site-packages/oslo_config/cfg.py:3560}}
Aug 18 07:07:36.295885 np0000007610 nova-conductor[95918]: DEBUG cotyledon.oslo_config_glue [-] oslo_messaging_notifications.transport_url = **** {{(pid=95918) log_opt_values /opt/stack/data/venv/lib/python3.12/site-packages/oslo_config/cfg.py:3560}}
Aug 18 07:07:36.295885 np0000007610 nova-conductor[95918]: DEBUG cotyledon.oslo_config_glue [-] oslo_limit.auth_section = None {{(pid=95918) log_opt_values /opt/stack/data/venv/lib/python3.12/site-packages/oslo_config/cfg.py:3560}}
Aug 18 07:07:36.295885 np0000007610 nova-conductor[95918]: DEBUG cotyledon.oslo_config_glue [-] oslo_limit.auth_type = None {{(pid=95918) log_opt_values /opt/stack/data/venv/lib/python3.12/site-packages/oslo_config/cfg.py:3560}}
Aug 18 07:07:36.295885 np0000007610 nova-conductor[95918]: DEBUG cotyledon.oslo_config_glue [-] oslo_limit.cafile = None {{(pid=95918) log_opt_values /opt/stack/data/venv/lib/python3.12/site-packages/oslo_config/cfg.py:3560}}
Aug 18 07:07:36.296063 np0000007610 nova-conductor[95918]: DEBUG cotyledon.oslo_config_glue [-] oslo_limit.certfile = None {{(pid=95918) log_opt_values /opt/stack/data/venv/lib/python3.12/site-packages/oslo_config/cfg.py:3560}}
Aug 18 07:07:36.296094 np0000007610 nova-conductor[95897]: DEBUG oslo_db.sqlalchemy.engines [None req-8452d361-f681-4416-a8a6-105dccb8cae3 None None] MySQL server mode set to STRICT_TRANS_TABLES,STRICT_ALL_TABLES,NO_ZERO_IN_DATE,NO_ZERO_DATE,ERROR_FOR_DIVISION_BY_ZERO,TRADITIONAL,NO_ENGINE_SUBSTITUTION {{(pid=95897) _check_effective_sql_mode /opt/stack/data/venv/lib/python3.12/site-packages/oslo_db/sqlalchemy/engines.py:325}}
Aug 18 07:07:36.296128 np0000007610 nova-conductor[95918]: DEBUG cotyledon.oslo_config_glue [-] oslo_limit.collect_timing = False {{(pid=95918) log_opt_values /opt/stack/data/venv/lib/python3.12/site-packages/oslo_config/cfg.py:3560}}
Aug 18 07:07:36.296128 np0000007610 nova-conductor[95918]: DEBUG cotyledon.oslo_config_glue [-] oslo_limit.connect_retries = None {{(pid=95918) log_opt_values /opt/stack/data/venv/lib/python3.12/site-packages/oslo_config/cfg.py:3560}}
Aug 18 07:07:36.296128 np0000007610 nova-conductor[95918]: DEBUG cotyledon.oslo_config_glue [-] oslo_limit.connect_retry_delay = None {{(pid=95918) log_opt_values /opt/stack/data/venv/lib/python3.12/site-packages/oslo_config/cfg.py:3560}}
Aug 18 07:07:36.296128 np0000007610 nova-conductor[95918]: DEBUG cotyledon.oslo_config_glue [-] oslo_limit.endpoint_id = None {{(pid=95918) log_opt_values /opt/stack/data/venv/lib/python3.12/site-packages/oslo_config/cfg.py:3560}}
Aug 18 07:07:36.296128 np0000007610 nova-conductor[95918]: DEBUG cotyledon.oslo_config_glue [-] oslo_limit.endpoint_interface = public {{(pid=95918) log_opt_values /opt/stack/data/venv/lib/python3.12/site-packages/oslo_config/cfg.py:3560}}
Aug 18 07:07:36.296128 np0000007610 nova-conductor[95918]: DEBUG cotyledon.oslo_config_glue [-] oslo_limit.endpoint_override = None {{(pid=95918) log_opt_values /opt/stack/data/venv/lib/python3.12/site-packages/oslo_config/cfg.py:3560}}
Aug 18 07:07:36.296128 np0000007610 nova-conductor[95918]: DEBUG cotyledon.oslo_config_glue [-] oslo_limit.endpoint_region_name = None {{(pid=95918) log_opt_values /opt/stack/data/venv/lib/python3.12/site-packages/oslo_config/cfg.py:3560}}
Aug 18 07:07:36.296128 np0000007610 nova-conductor[95918]: DEBUG cotyledon.oslo_config_glue [-] oslo_limit.endpoint_service_name = None {{(pid=95918) log_opt_values /opt/stack/data/venv/lib/python3.12/site-packages/oslo_config/cfg.py:3560}}
Aug 18 07:07:36.296128 np0000007610 nova-conductor[95918]: DEBUG cotyledon.oslo_config_glue [-] oslo_limit.endpoint_service_type = None {{(pid=95918) log_opt_values /opt/stack/data/venv/lib/python3.12/site-packages/oslo_config/cfg.py:3560}}
Aug 18 07:07:36.296301 np0000007610 nova-conductor[95918]: DEBUG cotyledon.oslo_config_glue [-] oslo_limit.insecure = False {{(pid=95918) log_opt_values /opt/stack/data/venv/lib/python3.12/site-packages/oslo_config/cfg.py:3560}}
Aug 18 07:07:36.296301 np0000007610 nova-conductor[95918]: DEBUG cotyledon.oslo_config_glue [-] oslo_limit.keyfile = None {{(pid=95918) log_opt_values /opt/stack/data/venv/lib/python3.12/site-packages/oslo_config/cfg.py:3560}}
Aug 18 07:07:36.296301 np0000007610 nova-conductor[95918]: DEBUG cotyledon.oslo_config_glue [-] oslo_limit.max_version = None {{(pid=95918) log_opt_values /opt/stack/data/venv/lib/python3.12/site-packages/oslo_config/cfg.py:3560}}
Aug 18 07:07:36.296301 np0000007610 nova-conductor[95918]: DEBUG cotyledon.oslo_config_glue [-] oslo_limit.min_version = None {{(pid=95918) log_opt_values /opt/stack/data/venv/lib/python3.12/site-packages/oslo_config/cfg.py:3560}}
Aug 18 07:07:36.296301 np0000007610 nova-conductor[95918]: DEBUG cotyledon.oslo_config_glue [-] oslo_limit.region_name = None {{(pid=95918) log_opt_values /opt/stack/data/venv/lib/python3.12/site-packages/oslo_config/cfg.py:3560}}
Aug 18 07:07:36.296301 np0000007610 nova-conductor[95918]: DEBUG cotyledon.oslo_config_glue [-] oslo_limit.retriable_status_codes = None {{(pid=95918) log_opt_values /opt/stack/data/venv/lib/python3.12/site-packages/oslo_config/cfg.py:3560}}
Aug 18 07:07:36.296301 np0000007610 nova-conductor[95918]: DEBUG cotyledon.oslo_config_glue [-] oslo_limit.service_name = None {{(pid=95918) log_opt_values /opt/stack/data/venv/lib/python3.12/site-packages/oslo_config/cfg.py:3560}}
Aug 18 07:07:36.296301 np0000007610 nova-conductor[95918]: DEBUG cotyledon.oslo_config_glue [-] oslo_limit.service_type = None {{(pid=95918) log_opt_values /opt/stack/data/venv/lib/python3.12/site-packages/oslo_config/cfg.py:3560}}
Aug 18 07:07:36.296301 np0000007610 nova-conductor[95918]: DEBUG cotyledon.oslo_config_glue [-] oslo_limit.split_loggers = False {{(pid=95918) log_opt_values /opt/stack/data/venv/lib/python3.12/site-packages/oslo_config/cfg.py:3560}}
Aug 18 07:07:36.296492 np0000007610 nova-conductor[95918]: DEBUG cotyledon.oslo_config_glue [-] oslo_limit.status_code_retries = None {{(pid=95918) log_opt_values /opt/stack/data/venv/lib/python3.12/site-packages/oslo_config/cfg.py:3560}}
Aug 18 07:07:36.296492 np0000007610 nova-conductor[95918]: DEBUG cotyledon.oslo_config_glue [-] oslo_limit.status_code_retry_delay = None {{(pid=95918) log_opt_values /opt/stack/data/venv/lib/python3.12/site-packages/oslo_config/cfg.py:3560}}
Aug 18 07:07:36.296492 np0000007610 nova-conductor[95918]: DEBUG cotyledon.oslo_config_glue [-] oslo_limit.timeout = None {{(pid=95918) log_opt_values /opt/stack/data/venv/lib/python3.12/site-packages/oslo_config/cfg.py:3560}}
Aug 18 07:07:36.296492 np0000007610 nova-conductor[95918]: DEBUG cotyledon.oslo_config_glue [-] oslo_limit.valid_interfaces = None {{(pid=95918) log_opt_values /opt/stack/data/venv/lib/python3.12/site-packages/oslo_config/cfg.py:3560}}
Aug 18 07:07:36.296492 np0000007610 nova-conductor[95918]: DEBUG cotyledon.oslo_config_glue [-] oslo_limit.version = None {{(pid=95918) log_opt_values /opt/stack/data/venv/lib/python3.12/site-packages/oslo_config/cfg.py:3560}}
Aug 18 07:07:36.296492 np0000007610 nova-conductor[95918]: DEBUG cotyledon.oslo_config_glue [-] oslo_reports.file_event_handler = None {{(pid=95918) log_opt_values /opt/stack/data/venv/lib/python3.12/site-packages/oslo_config/cfg.py:3560}}
Aug 18 07:07:36.296492 np0000007610 nova-conductor[95918]: DEBUG cotyledon.oslo_config_glue [-] oslo_reports.file_event_handler_interval = 1 {{(pid=95918) log_opt_values /opt/stack/data/venv/lib/python3.12/site-packages/oslo_config/cfg.py:3560}}
Aug 18 07:07:36.296492 np0000007610 nova-conductor[95918]: DEBUG cotyledon.oslo_config_glue [-] oslo_reports.log_dir = None {{(pid=95918) log_opt_values /opt/stack/data/venv/lib/python3.12/site-packages/oslo_config/cfg.py:3560}}
Aug 18 07:07:36.296492 np0000007610 nova-conductor[95918]: DEBUG cotyledon.oslo_config_glue [-] ******************************************************************************** {{(pid=95918) log_opt_values /opt/stack/data/venv/lib/python3.12/site-packages/oslo_config/cfg.py:3567}}
Aug 18 07:07:36.296701 np0000007610 nova-conductor[95918]: DEBUG cotyledon._service_worker [-] Run service ServiceWrapper(2) [95918] {{(pid=95918) wait_forever /opt/stack/data/venv/lib/python3.12/site-packages/cotyledon/_service_worker.py:218}}
Aug 18 07:07:36.296701 np0000007610 nova-conductor[95918]: INFO nova.service [-] Starting conductor node (version 33.1.0)
Aug 18 07:07:36.296759 np0000007610 nova-conductor[95897]: DEBUG dbcounter [-] [95897] Writer thread running {{(pid=95897) stat_writer /opt/stack/data/venv/lib/python3.12/site-packages/dbcounter.py:102}}
Aug 18 07:07:36.296786 np0000007610 nova-conductor[95918]: INFO dbcounter [None req-705207cb-e8cf-46e9-b5ab-f3b17af8659a None None] Registered counter for database nova_cell0
Aug 18 07:07:36.296810 np0000007610 nova-conductor[95897]: DEBUG nova.service [None req-8452d361-f681-4416-a8a6-105dccb8cae3 None None] Creating RPC server for service: nova-conductor on topic: conductor {{(pid=95897) start /opt/stack/nova/nova/service.py:262}}
Aug 18 07:07:36.307854 np0000007610 nova-conductor[95912]: DEBUG oslo_db.sqlalchemy.engines [None req-adf28022-4039-4dea-941b-a0be7fec1bf0 None None] MySQL server mode set to STRICT_TRANS_TABLES,STRICT_ALL_TABLES,NO_ZERO_IN_DATE,NO_ZERO_DATE,ERROR_FOR_DIVISION_BY_ZERO,TRADITIONAL,NO_ENGINE_SUBSTITUTION {{(pid=95912) _check_effective_sql_mode /opt/stack/data/venv/lib/python3.12/site-packages/oslo_db/sqlalchemy/engines.py:325}}
Aug 18 07:07:36.319904 np0000007610 nova-conductor[95897]: DEBUG nova.service [None req-8452d361-f681-4416-a8a6-105dccb8cae3 None None] Join ServiceGroup membership for this service conductor {{(pid=95897) start /opt/stack/nova/nova/service.py:288}}
Aug 18 07:07:36.319966 np0000007610 nova-conductor[95897]: DEBUG nova.servicegroup.drivers.db [None req-8452d361-f681-4416-a8a6-105dccb8cae3 None None] DB_Driver: join new ServiceGroup member np0000007610 to the conductor group, service = {{(pid=95897) join /opt/stack/nova/nova/servicegroup/drivers/db.py:44}}
Aug 18 07:07:36.320621 np0000007610 nova-conductor[95912]: DEBUG dbcounter [-] [95912] Writer thread running {{(pid=95912) stat_writer /opt/stack/data/venv/lib/python3.12/site-packages/dbcounter.py:102}}
Aug 18 07:07:36.323919 np0000007610 nova-conductor[95912]: DEBUG nova.service [None req-adf28022-4039-4dea-941b-a0be7fec1bf0 None None] Creating RPC server for service: nova-conductor on topic: conductor {{(pid=95912) start /opt/stack/nova/nova/service.py:262}}
Aug 18 07:07:36.334338 np0000007610 nova-conductor[95918]: DEBUG oslo_db.sqlalchemy.engines [None req-705207cb-e8cf-46e9-b5ab-f3b17af8659a None None] MySQL server mode set to STRICT_TRANS_TABLES,STRICT_ALL_TABLES,NO_ZERO_IN_DATE,NO_ZERO_DATE,ERROR_FOR_DIVISION_BY_ZERO,TRADITIONAL,NO_ENGINE_SUBSTITUTION {{(pid=95918) _check_effective_sql_mode /opt/stack/data/venv/lib/python3.12/site-packages/oslo_db/sqlalchemy/engines.py:325}}
Aug 18 07:07:36.344117 np0000007610 nova-conductor[95912]: DEBUG nova.service [None req-adf28022-4039-4dea-941b-a0be7fec1bf0 None None] Join ServiceGroup membership for this service conductor {{(pid=95912) start /opt/stack/nova/nova/service.py:288}}
Aug 18 07:07:36.344117 np0000007610 nova-conductor[95912]: DEBUG nova.servicegroup.drivers.db [None req-adf28022-4039-4dea-941b-a0be7fec1bf0 None None] DB_Driver: join new ServiceGroup member np0000007610 to the conductor group, service = {{(pid=95912) join /opt/stack/nova/nova/servicegroup/drivers/db.py:44}}
Aug 18 07:07:36.344232 np0000007610 nova-conductor[95918]: DEBUG dbcounter [-] [95918] Writer thread running {{(pid=95918) stat_writer /opt/stack/data/venv/lib/python3.12/site-packages/dbcounter.py:102}}
Aug 18 07:07:36.346980 np0000007610 nova-conductor[95918]: DEBUG nova.service [None req-705207cb-e8cf-46e9-b5ab-f3b17af8659a None None] Creating RPC server for service: nova-conductor on topic: conductor {{(pid=95918) start /opt/stack/nova/nova/service.py:262}}
Aug 18 07:07:36.374630 np0000007610 nova-conductor[95918]: DEBUG nova.service [None req-705207cb-e8cf-46e9-b5ab-f3b17af8659a None None] Join ServiceGroup membership for this service conductor {{(pid=95918) start /opt/stack/nova/nova/service.py:288}}
Aug 18 07:07:36.374949 np0000007610 nova-conductor[95918]: DEBUG nova.servicegroup.drivers.db [None req-705207cb-e8cf-46e9-b5ab-f3b17af8659a None None] DB_Driver: join new ServiceGroup member np0000007610 to the conductor group, service = {{(pid=95918) join /opt/stack/nova/nova/servicegroup/drivers/db.py:44}}
Aug 18 07:07:41.333679 np0000007610 nova-conductor[95897]: DEBUG oslo.service.backend._threading.loopingcall [-] Fixed interval looping call 'nova.servicegroup.drivers.db.DbDriver._report_state' sleeping for 119.99 seconds {{(pid=95897) _run_loop /opt/stack/data/venv/lib/python3.12/site-packages/oslo_service/backend/_threading/loopingcall.py:125}}
Aug 18 07:07:41.353190 np0000007610 nova-conductor[95912]: DEBUG oslo.service.backend._threading.loopingcall [-] Fixed interval looping call 'nova.servicegroup.drivers.db.DbDriver._report_state' sleeping for 119.99 seconds {{(pid=95912) _run_loop /opt/stack/data/venv/lib/python3.12/site-packages/oslo_service/backend/_threading/loopingcall.py:125}}
Aug 18 07:07:41.384748 np0000007610 nova-conductor[95918]: DEBUG oslo.service.backend._threading.loopingcall [-] Fixed interval looping call 'nova.servicegroup.drivers.db.DbDriver._report_state' sleeping for 119.99 seconds {{(pid=95918) _run_loop /opt/stack/data/venv/lib/python3.12/site-packages/oslo_service/backend/_threading/loopingcall.py:125}}
Aug 18 07:07:44.940668 np0000007610 nova-conductor[94415]: DEBUG dbcounter [-] [94415] Writing DB stats nova_api:SELECT=1 {{(pid=94415) stat_writer /opt/stack/data/venv/lib/python3.12/site-packages/dbcounter.py:115}}
Aug 18 07:07:45.057809 np0000007610 nova-conductor[94415]: DEBUG dbcounter [-] [94415] Writing DB stats nova_cell0:SELECT=1 {{(pid=94415) stat_writer /opt/stack/data/venv/lib/python3.12/site-packages/dbcounter.py:115}}
Aug 18 07:07:45.061605 np0000007610 nova-conductor[94415]: DEBUG dbcounter [-] [94415] Writing DB stats nova_cell1:SELECT=1 {{(pid=94415) stat_writer /opt/stack/data/venv/lib/python3.12/site-packages/dbcounter.py:115}}
Aug 18 07:07:51.331658 np0000007610 nova-conductor[95897]: DEBUG dbcounter [-] [95897] Writing DB stats nova_cell0:SELECT=4,nova_cell0:INSERT=1,nova_cell0:UPDATE=1 {{(pid=95897) stat_writer /opt/stack/data/venv/lib/python3.12/site-packages/dbcounter.py:115}}
Aug 18 07:07:51.352443 np0000007610 nova-conductor[95912]: DEBUG dbcounter [-] [95912] Writing DB stats nova_cell0:SELECT=3 {{(pid=95912) stat_writer /opt/stack/data/venv/lib/python3.12/site-packages/dbcounter.py:115}}
Aug 18 07:07:51.383255 np0000007610 nova-conductor[95918]: DEBUG dbcounter [-] [95918] Writing DB stats nova_cell0:SELECT=3 {{(pid=95918) stat_writer /opt/stack/data/venv/lib/python3.12/site-packages/dbcounter.py:115}}
Aug 18 07:07:59.377465 np0000007610 nova-conductor[95918]: DEBUG oslo.service.backend._threading.loopingcall [None req-59a5706b-2cc9-4568-97e2-58dea315a926 None None] Dynamic interval looping call 'nova.service.Service.periodic_tasks' sleeping for 60.00 seconds {{(pid=95918) _run_loop /opt/stack/data/venv/lib/python3.12/site-packages/oslo_service/backend/_threading/loopingcall.py:125}}
Aug 18 07:08:17.321743 np0000007610 nova-conductor[95897]: DEBUG oslo.service.backend._threading.loopingcall [None req-c5d80078-ea31-4848-a29c-e6a65f15f4fd None None] Dynamic interval looping call 'nova.service.Service.periodic_tasks' sleeping for 60.00 seconds {{(pid=95897) _run_loop /opt/stack/data/venv/lib/python3.12/site-packages/oslo_service/backend/_threading/loopingcall.py:125}}
Aug 18 07:08:23.345948 np0000007610 nova-conductor[95912]: DEBUG oslo.service.backend._threading.loopingcall [None req-41d6ffe3-bba2-4d5f-bcbf-b8dfb23625e6 None None] Dynamic interval looping call 'nova.service.Service.periodic_tasks' sleeping for 60.00 seconds {{(pid=95912) _run_loop /opt/stack/data/venv/lib/python3.12/site-packages/oslo_service/backend/_threading/loopingcall.py:125}}
Aug 18 07:08:59.377933 np0000007610 nova-conductor[95918]: DEBUG oslo.service.backend._threading.loopingcall [None req-59a5706b-2cc9-4568-97e2-58dea315a926 None None] Dynamic interval looping call 'nova.service.Service.periodic_tasks' sleeping for 60.00 seconds {{(pid=95918) _run_loop /opt/stack/data/venv/lib/python3.12/site-packages/oslo_service/backend/_threading/loopingcall.py:125}}
Aug 18 07:09:17.322242 np0000007610 nova-conductor[95897]: DEBUG oslo.service.backend._threading.loopingcall [None req-c5d80078-ea31-4848-a29c-e6a65f15f4fd None None] Dynamic interval looping call 'nova.service.Service.periodic_tasks' sleeping for 60.00 seconds {{(pid=95897) _run_loop /opt/stack/data/venv/lib/python3.12/site-packages/oslo_service/backend/_threading/loopingcall.py:125}}
Aug 18 07:09:23.346527 np0000007610 nova-conductor[95912]: DEBUG oslo.service.backend._threading.loopingcall [None req-41d6ffe3-bba2-4d5f-bcbf-b8dfb23625e6 None None] Dynamic interval looping call 'nova.service.Service.periodic_tasks' sleeping for 60.00 seconds {{(pid=95912) _run_loop /opt/stack/data/venv/lib/python3.12/site-packages/oslo_service/backend/_threading/loopingcall.py:125}}
Aug 18 07:09:41.330822 np0000007610 nova-conductor[95897]: DEBUG oslo.service.backend._threading.loopingcall [-] Fixed interval looping call 'nova.servicegroup.drivers.db.DbDriver._report_state' sleeping for 119.99 seconds {{(pid=95897) _run_loop /opt/stack/data/venv/lib/python3.12/site-packages/oslo_service/backend/_threading/loopingcall.py:125}}
Aug 18 07:09:41.347049 np0000007610 nova-conductor[95912]: DEBUG oslo.service.backend._threading.loopingcall [-] Fixed interval looping call 'nova.servicegroup.drivers.db.DbDriver._report_state' sleeping for 120.00 seconds {{(pid=95912) _run_loop /opt/stack/data/venv/lib/python3.12/site-packages/oslo_service/backend/_threading/loopingcall.py:125}}
Aug 18 07:09:41.380271 np0000007610 nova-conductor[95918]: DEBUG oslo.service.backend._threading.loopingcall [-] Fixed interval looping call 'nova.servicegroup.drivers.db.DbDriver._report_state' sleeping for 119.99 seconds {{(pid=95918) _run_loop /opt/stack/data/venv/lib/python3.12/site-packages/oslo_service/backend/_threading/loopingcall.py:125}}
Aug 18 07:09:51.327043 np0000007610 nova-conductor[95897]: DEBUG dbcounter [-] [95897] Writing DB stats nova_cell0:SELECT=1,nova_cell0:UPDATE=1 {{(pid=95897) stat_writer /opt/stack/data/venv/lib/python3.12/site-packages/dbcounter.py:115}}
Aug 18 07:09:51.346669 np0000007610 nova-conductor[95912]: DEBUG dbcounter [-] [95912] Writing DB stats nova_cell0:SELECT=1 {{(pid=95912) stat_writer /opt/stack/data/venv/lib/python3.12/site-packages/dbcounter.py:115}}
Aug 18 07:09:51.377296 np0000007610 nova-conductor[95918]: DEBUG dbcounter [-] [95918] Writing DB stats nova_cell0:SELECT=1 {{(pid=95918) stat_writer /opt/stack/data/venv/lib/python3.12/site-packages/dbcounter.py:115}}
Aug 18 07:09:55.999722 np0000007610 nova-conductor[95897]: DEBUG oslo_db.sqlalchemy.engines [None req-566d5540-a0e6-4e89-b90c-4de8758fad84 tempest-ServersNegativeTestJSON-933355853 tempest-ServersNegativeTestJSON-933355853-project-member] Parent process 94415 forked (95897) with an open database connection, which is being discarded and recreated. {{(pid=95897) checkout /opt/stack/data/venv/lib/python3.12/site-packages/oslo_db/sqlalchemy/engines.py:402}}
Aug 18 07:09:56.049300 np0000007610 nova-conductor[95897]: DEBUG dbcounter [-] [95897] Writer thread running {{(pid=95897) stat_writer /opt/stack/data/venv/lib/python3.12/site-packages/dbcounter.py:102}}
Aug 18 07:09:56.612216 np0000007610 nova-conductor[95912]: DEBUG dbcounter [-] [95912] Writer thread running {{(pid=95912) stat_writer /opt/stack/data/venv/lib/python3.12/site-packages/dbcounter.py:102}}
Aug 18 07:09:57.021536 np0000007610 nova-conductor[95897]: DEBUG nova.conductor.manager [None req-566d5540-a0e6-4e89-b90c-4de8758fad84 tempest-ServersNegativeTestJSON-933355853 tempest-ServersNegativeTestJSON-933355853-project-member] Took 0.97 seconds to select destinations for 1 instance(s). {{(pid=95897) _schedule_instances /opt/stack/nova/nova/conductor/manager.py:956}}
Aug 18 07:09:57.052139 np0000007610 nova-conductor[95897]: DEBUG oslo_concurrency.lockutils [None req-566d5540-a0e6-4e89-b90c-4de8758fad84 tempest-ServersNegativeTestJSON-933355853 tempest-ServersNegativeTestJSON-933355853-project-member] Acquiring lock "6b495abf-d36d-4eb7-9708-02df58d3ed13" by "nova.context.set_target_cell..get_or_set_cached_cell_and_set_connections" {{(pid=95897) inner /opt/stack/data/venv/lib/python3.12/site-packages/oslo_concurrency/lockutils.py:512}}
Aug 18 07:09:57.052393 np0000007610 nova-conductor[95897]: DEBUG oslo_concurrency.lockutils [None req-566d5540-a0e6-4e89-b90c-4de8758fad84 tempest-ServersNegativeTestJSON-933355853 tempest-ServersNegativeTestJSON-933355853-project-member] Lock "6b495abf-d36d-4eb7-9708-02df58d3ed13" acquired by "nova.context.set_target_cell..get_or_set_cached_cell_and_set_connections" :: waited 0.000s {{(pid=95897) inner /opt/stack/data/venv/lib/python3.12/site-packages/oslo_concurrency/lockutils.py:525}}
Aug 18 07:09:57.054306 np0000007610 nova-conductor[95897]: DEBUG oslo_concurrency.lockutils [None req-566d5540-a0e6-4e89-b90c-4de8758fad84 tempest-ServersNegativeTestJSON-933355853 tempest-ServersNegativeTestJSON-933355853-project-member] Lock "6b495abf-d36d-4eb7-9708-02df58d3ed13" "released" by "nova.context.set_target_cell..get_or_set_cached_cell_and_set_connections" :: held 0.001s {{(pid=95897) inner /opt/stack/data/venv/lib/python3.12/site-packages/oslo_concurrency/lockutils.py:544}}
Aug 18 07:09:57.057471 np0000007610 nova-conductor[95897]: INFO dbcounter [None req-566d5540-a0e6-4e89-b90c-4de8758fad84 tempest-ServersNegativeTestJSON-933355853 tempest-ServersNegativeTestJSON-933355853-project-member] Registered counter for database nova_cell1
Aug 18 07:09:57.078582 np0000007610 nova-conductor[95912]: DEBUG nova.conductor.manager [None req-0f369f43-33e1-45e5-b427-8ae13b16990b tempest-DeleteServersTestJSON-1485466549 tempest-DeleteServersTestJSON-1485466549-project-member] Took 0.46 seconds to select destinations for 1 instance(s). {{(pid=95912) _schedule_instances /opt/stack/nova/nova/conductor/manager.py:956}}
Aug 18 07:09:57.098843 np0000007610 nova-conductor[95897]: DEBUG oslo_db.sqlalchemy.engines [None req-566d5540-a0e6-4e89-b90c-4de8758fad84 tempest-ServersNegativeTestJSON-933355853 tempest-ServersNegativeTestJSON-933355853-project-member] MySQL server mode set to STRICT_TRANS_TABLES,STRICT_ALL_TABLES,NO_ZERO_IN_DATE,NO_ZERO_DATE,ERROR_FOR_DIVISION_BY_ZERO,TRADITIONAL,NO_ENGINE_SUBSTITUTION {{(pid=95897) _check_effective_sql_mode /opt/stack/data/venv/lib/python3.12/site-packages/oslo_db/sqlalchemy/engines.py:325}}
Aug 18 07:09:57.108600 np0000007610 nova-conductor[95897]: DEBUG dbcounter [-] [95897] Writer thread running {{(pid=95897) stat_writer /opt/stack/data/venv/lib/python3.12/site-packages/dbcounter.py:102}}
Aug 18 07:09:57.113741 np0000007610 nova-conductor[95912]: DEBUG oslo_concurrency.lockutils [None req-0f369f43-33e1-45e5-b427-8ae13b16990b tempest-DeleteServersTestJSON-1485466549 tempest-DeleteServersTestJSON-1485466549-project-member] Acquiring lock "6b495abf-d36d-4eb7-9708-02df58d3ed13" by "nova.context.set_target_cell..get_or_set_cached_cell_and_set_connections" {{(pid=95912) inner /opt/stack/data/venv/lib/python3.12/site-packages/oslo_concurrency/lockutils.py:512}}
Aug 18 07:09:57.113959 np0000007610 nova-conductor[95912]: DEBUG oslo_concurrency.lockutils [None req-0f369f43-33e1-45e5-b427-8ae13b16990b tempest-DeleteServersTestJSON-1485466549 tempest-DeleteServersTestJSON-1485466549-project-member] Lock "6b495abf-d36d-4eb7-9708-02df58d3ed13" acquired by "nova.context.set_target_cell..get_or_set_cached_cell_and_set_connections" :: waited 0.000s {{(pid=95912) inner /opt/stack/data/venv/lib/python3.12/site-packages/oslo_concurrency/lockutils.py:525}}
Aug 18 07:09:57.115095 np0000007610 nova-conductor[95912]: DEBUG oslo_concurrency.lockutils [None req-0f369f43-33e1-45e5-b427-8ae13b16990b tempest-DeleteServersTestJSON-1485466549 tempest-DeleteServersTestJSON-1485466549-project-member] Lock "6b495abf-d36d-4eb7-9708-02df58d3ed13" "released" by "nova.context.set_target_cell..get_or_set_cached_cell_and_set_connections" :: held 0.001s {{(pid=95912) inner /opt/stack/data/venv/lib/python3.12/site-packages/oslo_concurrency/lockutils.py:544}}
Aug 18 07:09:57.116611 np0000007610 nova-conductor[95912]: INFO dbcounter [None req-0f369f43-33e1-45e5-b427-8ae13b16990b tempest-DeleteServersTestJSON-1485466549 tempest-DeleteServersTestJSON-1485466549-project-member] Registered counter for database nova_cell1
Aug 18 07:09:57.149282 np0000007610 nova-conductor[95912]: DEBUG oslo_db.sqlalchemy.engines [None req-0f369f43-33e1-45e5-b427-8ae13b16990b tempest-DeleteServersTestJSON-1485466549 tempest-DeleteServersTestJSON-1485466549-project-member] MySQL server mode set to STRICT_TRANS_TABLES,STRICT_ALL_TABLES,NO_ZERO_IN_DATE,NO_ZERO_DATE,ERROR_FOR_DIVISION_BY_ZERO,TRADITIONAL,NO_ENGINE_SUBSTITUTION {{(pid=95912) _check_effective_sql_mode /opt/stack/data/venv/lib/python3.12/site-packages/oslo_db/sqlalchemy/engines.py:325}}
Aug 18 07:09:57.163095 np0000007610 nova-conductor[95912]: DEBUG dbcounter [-] [95912] Writer thread running {{(pid=95912) stat_writer /opt/stack/data/venv/lib/python3.12/site-packages/dbcounter.py:102}}
Aug 18 07:09:57.170470 np0000007610 nova-conductor[95897]: INFO nova.utils [None req-566d5540-a0e6-4e89-b90c-4de8758fad84 tempest-ServersNegativeTestJSON-933355853 tempest-ServersNegativeTestJSON-933355853-project-member] The cell worker thread pool ForkProcess-1.cell_worker is initialized
Aug 18 07:09:57.170731 np0000007610 nova-conductor[95897]: DEBUG oslo_concurrency.lockutils [None req-566d5540-a0e6-4e89-b90c-4de8758fad84 tempest-ServersNegativeTestJSON-933355853 tempest-ServersNegativeTestJSON-933355853-project-member] Acquiring lock "00000000-0000-0000-0000-000000000000" by "nova.context.set_target_cell..get_or_set_cached_cell_and_set_connections" {{(pid=95897) inner /opt/stack/data/venv/lib/python3.12/site-packages/oslo_concurrency/lockutils.py:512}}
Aug 18 07:09:57.170870 np0000007610 nova-conductor[95897]: DEBUG oslo_concurrency.lockutils [None req-566d5540-a0e6-4e89-b90c-4de8758fad84 tempest-ServersNegativeTestJSON-933355853 tempest-ServersNegativeTestJSON-933355853-project-member] Lock "00000000-0000-0000-0000-000000000000" acquired by "nova.context.set_target_cell..get_or_set_cached_cell_and_set_connections" :: waited 0.000s {{(pid=95897) inner /opt/stack/data/venv/lib/python3.12/site-packages/oslo_concurrency/lockutils.py:525}}
Aug 18 07:09:57.171280 np0000007610 nova-conductor[95897]: DEBUG oslo_concurrency.lockutils [None req-566d5540-a0e6-4e89-b90c-4de8758fad84 tempest-ServersNegativeTestJSON-933355853 tempest-ServersNegativeTestJSON-933355853-project-member] Lock "00000000-0000-0000-0000-000000000000" "released" by "nova.context.set_target_cell..get_or_set_cached_cell_and_set_connections" :: held 0.000s {{(pid=95897) inner /opt/stack/data/venv/lib/python3.12/site-packages/oslo_concurrency/lockutils.py:544}}
Aug 18 07:09:57.171879 np0000007610 nova-conductor[95897]: DEBUG oslo_concurrency.lockutils [None req-566d5540-a0e6-4e89-b90c-4de8758fad84 tempest-ServersNegativeTestJSON-933355853 tempest-ServersNegativeTestJSON-933355853-project-member] Acquiring lock "6b495abf-d36d-4eb7-9708-02df58d3ed13" by "nova.context.set_target_cell..get_or_set_cached_cell_and_set_connections" {{(pid=95897) inner /opt/stack/data/venv/lib/python3.12/site-packages/oslo_concurrency/lockutils.py:512}}
Aug 18 07:09:57.171944 np0000007610 nova-conductor[95897]: DEBUG oslo_concurrency.lockutils [None req-566d5540-a0e6-4e89-b90c-4de8758fad84 tempest-ServersNegativeTestJSON-933355853 tempest-ServersNegativeTestJSON-933355853-project-member] Lock "6b495abf-d36d-4eb7-9708-02df58d3ed13" acquired by "nova.context.set_target_cell..get_or_set_cached_cell_and_set_connections" :: waited 0.000s {{(pid=95897) inner /opt/stack/data/venv/lib/python3.12/site-packages/oslo_concurrency/lockutils.py:525}}
Aug 18 07:09:57.172110 np0000007610 nova-conductor[95897]: DEBUG oslo_concurrency.lockutils [None req-566d5540-a0e6-4e89-b90c-4de8758fad84 tempest-ServersNegativeTestJSON-933355853 tempest-ServersNegativeTestJSON-933355853-project-member] Lock "6b495abf-d36d-4eb7-9708-02df58d3ed13" "released" by "nova.context.set_target_cell..get_or_set_cached_cell_and_set_connections" :: held 0.000s {{(pid=95897) inner /opt/stack/data/venv/lib/python3.12/site-packages/oslo_concurrency/lockutils.py:544}}
Aug 18 07:09:57.173340 np0000007610 nova-conductor[95897]: INFO dbcounter [None req-566d5540-a0e6-4e89-b90c-4de8758fad84 tempest-ServersNegativeTestJSON-933355853 tempest-ServersNegativeTestJSON-933355853-project-member] Registered counter for database nova_cell0
Aug 18 07:09:57.219397 np0000007610 nova-conductor[95897]: DEBUG oslo_db.sqlalchemy.engines [None req-566d5540-a0e6-4e89-b90c-4de8758fad84 tempest-ServersNegativeTestJSON-933355853 tempest-ServersNegativeTestJSON-933355853-project-member] MySQL server mode set to STRICT_TRANS_TABLES,STRICT_ALL_TABLES,NO_ZERO_IN_DATE,NO_ZERO_DATE,ERROR_FOR_DIVISION_BY_ZERO,TRADITIONAL,NO_ENGINE_SUBSTITUTION {{(pid=95897) _check_effective_sql_mode /opt/stack/data/venv/lib/python3.12/site-packages/oslo_db/sqlalchemy/engines.py:325}}
Aug 18 07:09:57.226644 np0000007610 nova-conductor[95897]: DEBUG dbcounter [-] [95897] Writer thread running {{(pid=95897) stat_writer /opt/stack/data/venv/lib/python3.12/site-packages/dbcounter.py:102}}
Aug 18 07:09:57.230466 np0000007610 nova-conductor[95912]: INFO nova.utils [None req-0f369f43-33e1-45e5-b427-8ae13b16990b tempest-DeleteServersTestJSON-1485466549 tempest-DeleteServersTestJSON-1485466549-project-member] The cell worker thread pool ForkProcess-2.cell_worker is initialized
Aug 18 07:09:57.230762 np0000007610 nova-conductor[95912]: DEBUG oslo_concurrency.lockutils [None req-0f369f43-33e1-45e5-b427-8ae13b16990b tempest-DeleteServersTestJSON-1485466549 tempest-DeleteServersTestJSON-1485466549-project-member] Acquiring lock "00000000-0000-0000-0000-000000000000" by "nova.context.set_target_cell..get_or_set_cached_cell_and_set_connections" {{(pid=95912) inner /opt/stack/data/venv/lib/python3.12/site-packages/oslo_concurrency/lockutils.py:512}}
Aug 18 07:09:57.230839 np0000007610 nova-conductor[95912]: DEBUG oslo_concurrency.lockutils [None req-0f369f43-33e1-45e5-b427-8ae13b16990b tempest-DeleteServersTestJSON-1485466549 tempest-DeleteServersTestJSON-1485466549-project-member] Lock "00000000-0000-0000-0000-000000000000" acquired by "nova.context.set_target_cell..get_or_set_cached_cell_and_set_connections" :: waited 0.000s {{(pid=95912) inner /opt/stack/data/venv/lib/python3.12/site-packages/oslo_concurrency/lockutils.py:525}}
Aug 18 07:09:57.231117 np0000007610 nova-conductor[95912]: DEBUG oslo_concurrency.lockutils [None req-0f369f43-33e1-45e5-b427-8ae13b16990b tempest-DeleteServersTestJSON-1485466549 tempest-DeleteServersTestJSON-1485466549-project-member] Lock "00000000-0000-0000-0000-000000000000" "released" by "nova.context.set_target_cell..get_or_set_cached_cell_and_set_connections" :: held 0.000s {{(pid=95912) inner /opt/stack/data/venv/lib/python3.12/site-packages/oslo_concurrency/lockutils.py:544}}
Aug 18 07:09:57.232765 np0000007610 nova-conductor[95912]: DEBUG oslo_concurrency.lockutils [None req-0f369f43-33e1-45e5-b427-8ae13b16990b tempest-DeleteServersTestJSON-1485466549 tempest-DeleteServersTestJSON-1485466549-project-member] Acquiring lock "6b495abf-d36d-4eb7-9708-02df58d3ed13" by "nova.context.set_target_cell..get_or_set_cached_cell_and_set_connections" {{(pid=95912) inner /opt/stack/data/venv/lib/python3.12/site-packages/oslo_concurrency/lockutils.py:512}}
Aug 18 07:09:57.234755 np0000007610 nova-conductor[95912]: DEBUG oslo_concurrency.lockutils [None req-0f369f43-33e1-45e5-b427-8ae13b16990b tempest-DeleteServersTestJSON-1485466549 tempest-DeleteServersTestJSON-1485466549-project-member] Lock "6b495abf-d36d-4eb7-9708-02df58d3ed13" acquired by "nova.context.set_target_cell..get_or_set_cached_cell_and_set_connections" :: waited 0.001s {{(pid=95912) inner /opt/stack/data/venv/lib/python3.12/site-packages/oslo_concurrency/lockutils.py:525}}
Aug 18 07:09:57.235980 np0000007610 nova-conductor[95912]: INFO dbcounter [None req-0f369f43-33e1-45e5-b427-8ae13b16990b tempest-DeleteServersTestJSON-1485466549 tempest-DeleteServersTestJSON-1485466549-project-member] Registered counter for database nova_cell0
Aug 18 07:09:57.236500 np0000007610 nova-conductor[95897]: DEBUG nova.quota [None req-566d5540-a0e6-4e89-b90c-4de8758fad84 tempest-ServersNegativeTestJSON-933355853 tempest-ServersNegativeTestJSON-933355853-project-member] Getting quotas for project 23ca3e4e52484de38d3202ae4858f270. Resources: {'cores', 'instances', 'ram'} {{(pid=95897) _get_quotas /opt/stack/nova/nova/quota.py:389}}
Aug 18 07:09:57.237684 np0000007610 nova-conductor[95912]: DEBUG oslo_concurrency.lockutils [None req-0f369f43-33e1-45e5-b427-8ae13b16990b tempest-DeleteServersTestJSON-1485466549 tempest-DeleteServersTestJSON-1485466549-project-member] Lock "6b495abf-d36d-4eb7-9708-02df58d3ed13" "released" by "nova.context.set_target_cell..get_or_set_cached_cell_and_set_connections" :: held 0.002s {{(pid=95912) inner /opt/stack/data/venv/lib/python3.12/site-packages/oslo_concurrency/lockutils.py:544}}
Aug 18 07:09:57.239029 np0000007610 nova-conductor[95897]: DEBUG nova.quota [None req-566d5540-a0e6-4e89-b90c-4de8758fad84 tempest-ServersNegativeTestJSON-933355853 tempest-ServersNegativeTestJSON-933355853-project-member] Getting quotas for user 37c4ab582e224d5aaa9bd76ddc94661a and project 23ca3e4e52484de38d3202ae4858f270. Resources: {'cores', 'instances', 'ram'} {{(pid=95897) _get_quotas /opt/stack/nova/nova/quota.py:379}}
Aug 18 07:09:57.244156 np0000007610 nova-conductor[95897]: DEBUG nova.conductor.manager [None req-566d5540-a0e6-4e89-b90c-4de8758fad84 tempest-ServersNegativeTestJSON-933355853 tempest-ServersNegativeTestJSON-933355853-project-member] [instance: 77b2621d-a89e-4567-8b3f-f2e0067cb4d8] Selected host: np0000007610; Selected node: np0000007610; Alternates: [] {{(pid=95897) schedule_and_build_instances /opt/stack/nova/nova/conductor/manager.py:1772}}
Aug 18 07:09:57.244943 np0000007610 nova-conductor[95897]: DEBUG oslo_concurrency.lockutils [None req-566d5540-a0e6-4e89-b90c-4de8758fad84 tempest-ServersNegativeTestJSON-933355853 tempest-ServersNegativeTestJSON-933355853-project-member] Acquiring lock "6b495abf-d36d-4eb7-9708-02df58d3ed13" by "nova.context.set_target_cell..get_or_set_cached_cell_and_set_connections" {{(pid=95897) inner /opt/stack/data/venv/lib/python3.12/site-packages/oslo_concurrency/lockutils.py:512}}
Aug 18 07:09:57.245072 np0000007610 nova-conductor[95897]: DEBUG oslo_concurrency.lockutils [None req-566d5540-a0e6-4e89-b90c-4de8758fad84 tempest-ServersNegativeTestJSON-933355853 tempest-ServersNegativeTestJSON-933355853-project-member] Lock "6b495abf-d36d-4eb7-9708-02df58d3ed13" acquired by "nova.context.set_target_cell..get_or_set_cached_cell_and_set_connections" :: waited 0.000s {{(pid=95897) inner /opt/stack/data/venv/lib/python3.12/site-packages/oslo_concurrency/lockutils.py:525}}
Aug 18 07:09:57.245169 np0000007610 nova-conductor[95897]: DEBUG oslo_concurrency.lockutils [None req-566d5540-a0e6-4e89-b90c-4de8758fad84 tempest-ServersNegativeTestJSON-933355853 tempest-ServersNegativeTestJSON-933355853-project-member] Lock "6b495abf-d36d-4eb7-9708-02df58d3ed13" "released" by "nova.context.set_target_cell..get_or_set_cached_cell_and_set_connections" :: held 0.000s {{(pid=95897) inner /opt/stack/data/venv/lib/python3.12/site-packages/oslo_concurrency/lockutils.py:544}}
Aug 18 07:09:57.254512 np0000007610 nova-conductor[95897]: DEBUG nova.conductor.manager [None req-566d5540-a0e6-4e89-b90c-4de8758fad84 tempest-ServersNegativeTestJSON-933355853 tempest-ServersNegativeTestJSON-933355853-project-member] [instance: 77b2621d-a89e-4567-8b3f-f2e0067cb4d8] block_device_mapping [BlockDeviceMapping(attachment_id=,boot_index=0,connection_info=None,created_at=,delete_on_termination=True,deleted=,deleted_at=,destination_type='local',device_name=None,device_type='disk',disk_bus=None,encrypted=False,encryption_format=None,encryption_options=None,encryption_secret_uuid=None,guest_format=None,id=,image_id='0c55eaff-74fb-4dc8-815c-a69cbc930307',instance=,instance_uuid=,no_device=False,snapshot_id=None,source_type='image',tag=None,updated_at=,uuid=,volume_id=None,volume_size=None,volume_type=None)] {{(pid=95897) _create_block_device_mapping /opt/stack/nova/nova/conductor/manager.py:1517}}
Aug 18 07:09:57.255719 np0000007610 nova-conductor[95897]: DEBUG oslo_concurrency.lockutils [None req-566d5540-a0e6-4e89-b90c-4de8758fad84 tempest-ServersNegativeTestJSON-933355853 tempest-ServersNegativeTestJSON-933355853-project-member] Acquiring lock "6b495abf-d36d-4eb7-9708-02df58d3ed13" by "nova.context.set_target_cell..get_or_set_cached_cell_and_set_connections" {{(pid=95897) inner /opt/stack/data/venv/lib/python3.12/site-packages/oslo_concurrency/lockutils.py:512}}
Aug 18 07:09:57.255889 np0000007610 nova-conductor[95897]: DEBUG oslo_concurrency.lockutils [None req-566d5540-a0e6-4e89-b90c-4de8758fad84 tempest-ServersNegativeTestJSON-933355853 tempest-ServersNegativeTestJSON-933355853-project-member] Lock "6b495abf-d36d-4eb7-9708-02df58d3ed13" acquired by "nova.context.set_target_cell..get_or_set_cached_cell_and_set_connections" :: waited 0.000s {{(pid=95897) inner /opt/stack/data/venv/lib/python3.12/site-packages/oslo_concurrency/lockutils.py:525}}
Aug 18 07:09:57.256128 np0000007610 nova-conductor[95897]: DEBUG oslo_concurrency.lockutils [None req-566d5540-a0e6-4e89-b90c-4de8758fad84 tempest-ServersNegativeTestJSON-933355853 tempest-ServersNegativeTestJSON-933355853-project-member] Lock "6b495abf-d36d-4eb7-9708-02df58d3ed13" "released" by "nova.context.set_target_cell..get_or_set_cached_cell_and_set_connections" :: held 0.000s {{(pid=95897) inner /opt/stack/data/venv/lib/python3.12/site-packages/oslo_concurrency/lockutils.py:544}}
Aug 18 07:09:57.276918 np0000007610 nova-conductor[95912]: DEBUG oslo_db.sqlalchemy.engines [None req-0f369f43-33e1-45e5-b427-8ae13b16990b tempest-DeleteServersTestJSON-1485466549 tempest-DeleteServersTestJSON-1485466549-project-member] MySQL server mode set to STRICT_TRANS_TABLES,STRICT_ALL_TABLES,NO_ZERO_IN_DATE,NO_ZERO_DATE,ERROR_FOR_DIVISION_BY_ZERO,TRADITIONAL,NO_ENGINE_SUBSTITUTION {{(pid=95912) _check_effective_sql_mode /opt/stack/data/venv/lib/python3.12/site-packages/oslo_db/sqlalchemy/engines.py:325}}
Aug 18 07:09:57.282392 np0000007610 nova-conductor[95912]: DEBUG dbcounter [-] [95912] Writer thread running {{(pid=95912) stat_writer /opt/stack/data/venv/lib/python3.12/site-packages/dbcounter.py:102}}
Aug 18 07:09:57.291847 np0000007610 nova-conductor[95912]: DEBUG nova.quota [None req-0f369f43-33e1-45e5-b427-8ae13b16990b tempest-DeleteServersTestJSON-1485466549 tempest-DeleteServersTestJSON-1485466549-project-member] Getting quotas for project 64bff8692e7f4456be7580e12ed8aa2f. Resources: {'cores', 'instances', 'ram'} {{(pid=95912) _get_quotas /opt/stack/nova/nova/quota.py:389}}
Aug 18 07:09:57.295142 np0000007610 nova-conductor[95912]: DEBUG nova.quota [None req-0f369f43-33e1-45e5-b427-8ae13b16990b tempest-DeleteServersTestJSON-1485466549 tempest-DeleteServersTestJSON-1485466549-project-member] Getting quotas for user 5c7a9983e29d466c914cf233028095df and project 64bff8692e7f4456be7580e12ed8aa2f. Resources: {'cores', 'instances', 'ram'} {{(pid=95912) _get_quotas /opt/stack/nova/nova/quota.py:379}}
Aug 18 07:09:57.296248 np0000007610 nova-conductor[95897]: DEBUG oslo_concurrency.lockutils [None req-566d5540-a0e6-4e89-b90c-4de8758fad84 tempest-ServersNegativeTestJSON-933355853 tempest-ServersNegativeTestJSON-933355853-project-member] Acquiring lock "6b495abf-d36d-4eb7-9708-02df58d3ed13" by "nova.context.set_target_cell..get_or_set_cached_cell_and_set_connections" {{(pid=95897) inner /opt/stack/data/venv/lib/python3.12/site-packages/oslo_concurrency/lockutils.py:512}}
Aug 18 07:09:57.296426 np0000007610 nova-conductor[95897]: DEBUG oslo_concurrency.lockutils [None req-566d5540-a0e6-4e89-b90c-4de8758fad84 tempest-ServersNegativeTestJSON-933355853 tempest-ServersNegativeTestJSON-933355853-project-member] Lock "6b495abf-d36d-4eb7-9708-02df58d3ed13" acquired by "nova.context.set_target_cell..get_or_set_cached_cell_and_set_connections" :: waited 0.000s {{(pid=95897) inner /opt/stack/data/venv/lib/python3.12/site-packages/oslo_concurrency/lockutils.py:525}}
Aug 18 07:09:57.296587 np0000007610 nova-conductor[95897]: DEBUG oslo_concurrency.lockutils [None req-566d5540-a0e6-4e89-b90c-4de8758fad84 tempest-ServersNegativeTestJSON-933355853 tempest-ServersNegativeTestJSON-933355853-project-member] Lock "6b495abf-d36d-4eb7-9708-02df58d3ed13" "released" by "nova.context.set_target_cell..get_or_set_cached_cell_and_set_connections" :: held 0.000s {{(pid=95897) inner /opt/stack/data/venv/lib/python3.12/site-packages/oslo_concurrency/lockutils.py:544}}
Aug 18 07:09:57.296830 np0000007610 nova-conductor[95897]: DEBUG oslo_concurrency.lockutils [None req-566d5540-a0e6-4e89-b90c-4de8758fad84 tempest-ServersNegativeTestJSON-933355853 tempest-ServersNegativeTestJSON-933355853-project-member] Acquiring lock "compute-rpcapi-router" {{(pid=95897) lock /opt/stack/data/venv/lib/python3.12/site-packages/oslo_concurrency/lockutils.py:396}}
Aug 18 07:09:57.296946 np0000007610 nova-conductor[95897]: DEBUG oslo_concurrency.lockutils [None req-566d5540-a0e6-4e89-b90c-4de8758fad84 tempest-ServersNegativeTestJSON-933355853 tempest-ServersNegativeTestJSON-933355853-project-member] Acquired lock "compute-rpcapi-router" {{(pid=95897) lock /opt/stack/data/venv/lib/python3.12/site-packages/oslo_concurrency/lockutils.py:399}}
Aug 18 07:09:57.297340 np0000007610 nova-conductor[95897]: DEBUG oslo_concurrency.lockutils [None req-1164de0b-ff21-43da-8649-c3a447e3cd67 None None] Acquiring lock "00000000-0000-0000-0000-000000000000" by "nova.context.set_target_cell..get_or_set_cached_cell_and_set_connections" {{(pid=95897) inner /opt/stack/data/venv/lib/python3.12/site-packages/oslo_concurrency/lockutils.py:512}}
Aug 18 07:09:57.297412 np0000007610 nova-conductor[95897]: DEBUG oslo_concurrency.lockutils [None req-1164de0b-ff21-43da-8649-c3a447e3cd67 None None] Lock "00000000-0000-0000-0000-000000000000" acquired by "nova.context.set_target_cell..get_or_set_cached_cell_and_set_connections" :: waited 0.000s {{(pid=95897) inner /opt/stack/data/venv/lib/python3.12/site-packages/oslo_concurrency/lockutils.py:525}}
Aug 18 07:09:57.297514 np0000007610 nova-conductor[95897]: DEBUG oslo_concurrency.lockutils [None req-1164de0b-ff21-43da-8649-c3a447e3cd67 None None] Lock "00000000-0000-0000-0000-000000000000" "released" by "nova.context.set_target_cell..get_or_set_cached_cell_and_set_connections" :: held 0.000s {{(pid=95897) inner /opt/stack/data/venv/lib/python3.12/site-packages/oslo_concurrency/lockutils.py:544}}
Aug 18 07:09:57.298171 np0000007610 nova-conductor[95897]: DEBUG oslo_concurrency.lockutils [None req-1164de0b-ff21-43da-8649-c3a447e3cd67 None None] Acquiring lock "6b495abf-d36d-4eb7-9708-02df58d3ed13" by "nova.context.set_target_cell..get_or_set_cached_cell_and_set_connections" {{(pid=95897) inner /opt/stack/data/venv/lib/python3.12/site-packages/oslo_concurrency/lockutils.py:512}}
Aug 18 07:09:57.298284 np0000007610 nova-conductor[95897]: DEBUG oslo_concurrency.lockutils [None req-1164de0b-ff21-43da-8649-c3a447e3cd67 None None] Lock "6b495abf-d36d-4eb7-9708-02df58d3ed13" acquired by "nova.context.set_target_cell..get_or_set_cached_cell_and_set_connections" :: waited 0.000s {{(pid=95897) inner /opt/stack/data/venv/lib/python3.12/site-packages/oslo_concurrency/lockutils.py:525}}
Aug 18 07:09:57.298393 np0000007610 nova-conductor[95897]: DEBUG oslo_concurrency.lockutils [None req-1164de0b-ff21-43da-8649-c3a447e3cd67 None None] Lock "6b495abf-d36d-4eb7-9708-02df58d3ed13" "released" by "nova.context.set_target_cell..get_or_set_cached_cell_and_set_connections" :: held 0.000s {{(pid=95897) inner /opt/stack/data/venv/lib/python3.12/site-packages/oslo_concurrency/lockutils.py:544}}
