May 27 16:56:32.648763 np0000001526 neutron-periodic-workers[88941]: DEBUG cotyledon.oslo_config_glue [-] database.mysql_wsrep_sync_wait = None {{(pid=88941) log_opt_values /opt/stack/data/venv/lib/python3.12/site-packages/oslo_config/cfg.py:3256}}
May 27 16:56:32.648763 np0000001526 neutron-periodic-workers[88941]: DEBUG cotyledon.oslo_config_glue [-] database.pool_timeout = None {{(pid=88941) log_opt_values /opt/stack/data/venv/lib/python3.12/site-packages/oslo_config/cfg.py:3256}}
May 27 16:56:32.648763 np0000001526 neutron-periodic-workers[88941]: DEBUG cotyledon.oslo_config_glue [-] database.retry_interval = 10 {{(pid=88941) log_opt_values /opt/stack/data/venv/lib/python3.12/site-packages/oslo_config/cfg.py:3256}}
May 27 16:56:32.648763 np0000001526 neutron-periodic-workers[88941]: DEBUG cotyledon.oslo_config_glue [-] database.slave_connection = **** {{(pid=88941) log_opt_values /opt/stack/data/venv/lib/python3.12/site-packages/oslo_config/cfg.py:3256}}
May 27 16:56:32.648763 np0000001526 neutron-periodic-workers[88941]: DEBUG cotyledon.oslo_config_glue [-] database.sqlite_synchronous = True {{(pid=88941) log_opt_values /opt/stack/data/venv/lib/python3.12/site-packages/oslo_config/cfg.py:3256}}
May 27 16:56:32.648763 np0000001526 neutron-periodic-workers[88941]: DEBUG cotyledon.oslo_config_glue [-] database.synchronous_reader = True {{(pid=88941) log_opt_values /opt/stack/data/venv/lib/python3.12/site-packages/oslo_config/cfg.py:3256}}
May 27 16:56:32.648763 np0000001526 neutron-periodic-workers[88941]: DEBUG cotyledon.oslo_config_glue [-] database.use_db_reconnect = False {{(pid=88941) log_opt_values /opt/stack/data/venv/lib/python3.12/site-packages/oslo_config/cfg.py:3256}}
May 27 16:56:32.648763 np0000001526 neutron-periodic-workers[88941]: DEBUG cotyledon.oslo_config_glue [-] ovn.bfd_min_rx = 1000 {{(pid=88941) log_opt_values /opt/stack/data/venv/lib/python3.12/site-packages/oslo_config/cfg.py:3256}}
May 27 16:56:32.648922 np0000001526 neutron-periodic-workers[88941]: DEBUG cotyledon.oslo_config_glue [-] ovn.bfd_min_tx = 100 {{(pid=88941) log_opt_values /opt/stack/data/venv/lib/python3.12/site-packages/oslo_config/cfg.py:3256}}
May 27 16:56:32.648922 np0000001526 neutron-periodic-workers[88941]: DEBUG cotyledon.oslo_config_glue [-] ovn.bfd_mult = 3 {{(pid=88941) log_opt_values /opt/stack/data/venv/lib/python3.12/site-packages/oslo_config/cfg.py:3256}}
May 27 16:56:32.648922 np0000001526 neutron-periodic-workers[88941]: DEBUG cotyledon.oslo_config_glue [-] ovn.broadcast_arps_to_all_routers = True {{(pid=88941) log_opt_values /opt/stack/data/venv/lib/python3.12/site-packages/oslo_config/cfg.py:3256}}
May 27 16:56:32.648922 np0000001526 neutron-periodic-workers[88941]: DEBUG cotyledon.oslo_config_glue [-] ovn.dhcp_default_lease_time = 43200 {{(pid=88941) log_opt_values /opt/stack/data/venv/lib/python3.12/site-packages/oslo_config/cfg.py:3256}}
May 27 16:56:32.648922 np0000001526 neutron-periodic-workers[88941]: DEBUG cotyledon.oslo_config_glue [-] ovn.disable_ovn_dhcp_for_baremetal_ports = False {{(pid=88941) log_opt_values /opt/stack/data/venv/lib/python3.12/site-packages/oslo_config/cfg.py:3256}}
May 27 16:56:32.648922 np0000001526 neutron-periodic-workers[88941]: DEBUG cotyledon.oslo_config_glue [-] ovn.dns_records_ovn_owned = False {{(pid=88941) log_opt_values /opt/stack/data/venv/lib/python3.12/site-packages/oslo_config/cfg.py:3256}}
May 27 16:56:32.648922 np0000001526 neutron-periodic-workers[88941]: DEBUG cotyledon.oslo_config_glue [-] ovn.dns_servers = [] {{(pid=88941) log_opt_values /opt/stack/data/venv/lib/python3.12/site-packages/oslo_config/cfg.py:3256}}
May 27 16:56:32.648922 np0000001526 neutron-periodic-workers[88941]: DEBUG cotyledon.oslo_config_glue [-] ovn.enable_distributed_floating_ip = False {{(pid=88941) log_opt_values /opt/stack/data/venv/lib/python3.12/site-packages/oslo_config/cfg.py:3256}}
May 27 16:56:32.648922 np0000001526 neutron-periodic-workers[88941]: DEBUG cotyledon.oslo_config_glue [-] ovn.fdb_age_threshold = 300 {{(pid=88941) log_opt_values /opt/stack/data/venv/lib/python3.12/site-packages/oslo_config/cfg.py:3256}}
May 27 16:56:32.649103 np0000001526 neutron-periodic-workers[88941]: DEBUG cotyledon.oslo_config_glue [-] ovn.ha_failover_strategy = normal {{(pid=88941) log_opt_values /opt/stack/data/venv/lib/python3.12/site-packages/oslo_config/cfg.py:3256}}
May 27 16:56:32.649103 np0000001526 neutron-periodic-workers[88941]: DEBUG cotyledon.oslo_config_glue [-] ovn.live_migration_activation_strategy = rarp {{(pid=88941) log_opt_values /opt/stack/data/venv/lib/python3.12/site-packages/oslo_config/cfg.py:3256}}
May 27 16:56:32.649103 np0000001526 neutron-periodic-workers[88941]: DEBUG cotyledon.oslo_config_glue [-] ovn.localnet_learn_fdb = False {{(pid=88941) log_opt_values /opt/stack/data/venv/lib/python3.12/site-packages/oslo_config/cfg.py:3256}}
May 27 16:56:32.649103 np0000001526 neutron-periodic-workers[88941]: DEBUG cotyledon.oslo_config_glue [-] ovn.mac_binding_age_threshold = 300 {{(pid=88941) log_opt_values /opt/stack/data/venv/lib/python3.12/site-packages/oslo_config/cfg.py:3256}}
May 27 16:56:32.649103 np0000001526 neutron-periodic-workers[88941]: DEBUG cotyledon.oslo_config_glue [-] ovn.neutron_sync_mode = log {{(pid=88941) log_opt_values /opt/stack/data/venv/lib/python3.12/site-packages/oslo_config/cfg.py:3256}}
May 27 16:56:32.649103 np0000001526 neutron-periodic-workers[88941]: DEBUG cotyledon.oslo_config_glue [-] ovn.ovn_dhcp4_global_options = {} {{(pid=88941) log_opt_values /opt/stack/data/venv/lib/python3.12/site-packages/oslo_config/cfg.py:3256}}
May 27 16:56:32.649103 np0000001526 neutron-periodic-workers[88941]: DEBUG cotyledon.oslo_config_glue [-] ovn.ovn_dhcp6_global_options = {} {{(pid=88941) log_opt_values /opt/stack/data/venv/lib/python3.12/site-packages/oslo_config/cfg.py:3256}}
May 27 16:56:32.649103 np0000001526 neutron-periodic-workers[88941]: DEBUG cotyledon.oslo_config_glue [-] ovn.ovn_l3_scheduler = leastloaded {{(pid=88941) log_opt_values /opt/stack/data/venv/lib/python3.12/site-packages/oslo_config/cfg.py:3256}}
May 27 16:56:32.649103 np0000001526 neutron-periodic-workers[88941]: DEBUG cotyledon.oslo_config_glue [-] ovn.ovn_metadata_enabled = True {{(pid=88941) log_opt_values /opt/stack/data/venv/lib/python3.12/site-packages/oslo_config/cfg.py:3256}}
May 27 16:56:32.649350 np0000001526 neutron-periodic-workers[88941]: DEBUG cotyledon.oslo_config_glue [-] ovn.ovn_nb_ca_cert = /opt/stack/data/CA/int-ca/ca-chain.pem {{(pid=88941) log_opt_values /opt/stack/data/venv/lib/python3.12/site-packages/oslo_config/cfg.py:3256}}
May 27 16:56:32.649350 np0000001526 neutron-periodic-workers[88941]: DEBUG cotyledon.oslo_config_glue [-] ovn.ovn_nb_certificate = /opt/stack/data/CA/int-ca/devstack-cert.crt {{(pid=88941) log_opt_values /opt/stack/data/venv/lib/python3.12/site-packages/oslo_config/cfg.py:3256}}
May 27 16:56:32.649350 np0000001526 neutron-periodic-workers[88941]: DEBUG cotyledon.oslo_config_glue [-] ovn.ovn_nb_connection = ['ssl:10.4.3.250:6641'] {{(pid=88941) log_opt_values /opt/stack/data/venv/lib/python3.12/site-packages/oslo_config/cfg.py:3256}}
May 27 16:56:32.649350 np0000001526 neutron-periodic-workers[88941]: DEBUG cotyledon.oslo_config_glue [-] ovn.ovn_nb_private_key = /opt/stack/data/CA/int-ca/private/devstack-cert.key {{(pid=88941) log_opt_values /opt/stack/data/venv/lib/python3.12/site-packages/oslo_config/cfg.py:3256}}
May 27 16:56:32.649350 np0000001526 neutron-periodic-workers[88941]: DEBUG cotyledon.oslo_config_glue [-] ovn.ovn_router_indirect_snat = False {{(pid=88941) log_opt_values /opt/stack/data/venv/lib/python3.12/site-packages/oslo_config/cfg.py:3256}}
May 27 16:56:32.649350 np0000001526 neutron-periodic-workers[88941]: DEBUG cotyledon.oslo_config_glue [-] ovn.ovn_sb_ca_cert = /opt/stack/data/CA/int-ca/ca-chain.pem {{(pid=88941) log_opt_values /opt/stack/data/venv/lib/python3.12/site-packages/oslo_config/cfg.py:3256}}
May 27 16:56:32.649350 np0000001526 neutron-periodic-workers[88941]: DEBUG cotyledon.oslo_config_glue [-] ovn.ovn_sb_certificate = /opt/stack/data/CA/int-ca/devstack-cert.crt {{(pid=88941) log_opt_values /opt/stack/data/venv/lib/python3.12/site-packages/oslo_config/cfg.py:3256}}
May 27 16:56:32.649350 np0000001526 neutron-periodic-workers[88941]: DEBUG cotyledon.oslo_config_glue [-] ovn.ovn_sb_connection = ['ssl:10.4.3.250:6642'] {{(pid=88941) log_opt_values /opt/stack/data/venv/lib/python3.12/site-packages/oslo_config/cfg.py:3256}}
May 27 16:56:32.649539 np0000001526 neutron-periodic-workers[88941]: DEBUG cotyledon.oslo_config_glue [-] ovn.ovn_sb_private_key = /opt/stack/data/CA/int-ca/private/devstack-cert.key {{(pid=88941) log_opt_values /opt/stack/data/venv/lib/python3.12/site-packages/oslo_config/cfg.py:3256}}
May 27 16:56:32.649539 np0000001526 neutron-periodic-workers[88941]: DEBUG cotyledon.oslo_config_glue [-] ovn.ovs_create_tap = False {{(pid=88941) log_opt_values /opt/stack/data/venv/lib/python3.12/site-packages/oslo_config/cfg.py:3256}}
May 27 16:56:32.649539 np0000001526 neutron-periodic-workers[88941]: DEBUG cotyledon.oslo_config_glue [-] ovn.ovsdb_connection_timeout = 180 {{(pid=88941) log_opt_values /opt/stack/data/venv/lib/python3.12/site-packages/oslo_config/cfg.py:3256}}
May 27 16:56:32.649539 np0000001526 neutron-periodic-workers[88941]: DEBUG cotyledon.oslo_config_glue [-] ovn.ovsdb_log_level = INFO {{(pid=88941) log_opt_values /opt/stack/data/venv/lib/python3.12/site-packages/oslo_config/cfg.py:3256}}
May 27 16:56:32.649539 np0000001526 neutron-periodic-workers[88941]: DEBUG cotyledon.oslo_config_glue [-] ovn.ovsdb_probe_interval = 60000 {{(pid=88941) log_opt_values /opt/stack/data/venv/lib/python3.12/site-packages/oslo_config/cfg.py:3256}}
May 27 16:56:32.649539 np0000001526 neutron-periodic-workers[88941]: DEBUG cotyledon.oslo_config_glue [-] ovn.ovsdb_retry_max_interval = 180 {{(pid=88941) log_opt_values /opt/stack/data/venv/lib/python3.12/site-packages/oslo_config/cfg.py:3256}}
May 27 16:56:32.649997 np0000001526 neutron-periodic-workers[88941]: DEBUG cotyledon.oslo_config_glue [-] ovn.stateless_nat_enabled = False {{(pid=88941) log_opt_values /opt/stack/data/venv/lib/python3.12/site-packages/oslo_config/cfg.py:3256}}
May 27 16:56:32.649997 np0000001526 neutron-periodic-workers[88941]: DEBUG cotyledon.oslo_config_glue [-] ovn.vhost_sock_dir = /var/run/openvswitch {{(pid=88941) log_opt_values /opt/stack/data/venv/lib/python3.12/site-packages/oslo_config/cfg.py:3256}}
May 27 16:56:32.649997 np0000001526 neutron-periodic-workers[88941]: DEBUG cotyledon.oslo_config_glue [-] OVS.bridge_mac_table_size = 50000 {{(pid=88941) log_opt_values /opt/stack/data/venv/lib/python3.12/site-packages/oslo_config/cfg.py:3256}}
May 27 16:56:32.649997 np0000001526 neutron-periodic-workers[88941]: DEBUG cotyledon.oslo_config_glue [-] OVS.igmp_flood = False {{(pid=88941) log_opt_values /opt/stack/data/venv/lib/python3.12/site-packages/oslo_config/cfg.py:3256}}
May 27 16:56:32.649997 np0000001526 neutron-periodic-workers[88941]: DEBUG cotyledon.oslo_config_glue [-] OVS.igmp_flood_reports = True {{(pid=88941) log_opt_values /opt/stack/data/venv/lib/python3.12/site-packages/oslo_config/cfg.py:3256}}
May 27 16:56:32.649997 np0000001526 neutron-periodic-workers[88941]: DEBUG cotyledon.oslo_config_glue [-] OVS.igmp_flood_unregistered = False {{(pid=88941) log_opt_values /opt/stack/data/venv/lib/python3.12/site-packages/oslo_config/cfg.py:3256}}
May 27 16:56:32.649997 np0000001526 neutron-periodic-workers[88941]: DEBUG cotyledon.oslo_config_glue [-] OVS.igmp_snooping_enable = False {{(pid=88941) log_opt_values /opt/stack/data/venv/lib/python3.12/site-packages/oslo_config/cfg.py:3256}}
May 27 16:56:32.649997 np0000001526 neutron-periodic-workers[88941]: DEBUG cotyledon.oslo_config_glue [-] OVS.ovsdb_timeout = 10 {{(pid=88941) log_opt_values /opt/stack/data/venv/lib/python3.12/site-packages/oslo_config/cfg.py:3256}}
May 27 16:56:32.649997 np0000001526 neutron-periodic-workers[88941]: DEBUG cotyledon.oslo_config_glue [-] ovn_nb_global.fdb_removal_limit = 0 {{(pid=88941) log_opt_values /opt/stack/data/venv/lib/python3.12/site-packages/oslo_config/cfg.py:3256}}
May 27 16:56:32.650196 np0000001526 neutron-periodic-workers[88941]: DEBUG cotyledon.oslo_config_glue [-] ovn_nb_global.ignore_lsp_down = False {{(pid=88941) log_opt_values /opt/stack/data/venv/lib/python3.12/site-packages/oslo_config/cfg.py:3256}}
May 27 16:56:32.650196 np0000001526 neutron-periodic-workers[88941]: DEBUG cotyledon.oslo_config_glue [-] ovn_nb_global.mac_binding_removal_limit = 0 {{(pid=88941) log_opt_values /opt/stack/data/venv/lib/python3.12/site-packages/oslo_config/cfg.py:3256}}
May 27 16:56:32.650196 np0000001526 neutron-periodic-workers[88941]: DEBUG cotyledon.oslo_config_glue [-] ******************************************************************************** {{(pid=88941) log_opt_values /opt/stack/data/venv/lib/python3.12/site-packages/oslo_config/cfg.py:3263}}
May 27 16:56:32.650196 np0000001526 neutron-periodic-workers[88941]: DEBUG cotyledon._service_worker [-] Run service ServiceWrapper(0) [88941] {{(pid=88941) wait_forever /opt/stack/data/venv/lib/python3.12/site-packages/cotyledon/_service_worker.py:218}}
May 27 16:56:42.264654 np0000001526 neutron-periodic-workers[88100]: DEBUG dbcounter [-] [88100] Writing DB stats neutron:SELECT=4 {{(pid=88100) stat_writer /opt/stack/data/venv/lib/python3.12/site-packages/dbcounter.py:115}}
May 27 16:57:16.617134 np0000001526 neutron-periodic-workers[88933]: DEBUG oslo_db.sqlalchemy.engines [None req-15e46904-c616-411a-8a15-05a5e46fff40 None None] Parent process 88100 forked (88933) with an open database connection, which is being discarded and recreated. {{(pid=88933) checkout /opt/stack/data/venv/lib/python3.12/site-packages/oslo_db/sqlalchemy/engines.py:402}}
May 27 16:57:16.657397 np0000001526 neutron-periodic-workers[88933]: DEBUG dbcounter [-] [88933] Writer thread running {{(pid=88933) stat_writer /opt/stack/data/venv/lib/python3.12/site-packages/dbcounter.py:102}}
May 27 16:57:16.665944 np0000001526 neutron-periodic-workers[88933]: DEBUG oslo.service.backend._threading.loopingcall [None req-15e46904-c616-411a-8a15-05a5e46fff40 None None] Fixed interval looping call 'neutron.plugins.ml2.plugin.DhcpAgentSchedulerDbMixin.remove_networks_from_down_agents' sleeping for 36.95 seconds {{(pid=88933) _run_loop /opt/stack/data/venv/lib/python3.12/site-packages/oslo_service/backend/_threading/loopingcall.py:125}}
May 27 16:57:26.664687 np0000001526 neutron-periodic-workers[88933]: DEBUG dbcounter [-] [88933] Writing DB stats neutron:SELECT=3 {{(pid=88933) stat_writer /opt/stack/data/venv/lib/python3.12/site-packages/dbcounter.py:115}}
May 27 16:57:26.706888 np0000001526 neutron-periodic-workers[88941]: DEBUG dbcounter [-] [88941] Writer thread running {{(pid=88941) stat_writer /opt/stack/data/venv/lib/python3.12/site-packages/dbcounter.py:102}}
May 27 16:57:26.710178 np0000001526 neutron-periodic-workers[88941]: DEBUG neutron.db.agents_db [None req-3652f575-7b24-4560-95bf-9218510f3dfe None None] Agent healthcheck: found 0 active agents {{(pid=88941) agent_health_check /opt/stack/neutron/neutron/db/agents_db.py:322}}
May 27 16:57:26.710360 np0000001526 neutron-periodic-workers[88941]: DEBUG oslo.service.backend._threading.loopingcall [None req-3652f575-7b24-4560-95bf-9218510f3dfe None None] Fixed interval looping call 'neutron.plugins.ml2.plugin.AgentDbMixin.agent_health_check' sleeping for 36.94 seconds {{(pid=88941) _run_loop /opt/stack/data/venv/lib/python3.12/site-packages/oslo_service/backend/_threading/loopingcall.py:125}}
May 27 16:57:36.707310 np0000001526 neutron-periodic-workers[88941]: DEBUG dbcounter [-] [88941] Writing DB stats neutron:SELECT=1 {{(pid=88941) stat_writer /opt/stack/data/venv/lib/python3.12/site-packages/dbcounter.py:115}}
May 27 16:57:38.665649 np0000001526 neutron-periodic-workers[88918]: DEBUG dbcounter [-] [88918] Writer thread running {{(pid=88918) stat_writer /opt/stack/data/venv/lib/python3.12/site-packages/dbcounter.py:102}}
May 27 16:57:38.674151 np0000001526 neutron-periodic-workers[88918]: DEBUG oslo.service.backend._threading.loopingcall [None req-26470ef8-e706-46ea-82a9-453e14052277 None None] Fixed interval looping call 'neutron.services.ovn_l3.plugin.L3_NAT_dbonly_mixin._clean_garbage' sleeping for 299.93 seconds {{(pid=88918) _run_loop /opt/stack/data/venv/lib/python3.12/site-packages/oslo_service/backend/_threading/loopingcall.py:125}}
May 27 16:57:48.666066 np0000001526 neutron-periodic-workers[88918]: DEBUG dbcounter [-] [88918] Writing DB stats neutron:SELECT=1 {{(pid=88918) stat_writer /opt/stack/data/venv/lib/python3.12/site-packages/dbcounter.py:115}}
May 27 16:57:53.621646 np0000001526 neutron-periodic-workers[88933]: DEBUG oslo.service.backend._threading.loopingcall [None req-15e46904-c616-411a-8a15-05a5e46fff40 None None] Fixed interval looping call 'neutron.plugins.ml2.plugin.DhcpAgentSchedulerDbMixin.remove_networks_from_down_agents' sleeping for 36.99 seconds {{(pid=88933) _run_loop /opt/stack/data/venv/lib/python3.12/site-packages/oslo_service/backend/_threading/loopingcall.py:125}}
May 27 16:58:03.620802 np0000001526 neutron-periodic-workers[88933]: DEBUG dbcounter [-] [88933] Writing DB stats neutron:SELECT=3 {{(pid=88933) stat_writer /opt/stack/data/venv/lib/python3.12/site-packages/dbcounter.py:115}}
May 27 16:58:03.654286 np0000001526 neutron-periodic-workers[88941]: DEBUG neutron.db.agents_db [None req-3652f575-7b24-4560-95bf-9218510f3dfe None None] Agent healthcheck: found 0 active agents {{(pid=88941) agent_health_check /opt/stack/neutron/neutron/db/agents_db.py:322}}
May 27 16:58:03.654286 np0000001526 neutron-periodic-workers[88941]: DEBUG oslo.service.backend._threading.loopingcall [None req-3652f575-7b24-4560-95bf-9218510f3dfe None None] Fixed interval looping call 'neutron.plugins.ml2.plugin.AgentDbMixin.agent_health_check' sleeping for 37.00 seconds {{(pid=88941) _run_loop /opt/stack/data/venv/lib/python3.12/site-packages/oslo_service/backend/_threading/loopingcall.py:125}}
May 27 16:58:13.653279 np0000001526 neutron-periodic-workers[88941]: DEBUG dbcounter [-] [88941] Writing DB stats neutron:SELECT=1 {{(pid=88941) stat_writer /opt/stack/data/venv/lib/python3.12/site-packages/dbcounter.py:115}}
May 27 16:58:30.618250 np0000001526 neutron-periodic-workers[88933]: DEBUG oslo.service.backend._threading.loopingcall [None req-15e46904-c616-411a-8a15-05a5e46fff40 None None] Fixed interval looping call 'neutron.plugins.ml2.plugin.DhcpAgentSchedulerDbMixin.remove_networks_from_down_agents' sleeping for 36.99 seconds {{(pid=88933) _run_loop /opt/stack/data/venv/lib/python3.12/site-packages/oslo_service/backend/_threading/loopingcall.py:125}}
May 27 16:58:32.685224 np0000001526 neutron-periodic-workers[88953]: DEBUG dbcounter [-] [88953] Writer thread running {{(pid=88953) stat_writer /opt/stack/data/venv/lib/python3.12/site-packages/dbcounter.py:102}}
May 27 16:58:32.686744 np0000001526 neutron-periodic-workers[88953]: DEBUG oslo.service.backend._threading.loopingcall [None req-304dfa22-cbe0-478f-aa8d-639950fd2266 None None] Fixed interval looping call 'neutron.db.quota.driver_nolock.DbQuotaNoLockDriver._remove_expired_reservations' sleeping for 119.96 seconds {{(pid=88953) _run_loop /opt/stack/data/venv/lib/python3.12/site-packages/oslo_service/backend/_threading/loopingcall.py:125}}
May 27 16:58:40.617482 np0000001526 neutron-periodic-workers[88933]: DEBUG dbcounter [-] [88933] Writing DB stats neutron:SELECT=3 {{(pid=88933) stat_writer /opt/stack/data/venv/lib/python3.12/site-packages/dbcounter.py:115}}
May 27 16:58:40.657536 np0000001526 neutron-periodic-workers[88941]: DEBUG neutron.db.agents_db [None req-3652f575-7b24-4560-95bf-9218510f3dfe None None] Agent healthcheck: found 0 active agents {{(pid=88941) agent_health_check /opt/stack/neutron/neutron/db/agents_db.py:322}}
May 27 16:58:40.657994 np0000001526 neutron-periodic-workers[88941]: DEBUG oslo.service.backend._threading.loopingcall [None req-3652f575-7b24-4560-95bf-9218510f3dfe None None] Fixed interval looping call 'neutron.plugins.ml2.plugin.AgentDbMixin.agent_health_check' sleeping for 37.00 seconds {{(pid=88941) _run_loop /opt/stack/data/venv/lib/python3.12/site-packages/oslo_service/backend/_threading/loopingcall.py:125}}
May 27 16:58:42.688536 np0000001526 neutron-periodic-workers[88953]: DEBUG dbcounter [-] [88953] Writing DB stats neutron:DELETE=1 {{(pid=88953) stat_writer /opt/stack/data/venv/lib/python3.12/site-packages/dbcounter.py:115}}
May 27 16:58:50.656487 np0000001526 neutron-periodic-workers[88941]: DEBUG dbcounter [-] [88941] Writing DB stats neutron:SELECT=1 {{(pid=88941) stat_writer /opt/stack/data/venv/lib/python3.12/site-packages/dbcounter.py:115}}
May 27 16:59:07.614354 np0000001526 neutron-periodic-workers[88933]: DEBUG oslo.service.backend._threading.loopingcall [None req-15e46904-c616-411a-8a15-05a5e46fff40 None None] Fixed interval looping call 'neutron.plugins.ml2.plugin.DhcpAgentSchedulerDbMixin.remove_networks_from_down_agents' sleeping for 36.99 seconds {{(pid=88933) _run_loop /opt/stack/data/venv/lib/python3.12/site-packages/oslo_service/backend/_threading/loopingcall.py:125}}
May 27 16:59:17.613574 np0000001526 neutron-periodic-workers[88933]: DEBUG dbcounter [-] [88933] Writing DB stats neutron:SELECT=3 {{(pid=88933) stat_writer /opt/stack/data/venv/lib/python3.12/site-packages/dbcounter.py:115}}
May 27 16:59:17.661787 np0000001526 neutron-periodic-workers[88941]: DEBUG neutron.db.agents_db [None req-3652f575-7b24-4560-95bf-9218510f3dfe None None] Agent healthcheck: found 0 active agents {{(pid=88941) agent_health_check /opt/stack/neutron/neutron/db/agents_db.py:322}}
May 27 16:59:17.662165 np0000001526 neutron-periodic-workers[88941]: DEBUG oslo.service.backend._threading.loopingcall [None req-3652f575-7b24-4560-95bf-9218510f3dfe None None] Fixed interval looping call 'neutron.plugins.ml2.plugin.AgentDbMixin.agent_health_check' sleeping for 37.00 seconds {{(pid=88941) _run_loop /opt/stack/data/venv/lib/python3.12/site-packages/oslo_service/backend/_threading/loopingcall.py:125}}
May 27 16:59:27.661473 np0000001526 neutron-periodic-workers[88941]: DEBUG dbcounter [-] [88941] Writing DB stats neutron:SELECT=1 {{(pid=88941) stat_writer /opt/stack/data/venv/lib/python3.12/site-packages/dbcounter.py:115}}
May 27 16:59:44.614110 np0000001526 neutron-periodic-workers[88933]: DEBUG oslo.service.backend._threading.loopingcall [None req-15e46904-c616-411a-8a15-05a5e46fff40 None None] Fixed interval looping call 'neutron.plugins.ml2.plugin.DhcpAgentSchedulerDbMixin.remove_networks_from_down_agents' sleeping for 36.99 seconds {{(pid=88933) _run_loop /opt/stack/data/venv/lib/python3.12/site-packages/oslo_service/backend/_threading/loopingcall.py:125}}
May 27 16:59:54.613839 np0000001526 neutron-periodic-workers[88933]: DEBUG dbcounter [-] [88933] Writing DB stats neutron:SELECT=3 {{(pid=88933) stat_writer /opt/stack/data/venv/lib/python3.12/site-packages/dbcounter.py:115}}
May 27 16:59:54.667114 np0000001526 neutron-periodic-workers[88941]: DEBUG neutron.db.agents_db [None req-3652f575-7b24-4560-95bf-9218510f3dfe None None] Agent healthcheck: found 0 active agents {{(pid=88941) agent_health_check /opt/stack/neutron/neutron/db/agents_db.py:322}}
May 27 16:59:54.667650 np0000001526 neutron-periodic-workers[88941]: DEBUG oslo.service.backend._threading.loopingcall [None req-3652f575-7b24-4560-95bf-9218510f3dfe None None] Fixed interval looping call 'neutron.plugins.ml2.plugin.AgentDbMixin.agent_health_check' sleeping for 37.00 seconds {{(pid=88941) _run_loop /opt/stack/data/venv/lib/python3.12/site-packages/oslo_service/backend/_threading/loopingcall.py:125}}
May 27 17:00:04.666625 np0000001526 neutron-periodic-workers[88941]: DEBUG dbcounter [-] [88941] Writing DB stats neutron:SELECT=1 {{(pid=88941) stat_writer /opt/stack/data/venv/lib/python3.12/site-packages/dbcounter.py:115}}
May 27 17:00:21.625670 np0000001526 neutron-periodic-workers[88933]: DEBUG oslo.service.backend._threading.loopingcall [None req-15e46904-c616-411a-8a15-05a5e46fff40 None None] Fixed interval looping call 'neutron.plugins.ml2.plugin.DhcpAgentSchedulerDbMixin.remove_networks_from_down_agents' sleeping for 36.98 seconds {{(pid=88933) _run_loop /opt/stack/data/venv/lib/python3.12/site-packages/oslo_service/backend/_threading/loopingcall.py:125}}
May 27 17:00:31.622783 np0000001526 neutron-periodic-workers[88933]: DEBUG dbcounter [-] [88933] Writing DB stats neutron:SELECT=3 {{(pid=88933) stat_writer /opt/stack/data/venv/lib/python3.12/site-packages/dbcounter.py:115}}
May 27 17:00:31.670337 np0000001526 neutron-periodic-workers[88941]: DEBUG neutron.db.agents_db [None req-3652f575-7b24-4560-95bf-9218510f3dfe None None] Agent healthcheck: found 0 active agents {{(pid=88941) agent_health_check /opt/stack/neutron/neutron/db/agents_db.py:322}}
May 27 17:00:31.670780 np0000001526 neutron-periodic-workers[88941]: DEBUG oslo.service.backend._threading.loopingcall [None req-3652f575-7b24-4560-95bf-9218510f3dfe None None] Fixed interval looping call 'neutron.plugins.ml2.plugin.AgentDbMixin.agent_health_check' sleeping for 37.00 seconds {{(pid=88941) _run_loop /opt/stack/data/venv/lib/python3.12/site-packages/oslo_service/backend/_threading/loopingcall.py:125}}
May 27 17:00:32.662525 np0000001526 neutron-periodic-workers[88953]: DEBUG oslo.service.backend._threading.loopingcall [None req-304dfa22-cbe0-478f-aa8d-639950fd2266 None None] Fixed interval looping call 'neutron.db.quota.driver_nolock.DbQuotaNoLockDriver._remove_expired_reservations' sleeping for 119.98 seconds {{(pid=88953) _run_loop /opt/stack/data/venv/lib/python3.12/site-packages/oslo_service/backend/_threading/loopingcall.py:125}}
May 27 17:00:41.669395 np0000001526 neutron-periodic-workers[88941]: DEBUG dbcounter [-] [88941] Writing DB stats neutron:SELECT=1 {{(pid=88941) stat_writer /opt/stack/data/venv/lib/python3.12/site-packages/dbcounter.py:115}}
May 27 17:00:42.661856 np0000001526 neutron-periodic-workers[88953]: DEBUG dbcounter [-] [88953] Writing DB stats neutron:DELETE=1 {{(pid=88953) stat_writer /opt/stack/data/venv/lib/python3.12/site-packages/dbcounter.py:115}}
May 27 17:00:58.611780 np0000001526 neutron-periodic-workers[88933]: DEBUG oslo.service.backend._threading.loopingcall [None req-15e46904-c616-411a-8a15-05a5e46fff40 None None] Fixed interval looping call 'neutron.plugins.ml2.plugin.DhcpAgentSchedulerDbMixin.remove_networks_from_down_agents' sleeping for 36.99 seconds {{(pid=88933) _run_loop /opt/stack/data/venv/lib/python3.12/site-packages/oslo_service/backend/_threading/loopingcall.py:125}}
May 27 17:01:08.610998 np0000001526 neutron-periodic-workers[88933]: DEBUG dbcounter [-] [88933] Writing DB stats neutron:SELECT=3 {{(pid=88933) stat_writer /opt/stack/data/venv/lib/python3.12/site-packages/dbcounter.py:115}}
May 27 17:01:08.678440 np0000001526 neutron-periodic-workers[88941]: DEBUG neutron.db.agents_db [None req-3652f575-7b24-4560-95bf-9218510f3dfe None None] Agent healthcheck: found 0 active agents {{(pid=88941) agent_health_check /opt/stack/neutron/neutron/db/agents_db.py:322}}
May 27 17:01:08.678853 np0000001526 neutron-periodic-workers[88941]: DEBUG oslo.service.backend._threading.loopingcall [None req-3652f575-7b24-4560-95bf-9218510f3dfe None None] Fixed interval looping call 'neutron.plugins.ml2.plugin.AgentDbMixin.agent_health_check' sleeping for 36.99 seconds {{(pid=88941) _run_loop /opt/stack/data/venv/lib/python3.12/site-packages/oslo_service/backend/_threading/loopingcall.py:125}}
May 27 17:01:18.676220 np0000001526 neutron-periodic-workers[88941]: DEBUG dbcounter [-] [88941] Writing DB stats neutron:SELECT=1 {{(pid=88941) stat_writer /opt/stack/data/venv/lib/python3.12/site-packages/dbcounter.py:115}}
May 27 17:01:35.614197 np0000001526 neutron-periodic-workers[88933]: DEBUG oslo.service.backend._threading.loopingcall [None req-15e46904-c616-411a-8a15-05a5e46fff40 None None] Fixed interval looping call 'neutron.plugins.ml2.plugin.DhcpAgentSchedulerDbMixin.remove_networks_from_down_agents' sleeping for 36.99 seconds {{(pid=88933) _run_loop /opt/stack/data/venv/lib/python3.12/site-packages/oslo_service/backend/_threading/loopingcall.py:125}}
May 27 17:01:45.615244 np0000001526 neutron-periodic-workers[88933]: DEBUG dbcounter [-] [88933] Writing DB stats neutron:SELECT=3 {{(pid=88933) stat_writer /opt/stack/data/venv/lib/python3.12/site-packages/dbcounter.py:115}}
May 27 17:01:45.673355 np0000001526 neutron-periodic-workers[88941]: DEBUG neutron.db.agents_db [None req-3652f575-7b24-4560-95bf-9218510f3dfe None None] Agent healthcheck: found 0 active agents {{(pid=88941) agent_health_check /opt/stack/neutron/neutron/db/agents_db.py:322}}
May 27 17:01:45.673355 np0000001526 neutron-periodic-workers[88941]: DEBUG oslo.service.backend._threading.loopingcall [None req-3652f575-7b24-4560-95bf-9218510f3dfe None None] Fixed interval looping call 'neutron.plugins.ml2.plugin.AgentDbMixin.agent_health_check' sleeping for 37.00 seconds {{(pid=88941) _run_loop /opt/stack/data/venv/lib/python3.12/site-packages/oslo_service/backend/_threading/loopingcall.py:125}}
May 27 17:01:55.670632 np0000001526 neutron-periodic-workers[88941]: DEBUG dbcounter [-] [88941] Writing DB stats neutron:SELECT=1 {{(pid=88941) stat_writer /opt/stack/data/venv/lib/python3.12/site-packages/dbcounter.py:115}}
May 27 17:02:12.614016 np0000001526 neutron-periodic-workers[88933]: DEBUG oslo.service.backend._threading.loopingcall [None req-15e46904-c616-411a-8a15-05a5e46fff40 None None] Fixed interval looping call 'neutron.plugins.ml2.plugin.DhcpAgentSchedulerDbMixin.remove_networks_from_down_agents' sleeping for 36.99 seconds {{(pid=88933) _run_loop /opt/stack/data/venv/lib/python3.12/site-packages/oslo_service/backend/_threading/loopingcall.py:125}}
May 27 17:02:22.613154 np0000001526 neutron-periodic-workers[88933]: DEBUG dbcounter [-] [88933] Writing DB stats neutron:SELECT=3 {{(pid=88933) stat_writer /opt/stack/data/venv/lib/python3.12/site-packages/dbcounter.py:115}}
May 27 17:02:22.679348 np0000001526 neutron-periodic-workers[88941]: DEBUG neutron.db.agents_db [None req-3652f575-7b24-4560-95bf-9218510f3dfe None None] Agent healthcheck: found 0 active agents {{(pid=88941) agent_health_check /opt/stack/neutron/neutron/db/agents_db.py:322}}
May 27 17:02:22.679348 np0000001526 neutron-periodic-workers[88941]: DEBUG oslo.service.backend._threading.loopingcall [None req-3652f575-7b24-4560-95bf-9218510f3dfe None None] Fixed interval looping call 'neutron.plugins.ml2.plugin.AgentDbMixin.agent_health_check' sleeping for 36.99 seconds {{(pid=88941) _run_loop /opt/stack/data/venv/lib/python3.12/site-packages/oslo_service/backend/_threading/loopingcall.py:125}}
May 27 17:02:32.669102 np0000001526 neutron-periodic-workers[88953]: DEBUG oslo.service.backend._threading.loopingcall [None req-304dfa22-cbe0-478f-aa8d-639950fd2266 None None] Fixed interval looping call 'neutron.db.quota.driver_nolock.DbQuotaNoLockDriver._remove_expired_reservations' sleeping for 119.98 seconds {{(pid=88953) _run_loop /opt/stack/data/venv/lib/python3.12/site-packages/oslo_service/backend/_threading/loopingcall.py:125}}
May 27 17:02:32.675546 np0000001526 neutron-periodic-workers[88941]: DEBUG dbcounter [-] [88941] Writing DB stats neutron:SELECT=1 {{(pid=88941) stat_writer /opt/stack/data/venv/lib/python3.12/site-packages/dbcounter.py:115}}
May 27 17:02:38.618063 np0000001526 neutron-periodic-workers[88918]: DEBUG oslo.service.backend._threading.loopingcall [None req-26470ef8-e706-46ea-82a9-453e14052277 None None] Fixed interval looping call 'neutron.services.ovn_l3.plugin.L3_NAT_dbonly_mixin._clean_garbage' sleeping for 299.99 seconds {{(pid=88918) _run_loop /opt/stack/data/venv/lib/python3.12/site-packages/oslo_service/backend/_threading/loopingcall.py:125}}
May 27 17:02:42.654915 np0000001526 neutron-periodic-workers[88953]: DEBUG dbcounter [-] [88953] Writing DB stats neutron:DELETE=1 {{(pid=88953) stat_writer /opt/stack/data/venv/lib/python3.12/site-packages/dbcounter.py:115}}
May 27 17:02:48.613066 np0000001526 neutron-periodic-workers[88918]: DEBUG dbcounter [-] [88918] Writing DB stats neutron:SELECT=1 {{(pid=88918) stat_writer /opt/stack/data/venv/lib/python3.12/site-packages/dbcounter.py:115}}
May 27 17:02:49.611139 np0000001526 neutron-periodic-workers[88933]: DEBUG oslo.service.backend._threading.loopingcall [None req-15e46904-c616-411a-8a15-05a5e46fff40 None None] Fixed interval looping call 'neutron.plugins.ml2.plugin.DhcpAgentSchedulerDbMixin.remove_networks_from_down_agents' sleeping for 36.99 seconds {{(pid=88933) _run_loop /opt/stack/data/venv/lib/python3.12/site-packages/oslo_service/backend/_threading/loopingcall.py:125}}
May 27 17:02:59.612798 np0000001526 neutron-periodic-workers[88933]: DEBUG dbcounter [-] [88933] Writing DB stats neutron:SELECT=3 {{(pid=88933) stat_writer /opt/stack/data/venv/lib/python3.12/site-packages/dbcounter.py:115}}
May 27 17:02:59.673233 np0000001526 neutron-periodic-workers[88941]: DEBUG neutron.db.agents_db [None req-3652f575-7b24-4560-95bf-9218510f3dfe None None] Agent healthcheck: found 0 active agents {{(pid=88941) agent_health_check /opt/stack/neutron/neutron/db/agents_db.py:322}}
May 27 17:02:59.673674 np0000001526 neutron-periodic-workers[88941]: DEBUG oslo.service.backend._threading.loopingcall [None req-3652f575-7b24-4560-95bf-9218510f3dfe None None] Fixed interval looping call 'neutron.plugins.ml2.plugin.AgentDbMixin.agent_health_check' sleeping for 37.00 seconds {{(pid=88941) _run_loop /opt/stack/data/venv/lib/python3.12/site-packages/oslo_service/backend/_threading/loopingcall.py:125}}
May 27 17:03:09.672079 np0000001526 neutron-periodic-workers[88941]: DEBUG dbcounter [-] [88941] Writing DB stats neutron:SELECT=1 {{(pid=88941) stat_writer /opt/stack/data/venv/lib/python3.12/site-packages/dbcounter.py:115}}
May 27 17:03:26.622059 np0000001526 neutron-periodic-workers[88933]: DEBUG oslo.service.backend._threading.loopingcall [None req-15e46904-c616-411a-8a15-05a5e46fff40 None None] Fixed interval looping call 'neutron.plugins.ml2.plugin.DhcpAgentSchedulerDbMixin.remove_networks_from_down_agents' sleeping for 36.98 seconds {{(pid=88933) _run_loop /opt/stack/data/venv/lib/python3.12/site-packages/oslo_service/backend/_threading/loopingcall.py:125}}
May 27 17:03:36.616478 np0000001526 neutron-periodic-workers[88933]: DEBUG dbcounter [-] [88933] Writing DB stats neutron:SELECT=3 {{(pid=88933) stat_writer /opt/stack/data/venv/lib/python3.12/site-packages/dbcounter.py:115}}
May 27 17:03:36.685073 np0000001526 neutron-periodic-workers[88941]: DEBUG neutron.db.agents_db [None req-3652f575-7b24-4560-95bf-9218510f3dfe None None] Agent healthcheck: found 0 active agents {{(pid=88941) agent_health_check /opt/stack/neutron/neutron/db/agents_db.py:322}}
May 27 17:03:36.685725 np0000001526 neutron-periodic-workers[88941]: DEBUG oslo.service.backend._threading.loopingcall [None req-3652f575-7b24-4560-95bf-9218510f3dfe None None] Fixed interval looping call 'neutron.plugins.ml2.plugin.AgentDbMixin.agent_health_check' sleeping for 36.99 seconds {{(pid=88941) _run_loop /opt/stack/data/venv/lib/python3.12/site-packages/oslo_service/backend/_threading/loopingcall.py:125}}
May 27 17:03:46.683480 np0000001526 neutron-periodic-workers[88941]: DEBUG dbcounter [-] [88941] Writing DB stats neutron:SELECT=1 {{(pid=88941) stat_writer /opt/stack/data/venv/lib/python3.12/site-packages/dbcounter.py:115}}
May 27 17:04:03.617317 np0000001526 neutron-periodic-workers[88933]: DEBUG oslo.service.backend._threading.loopingcall [None req-15e46904-c616-411a-8a15-05a5e46fff40 None None] Fixed interval looping call 'neutron.plugins.ml2.plugin.DhcpAgentSchedulerDbMixin.remove_networks_from_down_agents' sleeping for 36.99 seconds {{(pid=88933) _run_loop /opt/stack/data/venv/lib/python3.12/site-packages/oslo_service/backend/_threading/loopingcall.py:125}}
May 27 17:04:13.613295 np0000001526 neutron-periodic-workers[88933]: DEBUG dbcounter [-] [88933] Writing DB stats neutron:SELECT=3 {{(pid=88933) stat_writer /opt/stack/data/venv/lib/python3.12/site-packages/dbcounter.py:115}}
May 27 17:04:13.678965 np0000001526 neutron-periodic-workers[88941]: DEBUG neutron.db.agents_db [None req-3652f575-7b24-4560-95bf-9218510f3dfe None None] Agent healthcheck: found 0 active agents {{(pid=88941) agent_health_check /opt/stack/neutron/neutron/db/agents_db.py:322}}
May 27 17:04:13.679389 np0000001526 neutron-periodic-workers[88941]: DEBUG oslo.service.backend._threading.loopingcall [None req-3652f575-7b24-4560-95bf-9218510f3dfe None None] Fixed interval looping call 'neutron.plugins.ml2.plugin.AgentDbMixin.agent_health_check' sleeping for 37.00 seconds {{(pid=88941) _run_loop /opt/stack/data/venv/lib/python3.12/site-packages/oslo_service/backend/_threading/loopingcall.py:125}}
May 27 17:04:23.679070 np0000001526 neutron-periodic-workers[88941]: DEBUG dbcounter [-] [88941] Writing DB stats neutron:SELECT=1 {{(pid=88941) stat_writer /opt/stack/data/venv/lib/python3.12/site-packages/dbcounter.py:115}}
May 27 17:04:32.657194 np0000001526 neutron-periodic-workers[88953]: DEBUG oslo.service.backend._threading.loopingcall [None req-304dfa22-cbe0-478f-aa8d-639950fd2266 None None] Fixed interval looping call 'neutron.db.quota.driver_nolock.DbQuotaNoLockDriver._remove_expired_reservations' sleeping for 119.99 seconds {{(pid=88953) _run_loop /opt/stack/data/venv/lib/python3.12/site-packages/oslo_service/backend/_threading/loopingcall.py:125}}
May 27 17:04:40.624544 np0000001526 neutron-periodic-workers[88933]: DEBUG oslo.service.backend._threading.loopingcall [None req-15e46904-c616-411a-8a15-05a5e46fff40 None None] Fixed interval looping call 'neutron.plugins.ml2.plugin.DhcpAgentSchedulerDbMixin.remove_networks_from_down_agents' sleeping for 36.99 seconds {{(pid=88933) _run_loop /opt/stack/data/venv/lib/python3.12/site-packages/oslo_service/backend/_threading/loopingcall.py:125}}
May 27 17:04:42.653841 np0000001526 neutron-periodic-workers[88953]: DEBUG dbcounter [-] [88953] Writing DB stats neutron:DELETE=1 {{(pid=88953) stat_writer /opt/stack/data/venv/lib/python3.12/site-packages/dbcounter.py:115}}
May 27 17:04:50.622315 np0000001526 neutron-periodic-workers[88933]: DEBUG dbcounter [-] [88933] Writing DB stats neutron:SELECT=3 {{(pid=88933) stat_writer /opt/stack/data/venv/lib/python3.12/site-packages/dbcounter.py:115}}
May 27 17:04:50.685371 np0000001526 neutron-periodic-workers[88941]: DEBUG neutron.db.agents_db [None req-3652f575-7b24-4560-95bf-9218510f3dfe None None] Agent healthcheck: found 0 active agents {{(pid=88941) agent_health_check /opt/stack/neutron/neutron/db/agents_db.py:322}}
May 27 17:04:50.686414 np0000001526 neutron-periodic-workers[88941]: DEBUG oslo.service.backend._threading.loopingcall [None req-3652f575-7b24-4560-95bf-9218510f3dfe None None] Fixed interval looping call 'neutron.plugins.ml2.plugin.AgentDbMixin.agent_health_check' sleeping for 36.99 seconds {{(pid=88941) _run_loop /opt/stack/data/venv/lib/python3.12/site-packages/oslo_service/backend/_threading/loopingcall.py:125}}
May 27 17:05:00.683284 np0000001526 neutron-periodic-workers[88941]: DEBUG dbcounter [-] [88941] Writing DB stats neutron:SELECT=1 {{(pid=88941) stat_writer /opt/stack/data/venv/lib/python3.12/site-packages/dbcounter.py:115}}
May 27 17:05:17.632826 np0000001526 neutron-periodic-workers[88933]: DEBUG oslo.service.backend._threading.loopingcall [None req-15e46904-c616-411a-8a15-05a5e46fff40 None None] Fixed interval looping call 'neutron.plugins.ml2.plugin.DhcpAgentSchedulerDbMixin.remove_networks_from_down_agents' sleeping for 36.99 seconds {{(pid=88933) _run_loop /opt/stack/data/venv/lib/python3.12/site-packages/oslo_service/backend/_threading/loopingcall.py:125}}
May 27 17:05:27.627483 np0000001526 neutron-periodic-workers[88933]: DEBUG dbcounter [-] [88933] Writing DB stats neutron:SELECT=3 {{(pid=88933) stat_writer /opt/stack/data/venv/lib/python3.12/site-packages/dbcounter.py:115}}
May 27 17:05:27.681218 np0000001526 neutron-periodic-workers[88941]: DEBUG neutron.db.agents_db [None req-3652f575-7b24-4560-95bf-9218510f3dfe None None] Agent healthcheck: found 0 active agents {{(pid=88941) agent_health_check /opt/stack/neutron/neutron/db/agents_db.py:322}}
May 27 17:05:27.681794 np0000001526 neutron-periodic-workers[88941]: DEBUG oslo.service.backend._threading.loopingcall [None req-3652f575-7b24-4560-95bf-9218510f3dfe None None] Fixed interval looping call 'neutron.plugins.ml2.plugin.AgentDbMixin.agent_health_check' sleeping for 37.00 seconds {{(pid=88941) _run_loop /opt/stack/data/venv/lib/python3.12/site-packages/oslo_service/backend/_threading/loopingcall.py:125}}
May 27 17:05:37.680886 np0000001526 neutron-periodic-workers[88941]: DEBUG dbcounter [-] [88941] Writing DB stats neutron:SELECT=1 {{(pid=88941) stat_writer /opt/stack/data/venv/lib/python3.12/site-packages/dbcounter.py:115}}
May 27 17:05:54.631616 np0000001526 neutron-periodic-workers[88933]: DEBUG oslo.service.backend._threading.loopingcall [None req-15e46904-c616-411a-8a15-05a5e46fff40 None None] Fixed interval looping call 'neutron.plugins.ml2.plugin.DhcpAgentSchedulerDbMixin.remove_networks_from_down_agents' sleeping for 36.99 seconds {{(pid=88933) _run_loop /opt/stack/data/venv/lib/python3.12/site-packages/oslo_service/backend/_threading/loopingcall.py:125}}
May 27 17:06:04.628844 np0000001526 neutron-periodic-workers[88933]: DEBUG dbcounter [-] [88933] Writing DB stats neutron:SELECT=3 {{(pid=88933) stat_writer /opt/stack/data/venv/lib/python3.12/site-packages/dbcounter.py:115}}
May 27 17:06:04.688298 np0000001526 neutron-periodic-workers[88941]: DEBUG neutron.db.agents_db [None req-3652f575-7b24-4560-95bf-9218510f3dfe None None] Agent healthcheck: found 0 active agents {{(pid=88941) agent_health_check /opt/stack/neutron/neutron/db/agents_db.py:322}}
May 27 17:06:04.688931 np0000001526 neutron-periodic-workers[88941]: DEBUG oslo.service.backend._threading.loopingcall [None req-3652f575-7b24-4560-95bf-9218510f3dfe None None] Fixed interval looping call 'neutron.plugins.ml2.plugin.AgentDbMixin.agent_health_check' sleeping for 36.99 seconds {{(pid=88941) _run_loop /opt/stack/data/venv/lib/python3.12/site-packages/oslo_service/backend/_threading/loopingcall.py:125}}
May 27 17:06:14.686486 np0000001526 neutron-periodic-workers[88941]: DEBUG dbcounter [-] [88941] Writing DB stats neutron:SELECT=1 {{(pid=88941) stat_writer /opt/stack/data/venv/lib/python3.12/site-packages/dbcounter.py:115}}
May 27 17:06:31.634035 np0000001526 neutron-periodic-workers[88933]: DEBUG oslo.service.backend._threading.loopingcall [None req-15e46904-c616-411a-8a15-05a5e46fff40 None None] Fixed interval looping call 'neutron.plugins.ml2.plugin.DhcpAgentSchedulerDbMixin.remove_networks_from_down_agents' sleeping for 36.99 seconds {{(pid=88933) _run_loop /opt/stack/data/venv/lib/python3.12/site-packages/oslo_service/backend/_threading/loopingcall.py:125}}
May 27 17:06:32.650756 np0000001526 neutron-periodic-workers[88953]: DEBUG oslo.service.backend._threading.loopingcall [None req-304dfa22-cbe0-478f-aa8d-639950fd2266 None None] Fixed interval looping call 'neutron.db.quota.driver_nolock.DbQuotaNoLockDriver._remove_expired_reservations' sleeping for 120.00 seconds {{(pid=88953) _run_loop /opt/stack/data/venv/lib/python3.12/site-packages/oslo_service/backend/_threading/loopingcall.py:125}}
May 27 17:06:41.632580 np0000001526 neutron-periodic-workers[88933]: DEBUG dbcounter [-] [88933] Writing DB stats neutron:SELECT=3 {{(pid=88933) stat_writer /opt/stack/data/venv/lib/python3.12/site-packages/dbcounter.py:115}}
May 27 17:06:41.682699 np0000001526 neutron-periodic-workers[88941]: DEBUG neutron.db.agents_db [None req-3652f575-7b24-4560-95bf-9218510f3dfe None None] Agent healthcheck: found 0 active agents {{(pid=88941) agent_health_check /opt/stack/neutron/neutron/db/agents_db.py:322}}
May 27 17:06:41.683095 np0000001526 neutron-periodic-workers[88941]: DEBUG oslo.service.backend._threading.loopingcall [None req-3652f575-7b24-4560-95bf-9218510f3dfe None None] Fixed interval looping call 'neutron.plugins.ml2.plugin.AgentDbMixin.agent_health_check' sleeping for 37.00 seconds {{(pid=88941) _run_loop /opt/stack/data/venv/lib/python3.12/site-packages/oslo_service/backend/_threading/loopingcall.py:125}}
May 27 17:06:42.650836 np0000001526 neutron-periodic-workers[88953]: DEBUG dbcounter [-] [88953] Writing DB stats neutron:DELETE=1 {{(pid=88953) stat_writer /opt/stack/data/venv/lib/python3.12/site-packages/dbcounter.py:115}}
May 27 17:06:51.681444 np0000001526 neutron-periodic-workers[88941]: DEBUG dbcounter [-] [88941] Writing DB stats neutron:SELECT=1 {{(pid=88941) stat_writer /opt/stack/data/venv/lib/python3.12/site-packages/dbcounter.py:115}}
May 27 17:07:08.642332 np0000001526 neutron-periodic-workers[88933]: DEBUG oslo.service.backend._threading.loopingcall [None req-15e46904-c616-411a-8a15-05a5e46fff40 None None] Fixed interval looping call 'neutron.plugins.ml2.plugin.DhcpAgentSchedulerDbMixin.remove_networks_from_down_agents' sleeping for 36.98 seconds {{(pid=88933) _run_loop /opt/stack/data/venv/lib/python3.12/site-packages/oslo_service/backend/_threading/loopingcall.py:125}}
May 27 17:07:18.639749 np0000001526 neutron-periodic-workers[88933]: DEBUG dbcounter [-] [88933] Writing DB stats neutron:SELECT=3 {{(pid=88933) stat_writer /opt/stack/data/venv/lib/python3.12/site-packages/dbcounter.py:115}}
May 27 17:07:18.687867 np0000001526 neutron-periodic-workers[88941]: DEBUG neutron.db.agents_db [None req-3652f575-7b24-4560-95bf-9218510f3dfe None None] Agent healthcheck: found 0 active agents {{(pid=88941) agent_health_check /opt/stack/neutron/neutron/db/agents_db.py:322}}
May 27 17:07:18.688391 np0000001526 neutron-periodic-workers[88941]: DEBUG oslo.service.backend._threading.loopingcall [None req-3652f575-7b24-4560-95bf-9218510f3dfe None None] Fixed interval looping call 'neutron.plugins.ml2.plugin.AgentDbMixin.agent_health_check' sleeping for 37.00 seconds {{(pid=88941) _run_loop /opt/stack/data/venv/lib/python3.12/site-packages/oslo_service/backend/_threading/loopingcall.py:125}}
May 27 17:07:28.685951 np0000001526 neutron-periodic-workers[88941]: DEBUG dbcounter [-] [88941] Writing DB stats neutron:SELECT=1 {{(pid=88941) stat_writer /opt/stack/data/venv/lib/python3.12/site-packages/dbcounter.py:115}}
May 27 17:07:38.616247 np0000001526 neutron-periodic-workers[88918]: DEBUG oslo.service.backend._threading.loopingcall [None req-26470ef8-e706-46ea-82a9-453e14052277 None None] Fixed interval looping call 'neutron.services.ovn_l3.plugin.L3_NAT_dbonly_mixin._clean_garbage' sleeping for 299.99 seconds {{(pid=88918) _run_loop /opt/stack/data/venv/lib/python3.12/site-packages/oslo_service/backend/_threading/loopingcall.py:125}}
May 27 17:07:45.633088 np0000001526 neutron-periodic-workers[88933]: DEBUG oslo.service.backend._threading.loopingcall [None req-15e46904-c616-411a-8a15-05a5e46fff40 None None] Fixed interval looping call 'neutron.plugins.ml2.plugin.DhcpAgentSchedulerDbMixin.remove_networks_from_down_agents' sleeping for 36.99 seconds {{(pid=88933) _run_loop /opt/stack/data/venv/lib/python3.12/site-packages/oslo_service/backend/_threading/loopingcall.py:125}}
May 27 17:07:48.611198 np0000001526 neutron-periodic-workers[88918]: DEBUG dbcounter [-] [88918] Writing DB stats neutron:SELECT=1 {{(pid=88918) stat_writer /opt/stack/data/venv/lib/python3.12/site-packages/dbcounter.py:115}}
May 27 17:07:55.632245 np0000001526 neutron-periodic-workers[88933]: DEBUG dbcounter [-] [88933] Writing DB stats neutron:SELECT=3 {{(pid=88933) stat_writer /opt/stack/data/venv/lib/python3.12/site-packages/dbcounter.py:115}}
May 27 17:07:55.693209 np0000001526 neutron-periodic-workers[88941]: DEBUG neutron.db.agents_db [None req-3652f575-7b24-4560-95bf-9218510f3dfe None None] Agent healthcheck: found 0 active agents {{(pid=88941) agent_health_check /opt/stack/neutron/neutron/db/agents_db.py:322}}
May 27 17:07:55.693847 np0000001526 neutron-periodic-workers[88941]: DEBUG oslo.service.backend._threading.loopingcall [None req-3652f575-7b24-4560-95bf-9218510f3dfe None None] Fixed interval looping call 'neutron.plugins.ml2.plugin.AgentDbMixin.agent_health_check' sleeping for 37.00 seconds {{(pid=88941) _run_loop /opt/stack/data/venv/lib/python3.12/site-packages/oslo_service/backend/_threading/loopingcall.py:125}}
May 27 17:08:05.691816 np0000001526 neutron-periodic-workers[88941]: DEBUG dbcounter [-] [88941] Writing DB stats neutron:SELECT=1 {{(pid=88941) stat_writer /opt/stack/data/venv/lib/python3.12/site-packages/dbcounter.py:115}}
May 27 17:08:22.642346 np0000001526 neutron-periodic-workers[88933]: DEBUG oslo.service.backend._threading.loopingcall [None req-15e46904-c616-411a-8a15-05a5e46fff40 None None] Fixed interval looping call 'neutron.plugins.ml2.plugin.DhcpAgentSchedulerDbMixin.remove_networks_from_down_agents' sleeping for 36.98 seconds {{(pid=88933) _run_loop /opt/stack/data/venv/lib/python3.12/site-packages/oslo_service/backend/_threading/loopingcall.py:125}}
May 27 17:08:32.639660 np0000001526 neutron-periodic-workers[88933]: DEBUG dbcounter [-] [88933] Writing DB stats neutron:SELECT=3 {{(pid=88933) stat_writer /opt/stack/data/venv/lib/python3.12/site-packages/dbcounter.py:115}}
May 27 17:08:32.661462 np0000001526 neutron-periodic-workers[88953]: DEBUG oslo.service.backend._threading.loopingcall [None req-304dfa22-cbe0-478f-aa8d-639950fd2266 None None] Fixed interval looping call 'neutron.db.quota.driver_nolock.DbQuotaNoLockDriver._remove_expired_reservations' sleeping for 119.99 seconds {{(pid=88953) _run_loop /opt/stack/data/venv/lib/python3.12/site-packages/oslo_service/backend/_threading/loopingcall.py:125}}
