Jul 23 11:07:38.761498 np0000005756 nova-scheduler[96665]: DEBUG cotyledon.oslo_config_glue [-] workarounds.ensure_libvirt_rbd_instance_dir_cleanup = False {{(pid=96665) log_opt_values /opt/stack/data/venv/lib/python3.12/site-packages/oslo_config/cfg.py:3253}}
Jul 23 11:07:38.761498 np0000005756 nova-scheduler[96665]: DEBUG cotyledon.oslo_config_glue [-] workarounds.handle_virt_lifecycle_events = True {{(pid=96665) log_opt_values /opt/stack/data/venv/lib/python3.12/site-packages/oslo_config/cfg.py:3253}}
Jul 23 11:07:38.761498 np0000005756 nova-scheduler[96665]: DEBUG cotyledon.oslo_config_glue [-] workarounds.libvirt_disable_apic = False {{(pid=96665) log_opt_values /opt/stack/data/venv/lib/python3.12/site-packages/oslo_config/cfg.py:3253}}
Jul 23 11:07:38.761498 np0000005756 nova-scheduler[96665]: DEBUG cotyledon.oslo_config_glue [-] workarounds.never_download_image_if_on_rbd = False {{(pid=96665) log_opt_values /opt/stack/data/venv/lib/python3.12/site-packages/oslo_config/cfg.py:3253}}
Jul 23 11:07:38.761498 np0000005756 nova-scheduler[96665]: DEBUG cotyledon.oslo_config_glue [-] workarounds.qemu_monitor_announce_self_count = 3 {{(pid=96665) log_opt_values /opt/stack/data/venv/lib/python3.12/site-packages/oslo_config/cfg.py:3253}}
Jul 23 11:07:38.761498 np0000005756 nova-scheduler[96665]: DEBUG cotyledon.oslo_config_glue [-] workarounds.qemu_monitor_announce_self_interval = 1 {{(pid=96665) log_opt_values /opt/stack/data/venv/lib/python3.12/site-packages/oslo_config/cfg.py:3253}}
Jul 23 11:07:38.761664 np0000005756 nova-scheduler[96665]: DEBUG cotyledon.oslo_config_glue [-] workarounds.reserve_disk_resource_for_image_cache = False {{(pid=96665) log_opt_values /opt/stack/data/venv/lib/python3.12/site-packages/oslo_config/cfg.py:3253}}
Jul 23 11:07:38.761664 np0000005756 nova-scheduler[96665]: DEBUG cotyledon.oslo_config_glue [-] workarounds.skip_cpu_compare_at_startup = False {{(pid=96665) log_opt_values /opt/stack/data/venv/lib/python3.12/site-packages/oslo_config/cfg.py:3253}}
Jul 23 11:07:38.761664 np0000005756 nova-scheduler[96665]: DEBUG cotyledon.oslo_config_glue [-] workarounds.skip_cpu_compare_on_dest = False {{(pid=96665) log_opt_values /opt/stack/data/venv/lib/python3.12/site-packages/oslo_config/cfg.py:3253}}
Jul 23 11:07:38.761664 np0000005756 nova-scheduler[96665]: DEBUG cotyledon.oslo_config_glue [-] workarounds.skip_hypervisor_version_check_on_lm = False {{(pid=96665) log_opt_values /opt/stack/data/venv/lib/python3.12/site-packages/oslo_config/cfg.py:3253}}
Jul 23 11:07:38.761664 np0000005756 nova-scheduler[96665]: DEBUG cotyledon.oslo_config_glue [-] workarounds.skip_reserve_in_use_ironic_nodes = False {{(pid=96665) log_opt_values /opt/stack/data/venv/lib/python3.12/site-packages/oslo_config/cfg.py:3253}}
Jul 23 11:07:38.761664 np0000005756 nova-scheduler[96665]: DEBUG cotyledon.oslo_config_glue [-] workarounds.unified_limits_count_pcpu_as_vcpu = False {{(pid=96665) log_opt_values /opt/stack/data/venv/lib/python3.12/site-packages/oslo_config/cfg.py:3253}}
Jul 23 11:07:38.761664 np0000005756 nova-scheduler[96665]: DEBUG cotyledon.oslo_config_glue [-] workarounds.wait_for_vif_plugged_event_during_hard_reboot = [] {{(pid=96665) log_opt_values /opt/stack/data/venv/lib/python3.12/site-packages/oslo_config/cfg.py:3253}}
Jul 23 11:07:38.761664 np0000005756 nova-scheduler[96665]: DEBUG cotyledon.oslo_config_glue [-] wsgi.api_paste_config = /etc/nova/api-paste.ini {{(pid=96665) log_opt_values /opt/stack/data/venv/lib/python3.12/site-packages/oslo_config/cfg.py:3253}}
Jul 23 11:07:38.761856 np0000005756 nova-scheduler[96665]: DEBUG cotyledon.oslo_config_glue [-] wsgi.secure_proxy_ssl_header = None {{(pid=96665) log_opt_values /opt/stack/data/venv/lib/python3.12/site-packages/oslo_config/cfg.py:3253}}
Jul 23 11:07:38.761856 np0000005756 nova-scheduler[96665]: DEBUG cotyledon.oslo_config_glue [-] zvm.ca_file = None {{(pid=96665) log_opt_values /opt/stack/data/venv/lib/python3.12/site-packages/oslo_config/cfg.py:3253}}
Jul 23 11:07:38.761856 np0000005756 nova-scheduler[96665]: DEBUG cotyledon.oslo_config_glue [-] zvm.cloud_connector_url = None {{(pid=96665) log_opt_values /opt/stack/data/venv/lib/python3.12/site-packages/oslo_config/cfg.py:3253}}
Jul 23 11:07:38.761856 np0000005756 nova-scheduler[96665]: DEBUG cotyledon.oslo_config_glue [-] zvm.image_tmp_path = /opt/stack/data/nova/images {{(pid=96665) log_opt_values /opt/stack/data/venv/lib/python3.12/site-packages/oslo_config/cfg.py:3253}}
Jul 23 11:07:38.761856 np0000005756 nova-scheduler[96665]: DEBUG cotyledon.oslo_config_glue [-] zvm.reachable_timeout = 300 {{(pid=96665) log_opt_values /opt/stack/data/venv/lib/python3.12/site-packages/oslo_config/cfg.py:3253}}
Jul 23 11:07:38.761856 np0000005756 nova-scheduler[96665]: DEBUG cotyledon.oslo_config_glue [-] oslo_versionedobjects.fatal_exception_format_errors = False {{(pid=96665) log_opt_values /opt/stack/data/venv/lib/python3.12/site-packages/oslo_config/cfg.py:3253}}
Jul 23 11:07:38.761856 np0000005756 nova-scheduler[96665]: DEBUG cotyledon.oslo_config_glue [-] oslo_middleware.http_basic_auth_user_file = /etc/htpasswd {{(pid=96665) log_opt_values /opt/stack/data/venv/lib/python3.12/site-packages/oslo_config/cfg.py:3253}}
Jul 23 11:07:38.761856 np0000005756 nova-scheduler[96665]: DEBUG cotyledon.oslo_config_glue [-] oslo_messaging_metrics.metrics_buffer_size = 1000 {{(pid=96665) log_opt_values /opt/stack/data/venv/lib/python3.12/site-packages/oslo_config/cfg.py:3253}}
Jul 23 11:07:38.761856 np0000005756 nova-scheduler[96665]: DEBUG cotyledon.oslo_config_glue [-] oslo_messaging_metrics.metrics_enabled = False {{(pid=96665) log_opt_values /opt/stack/data/venv/lib/python3.12/site-packages/oslo_config/cfg.py:3253}}
Jul 23 11:07:38.762026 np0000005756 nova-scheduler[96665]: DEBUG cotyledon.oslo_config_glue [-] oslo_messaging_metrics.metrics_process_name = {{(pid=96665) log_opt_values /opt/stack/data/venv/lib/python3.12/site-packages/oslo_config/cfg.py:3253}}
Jul 23 11:07:38.762026 np0000005756 nova-scheduler[96665]: DEBUG cotyledon.oslo_config_glue [-] oslo_messaging_metrics.metrics_socket_file = /var/tmp/metrics_collector.sock {{(pid=96665) log_opt_values /opt/stack/data/venv/lib/python3.12/site-packages/oslo_config/cfg.py:3253}}
Jul 23 11:07:38.762026 np0000005756 nova-scheduler[96665]: DEBUG cotyledon.oslo_config_glue [-] oslo_messaging_metrics.metrics_thread_stop_timeout = 10 {{(pid=96665) log_opt_values /opt/stack/data/venv/lib/python3.12/site-packages/oslo_config/cfg.py:3253}}
Jul 23 11:07:38.762026 np0000005756 nova-scheduler[96665]: DEBUG cotyledon.oslo_config_glue [-] profiler.connection_string = messaging:// {{(pid=96665) log_opt_values /opt/stack/data/venv/lib/python3.12/site-packages/oslo_config/cfg.py:3253}}
Jul 23 11:07:38.762026 np0000005756 nova-scheduler[96665]: DEBUG cotyledon.oslo_config_glue [-] profiler.enabled = False {{(pid=96665) log_opt_values /opt/stack/data/venv/lib/python3.12/site-packages/oslo_config/cfg.py:3253}}
Jul 23 11:07:38.762026 np0000005756 nova-scheduler[96665]: DEBUG cotyledon.oslo_config_glue [-] profiler.es_doc_type = notification {{(pid=96665) log_opt_values /opt/stack/data/venv/lib/python3.12/site-packages/oslo_config/cfg.py:3253}}
Jul 23 11:07:38.762026 np0000005756 nova-scheduler[96665]: DEBUG cotyledon.oslo_config_glue [-] profiler.es_scroll_size = 10000 {{(pid=96665) log_opt_values /opt/stack/data/venv/lib/python3.12/site-packages/oslo_config/cfg.py:3253}}
Jul 23 11:07:38.762026 np0000005756 nova-scheduler[96665]: DEBUG cotyledon.oslo_config_glue [-] profiler.es_scroll_time = 2m {{(pid=96665) log_opt_values /opt/stack/data/venv/lib/python3.12/site-packages/oslo_config/cfg.py:3253}}
Jul 23 11:07:38.762026 np0000005756 nova-scheduler[96665]: DEBUG cotyledon.oslo_config_glue [-] profiler.filter_error_trace = False {{(pid=96665) log_opt_values /opt/stack/data/venv/lib/python3.12/site-packages/oslo_config/cfg.py:3253}}
Jul 23 11:07:38.762211 np0000005756 nova-scheduler[96665]: DEBUG cotyledon.oslo_config_glue [-] profiler.hmac_keys = **** {{(pid=96665) log_opt_values /opt/stack/data/venv/lib/python3.12/site-packages/oslo_config/cfg.py:3253}}
Jul 23 11:07:38.762211 np0000005756 nova-scheduler[96665]: DEBUG cotyledon.oslo_config_glue [-] profiler.sentinel_service_name = mymaster {{(pid=96665) log_opt_values /opt/stack/data/venv/lib/python3.12/site-packages/oslo_config/cfg.py:3253}}
Jul 23 11:07:38.762211 np0000005756 nova-scheduler[96665]: DEBUG cotyledon.oslo_config_glue [-] profiler.socket_timeout = 0.1 {{(pid=96665) log_opt_values /opt/stack/data/venv/lib/python3.12/site-packages/oslo_config/cfg.py:3253}}
Jul 23 11:07:38.762211 np0000005756 nova-scheduler[96665]: DEBUG cotyledon.oslo_config_glue [-] profiler.trace_requests = False {{(pid=96665) log_opt_values /opt/stack/data/venv/lib/python3.12/site-packages/oslo_config/cfg.py:3253}}
Jul 23 11:07:38.762211 np0000005756 nova-scheduler[96665]: DEBUG cotyledon.oslo_config_glue [-] profiler.trace_sqlalchemy = False {{(pid=96665) log_opt_values /opt/stack/data/venv/lib/python3.12/site-packages/oslo_config/cfg.py:3253}}
Jul 23 11:07:38.762211 np0000005756 nova-scheduler[96665]: DEBUG cotyledon.oslo_config_glue [-] profiler_jaeger.process_tags = {} {{(pid=96665) log_opt_values /opt/stack/data/venv/lib/python3.12/site-packages/oslo_config/cfg.py:3253}}
Jul 23 11:07:38.762211 np0000005756 nova-scheduler[96665]: DEBUG cotyledon.oslo_config_glue [-] profiler_jaeger.service_name_prefix = None {{(pid=96665) log_opt_values /opt/stack/data/venv/lib/python3.12/site-packages/oslo_config/cfg.py:3253}}
Jul 23 11:07:38.762211 np0000005756 nova-scheduler[96665]: DEBUG cotyledon.oslo_config_glue [-] profiler_otlp.service_name_prefix = None {{(pid=96665) log_opt_values /opt/stack/data/venv/lib/python3.12/site-packages/oslo_config/cfg.py:3253}}
Jul 23 11:07:38.762211 np0000005756 nova-scheduler[96665]: DEBUG cotyledon.oslo_config_glue [-] oslo_messaging_rabbit.amqp_auto_delete = False {{(pid=96665) log_opt_values /opt/stack/data/venv/lib/python3.12/site-packages/oslo_config/cfg.py:3253}}
Jul 23 11:07:38.762378 np0000005756 nova-scheduler[96665]: DEBUG cotyledon.oslo_config_glue [-] oslo_messaging_rabbit.amqp_durable_queues = False {{(pid=96665) log_opt_values /opt/stack/data/venv/lib/python3.12/site-packages/oslo_config/cfg.py:3253}}
Jul 23 11:07:38.762378 np0000005756 nova-scheduler[96665]: DEBUG cotyledon.oslo_config_glue [-] oslo_messaging_rabbit.conn_pool_min_size = 2 {{(pid=96665) log_opt_values /opt/stack/data/venv/lib/python3.12/site-packages/oslo_config/cfg.py:3253}}
Jul 23 11:07:38.762378 np0000005756 nova-scheduler[96665]: DEBUG cotyledon.oslo_config_glue [-] oslo_messaging_rabbit.conn_pool_ttl = 1200 {{(pid=96665) log_opt_values /opt/stack/data/venv/lib/python3.12/site-packages/oslo_config/cfg.py:3253}}
Jul 23 11:07:38.762378 np0000005756 nova-scheduler[96665]: DEBUG cotyledon.oslo_config_glue [-] oslo_messaging_rabbit.direct_mandatory_flag = True {{(pid=96665) log_opt_values /opt/stack/data/venv/lib/python3.12/site-packages/oslo_config/cfg.py:3253}}
Jul 23 11:07:38.762378 np0000005756 nova-scheduler[96665]: DEBUG cotyledon.oslo_config_glue [-] oslo_messaging_rabbit.enable_cancel_on_failover = False {{(pid=96665) log_opt_values /opt/stack/data/venv/lib/python3.12/site-packages/oslo_config/cfg.py:3253}}
Jul 23 11:07:38.762378 np0000005756 nova-scheduler[96665]: DEBUG cotyledon.oslo_config_glue [-] oslo_messaging_rabbit.heartbeat_rate = 3 {{(pid=96665) log_opt_values /opt/stack/data/venv/lib/python3.12/site-packages/oslo_config/cfg.py:3253}}
Jul 23 11:07:38.762378 np0000005756 nova-scheduler[96665]: DEBUG cotyledon.oslo_config_glue [-] oslo_messaging_rabbit.heartbeat_timeout_threshold = 60 {{(pid=96665) log_opt_values /opt/stack/data/venv/lib/python3.12/site-packages/oslo_config/cfg.py:3253}}
Jul 23 11:07:38.762378 np0000005756 nova-scheduler[96665]: DEBUG cotyledon.oslo_config_glue [-] oslo_messaging_rabbit.hostname = np0000005756 {{(pid=96665) log_opt_values /opt/stack/data/venv/lib/python3.12/site-packages/oslo_config/cfg.py:3253}}
Jul 23 11:07:38.762378 np0000005756 nova-scheduler[96665]: DEBUG cotyledon.oslo_config_glue [-] oslo_messaging_rabbit.kombu_compression = None {{(pid=96665) log_opt_values /opt/stack/data/venv/lib/python3.12/site-packages/oslo_config/cfg.py:3253}}
Jul 23 11:07:38.762597 np0000005756 nova-scheduler[96665]: DEBUG cotyledon.oslo_config_glue [-] oslo_messaging_rabbit.kombu_failover_strategy = round-robin {{(pid=96665) log_opt_values /opt/stack/data/venv/lib/python3.12/site-packages/oslo_config/cfg.py:3253}}
Jul 23 11:07:38.762597 np0000005756 nova-scheduler[96665]: DEBUG cotyledon.oslo_config_glue [-] oslo_messaging_rabbit.kombu_missing_consumer_retry_timeout = 60 {{(pid=96665) log_opt_values /opt/stack/data/venv/lib/python3.12/site-packages/oslo_config/cfg.py:3253}}
Jul 23 11:07:38.762597 np0000005756 nova-scheduler[96665]: DEBUG cotyledon.oslo_config_glue [-] oslo_messaging_rabbit.kombu_reconnect_delay = 1.0 {{(pid=96665) log_opt_values /opt/stack/data/venv/lib/python3.12/site-packages/oslo_config/cfg.py:3253}}
Jul 23 11:07:38.762597 np0000005756 nova-scheduler[96665]: DEBUG cotyledon.oslo_config_glue [-] oslo_messaging_rabbit.kombu_reconnect_splay = 0.0 {{(pid=96665) log_opt_values /opt/stack/data/venv/lib/python3.12/site-packages/oslo_config/cfg.py:3253}}
Jul 23 11:07:38.762597 np0000005756 nova-scheduler[96665]: DEBUG cotyledon.oslo_config_glue [-] oslo_messaging_rabbit.processname = nova-scheduler {{(pid=96665) log_opt_values /opt/stack/data/venv/lib/python3.12/site-packages/oslo_config/cfg.py:3253}}
Jul 23 11:07:38.762597 np0000005756 nova-scheduler[96665]: DEBUG cotyledon.oslo_config_glue [-] oslo_messaging_rabbit.rabbit_ha_queues = False {{(pid=96665) log_opt_values /opt/stack/data/venv/lib/python3.12/site-packages/oslo_config/cfg.py:3253}}
Jul 23 11:07:38.762597 np0000005756 nova-scheduler[96665]: DEBUG cotyledon.oslo_config_glue [-] oslo_messaging_rabbit.rabbit_interval_max = 30 {{(pid=96665) log_opt_values /opt/stack/data/venv/lib/python3.12/site-packages/oslo_config/cfg.py:3253}}
Jul 23 11:07:38.762597 np0000005756 nova-scheduler[96665]: DEBUG cotyledon.oslo_config_glue [-] oslo_messaging_rabbit.rabbit_login_method = AMQPLAIN {{(pid=96665) log_opt_values /opt/stack/data/venv/lib/python3.12/site-packages/oslo_config/cfg.py:3253}}
Jul 23 11:07:38.762843 np0000005756 nova-scheduler[96665]: DEBUG cotyledon.oslo_config_glue [-] oslo_messaging_rabbit.rabbit_qos_prefetch_count = 0 {{(pid=96665) log_opt_values /opt/stack/data/venv/lib/python3.12/site-packages/oslo_config/cfg.py:3253}}
Jul 23 11:07:38.762843 np0000005756 nova-scheduler[96665]: DEBUG cotyledon.oslo_config_glue [-] oslo_messaging_rabbit.rabbit_quorum_delivery_limit = 0 {{(pid=96665) log_opt_values /opt/stack/data/venv/lib/python3.12/site-packages/oslo_config/cfg.py:3253}}
Jul 23 11:07:38.762843 np0000005756 nova-scheduler[96665]: DEBUG cotyledon.oslo_config_glue [-] oslo_messaging_rabbit.rabbit_quorum_max_memory_bytes = 0 {{(pid=96665) log_opt_values /opt/stack/data/venv/lib/python3.12/site-packages/oslo_config/cfg.py:3253}}
Jul 23 11:07:38.762843 np0000005756 nova-scheduler[96665]: DEBUG cotyledon.oslo_config_glue [-] oslo_messaging_rabbit.rabbit_quorum_max_memory_length = 0 {{(pid=96665) log_opt_values /opt/stack/data/venv/lib/python3.12/site-packages/oslo_config/cfg.py:3253}}
Jul 23 11:07:38.762843 np0000005756 nova-scheduler[96665]: DEBUG cotyledon.oslo_config_glue [-] oslo_messaging_rabbit.rabbit_quorum_queue = False {{(pid=96665) log_opt_values /opt/stack/data/venv/lib/python3.12/site-packages/oslo_config/cfg.py:3253}}
Jul 23 11:07:38.762843 np0000005756 nova-scheduler[96665]: DEBUG cotyledon.oslo_config_glue [-] oslo_messaging_rabbit.rabbit_retry_backoff = 2 {{(pid=96665) log_opt_values /opt/stack/data/venv/lib/python3.12/site-packages/oslo_config/cfg.py:3253}}
Jul 23 11:07:38.762843 np0000005756 nova-scheduler[96665]: DEBUG cotyledon.oslo_config_glue [-] oslo_messaging_rabbit.rabbit_retry_interval = 1 {{(pid=96665) log_opt_values /opt/stack/data/venv/lib/python3.12/site-packages/oslo_config/cfg.py:3253}}
Jul 23 11:07:38.762843 np0000005756 nova-scheduler[96665]: DEBUG cotyledon.oslo_config_glue [-] oslo_messaging_rabbit.rabbit_stream_fanout = False {{(pid=96665) log_opt_values /opt/stack/data/venv/lib/python3.12/site-packages/oslo_config/cfg.py:3253}}
Jul 23 11:07:38.763064 np0000005756 nova-scheduler[96665]: DEBUG cotyledon.oslo_config_glue [-] oslo_messaging_rabbit.rabbit_transient_queues_ttl = 1800 {{(pid=96665) log_opt_values /opt/stack/data/venv/lib/python3.12/site-packages/oslo_config/cfg.py:3253}}
Jul 23 11:07:38.763064 np0000005756 nova-scheduler[96665]: DEBUG cotyledon.oslo_config_glue [-] oslo_messaging_rabbit.rabbit_transient_quorum_queue = False {{(pid=96665) log_opt_values /opt/stack/data/venv/lib/python3.12/site-packages/oslo_config/cfg.py:3253}}
Jul 23 11:07:38.763064 np0000005756 nova-scheduler[96665]: DEBUG cotyledon.oslo_config_glue [-] oslo_messaging_rabbit.rpc_conn_pool_size = 30 {{(pid=96665) log_opt_values /opt/stack/data/venv/lib/python3.12/site-packages/oslo_config/cfg.py:3253}}
Jul 23 11:07:38.763064 np0000005756 nova-scheduler[96665]: DEBUG cotyledon.oslo_config_glue [-] oslo_messaging_rabbit.ssl = False {{(pid=96665) log_opt_values /opt/stack/data/venv/lib/python3.12/site-packages/oslo_config/cfg.py:3253}}
Jul 23 11:07:38.763064 np0000005756 nova-scheduler[96665]: DEBUG cotyledon.oslo_config_glue [-] oslo_messaging_rabbit.ssl_ca_file = {{(pid=96665) log_opt_values /opt/stack/data/venv/lib/python3.12/site-packages/oslo_config/cfg.py:3253}}
Jul 23 11:07:38.763064 np0000005756 nova-scheduler[96665]: DEBUG cotyledon.oslo_config_glue [-] oslo_messaging_rabbit.ssl_cert_file = {{(pid=96665) log_opt_values /opt/stack/data/venv/lib/python3.12/site-packages/oslo_config/cfg.py:3253}}
Jul 23 11:07:38.763064 np0000005756 nova-scheduler[96665]: DEBUG cotyledon.oslo_config_glue [-] oslo_messaging_rabbit.ssl_enforce_fips_mode = False {{(pid=96665) log_opt_values /opt/stack/data/venv/lib/python3.12/site-packages/oslo_config/cfg.py:3253}}
Jul 23 11:07:38.763064 np0000005756 nova-scheduler[96665]: DEBUG cotyledon.oslo_config_glue [-] oslo_messaging_rabbit.ssl_enforce_hostname_verification = True {{(pid=96665) log_opt_values /opt/stack/data/venv/lib/python3.12/site-packages/oslo_config/cfg.py:3253}}
Jul 23 11:07:38.763064 np0000005756 nova-scheduler[96665]: DEBUG cotyledon.oslo_config_glue [-] oslo_messaging_rabbit.ssl_key_file = {{(pid=96665) log_opt_values /opt/stack/data/venv/lib/python3.12/site-packages/oslo_config/cfg.py:3253}}
Jul 23 11:07:38.763265 np0000005756 nova-scheduler[96665]: DEBUG cotyledon.oslo_config_glue [-] oslo_messaging_rabbit.ssl_version = {{(pid=96665) log_opt_values /opt/stack/data/venv/lib/python3.12/site-packages/oslo_config/cfg.py:3253}}
Jul 23 11:07:38.763265 np0000005756 nova-scheduler[96665]: DEBUG cotyledon.oslo_config_glue [-] oslo_messaging_rabbit.use_queue_manager = False {{(pid=96665) log_opt_values /opt/stack/data/venv/lib/python3.12/site-packages/oslo_config/cfg.py:3253}}
Jul 23 11:07:38.763265 np0000005756 nova-scheduler[96665]: DEBUG cotyledon.oslo_config_glue [-] oslo_messaging_notifications.driver = ['messagingv2'] {{(pid=96665) log_opt_values /opt/stack/data/venv/lib/python3.12/site-packages/oslo_config/cfg.py:3253}}
Jul 23 11:07:38.763265 np0000005756 nova-scheduler[96665]: DEBUG cotyledon.oslo_config_glue [-] oslo_messaging_notifications.retry = -1 {{(pid=96665) log_opt_values /opt/stack/data/venv/lib/python3.12/site-packages/oslo_config/cfg.py:3253}}
Jul 23 11:07:38.763265 np0000005756 nova-scheduler[96665]: DEBUG cotyledon.oslo_config_glue [-] oslo_messaging_notifications.topics = ['notifications'] {{(pid=96665) log_opt_values /opt/stack/data/venv/lib/python3.12/site-packages/oslo_config/cfg.py:3253}}
Jul 23 11:07:38.763265 np0000005756 nova-scheduler[96665]: DEBUG cotyledon.oslo_config_glue [-] oslo_messaging_notifications.transport_url = **** {{(pid=96665) log_opt_values /opt/stack/data/venv/lib/python3.12/site-packages/oslo_config/cfg.py:3253}}
Jul 23 11:07:38.763265 np0000005756 nova-scheduler[96665]: DEBUG cotyledon.oslo_config_glue [-] oslo_limit.auth_section = None {{(pid=96665) log_opt_values /opt/stack/data/venv/lib/python3.12/site-packages/oslo_config/cfg.py:3253}}
Jul 23 11:07:38.763265 np0000005756 nova-scheduler[96665]: DEBUG cotyledon.oslo_config_glue [-] oslo_limit.auth_type = None {{(pid=96665) log_opt_values /opt/stack/data/venv/lib/python3.12/site-packages/oslo_config/cfg.py:3253}}
Jul 23 11:07:38.763265 np0000005756 nova-scheduler[96665]: DEBUG cotyledon.oslo_config_glue [-] oslo_limit.cafile = None {{(pid=96665) log_opt_values /opt/stack/data/venv/lib/python3.12/site-packages/oslo_config/cfg.py:3253}}
Jul 23 11:07:38.763453 np0000005756 nova-scheduler[96665]: DEBUG cotyledon.oslo_config_glue [-] oslo_limit.certfile = None {{(pid=96665) log_opt_values /opt/stack/data/venv/lib/python3.12/site-packages/oslo_config/cfg.py:3253}}
Jul 23 11:07:38.763453 np0000005756 nova-scheduler[96665]: DEBUG cotyledon.oslo_config_glue [-] oslo_limit.collect_timing = False {{(pid=96665) log_opt_values /opt/stack/data/venv/lib/python3.12/site-packages/oslo_config/cfg.py:3253}}
Jul 23 11:07:38.763453 np0000005756 nova-scheduler[96665]: DEBUG cotyledon.oslo_config_glue [-] oslo_limit.connect_retries = None {{(pid=96665) log_opt_values /opt/stack/data/venv/lib/python3.12/site-packages/oslo_config/cfg.py:3253}}
Jul 23 11:07:38.763453 np0000005756 nova-scheduler[96665]: DEBUG cotyledon.oslo_config_glue [-] oslo_limit.connect_retry_delay = None {{(pid=96665) log_opt_values /opt/stack/data/venv/lib/python3.12/site-packages/oslo_config/cfg.py:3253}}
Jul 23 11:07:38.763453 np0000005756 nova-scheduler[96665]: DEBUG cotyledon.oslo_config_glue [-] oslo_limit.endpoint_id = None {{(pid=96665) log_opt_values /opt/stack/data/venv/lib/python3.12/site-packages/oslo_config/cfg.py:3253}}
Jul 23 11:07:38.763453 np0000005756 nova-scheduler[96665]: DEBUG cotyledon.oslo_config_glue [-] oslo_limit.endpoint_interface = public {{(pid=96665) log_opt_values /opt/stack/data/venv/lib/python3.12/site-packages/oslo_config/cfg.py:3253}}
Jul 23 11:07:38.763453 np0000005756 nova-scheduler[96665]: DEBUG cotyledon.oslo_config_glue [-] oslo_limit.endpoint_override = None {{(pid=96665) log_opt_values /opt/stack/data/venv/lib/python3.12/site-packages/oslo_config/cfg.py:3253}}
Jul 23 11:07:38.763453 np0000005756 nova-scheduler[96665]: DEBUG cotyledon.oslo_config_glue [-] oslo_limit.endpoint_region_name = None {{(pid=96665) log_opt_values /opt/stack/data/venv/lib/python3.12/site-packages/oslo_config/cfg.py:3253}}
Jul 23 11:07:38.763453 np0000005756 nova-scheduler[96665]: DEBUG cotyledon.oslo_config_glue [-] oslo_limit.endpoint_service_name = None {{(pid=96665) log_opt_values /opt/stack/data/venv/lib/python3.12/site-packages/oslo_config/cfg.py:3253}}
Jul 23 11:07:38.763618 np0000005756 nova-scheduler[96665]: DEBUG cotyledon.oslo_config_glue [-] oslo_limit.endpoint_service_type = None {{(pid=96665) log_opt_values /opt/stack/data/venv/lib/python3.12/site-packages/oslo_config/cfg.py:3253}}
Jul 23 11:07:38.763618 np0000005756 nova-scheduler[96665]: DEBUG cotyledon.oslo_config_glue [-] oslo_limit.insecure = False {{(pid=96665) log_opt_values /opt/stack/data/venv/lib/python3.12/site-packages/oslo_config/cfg.py:3253}}
Jul 23 11:07:38.763618 np0000005756 nova-scheduler[96665]: DEBUG cotyledon.oslo_config_glue [-] oslo_limit.keyfile = None {{(pid=96665) log_opt_values /opt/stack/data/venv/lib/python3.12/site-packages/oslo_config/cfg.py:3253}}
Jul 23 11:07:38.763618 np0000005756 nova-scheduler[96665]: DEBUG cotyledon.oslo_config_glue [-] oslo_limit.max_version = None {{(pid=96665) log_opt_values /opt/stack/data/venv/lib/python3.12/site-packages/oslo_config/cfg.py:3253}}
Jul 23 11:07:38.763618 np0000005756 nova-scheduler[96665]: DEBUG cotyledon.oslo_config_glue [-] oslo_limit.min_version = None {{(pid=96665) log_opt_values /opt/stack/data/venv/lib/python3.12/site-packages/oslo_config/cfg.py:3253}}
Jul 23 11:07:38.763618 np0000005756 nova-scheduler[96665]: DEBUG cotyledon.oslo_config_glue [-] oslo_limit.region_name = None {{(pid=96665) log_opt_values /opt/stack/data/venv/lib/python3.12/site-packages/oslo_config/cfg.py:3253}}
Jul 23 11:07:38.763618 np0000005756 nova-scheduler[96665]: DEBUG cotyledon.oslo_config_glue [-] oslo_limit.retriable_status_codes = None {{(pid=96665) log_opt_values /opt/stack/data/venv/lib/python3.12/site-packages/oslo_config/cfg.py:3253}}
Jul 23 11:07:38.763618 np0000005756 nova-scheduler[96665]: DEBUG cotyledon.oslo_config_glue [-] oslo_limit.service_name = None {{(pid=96665) log_opt_values /opt/stack/data/venv/lib/python3.12/site-packages/oslo_config/cfg.py:3253}}
Jul 23 11:07:38.763618 np0000005756 nova-scheduler[96665]: DEBUG cotyledon.oslo_config_glue [-] oslo_limit.service_type = None {{(pid=96665) log_opt_values /opt/stack/data/venv/lib/python3.12/site-packages/oslo_config/cfg.py:3253}}
Jul 23 11:07:38.763823 np0000005756 nova-scheduler[96665]: DEBUG cotyledon.oslo_config_glue [-] oslo_limit.split_loggers = False {{(pid=96665) log_opt_values /opt/stack/data/venv/lib/python3.12/site-packages/oslo_config/cfg.py:3253}}
Jul 23 11:07:38.763823 np0000005756 nova-scheduler[96665]: DEBUG cotyledon.oslo_config_glue [-] oslo_limit.status_code_retries = None {{(pid=96665) log_opt_values /opt/stack/data/venv/lib/python3.12/site-packages/oslo_config/cfg.py:3253}}
Jul 23 11:07:38.763823 np0000005756 nova-scheduler[96665]: DEBUG cotyledon.oslo_config_glue [-] oslo_limit.status_code_retry_delay = None {{(pid=96665) log_opt_values /opt/stack/data/venv/lib/python3.12/site-packages/oslo_config/cfg.py:3253}}
Jul 23 11:07:38.763823 np0000005756 nova-scheduler[96665]: DEBUG cotyledon.oslo_config_glue [-] oslo_limit.timeout = None {{(pid=96665) log_opt_values /opt/stack/data/venv/lib/python3.12/site-packages/oslo_config/cfg.py:3253}}
Jul 23 11:07:38.763823 np0000005756 nova-scheduler[96665]: DEBUG cotyledon.oslo_config_glue [-] oslo_limit.valid_interfaces = None {{(pid=96665) log_opt_values /opt/stack/data/venv/lib/python3.12/site-packages/oslo_config/cfg.py:3253}}
Jul 23 11:07:38.763823 np0000005756 nova-scheduler[96665]: DEBUG cotyledon.oslo_config_glue [-] oslo_limit.version = None {{(pid=96665) log_opt_values /opt/stack/data/venv/lib/python3.12/site-packages/oslo_config/cfg.py:3253}}
Jul 23 11:07:38.763823 np0000005756 nova-scheduler[96665]: DEBUG cotyledon.oslo_config_glue [-] oslo_reports.file_event_handler = None {{(pid=96665) log_opt_values /opt/stack/data/venv/lib/python3.12/site-packages/oslo_config/cfg.py:3253}}
Jul 23 11:07:38.763823 np0000005756 nova-scheduler[96665]: DEBUG cotyledon.oslo_config_glue [-] oslo_reports.file_event_handler_interval = 1 {{(pid=96665) log_opt_values /opt/stack/data/venv/lib/python3.12/site-packages/oslo_config/cfg.py:3253}}
Jul 23 11:07:38.763823 np0000005756 nova-scheduler[96665]: DEBUG cotyledon.oslo_config_glue [-] oslo_reports.log_dir = None {{(pid=96665) log_opt_values /opt/stack/data/venv/lib/python3.12/site-packages/oslo_config/cfg.py:3253}}
Jul 23 11:07:38.764027 np0000005756 nova-scheduler[96665]: DEBUG cotyledon.oslo_config_glue [-] ******************************************************************************** {{(pid=96665) log_opt_values /opt/stack/data/venv/lib/python3.12/site-packages/oslo_config/cfg.py:3260}}
Jul 23 11:07:38.764027 np0000005756 nova-scheduler[96665]: DEBUG cotyledon._service_worker [-] Run service ServiceWrapper(3) [96665] {{(pid=96665) wait_forever /opt/stack/data/venv/lib/python3.12/site-packages/cotyledon/_service_worker.py:218}}
Jul 23 11:07:38.764027 np0000005756 nova-scheduler[96665]: INFO nova.service [-] Starting scheduler node (version 33.1.0)
Jul 23 11:07:38.764027 np0000005756 nova-scheduler[96665]: INFO dbcounter [None req-fb3d0717-dc78-43f6-affe-f077a9f98171 None None] Registered counter for database nova_cell0
Jul 23 11:07:38.764145 np0000005756 nova-scheduler[96618]: DEBUG oslo_db.sqlalchemy.engines [None req-1f88c4a3-f73f-423a-8636-7ac4d631b064 None None] MySQL server mode set to STRICT_TRANS_TABLES,STRICT_ALL_TABLES,NO_ZERO_IN_DATE,NO_ZERO_DATE,ERROR_FOR_DIVISION_BY_ZERO,TRADITIONAL,NO_ENGINE_SUBSTITUTION {{(pid=96618) _check_effective_sql_mode /opt/stack/data/venv/lib/python3.12/site-packages/oslo_db/sqlalchemy/engines.py:325}}
Jul 23 11:07:38.764179 np0000005756 nova-scheduler[96613]: DEBUG oslo_db.sqlalchemy.engines [None req-3cd12f66-2a6f-4ee8-9d39-de7b290908e5 None None] MySQL server mode set to STRICT_TRANS_TABLES,STRICT_ALL_TABLES,NO_ZERO_IN_DATE,NO_ZERO_DATE,ERROR_FOR_DIVISION_BY_ZERO,TRADITIONAL,NO_ENGINE_SUBSTITUTION {{(pid=96613) _check_effective_sql_mode /opt/stack/data/venv/lib/python3.12/site-packages/oslo_db/sqlalchemy/engines.py:325}}
Jul 23 11:07:38.764211 np0000005756 nova-scheduler[96618]: DEBUG dbcounter [-] [96618] Writer thread running {{(pid=96618) stat_writer /opt/stack/data/venv/lib/python3.12/site-packages/dbcounter.py:102}}
Jul 23 11:07:38.764472 np0000005756 nova-scheduler[96613]: DEBUG dbcounter [-] [96613] Writer thread running {{(pid=96613) stat_writer /opt/stack/data/venv/lib/python3.12/site-packages/dbcounter.py:102}}
Jul 23 11:07:38.769806 np0000005756 nova-scheduler[96626]: DEBUG oslo_db.sqlalchemy.engines [None req-a0c7b0b8-8bed-4907-89a2-ac35b91bb998 None None] MySQL server mode set to STRICT_TRANS_TABLES,STRICT_ALL_TABLES,NO_ZERO_IN_DATE,NO_ZERO_DATE,ERROR_FOR_DIVISION_BY_ZERO,TRADITIONAL,NO_ENGINE_SUBSTITUTION {{(pid=96626) _check_effective_sql_mode /opt/stack/data/venv/lib/python3.12/site-packages/oslo_db/sqlalchemy/engines.py:325}}
Jul 23 11:07:38.776842 np0000005756 nova-scheduler[96665]: DEBUG oslo_db.sqlalchemy.engines [None req-fb3d0717-dc78-43f6-affe-f077a9f98171 None None] MySQL server mode set to STRICT_TRANS_TABLES,STRICT_ALL_TABLES,NO_ZERO_IN_DATE,NO_ZERO_DATE,ERROR_FOR_DIVISION_BY_ZERO,TRADITIONAL,NO_ENGINE_SUBSTITUTION {{(pid=96665) _check_effective_sql_mode /opt/stack/data/venv/lib/python3.12/site-packages/oslo_db/sqlalchemy/engines.py:325}}
Jul 23 11:07:38.778810 np0000005756 nova-scheduler[96618]: DEBUG nova.service [None req-1f88c4a3-f73f-423a-8636-7ac4d631b064 None None] Creating RPC server for service: nova-scheduler on topic: scheduler {{(pid=96618) start /opt/stack/nova/nova/service.py:196}}
Jul 23 11:07:38.783109 np0000005756 nova-scheduler[96626]: DEBUG dbcounter [-] [96626] Writer thread running {{(pid=96626) stat_writer /opt/stack/data/venv/lib/python3.12/site-packages/dbcounter.py:102}}
Jul 23 11:07:38.785504 np0000005756 nova-scheduler[96613]: DEBUG nova.service [None req-3cd12f66-2a6f-4ee8-9d39-de7b290908e5 None None] Creating RPC server for service: nova-scheduler on topic: scheduler {{(pid=96613) start /opt/stack/nova/nova/service.py:196}}
Jul 23 11:07:38.786652 np0000005756 nova-scheduler[96626]: DEBUG nova.service [None req-a0c7b0b8-8bed-4907-89a2-ac35b91bb998 None None] Creating RPC server for service: nova-scheduler on topic: scheduler {{(pid=96626) start /opt/stack/nova/nova/service.py:196}}
Jul 23 11:07:38.789087 np0000005756 nova-scheduler[96665]: DEBUG dbcounter [-] [96665] Writer thread running {{(pid=96665) stat_writer /opt/stack/data/venv/lib/python3.12/site-packages/dbcounter.py:102}}
Jul 23 11:07:38.793162 np0000005756 nova-scheduler[96665]: DEBUG nova.service [None req-fb3d0717-dc78-43f6-affe-f077a9f98171 None None] Creating RPC server for service: nova-scheduler on topic: scheduler {{(pid=96665) start /opt/stack/nova/nova/service.py:196}}
Jul 23 11:07:38.810400 np0000005756 nova-scheduler[96626]: DEBUG nova.service [None req-a0c7b0b8-8bed-4907-89a2-ac35b91bb998 None None] Join ServiceGroup membership for this service scheduler {{(pid=96626) start /opt/stack/nova/nova/service.py:222}}
Jul 23 11:07:38.810575 np0000005756 nova-scheduler[96626]: DEBUG nova.servicegroup.drivers.db [None req-a0c7b0b8-8bed-4907-89a2-ac35b91bb998 None None] DB_Driver: join new ServiceGroup member np0000005756 to the scheduler group, service = {{(pid=96626) join /opt/stack/nova/nova/servicegroup/drivers/db.py:44}}
Jul 23 11:07:38.815213 np0000005756 nova-scheduler[96665]: DEBUG nova.service [None req-fb3d0717-dc78-43f6-affe-f077a9f98171 None None] Join ServiceGroup membership for this service scheduler {{(pid=96665) start /opt/stack/nova/nova/service.py:222}}
Jul 23 11:07:38.815411 np0000005756 nova-scheduler[96665]: DEBUG nova.servicegroup.drivers.db [None req-fb3d0717-dc78-43f6-affe-f077a9f98171 None None] DB_Driver: join new ServiceGroup member np0000005756 to the scheduler group, service = {{(pid=96665) join /opt/stack/nova/nova/servicegroup/drivers/db.py:44}}
Jul 23 11:07:38.816544 np0000005756 nova-scheduler[96618]: DEBUG nova.service [None req-1f88c4a3-f73f-423a-8636-7ac4d631b064 None None] Join ServiceGroup membership for this service scheduler {{(pid=96618) start /opt/stack/nova/nova/service.py:222}}
Jul 23 11:07:38.816741 np0000005756 nova-scheduler[96618]: DEBUG nova.servicegroup.drivers.db [None req-1f88c4a3-f73f-423a-8636-7ac4d631b064 None None] DB_Driver: join new ServiceGroup member np0000005756 to the scheduler group, service = {{(pid=96618) join /opt/stack/nova/nova/servicegroup/drivers/db.py:44}}
Jul 23 11:07:38.819967 np0000005756 nova-scheduler[96613]: DEBUG nova.service [None req-3cd12f66-2a6f-4ee8-9d39-de7b290908e5 None None] Join ServiceGroup membership for this service scheduler {{(pid=96613) start /opt/stack/nova/nova/service.py:222}}
Jul 23 11:07:38.820177 np0000005756 nova-scheduler[96613]: DEBUG nova.servicegroup.drivers.db [None req-3cd12f66-2a6f-4ee8-9d39-de7b290908e5 None None] DB_Driver: join new ServiceGroup member np0000005756 to the scheduler group, service = {{(pid=96613) join /opt/stack/nova/nova/servicegroup/drivers/db.py:44}}
Jul 23 11:07:40.822200 np0000005756 nova-scheduler[96613]: DEBUG oslo.service.backend._threading.loopingcall [None req-70ec38ea-f490-44cd-a0ce-354b7fff79fc None None] Dynamic interval looping call 'nova.service.Service.periodic_tasks' sleeping for 60.00 seconds {{(pid=96613) _run_loop /opt/stack/data/venv/lib/python3.12/site-packages/oslo_service/backend/_threading/loopingcall.py:125}}
Jul 23 11:07:43.836036 np0000005756 nova-scheduler[96626]: DEBUG oslo.service.backend._threading.loopingcall [-] Fixed interval looping call 'nova.servicegroup.drivers.db.DbDriver._report_state' sleeping for 119.98 seconds {{(pid=96626) _run_loop /opt/stack/data/venv/lib/python3.12/site-packages/oslo_service/backend/_threading/loopingcall.py:125}}
Jul 23 11:07:43.836458 np0000005756 nova-scheduler[96618]: DEBUG oslo.service.backend._threading.loopingcall [-] Fixed interval looping call 'nova.servicegroup.drivers.db.DbDriver._report_state' sleeping for 119.98 seconds {{(pid=96618) _run_loop /opt/stack/data/venv/lib/python3.12/site-packages/oslo_service/backend/_threading/loopingcall.py:125}}
Jul 23 11:07:43.840033 np0000005756 nova-scheduler[96613]: DEBUG oslo.service.backend._threading.loopingcall [-] Fixed interval looping call 'nova.servicegroup.drivers.db.DbDriver._report_state' sleeping for 119.98 seconds {{(pid=96613) _run_loop /opt/stack/data/venv/lib/python3.12/site-packages/oslo_service/backend/_threading/loopingcall.py:125}}
Jul 23 11:07:43.840790 np0000005756 nova-scheduler[96665]: DEBUG oslo.service.backend._threading.loopingcall [-] Fixed interval looping call 'nova.servicegroup.drivers.db.DbDriver._report_state' sleeping for 119.98 seconds {{(pid=96665) _run_loop /opt/stack/data/venv/lib/python3.12/site-packages/oslo_service/backend/_threading/loopingcall.py:125}}
Jul 23 11:07:46.817514 np0000005756 nova-scheduler[96665]: DEBUG oslo.service.backend._threading.loopingcall [None req-171e20aa-eef5-4041-8f8c-25971cb91e82 None None] Dynamic interval looping call 'nova.service.Service.periodic_tasks' sleeping for 60.00 seconds {{(pid=96665) _run_loop /opt/stack/data/venv/lib/python3.12/site-packages/oslo_service/backend/_threading/loopingcall.py:125}}
Jul 23 11:07:47.359143 np0000005756 nova-scheduler[95404]: DEBUG dbcounter [-] [95404] Writing DB stats nova_api:SELECT=3 {{(pid=95404) stat_writer /opt/stack/data/venv/lib/python3.12/site-packages/dbcounter.py:115}}
Jul 23 11:07:47.493294 np0000005756 nova-scheduler[95404]: DEBUG dbcounter [-] [95404] Writing DB stats nova_cell1:SELECT=1 {{(pid=95404) stat_writer /opt/stack/data/venv/lib/python3.12/site-packages/dbcounter.py:115}}
Jul 23 11:07:47.499782 np0000005756 nova-scheduler[95404]: DEBUG dbcounter [-] [95404] Writing DB stats nova_cell0:SELECT=1 {{(pid=95404) stat_writer /opt/stack/data/venv/lib/python3.12/site-packages/dbcounter.py:115}}
Jul 23 11:07:53.822327 np0000005756 nova-scheduler[96626]: DEBUG dbcounter [-] [96626] Writing DB stats nova_cell0:SELECT=3,nova_cell0:UPDATE=1 {{(pid=96626) stat_writer /opt/stack/data/venv/lib/python3.12/site-packages/dbcounter.py:115}}
Jul 23 11:07:53.829932 np0000005756 nova-scheduler[96618]: DEBUG dbcounter [-] [96618] Writing DB stats nova_cell0:SELECT=4,nova_cell0:INSERT=1,nova_cell0:UPDATE=1 {{(pid=96618) stat_writer /opt/stack/data/venv/lib/python3.12/site-packages/dbcounter.py:115}}
Jul 23 11:07:53.830398 np0000005756 nova-scheduler[96613]: DEBUG dbcounter [-] [96613] Writing DB stats nova_cell0:SELECT=5,nova_cell0:INSERT=1,nova_cell0:UPDATE=1 {{(pid=96613) stat_writer /opt/stack/data/venv/lib/python3.12/site-packages/dbcounter.py:115}}
Jul 23 11:07:53.835912 np0000005756 nova-scheduler[96665]: DEBUG dbcounter [-] [96665] Writing DB stats nova_cell0:SELECT=3,nova_cell0:UPDATE=1 {{(pid=96665) stat_writer /opt/stack/data/venv/lib/python3.12/site-packages/dbcounter.py:115}}
Jul 23 11:08:21.818857 np0000005756 nova-scheduler[96618]: DEBUG oslo.service.backend._threading.loopingcall [None req-16ba9631-6a4f-4800-94b0-47f442ee28c3 None None] Dynamic interval looping call 'nova.service.Service.periodic_tasks' sleeping for 60.00 seconds {{(pid=96618) _run_loop /opt/stack/data/venv/lib/python3.12/site-packages/oslo_service/backend/_threading/loopingcall.py:125}}
Jul 23 11:08:32.812558 np0000005756 nova-scheduler[96626]: DEBUG oslo.service.backend._threading.loopingcall [None req-a10a6eca-4db4-493f-b095-ee9370af3c89 None None] Dynamic interval looping call 'nova.service.Service.periodic_tasks' sleeping for 60.00 seconds {{(pid=96626) _run_loop /opt/stack/data/venv/lib/python3.12/site-packages/oslo_service/backend/_threading/loopingcall.py:125}}
Jul 23 11:08:40.822773 np0000005756 nova-scheduler[96613]: DEBUG oslo.service.backend._threading.loopingcall [None req-70ec38ea-f490-44cd-a0ce-354b7fff79fc None None] Dynamic interval looping call 'nova.service.Service.periodic_tasks' sleeping for 60.00 seconds {{(pid=96613) _run_loop /opt/stack/data/venv/lib/python3.12/site-packages/oslo_service/backend/_threading/loopingcall.py:125}}
Jul 23 11:08:46.818032 np0000005756 nova-scheduler[96665]: DEBUG oslo.service.backend._threading.loopingcall [None req-171e20aa-eef5-4041-8f8c-25971cb91e82 None None] Dynamic interval looping call 'nova.service.Service.periodic_tasks' sleeping for 60.00 seconds {{(pid=96665) _run_loop /opt/stack/data/venv/lib/python3.12/site-packages/oslo_service/backend/_threading/loopingcall.py:125}}
Jul 23 11:09:21.819393 np0000005756 nova-scheduler[96618]: DEBUG oslo.service.backend._threading.loopingcall [None req-16ba9631-6a4f-4800-94b0-47f442ee28c3 None None] Dynamic interval looping call 'nova.service.Service.periodic_tasks' sleeping for 60.00 seconds {{(pid=96618) _run_loop /opt/stack/data/venv/lib/python3.12/site-packages/oslo_service/backend/_threading/loopingcall.py:125}}
Jul 23 11:09:32.813092 np0000005756 nova-scheduler[96626]: DEBUG oslo.service.backend._threading.loopingcall [None req-a10a6eca-4db4-493f-b095-ee9370af3c89 None None] Dynamic interval looping call 'nova.service.Service.periodic_tasks' sleeping for 60.00 seconds {{(pid=96626) _run_loop /opt/stack/data/venv/lib/python3.12/site-packages/oslo_service/backend/_threading/loopingcall.py:125}}
Jul 23 11:09:40.823140 np0000005756 nova-scheduler[96613]: DEBUG oslo.service.backend._threading.loopingcall [None req-70ec38ea-f490-44cd-a0ce-354b7fff79fc None None] Dynamic interval looping call 'nova.service.Service.periodic_tasks' sleeping for 60.00 seconds {{(pid=96613) _run_loop /opt/stack/data/venv/lib/python3.12/site-packages/oslo_service/backend/_threading/loopingcall.py:125}}
Jul 23 11:09:43.827081 np0000005756 nova-scheduler[96626]: DEBUG oslo.service.backend._threading.loopingcall [-] Fixed interval looping call 'nova.servicegroup.drivers.db.DbDriver._report_state' sleeping for 119.99 seconds {{(pid=96626) _run_loop /opt/stack/data/venv/lib/python3.12/site-packages/oslo_service/backend/_threading/loopingcall.py:125}}
Jul 23 11:09:43.828616 np0000005756 nova-scheduler[96665]: DEBUG oslo.service.backend._threading.loopingcall [-] Fixed interval looping call 'nova.servicegroup.drivers.db.DbDriver._report_state' sleeping for 119.99 seconds {{(pid=96665) _run_loop /opt/stack/data/venv/lib/python3.12/site-packages/oslo_service/backend/_threading/loopingcall.py:125}}
Jul 23 11:09:43.829028 np0000005756 nova-scheduler[96618]: DEBUG oslo.service.backend._threading.loopingcall [-] Fixed interval looping call 'nova.servicegroup.drivers.db.DbDriver._report_state' sleeping for 119.99 seconds {{(pid=96618) _run_loop /opt/stack/data/venv/lib/python3.12/site-packages/oslo_service/backend/_threading/loopingcall.py:125}}
Jul 23 11:09:43.829233 np0000005756 nova-scheduler[96613]: DEBUG oslo.service.backend._threading.loopingcall [-] Fixed interval looping call 'nova.servicegroup.drivers.db.DbDriver._report_state' sleeping for 119.99 seconds {{(pid=96613) _run_loop /opt/stack/data/venv/lib/python3.12/site-packages/oslo_service/backend/_threading/loopingcall.py:125}}
Jul 23 11:09:46.819047 np0000005756 nova-scheduler[96665]: DEBUG oslo.service.backend._threading.loopingcall [None req-171e20aa-eef5-4041-8f8c-25971cb91e82 None None] Dynamic interval looping call 'nova.service.Service.periodic_tasks' sleeping for 60.00 seconds {{(pid=96665) _run_loop /opt/stack/data/venv/lib/python3.12/site-packages/oslo_service/backend/_threading/loopingcall.py:125}}
Jul 23 11:09:48.905227 np0000005756 nova-scheduler[96626]: DEBUG nova.scheduler.manager [None req-63d02048-9c9f-470b-aedf-050353b9f166 tempest-ServerBootFromVolumeStableRescueTest-981431281 tempest-ServerBootFromVolumeStableRescueTest-981431281-project-member] Starting to schedule for instances: ['60d61364-409b-4bd0-b9d9-96bbc2020214'] {{(pid=96626) select_destinations /opt/stack/nova/nova/scheduler/manager.py:209}}
Jul 23 11:09:48.906240 np0000005756 nova-scheduler[96626]: DEBUG nova.scheduler.request_filter [None req-63d02048-9c9f-470b-aedf-050353b9f166 tempest-ServerBootFromVolumeStableRescueTest-981431281 tempest-ServerBootFromVolumeStableRescueTest-981431281-project-member] compute_status_filter request filter added forbidden trait COMPUTE_STATUS_DISABLED {{(pid=96626) compute_status_filter /opt/stack/nova/nova/scheduler/request_filter.py:253}}
Jul 23 11:09:48.906443 np0000005756 nova-scheduler[96626]: DEBUG nova.scheduler.request_filter [None req-63d02048-9c9f-470b-aedf-050353b9f166 tempest-ServerBootFromVolumeStableRescueTest-981431281 tempest-ServerBootFromVolumeStableRescueTest-981431281-project-member] Request filter 'compute_status_filter' took 0.0 seconds {{(pid=96626) wrapper /opt/stack/nova/nova/scheduler/request_filter.py:46}}
Jul 23 11:09:48.907007 np0000005756 nova-scheduler[96626]: DEBUG nova.scheduler.request_filter [None req-63d02048-9c9f-470b-aedf-050353b9f166 tempest-ServerBootFromVolumeStableRescueTest-981431281 tempest-ServerBootFromVolumeStableRescueTest-981431281-project-member] Request filter 'accelerators_filter' took 0.0 seconds {{(pid=96626) wrapper /opt/stack/nova/nova/scheduler/request_filter.py:46}}
Jul 23 11:09:48.907524 np0000005756 nova-scheduler[96626]: DEBUG nova.scheduler.request_filter [None req-63d02048-9c9f-470b-aedf-050353b9f166 tempest-ServerBootFromVolumeStableRescueTest-981431281 tempest-ServerBootFromVolumeStableRescueTest-981431281-project-member] Request filter 'packed_virtqueue_filter' took 0.0 seconds {{(pid=96626) wrapper /opt/stack/nova/nova/scheduler/request_filter.py:46}}
Jul 23 11:09:48.907633 np0000005756 nova-scheduler[96626]: DEBUG nova.scheduler.request_filter [None req-63d02048-9c9f-470b-aedf-050353b9f166 tempest-ServerBootFromVolumeStableRescueTest-981431281 tempest-ServerBootFromVolumeStableRescueTest-981431281-project-member] Request filter 'remote_managed_ports_filter' took 0.0 seconds {{(pid=96626) wrapper /opt/stack/nova/nova/scheduler/request_filter.py:46}}
Jul 23 11:09:48.907769 np0000005756 nova-scheduler[96626]: DEBUG nova.scheduler.request_filter [None req-63d02048-9c9f-470b-aedf-050353b9f166 tempest-ServerBootFromVolumeStableRescueTest-981431281 tempest-ServerBootFromVolumeStableRescueTest-981431281-project-member] ephemeral_encryption_filter skipped {{(pid=96626) ephemeral_encryption_filter /opt/stack/nova/nova/scheduler/request_filter.py:426}}
Jul 23 11:09:48.908003 np0000005756 nova-scheduler[96626]: DEBUG nova.scheduler.request_filter [None req-63d02048-9c9f-470b-aedf-050353b9f166 tempest-ServerBootFromVolumeStableRescueTest-981431281 tempest-ServerBootFromVolumeStableRescueTest-981431281-project-member] virtio_sound_filter skipped {{(pid=96626) virtio_sound_filter /opt/stack/nova/nova/scheduler/request_filter.py:460}}
Jul 23 11:09:48.908188 np0000005756 nova-scheduler[96626]: DEBUG nova.scheduler.request_filter [None req-63d02048-9c9f-470b-aedf-050353b9f166 tempest-ServerBootFromVolumeStableRescueTest-981431281 tempest-ServerBootFromVolumeStableRescueTest-981431281-project-member] tpm_secret_security_filter skipped {{(pid=96626) tpm_secret_security_filter /opt/stack/nova/nova/scheduler/request_filter.py:477}}
Jul 23 11:09:49.617152 np0000005756 nova-scheduler[96626]: INFO nova.utils [None req-63d02048-9c9f-470b-aedf-050353b9f166 tempest-ServerBootFromVolumeStableRescueTest-981431281 tempest-ServerBootFromVolumeStableRescueTest-981431281-project-member] The cell worker thread pool ForkProcess-3.cell_worker is initialized
Jul 23 11:09:49.617525 np0000005756 nova-scheduler[96626]: DEBUG oslo_concurrency.lockutils [None req-63d02048-9c9f-470b-aedf-050353b9f166 tempest-ServerBootFromVolumeStableRescueTest-981431281 tempest-ServerBootFromVolumeStableRescueTest-981431281-project-member] Acquiring lock "39025bd0-42e1-4943-b573-78c08ac99d26" by "nova.context.set_target_cell..get_or_set_cached_cell_and_set_connections" {{(pid=96626) inner /opt/stack/data/venv/lib/python3.12/site-packages/oslo_concurrency/lockutils.py:512}}
Jul 23 11:09:49.617728 np0000005756 nova-scheduler[96626]: DEBUG oslo_concurrency.lockutils [None req-63d02048-9c9f-470b-aedf-050353b9f166 tempest-ServerBootFromVolumeStableRescueTest-981431281 tempest-ServerBootFromVolumeStableRescueTest-981431281-project-member] Lock "39025bd0-42e1-4943-b573-78c08ac99d26" acquired by "nova.context.set_target_cell..get_or_set_cached_cell_and_set_connections" :: waited 0.000s {{(pid=96626) inner /opt/stack/data/venv/lib/python3.12/site-packages/oslo_concurrency/lockutils.py:525}}
Jul 23 11:09:49.619102 np0000005756 nova-scheduler[96626]: DEBUG oslo_concurrency.lockutils [None req-63d02048-9c9f-470b-aedf-050353b9f166 tempest-ServerBootFromVolumeStableRescueTest-981431281 tempest-ServerBootFromVolumeStableRescueTest-981431281-project-member] Lock "39025bd0-42e1-4943-b573-78c08ac99d26" "released" by "nova.context.set_target_cell..get_or_set_cached_cell_and_set_connections" :: held 0.001s {{(pid=96626) inner /opt/stack/data/venv/lib/python3.12/site-packages/oslo_concurrency/lockutils.py:544}}
Jul 23 11:09:49.621221 np0000005756 nova-scheduler[96626]: INFO dbcounter [None req-63d02048-9c9f-470b-aedf-050353b9f166 tempest-ServerBootFromVolumeStableRescueTest-981431281 tempest-ServerBootFromVolumeStableRescueTest-981431281-project-member] Registered counter for database nova_cell1
Jul 23 11:09:49.674391 np0000005756 nova-scheduler[96626]: DEBUG oslo_db.sqlalchemy.engines [None req-63d02048-9c9f-470b-aedf-050353b9f166 tempest-ServerBootFromVolumeStableRescueTest-981431281 tempest-ServerBootFromVolumeStableRescueTest-981431281-project-member] MySQL server mode set to STRICT_TRANS_TABLES,STRICT_ALL_TABLES,NO_ZERO_IN_DATE,NO_ZERO_DATE,ERROR_FOR_DIVISION_BY_ZERO,TRADITIONAL,NO_ENGINE_SUBSTITUTION {{(pid=96626) _check_effective_sql_mode /opt/stack/data/venv/lib/python3.12/site-packages/oslo_db/sqlalchemy/engines.py:325}}
Jul 23 11:09:49.683098 np0000005756 nova-scheduler[96626]: DEBUG dbcounter [-] [96626] Writer thread running {{(pid=96626) stat_writer /opt/stack/data/venv/lib/python3.12/site-packages/dbcounter.py:102}}
Jul 23 11:09:49.696930 np0000005756 nova-scheduler[96626]: DEBUG oslo_db.sqlalchemy.engines [None req-63d02048-9c9f-470b-aedf-050353b9f166 tempest-ServerBootFromVolumeStableRescueTest-981431281 tempest-ServerBootFromVolumeStableRescueTest-981431281-project-member] Parent process 95404 forked (96626) with an open database connection, which is being discarded and recreated. {{(pid=96626) checkout /opt/stack/data/venv/lib/python3.12/site-packages/oslo_db/sqlalchemy/engines.py:402}}
Jul 23 11:09:49.746467 np0000005756 nova-scheduler[96626]: DEBUG dbcounter [-] [96626] Writer thread running {{(pid=96626) stat_writer /opt/stack/data/venv/lib/python3.12/site-packages/dbcounter.py:102}}
Jul 23 11:09:49.749874 np0000005756 nova-scheduler[96626]: DEBUG oslo_concurrency.lockutils [None req-63d02048-9c9f-470b-aedf-050353b9f166 tempest-ServerBootFromVolumeStableRescueTest-981431281 tempest-ServerBootFromVolumeStableRescueTest-981431281-project-member] Acquiring lock "39025bd0-42e1-4943-b573-78c08ac99d26" by "nova.context.set_target_cell..get_or_set_cached_cell_and_set_connections" {{(pid=96626) inner /opt/stack/data/venv/lib/python3.12/site-packages/oslo_concurrency/lockutils.py:512}}
