Jun 04 15:48:15.190665 np0000002162 devstack@g-api.service[101976]: DEBUG glance_store.location [None req-c47d2dad-2734-4a1a-b063-a24ed3f5845a tempest-TestVolumeBootPatternV346-945660246 tempest-TestVolumeBootPatternV346-945660246-project-member] Registering scheme swift with {'store': , 'location_class': , 'store_entry': 'swift'} {{(pid=101976) register_scheme_map /opt/stack/data/venv/lib/python3.12/site-packages/glance_store/location.py:146}}
Jun 04 15:48:15.190753 np0000002162 devstack@g-api.service[101977]: DEBUG glance.api.middleware.version_negotiation [None req-3f0e5b9c-9adf-4d5f-92e3-ada4be97ba71 tempest-VolumesActionsTest-621575177 tempest-VolumesActionsTest-621575177-project-member] Matched version: v2 {{(pid=101977) process_request /opt/stack/glance/glance/api/middleware/version_negotiation.py:69}}
Jun 04 15:48:15.190798 np0000002162 devstack@g-api.service[101976]: DEBUG glance_store.location [None req-c47d2dad-2734-4a1a-b063-a24ed3f5845a tempest-TestVolumeBootPatternV346-945660246 tempest-TestVolumeBootPatternV346-945660246-project-member] Registering scheme swift+https with {'store': , 'location_class': , 'store_entry': 'swift'} {{(pid=101976) register_scheme_map /opt/stack/data/venv/lib/python3.12/site-packages/glance_store/location.py:146}}
Jun 04 15:48:15.190798 np0000002162 devstack@g-api.service[101976]: DEBUG glance_store.location [None req-c47d2dad-2734-4a1a-b063-a24ed3f5845a tempest-TestVolumeBootPatternV346-945660246 tempest-TestVolumeBootPatternV346-945660246-project-member] Registering scheme swift with {'store': , 'location_class': , 'store_entry': 'swift'} {{(pid=101976) register_scheme_map /opt/stack/data/venv/lib/python3.12/site-packages/glance_store/location.py:146}}
Jun 04 15:48:15.190897 np0000002162 devstack@g-api.service[101977]: DEBUG glance.api.middleware.version_negotiation [None req-3f0e5b9c-9adf-4d5f-92e3-ada4be97ba71 tempest-VolumesActionsTest-621575177 tempest-VolumesActionsTest-621575177-project-member] new path /v2/images/486b175d-aeb8-48a0-b4b3-40882f2f2586 {{(pid=101977) process_request /opt/stack/glance/glance/api/middleware/version_negotiation.py:70}}
Jun 04 15:48:15.190945 np0000002162 devstack@g-api.service[101976]: DEBUG glance_store.location [None req-c47d2dad-2734-4a1a-b063-a24ed3f5845a tempest-TestVolumeBootPatternV346-945660246 tempest-TestVolumeBootPatternV346-945660246-project-member] Registering scheme swift+http with {'store': , 'location_class': , 'store_entry': 'swift'} {{(pid=101976) register_scheme_map /opt/stack/data/venv/lib/python3.12/site-packages/glance_store/location.py:146}}
Jun 04 15:48:15.190945 np0000002162 devstack@g-api.service[101976]: DEBUG glance_store.location [None req-c47d2dad-2734-4a1a-b063-a24ed3f5845a tempest-TestVolumeBootPatternV346-945660246 tempest-TestVolumeBootPatternV346-945660246-project-member] Registering scheme swift+https with {'store': , 'location_class': , 'store_entry': 'swift'} {{(pid=101976) register_scheme_map /opt/stack/data/venv/lib/python3.12/site-packages/glance_store/location.py:146}}
Jun 04 15:48:15.190945 np0000002162 devstack@g-api.service[101976]: DEBUG glance_store.location [None req-c47d2dad-2734-4a1a-b063-a24ed3f5845a tempest-TestVolumeBootPatternV346-945660246 tempest-TestVolumeBootPatternV346-945660246-project-member] Registering scheme swift with {'store': , 'location_class': , 'store_entry': 'swift'} {{(pid=101976) register_scheme_map /opt/stack/data/venv/lib/python3.12/site-packages/glance_store/location.py:146}}
Jun 04 15:48:15.191123 np0000002162 devstack@g-api.service[101976]: DEBUG glance_store.location [None req-c47d2dad-2734-4a1a-b063-a24ed3f5845a tempest-TestVolumeBootPatternV346-945660246 tempest-TestVolumeBootPatternV346-945660246-project-member] Registering scheme swift+http with {'store': , 'location_class': , 'store_entry': 'swift'} {{(pid=101976) register_scheme_map /opt/stack/data/venv/lib/python3.12/site-packages/glance_store/location.py:146}}
Jun 04 15:48:15.191199 np0000002162 devstack@g-api.service[101976]: DEBUG glance_store.location [None req-c47d2dad-2734-4a1a-b063-a24ed3f5845a tempest-TestVolumeBootPatternV346-945660246 tempest-TestVolumeBootPatternV346-945660246-project-member] Registering scheme swift+config with {'store': , 'location_class': , 'store_entry': 'swift'} {{(pid=101976) register_scheme_map /opt/stack/data/venv/lib/python3.12/site-packages/glance_store/location.py:146}}
Jun 04 15:48:15.193853 np0000002162 devstack@g-api.service[101976]: DEBUG keystoneclient.auth.identity.v3.base [None req-c47d2dad-2734-4a1a-b063-a24ed3f5845a tempest-TestVolumeBootPatternV346-945660246 tempest-TestVolumeBootPatternV346-945660246-project-member] Making authentication request to https://10.4.3.142/identity/v3/auth/tokens {{(pid=101976) get_auth_ref /opt/stack/data/venv/lib/python3.12/site-packages/keystoneclient/auth/identity/v3/base.py:185}}
Jun 04 15:48:15.209492 np0000002162 devstack@g-api.service[101977]: [pid: 101977|app: 0|req: 103/302] 127.0.0.1 () {44 vars in 1115 bytes} [Thu Jun 4 15:48:15 2026] GET /v2/images/486b175d-aeb8-48a0-b4b3-40882f2f2586 => generated 1044 bytes in 19 msecs (HTTP/1.1 200) 4 headers in 158 bytes (1 switches on core 0)
Jun 04 15:48:15.220365 np0000002162 devstack@g-api.service[101975]: DEBUG glance.api.middleware.version_negotiation [None req-3f0e5b9c-9adf-4d5f-92e3-ada4be97ba71 tempest-VolumesActionsTest-621575177 tempest-VolumesActionsTest-621575177-project-member] Determining version of request: GET /v2/schemas/image Accept: */* {{(pid=101975) process_request /opt/stack/glance/glance/api/middleware/version_negotiation.py:44}}
Jun 04 15:48:15.220365 np0000002162 devstack@g-api.service[101975]: DEBUG glance.api.middleware.version_negotiation [None req-3f0e5b9c-9adf-4d5f-92e3-ada4be97ba71 tempest-VolumesActionsTest-621575177 tempest-VolumesActionsTest-621575177-project-member] Using url versioning {{(pid=101975) process_request /opt/stack/glance/glance/api/middleware/version_negotiation.py:57}}
Jun 04 15:48:15.220365 np0000002162 devstack@g-api.service[101975]: DEBUG glance.api.middleware.version_negotiation [None req-3f0e5b9c-9adf-4d5f-92e3-ada4be97ba71 tempest-VolumesActionsTest-621575177 tempest-VolumesActionsTest-621575177-project-member] Matched version: v2 {{(pid=101975) process_request /opt/stack/glance/glance/api/middleware/version_negotiation.py:69}}
Jun 04 15:48:15.220365 np0000002162 devstack@g-api.service[101975]: DEBUG glance.api.middleware.version_negotiation [None req-3f0e5b9c-9adf-4d5f-92e3-ada4be97ba71 tempest-VolumesActionsTest-621575177 tempest-VolumesActionsTest-621575177-project-member] new path /v2/schemas/image {{(pid=101975) process_request /opt/stack/glance/glance/api/middleware/version_negotiation.py:70}}
Jun 04 15:48:15.224955 np0000002162 devstack@g-api.service[101975]: [pid: 101975|app: 0|req: 100/303] 127.0.0.1 () {44 vars in 1055 bytes} [Thu Jun 4 15:48:15 2026] GET /v2/schemas/image => generated 6083 bytes in 5 msecs (HTTP/1.1 200) 4 headers in 158 bytes (1 switches on core 0)
Jun 04 15:48:15.243167 np0000002162 devstack@g-api.service[101977]: DEBUG glance.api.middleware.version_negotiation [None req-f4c06616-9094-47c9-af50-43272a1b46a7 tempest-TaggedBootDevicesTest_v242-252219399 tempest-TaggedBootDevicesTest_v242-252219399-project-member] Determining version of request: GET /v2/schemas/image Accept: */* {{(pid=101977) process_request /opt/stack/glance/glance/api/middleware/version_negotiation.py:44}}
Jun 04 15:48:15.243316 np0000002162 devstack@g-api.service[101977]: DEBUG glance.api.middleware.version_negotiation [None req-f4c06616-9094-47c9-af50-43272a1b46a7 tempest-TaggedBootDevicesTest_v242-252219399 tempest-TaggedBootDevicesTest_v242-252219399-project-member] Using url versioning {{(pid=101977) process_request /opt/stack/glance/glance/api/middleware/version_negotiation.py:57}}
Jun 04 15:48:15.243426 np0000002162 devstack@g-api.service[101977]: DEBUG glance.api.middleware.version_negotiation [None req-f4c06616-9094-47c9-af50-43272a1b46a7 tempest-TaggedBootDevicesTest_v242-252219399 tempest-TaggedBootDevicesTest_v242-252219399-project-member] Matched version: v2 {{(pid=101977) process_request /opt/stack/glance/glance/api/middleware/version_negotiation.py:69}}
Jun 04 15:48:15.243526 np0000002162 devstack@g-api.service[101977]: DEBUG glance.api.middleware.version_negotiation [None req-f4c06616-9094-47c9-af50-43272a1b46a7 tempest-TaggedBootDevicesTest_v242-252219399 tempest-TaggedBootDevicesTest_v242-252219399-project-member] new path /v2/schemas/image {{(pid=101977) process_request /opt/stack/glance/glance/api/middleware/version_negotiation.py:70}}
Jun 04 15:48:15.246138 np0000002162 devstack@g-api.service[101977]: [pid: 101977|app: 0|req: 104/304] 127.0.0.1 () {44 vars in 1055 bytes} [Thu Jun 4 15:48:15 2026] GET /v2/schemas/image => generated 6083 bytes in 2 msecs (HTTP/1.1 200) 4 headers in 158 bytes (1 switches on core 0)
Jun 04 15:48:15.263453 np0000002162 devstack@g-api.service[101975]: DEBUG glance.api.middleware.version_negotiation [None req-f4c06616-9094-47c9-af50-43272a1b46a7 tempest-TaggedBootDevicesTest_v242-252219399 tempest-TaggedBootDevicesTest_v242-252219399-project-member] Determining version of request: GET /v2/images/486b175d-aeb8-48a0-b4b3-40882f2f2586 Accept: */* {{(pid=101975) process_request /opt/stack/glance/glance/api/middleware/version_negotiation.py:44}}
Jun 04 15:48:15.263589 np0000002162 devstack@g-api.service[101975]: DEBUG glance.api.middleware.version_negotiation [None req-f4c06616-9094-47c9-af50-43272a1b46a7 tempest-TaggedBootDevicesTest_v242-252219399 tempest-TaggedBootDevicesTest_v242-252219399-project-member] Using url versioning {{(pid=101975) process_request /opt/stack/glance/glance/api/middleware/version_negotiation.py:57}}
Jun 04 15:48:15.263796 np0000002162 devstack@g-api.service[101975]: DEBUG glance.api.middleware.version_negotiation [None req-f4c06616-9094-47c9-af50-43272a1b46a7 tempest-TaggedBootDevicesTest_v242-252219399 tempest-TaggedBootDevicesTest_v242-252219399-project-member] Matched version: v2 {{(pid=101975) process_request /opt/stack/glance/glance/api/middleware/version_negotiation.py:69}}
Jun 04 15:48:15.263924 np0000002162 devstack@g-api.service[101975]: DEBUG glance.api.middleware.version_negotiation [None req-f4c06616-9094-47c9-af50-43272a1b46a7 tempest-TaggedBootDevicesTest_v242-252219399 tempest-TaggedBootDevicesTest_v242-252219399-project-member] new path /v2/images/486b175d-aeb8-48a0-b4b3-40882f2f2586 {{(pid=101975) process_request /opt/stack/glance/glance/api/middleware/version_negotiation.py:70}}
Jun 04 15:48:15.276218 np0000002162 devstack@g-api.service[101975]: [pid: 101975|app: 0|req: 101/305] 127.0.0.1 () {44 vars in 1115 bytes} [Thu Jun 4 15:48:15 2026] GET /v2/images/486b175d-aeb8-48a0-b4b3-40882f2f2586 => generated 1044 bytes in 13 msecs (HTTP/1.1 200) 4 headers in 158 bytes (1 switches on core 0)
Jun 04 15:48:15.289293 np0000002162 devstack@g-api.service[101977]: DEBUG glance.api.middleware.version_negotiation [None req-f4c06616-9094-47c9-af50-43272a1b46a7 tempest-TaggedBootDevicesTest_v242-252219399 tempest-TaggedBootDevicesTest_v242-252219399-project-member] Determining version of request: GET /v2/schemas/image Accept: */* {{(pid=101977) process_request /opt/stack/glance/glance/api/middleware/version_negotiation.py:44}}
Jun 04 15:48:15.290909 np0000002162 devstack@g-api.service[101977]: DEBUG glance.api.middleware.version_negotiation [None req-f4c06616-9094-47c9-af50-43272a1b46a7 tempest-TaggedBootDevicesTest_v242-252219399 tempest-TaggedBootDevicesTest_v242-252219399-project-member] Using url versioning {{(pid=101977) process_request /opt/stack/glance/glance/api/middleware/version_negotiation.py:57}}
Jun 04 15:48:15.290909 np0000002162 devstack@g-api.service[101977]: DEBUG glance.api.middleware.version_negotiation [None req-f4c06616-9094-47c9-af50-43272a1b46a7 tempest-TaggedBootDevicesTest_v242-252219399 tempest-TaggedBootDevicesTest_v242-252219399-project-member] Matched version: v2 {{(pid=101977) process_request /opt/stack/glance/glance/api/middleware/version_negotiation.py:69}}
Jun 04 15:48:15.290909 np0000002162 devstack@g-api.service[101977]: DEBUG glance.api.middleware.version_negotiation [None req-f4c06616-9094-47c9-af50-43272a1b46a7 tempest-TaggedBootDevicesTest_v242-252219399 tempest-TaggedBootDevicesTest_v242-252219399-project-member] new path /v2/schemas/image {{(pid=101977) process_request /opt/stack/glance/glance/api/middleware/version_negotiation.py:70}}
Jun 04 15:48:15.292633 np0000002162 devstack@g-api.service[101977]: [pid: 101977|app: 0|req: 105/306] 127.0.0.1 () {44 vars in 1055 bytes} [Thu Jun 4 15:48:15 2026] GET /v2/schemas/image => generated 6083 bytes in 3 msecs (HTTP/1.1 200) 4 headers in 158 bytes (1 switches on core 0)
Jun 04 15:48:15.294646 np0000002162 devstack@g-api.service[101976]: DEBUG keystoneclient.auth.identity.v3.base [None req-c47d2dad-2734-4a1a-b063-a24ed3f5845a tempest-TestVolumeBootPatternV346-945660246 tempest-TestVolumeBootPatternV346-945660246-project-member] {"token": {"methods": ["password"], "user": {"domain": {"id": "default", "name": "Default"}, "id": "792d914e022e46a7872a41a94eabfb11", "name": "glance-swift", "password_expires_at": null}, "audit_ids": ["GY4k8aC1RzCbXvJz0Ey4RA"], "expires_at": "2026-06-04T16:48:15.000000Z", "issued_at": "2026-06-04T15:48:15.000000Z", "project": {"domain": {"id": "default", "name": "Default"}, "id": "6fe349f3c4074cc88a94b40e5c704377", "name": "service"}, "is_domain": false, "roles": [{"id": "29390132017c47a893cdc2ad7873890e", "name": "service"}, {"id": "3307956324b74c8395a072ffa50ad554", "name": "ResellerAdmin"}], "catalog": [{"endpoints": [{"id": "8eefe5d2b7a74e7da0ebee9fb03386bf", "interface": "public", "region_id": "RegionOne", "url": "https://10.4.3.142/identity", "region": "RegionOne"}], "id": "0b377f35a83e4525847e5e9e53e547d1", "type": "identity", "name": "keystone"}, {"endpoints": [{"id": "9bab7aec6cbe47f18d66c1e8af3f8d38", "interface": "public", "region_id": "RegionOne", "url": "https://10.4.3.142/compute/v2/6fe349f3c4074cc88a94b40e5c704377", "region": "RegionOne"}], "id": "2d61a2858d934b5eaf3c6f762d1baf94", "type": "compute_legacy", "name": "nova_legacy"}, {"endpoints": [{"id": "6eaa034803ac417fb994735c56a60a15", "interface": "public", "region_id": "RegionOne", "url": "https://10.4.3.142/image", "region": "RegionOne"}], "id": "2ec9615d2ae14fd5bb44a421f27b64f2", "type": "image", "name": "glance"}, {"endpoints": [{"id": "1e3720fe1ed84d24b41d8a5c1f675045", "interface": "public", "region_id": "RegionOne", "url": "https://10.4.3.142/compute/v2.1", "region": "RegionOne"}], "id": "343e619792bd49c3b7e80f035816f1b4", "type": "compute", "name": "nova"}, {"endpoints": [{"id": "75eff0abd7b04b78adc2f57f8936bdf8", "interface": "public", "region_id": "RegionOne", "url": "https://10.4.3.142/placement", "region": "RegionOne"}], "id": "62b89e6e9d1f41a5b23e2d6bd3614e84", "type": "placement", "name": "placement"}, {"endpoints": [{"id": "e77e9a983752441fbd54c0671fef3e55", "interface": "public", "region_id": "RegionOne", "url": "https://10.4.3.142/networking", "region": "RegionOne"}], "id": "73e6fe28d7e44f7f8fb8f815783c6558", "type": "network", "name": "neutron"}, {"endpoints": [{"id": "f4b214577bff483db9408f0d2c0b8608", "interface": "public", "region_id": "RegionOne", "url": "https://10.4.3.142:8080/v1/AUTH_6fe349f3c4074cc88a94b40e5c704377", "region": "RegionOne"}, {"id": "fc70a9cd38d74965be1fe07e01bde4a6", "interface": "admin", "region_id": "RegionOne", "url": "https://10.4.3.142:8080", "region": "RegionOne"}], "id": "eddbf356f4ab4423be3af251fcb414d6", "type": "object-store", "name": "swift"}, {"endpoints": [{"id": "98970b235a0e4b16b117eff68d9df0b4", "interface": "public", "region_id": "RegionOne", "url": "https://10.4.3.142/volume/v3", "region": "RegionOne"}], "id": "f17d79a759ef43dc814e497686e1cc2a", "type": "block-storage", "name": "cinder"}]}} {{(pid=101976) get_auth_ref /opt/stack/data/venv/lib/python3.12/site-packages/keystoneclient/auth/identity/v3/base.py:190}}
Jun 04 15:48:15.295336 np0000002162 devstack@g-api.service[101976]: DEBUG keystoneclient.httpclient [None req-c47d2dad-2734-4a1a-b063-a24ed3f5845a tempest-TestVolumeBootPatternV346-945660246 tempest-TestVolumeBootPatternV346-945660246-project-member] Failed to find endpoint for management url admin endpoint for identity service not found {{(pid=101976) _process_management_url /opt/stack/data/venv/lib/python3.12/site-packages/keystoneclient/httpclient.py:670}}
Jun 04 15:48:15.300101 np0000002162 devstack@g-api.service[101975]: DEBUG glance.api.middleware.version_negotiation [None req-f4c06616-9094-47c9-af50-43272a1b46a7 tempest-TaggedBootDevicesTest_v242-252219399 tempest-TaggedBootDevicesTest_v242-252219399-project-member] Determining version of request: GET /v2/schemas/image Accept: */* {{(pid=101975) process_request /opt/stack/glance/glance/api/middleware/version_negotiation.py:44}}
Jun 04 15:48:15.300230 np0000002162 devstack@g-api.service[101975]: DEBUG glance.api.middleware.version_negotiation [None req-f4c06616-9094-47c9-af50-43272a1b46a7 tempest-TaggedBootDevicesTest_v242-252219399 tempest-TaggedBootDevicesTest_v242-252219399-project-member] Using url versioning {{(pid=101975) process_request /opt/stack/glance/glance/api/middleware/version_negotiation.py:57}}
Jun 04 15:48:15.300375 np0000002162 devstack@g-api.service[101975]: DEBUG glance.api.middleware.version_negotiation [None req-f4c06616-9094-47c9-af50-43272a1b46a7 tempest-TaggedBootDevicesTest_v242-252219399 tempest-TaggedBootDevicesTest_v242-252219399-project-member] Matched version: v2 {{(pid=101975) process_request /opt/stack/glance/glance/api/middleware/version_negotiation.py:69}}
Jun 04 15:48:15.300475 np0000002162 devstack@g-api.service[101975]: DEBUG glance.api.middleware.version_negotiation [None req-f4c06616-9094-47c9-af50-43272a1b46a7 tempest-TaggedBootDevicesTest_v242-252219399 tempest-TaggedBootDevicesTest_v242-252219399-project-member] new path /v2/schemas/image {{(pid=101975) process_request /opt/stack/glance/glance/api/middleware/version_negotiation.py:70}}
Jun 04 15:48:15.302582 np0000002162 devstack@g-api.service[101975]: [pid: 101975|app: 0|req: 102/307] 127.0.0.1 () {44 vars in 1055 bytes} [Thu Jun 4 15:48:15 2026] GET /v2/schemas/image => generated 6083 bytes in 3 msecs (HTTP/1.1 200) 4 headers in 158 bytes (1 switches on core 0)
Jun 04 15:48:15.328452 np0000002162 devstack@g-api.service[101977]: DEBUG glance.api.middleware.version_negotiation [None req-f4c06616-9094-47c9-af50-43272a1b46a7 tempest-TaggedBootDevicesTest_v242-252219399 tempest-TaggedBootDevicesTest_v242-252219399-project-member] Determining version of request: GET /v2/images/486b175d-aeb8-48a0-b4b3-40882f2f2586 Accept: */* {{(pid=101977) process_request /opt/stack/glance/glance/api/middleware/version_negotiation.py:44}}
Jun 04 15:48:15.328693 np0000002162 devstack@g-api.service[101977]: DEBUG glance.api.middleware.version_negotiation [None req-f4c06616-9094-47c9-af50-43272a1b46a7 tempest-TaggedBootDevicesTest_v242-252219399 tempest-TaggedBootDevicesTest_v242-252219399-project-member] Using url versioning {{(pid=101977) process_request /opt/stack/glance/glance/api/middleware/version_negotiation.py:57}}
Jun 04 15:48:15.329048 np0000002162 devstack@g-api.service[101977]: DEBUG glance.api.middleware.version_negotiation [None req-f4c06616-9094-47c9-af50-43272a1b46a7 tempest-TaggedBootDevicesTest_v242-252219399 tempest-TaggedBootDevicesTest_v242-252219399-project-member] Matched version: v2 {{(pid=101977) process_request /opt/stack/glance/glance/api/middleware/version_negotiation.py:69}}
Jun 04 15:48:15.329176 np0000002162 devstack@g-api.service[101977]: DEBUG glance.api.middleware.version_negotiation [None req-f4c06616-9094-47c9-af50-43272a1b46a7 tempest-TaggedBootDevicesTest_v242-252219399 tempest-TaggedBootDevicesTest_v242-252219399-project-member] new path /v2/images/486b175d-aeb8-48a0-b4b3-40882f2f2586 {{(pid=101977) process_request /opt/stack/glance/glance/api/middleware/version_negotiation.py:70}}
Jun 04 15:48:15.340227 np0000002162 devstack@g-api.service[101977]: [pid: 101977|app: 0|req: 106/308] 127.0.0.1 () {44 vars in 1115 bytes} [Thu Jun 4 15:48:15 2026] GET /v2/images/486b175d-aeb8-48a0-b4b3-40882f2f2586 => generated 1044 bytes in 12 msecs (HTTP/1.1 200) 4 headers in 158 bytes (1 switches on core 0)
Jun 04 15:48:15.348558 np0000002162 devstack@g-api.service[101975]: DEBUG glance.api.middleware.version_negotiation [None req-f4c06616-9094-47c9-af50-43272a1b46a7 tempest-TaggedBootDevicesTest_v242-252219399 tempest-TaggedBootDevicesTest_v242-252219399-project-member] Determining version of request: GET /v2/schemas/image Accept: */* {{(pid=101975) process_request /opt/stack/glance/glance/api/middleware/version_negotiation.py:44}}
Jun 04 15:48:15.348558 np0000002162 devstack@g-api.service[101975]: DEBUG glance.api.middleware.version_negotiation [None req-f4c06616-9094-47c9-af50-43272a1b46a7 tempest-TaggedBootDevicesTest_v242-252219399 tempest-TaggedBootDevicesTest_v242-252219399-project-member] Using url versioning {{(pid=101975) process_request /opt/stack/glance/glance/api/middleware/version_negotiation.py:57}}
Jun 04 15:48:15.348558 np0000002162 devstack@g-api.service[101975]: DEBUG glance.api.middleware.version_negotiation [None req-f4c06616-9094-47c9-af50-43272a1b46a7 tempest-TaggedBootDevicesTest_v242-252219399 tempest-TaggedBootDevicesTest_v242-252219399-project-member] Matched version: v2 {{(pid=101975) process_request /opt/stack/glance/glance/api/middleware/version_negotiation.py:69}}
Jun 04 15:48:15.348558 np0000002162 devstack@g-api.service[101975]: DEBUG glance.api.middleware.version_negotiation [None req-f4c06616-9094-47c9-af50-43272a1b46a7 tempest-TaggedBootDevicesTest_v242-252219399 tempest-TaggedBootDevicesTest_v242-252219399-project-member] new path /v2/schemas/image {{(pid=101975) process_request /opt/stack/glance/glance/api/middleware/version_negotiation.py:70}}
Jun 04 15:48:15.350664 np0000002162 devstack@g-api.service[101975]: [pid: 101975|app: 0|req: 103/309] 127.0.0.1 () {44 vars in 1055 bytes} [Thu Jun 4 15:48:15 2026] GET /v2/schemas/image => generated 6083 bytes in 3 msecs (HTTP/1.1 200) 4 headers in 158 bytes (1 switches on core 0)
Jun 04 15:48:15.399641 np0000002162 devstack@g-api.service[101976]: DEBUG swiftclient [None req-c47d2dad-2734-4a1a-b063-a24ed3f5845a tempest-TestVolumeBootPatternV346-945660246 tempest-TestVolumeBootPatternV346-945660246-project-member] REQ: curl -i https://10.4.3.142:8080/v1/AUTH_6fe349f3c4074cc88a94b40e5c704377/glance/99f01460-e923-4e92-90d0-58bdc90b84f3 -I -H "X-Auth-Token: gAAAAABqIZ4_fvCJ..." {{(pid=101976) http_log /opt/stack/data/venv/lib/python3.12/site-packages/swiftclient/client.py:160}}
Jun 04 15:48:15.399774 np0000002162 devstack@g-api.service[101976]: DEBUG swiftclient [None req-c47d2dad-2734-4a1a-b063-a24ed3f5845a tempest-TestVolumeBootPatternV346-945660246 tempest-TestVolumeBootPatternV346-945660246-project-member] RESP STATUS: 200 OK {{(pid=101976) http_log /opt/stack/data/venv/lib/python3.12/site-packages/swiftclient/client.py:161}}
Jun 04 15:48:15.399957 np0000002162 devstack@g-api.service[101976]: DEBUG swiftclient [None req-c47d2dad-2734-4a1a-b063-a24ed3f5845a tempest-TestVolumeBootPatternV346-945660246 tempest-TestVolumeBootPatternV346-945660246-project-member] RESP HEADERS: {'Date': 'Thu, 04 Jun 2026 15:48:15 GMT', 'Server': 'Apache/2.4.58 (Ubuntu)', 'Content-Type': 'application/octet-stream', 'X-Object-Manifest': 'glance/99f01460-e923-4e92-90d0-58bdc90b84f3-', 'Last-Modified': 'Thu, 04 Jun 2026 15:47:13 GMT', 'X-Timestamp': '1780588032.52316', 'Accept-Ranges': 'bytes', 'Etag': '"d41d8cd98f00b204e9800998ecf8427e"', 'X-Trans-Id': 'txb16d484e4fd348dd89d97-006a219e3f', 'X-Openstack-Request-Id': 'txb16d484e4fd348dd89d97-006a219e3f', 'Connection': 'close'} {{(pid=101976) http_log /opt/stack/data/venv/lib/python3.12/site-packages/swiftclient/client.py:162}}
Jun 04 15:48:15.422477 np0000002162 devstack@g-api.service[101976]: DEBUG swiftclient [None req-c47d2dad-2734-4a1a-b063-a24ed3f5845a tempest-TestVolumeBootPatternV346-945660246 tempest-TestVolumeBootPatternV346-945660246-project-member] REQ: curl -i https://10.4.3.142:8080/v1/AUTH_6fe349f3c4074cc88a94b40e5c704377/glance?format=json&prefix=99f01460-e923-4e92-90d0-58bdc90b84f3- -X GET -H "X-Auth-Token: gAAAAABqIZ4_fvCJ..." -H "Accept-Encoding: gzip" {{(pid=101976) http_log /opt/stack/data/venv/lib/python3.12/site-packages/swiftclient/client.py:160}}
Jun 04 15:48:15.422624 np0000002162 devstack@g-api.service[101976]: DEBUG swiftclient [None req-c47d2dad-2734-4a1a-b063-a24ed3f5845a tempest-TestVolumeBootPatternV346-945660246 tempest-TestVolumeBootPatternV346-945660246-project-member] RESP STATUS: 200 OK {{(pid=101976) http_log /opt/stack/data/venv/lib/python3.12/site-packages/swiftclient/client.py:161}}
Jun 04 15:48:15.422723 np0000002162 devstack@g-api.service[101976]: DEBUG swiftclient [None req-c47d2dad-2734-4a1a-b063-a24ed3f5845a tempest-TestVolumeBootPatternV346-945660246 tempest-TestVolumeBootPatternV346-945660246-project-member] RESP HEADERS: {'Date': 'Thu, 04 Jun 2026 15:48:15 GMT', 'Server': 'Apache/2.4.58 (Ubuntu)', 'Content-Type': 'application/json; charset=utf-8', 'Content-Length': '2', 'X-Container-Object-Count': '8', 'X-Container-Bytes-Used': '111411200', 'X-Timestamp': '1780587687.66656', 'Last-Modified': 'Thu, 04 Jun 2026 15:41:28 GMT', 'Accept-Ranges': 'bytes', 'X-Storage-Policy': 'Policy-0', 'X-Container-Sharding': 'False', 'X-Trans-Id': 'tx1cbae98e30324c96b007e-006a219e3f', 'X-Openstack-Request-Id': 'tx1cbae98e30324c96b007e-006a219e3f', 'Connection': 'close'} {{(pid=101976) http_log /opt/stack/data/venv/lib/python3.12/site-packages/swiftclient/client.py:162}}
Jun 04 15:48:15.423159 np0000002162 devstack@g-api.service[101976]: DEBUG swiftclient [None req-c47d2dad-2734-4a1a-b063-a24ed3f5845a tempest-TestVolumeBootPatternV346-945660246 tempest-TestVolumeBootPatternV346-945660246-project-member] RESP BODY: b'[]' {{(pid=101976) http_log /opt/stack/data/venv/lib/python3.12/site-packages/swiftclient/client.py:166}}
Jun 04 15:48:15.446195 np0000002162 devstack@g-api.service[101976]: DEBUG swiftclient [None req-c47d2dad-2734-4a1a-b063-a24ed3f5845a tempest-TestVolumeBootPatternV346-945660246 tempest-TestVolumeBootPatternV346-945660246-project-member] REQ: curl -i https://10.4.3.142:8080/v1/AUTH_6fe349f3c4074cc88a94b40e5c704377/glance/99f01460-e923-4e92-90d0-58bdc90b84f3 DELETE -H "X-Auth-Token: gAAAAABqIZ4_fvCJ..." {{(pid=101976) http_log /opt/stack/data/venv/lib/python3.12/site-packages/swiftclient/client.py:160}}
Jun 04 15:48:15.446195 np0000002162 devstack@g-api.service[101976]: DEBUG swiftclient [None req-c47d2dad-2734-4a1a-b063-a24ed3f5845a tempest-TestVolumeBootPatternV346-945660246 tempest-TestVolumeBootPatternV346-945660246-project-member] RESP STATUS: 204 No Content {{(pid=101976) http_log /opt/stack/data/venv/lib/python3.12/site-packages/swiftclient/client.py:161}}
Jun 04 15:48:15.446376 np0000002162 devstack@g-api.service[101976]: DEBUG swiftclient [None req-c47d2dad-2734-4a1a-b063-a24ed3f5845a tempest-TestVolumeBootPatternV346-945660246 tempest-TestVolumeBootPatternV346-945660246-project-member] RESP HEADERS: {'Date': 'Thu, 04 Jun 2026 15:48:15 GMT', 'Server': 'Apache/2.4.58 (Ubuntu)', 'Content-Type': 'text/html; charset=UTF-8', 'X-Trans-Id': 'txf920e6d0b507449a9923b-006a219e3f', 'X-Openstack-Request-Id': 'txf920e6d0b507449a9923b-006a219e3f', 'Connection': 'close'} {{(pid=101976) http_log /opt/stack/data/venv/lib/python3.12/site-packages/swiftclient/client.py:162}}
Jun 04 15:48:15.523826 np0000002162 devstack@g-api.service[101976]: [pid: 101976|app: 0|req: 101/310] 127.0.0.1 () {40 vars in 841 bytes} [Thu Jun 4 15:48:15 2026] DELETE /v2/images/99f01460-e923-4e92-90d0-58bdc90b84f3 => generated 0 bytes in 354 msecs (HTTP/1.1 204) 4 headers in 171 bytes (1 switches on core 0)
Jun 04 15:48:15.530527 np0000002162 devstack@g-api.service[101977]: DEBUG glance.api.middleware.version_negotiation [None req-f4c06616-9094-47c9-af50-43272a1b46a7 tempest-TaggedBootDevicesTest_v242-252219399 tempest-TaggedBootDevicesTest_v242-252219399-project-member] Determining version of request: GET /v2/images/99f01460-e923-4e92-90d0-58bdc90b84f3 Accept: application/json {{(pid=101977) process_request /opt/stack/glance/glance/api/middleware/version_negotiation.py:44}}
Jun 04 15:48:15.530727 np0000002162 devstack@g-api.service[101977]: DEBUG glance.api.middleware.version_negotiation [None req-f4c06616-9094-47c9-af50-43272a1b46a7 tempest-TaggedBootDevicesTest_v242-252219399 tempest-TaggedBootDevicesTest_v242-252219399-project-member] Using url versioning {{(pid=101977) process_request /opt/stack/glance/glance/api/middleware/version_negotiation.py:57}}
Jun 04 15:48:15.531523 np0000002162 devstack@g-api.service[101977]: DEBUG glance.api.middleware.version_negotiation [None req-f4c06616-9094-47c9-af50-43272a1b46a7 tempest-TaggedBootDevicesTest_v242-252219399 tempest-TaggedBootDevicesTest_v242-252219399-project-member] Matched version: v2 {{(pid=101977) process_request /opt/stack/glance/glance/api/middleware/version_negotiation.py:69}}
Jun 04 15:48:15.531523 np0000002162 devstack@g-api.service[101977]: DEBUG glance.api.middleware.version_negotiation [None req-f4c06616-9094-47c9-af50-43272a1b46a7 tempest-TaggedBootDevicesTest_v242-252219399 tempest-TaggedBootDevicesTest_v242-252219399-project-member] new path /v2/images/99f01460-e923-4e92-90d0-58bdc90b84f3 {{(pid=101977) process_request /opt/stack/glance/glance/api/middleware/version_negotiation.py:70}}
Jun 04 15:48:15.534924 np0000002162 devstack@g-api.service[101977]: DEBUG glance.db.sqlalchemy.api [None req-94f16260-a742-4b87-b79a-f098d646d1da tempest-TestVolumeBootPatternV346-945660246 tempest-TestVolumeBootPatternV346-945660246-project-member] No image found with ID 99f01460-e923-4e92-90d0-58bdc90b84f3 {{(pid=101977) _image_get /opt/stack/glance/glance/db/sqlalchemy/api.py:303}}
Jun 04 15:48:15.536143 np0000002162 devstack@g-api.service[101977]: [pid: 101977|app: 0|req: 107/311] 127.0.0.1 () {40 vars in 838 bytes} [Thu Jun 4 15:48:15 2026] GET /v2/images/99f01460-e923-4e92-90d0-58bdc90b84f3 => generated 139 bytes in 6 msecs (HTTP/1.1 404) 4 headers in 164 bytes (1 switches on core 0)
Jun 04 15:48:15.667022 np0000002162 devstack@g-api.service[101975]: DEBUG glance.api.middleware.version_negotiation [None req-f4c06616-9094-47c9-af50-43272a1b46a7 tempest-TaggedBootDevicesTest_v242-252219399 tempest-TaggedBootDevicesTest_v242-252219399-project-member] Determining version of request: GET /versions Accept: */* {{(pid=101975) process_request /opt/stack/glance/glance/api/middleware/version_negotiation.py:44}}
Jun 04 15:48:15.667357 np0000002162 devstack@g-api.service[101975]: [pid: 101975|app: 0|req: 104/312] 127.0.0.1 () {44 vars in 1039 bytes} [Thu Jun 4 15:48:15 2026] GET /versions => generated 1407 bytes in 0 msecs (HTTP/1.1 200) 3 headers in 92 bytes (1 switches on core 0)
Jun 04 15:48:15.676231 np0000002162 devstack@g-api.service[101976]: DEBUG glance.api.middleware.version_negotiation [None req-c47d2dad-2734-4a1a-b063-a24ed3f5845a tempest-TestVolumeBootPatternV346-945660246 tempest-TestVolumeBootPatternV346-945660246-project-member] Determining version of request: GET /v2/images/486b175d-aeb8-48a0-b4b3-40882f2f2586/locations Accept: */* {{(pid=101976) process_request /opt/stack/glance/glance/api/middleware/version_negotiation.py:44}}
Jun 04 15:48:15.676356 np0000002162 devstack@g-api.service[101976]: DEBUG glance.api.middleware.version_negotiation [None req-c47d2dad-2734-4a1a-b063-a24ed3f5845a tempest-TestVolumeBootPatternV346-945660246 tempest-TestVolumeBootPatternV346-945660246-project-member] Using url versioning {{(pid=101976) process_request /opt/stack/glance/glance/api/middleware/version_negotiation.py:57}}
Jun 04 15:48:15.676466 np0000002162 devstack@g-api.service[101976]: DEBUG glance.api.middleware.version_negotiation [None req-c47d2dad-2734-4a1a-b063-a24ed3f5845a tempest-TestVolumeBootPatternV346-945660246 tempest-TestVolumeBootPatternV346-945660246-project-member] Matched version: v2 {{(pid=101976) process_request /opt/stack/glance/glance/api/middleware/version_negotiation.py:69}}
Jun 04 15:48:15.676557 np0000002162 devstack@g-api.service[101976]: DEBUG glance.api.middleware.version_negotiation [None req-c47d2dad-2734-4a1a-b063-a24ed3f5845a tempest-TestVolumeBootPatternV346-945660246 tempest-TestVolumeBootPatternV346-945660246-project-member] new path /v2/images/486b175d-aeb8-48a0-b4b3-40882f2f2586/locations {{(pid=101976) process_request /opt/stack/glance/glance/api/middleware/version_negotiation.py:70}}
Jun 04 15:48:15.730263 np0000002162 devstack@g-api.service[101976]: [pid: 101976|app: 0|req: 102/313] 127.0.0.1 () {44 vars in 1135 bytes} [Thu Jun 4 15:48:15 2026] GET /v2/images/486b175d-aeb8-48a0-b4b3-40882f2f2586/locations => generated 92 bytes in 54 msecs (HTTP/1.1 200) 4 headers in 156 bytes (1 switches on core 0)
Jun 04 15:48:15.743061 np0000002162 devstack@g-api.service[101977]: DEBUG glance.api.middleware.version_negotiation [None req-94f16260-a742-4b87-b79a-f098d646d1da tempest-TestVolumeBootPatternV346-945660246 tempest-TestVolumeBootPatternV346-945660246-project-member] Determining version of request: GET /v2/images/486b175d-aeb8-48a0-b4b3-40882f2f2586 Accept: */* {{(pid=101977) process_request /opt/stack/glance/glance/api/middleware/version_negotiation.py:44}}
Jun 04 15:48:15.743061 np0000002162 devstack@g-api.service[101977]: DEBUG glance.api.middleware.version_negotiation [None req-94f16260-a742-4b87-b79a-f098d646d1da tempest-TestVolumeBootPatternV346-945660246 tempest-TestVolumeBootPatternV346-945660246-project-member] Using url versioning {{(pid=101977) process_request /opt/stack/glance/glance/api/middleware/version_negotiation.py:57}}
Jun 04 15:48:15.743061 np0000002162 devstack@g-api.service[101977]: DEBUG glance.api.middleware.version_negotiation [None req-94f16260-a742-4b87-b79a-f098d646d1da tempest-TestVolumeBootPatternV346-945660246 tempest-TestVolumeBootPatternV346-945660246-project-member] Matched version: v2 {{(pid=101977) process_request /opt/stack/glance/glance/api/middleware/version_negotiation.py:69}}
Jun 04 15:48:15.743061 np0000002162 devstack@g-api.service[101977]: DEBUG glance.api.middleware.version_negotiation [None req-94f16260-a742-4b87-b79a-f098d646d1da tempest-TestVolumeBootPatternV346-945660246 tempest-TestVolumeBootPatternV346-945660246-project-member] new path /v2/images/486b175d-aeb8-48a0-b4b3-40882f2f2586 {{(pid=101977) process_request /opt/stack/glance/glance/api/middleware/version_negotiation.py:70}}
Jun 04 15:48:15.765845 np0000002162 devstack@g-api.service[101977]: [pid: 101977|app: 0|req: 108/314] 127.0.0.1 () {44 vars in 1115 bytes} [Thu Jun 4 15:48:15 2026] GET /v2/images/486b175d-aeb8-48a0-b4b3-40882f2f2586 => generated 1044 bytes in 25 msecs (HTTP/1.1 200) 4 headers in 158 bytes (1 switches on core 0)
Jun 04 15:48:15.773189 np0000002162 devstack@g-api.service[101975]: DEBUG glance.api.middleware.version_negotiation [None req-f4c06616-9094-47c9-af50-43272a1b46a7 tempest-TaggedBootDevicesTest_v242-252219399 tempest-TaggedBootDevicesTest_v242-252219399-project-member] Determining version of request: GET /v2/schemas/image Accept: */* {{(pid=101975) process_request /opt/stack/glance/glance/api/middleware/version_negotiation.py:44}}
Jun 04 15:48:15.773329 np0000002162 devstack@g-api.service[101975]: DEBUG glance.api.middleware.version_negotiation [None req-f4c06616-9094-47c9-af50-43272a1b46a7 tempest-TaggedBootDevicesTest_v242-252219399 tempest-TaggedBootDevicesTest_v242-252219399-project-member] Using url versioning {{(pid=101975) process_request /opt/stack/glance/glance/api/middleware/version_negotiation.py:57}}
Jun 04 15:48:15.773394 np0000002162 devstack@g-api.service[101975]: DEBUG glance.api.middleware.version_negotiation [None req-f4c06616-9094-47c9-af50-43272a1b46a7 tempest-TaggedBootDevicesTest_v242-252219399 tempest-TaggedBootDevicesTest_v242-252219399-project-member] Matched version: v2 {{(pid=101975) process_request /opt/stack/glance/glance/api/middleware/version_negotiation.py:69}}
Jun 04 15:48:15.773483 np0000002162 devstack@g-api.service[101975]: DEBUG glance.api.middleware.version_negotiation [None req-f4c06616-9094-47c9-af50-43272a1b46a7 tempest-TaggedBootDevicesTest_v242-252219399 tempest-TaggedBootDevicesTest_v242-252219399-project-member] new path /v2/schemas/image {{(pid=101975) process_request /opt/stack/glance/glance/api/middleware/version_negotiation.py:70}}
Jun 04 15:48:15.778577 np0000002162 devstack@g-api.service[101975]: [pid: 101975|app: 0|req: 105/315] 127.0.0.1 () {44 vars in 1055 bytes} [Thu Jun 4 15:48:15 2026] GET /v2/schemas/image => generated 6083 bytes in 5 msecs (HTTP/1.1 200) 4 headers in 158 bytes (1 switches on core 0)
Jun 04 15:48:15.787250 np0000002162 devstack@g-api.service[101976]: DEBUG glance.api.middleware.version_negotiation [None req-f4c06616-9094-47c9-af50-43272a1b46a7 service glance] Determining version of request: GET /v2/schemas/image Accept: */* {{(pid=101976) process_request /opt/stack/glance/glance/api/middleware/version_negotiation.py:44}}
Jun 04 15:48:15.787366 np0000002162 devstack@g-api.service[101976]: DEBUG glance.api.middleware.version_negotiation [None req-f4c06616-9094-47c9-af50-43272a1b46a7 service glance] Using url versioning {{(pid=101976) process_request /opt/stack/glance/glance/api/middleware/version_negotiation.py:57}}
Jun 04 15:48:15.787470 np0000002162 devstack@g-api.service[101976]: DEBUG glance.api.middleware.version_negotiation [None req-f4c06616-9094-47c9-af50-43272a1b46a7 service glance] Matched version: v2 {{(pid=101976) process_request /opt/stack/glance/glance/api/middleware/version_negotiation.py:69}}
Jun 04 15:48:15.787553 np0000002162 devstack@g-api.service[101976]: DEBUG glance.api.middleware.version_negotiation [None req-f4c06616-9094-47c9-af50-43272a1b46a7 service glance] new path /v2/schemas/image {{(pid=101976) process_request /opt/stack/glance/glance/api/middleware/version_negotiation.py:70}}
Jun 04 15:48:15.790448 np0000002162 devstack@g-api.service[101976]: [pid: 101976|app: 0|req: 103/316] 127.0.0.1 () {44 vars in 1055 bytes} [Thu Jun 4 15:48:15 2026] GET /v2/schemas/image => generated 6083 bytes in 3 msecs (HTTP/1.1 200) 4 headers in 158 bytes (1 switches on core 0)
Jun 04 15:48:16.334338 np0000002162 devstack@g-api.service[101977]: DEBUG glance.api.middleware.version_negotiation [None req-f4c06616-9094-47c9-af50-43272a1b46a7 tempest-TaggedBootDevicesTest_v242-252219399 tempest-TaggedBootDevicesTest_v242-252219399-project-member] Determining version of request: GET /v2/schemas/image Accept: */* {{(pid=101977) process_request /opt/stack/glance/glance/api/middleware/version_negotiation.py:44}}
Jun 04 15:48:16.334654 np0000002162 devstack@g-api.service[101977]: DEBUG glance.api.middleware.version_negotiation [None req-f4c06616-9094-47c9-af50-43272a1b46a7 tempest-TaggedBootDevicesTest_v242-252219399 tempest-TaggedBootDevicesTest_v242-252219399-project-member] Using url versioning {{(pid=101977) process_request /opt/stack/glance/glance/api/middleware/version_negotiation.py:57}}
Jun 04 15:48:16.334702 np0000002162 devstack@g-api.service[101977]: DEBUG glance.api.middleware.version_negotiation [None req-f4c06616-9094-47c9-af50-43272a1b46a7 tempest-TaggedBootDevicesTest_v242-252219399 tempest-TaggedBootDevicesTest_v242-252219399-project-member] Matched version: v2 {{(pid=101977) process_request /opt/stack/glance/glance/api/middleware/version_negotiation.py:69}}
Jun 04 15:48:16.334839 np0000002162 devstack@g-api.service[101977]: DEBUG glance.api.middleware.version_negotiation [None req-f4c06616-9094-47c9-af50-43272a1b46a7 tempest-TaggedBootDevicesTest_v242-252219399 tempest-TaggedBootDevicesTest_v242-252219399-project-member] new path /v2/schemas/image {{(pid=101977) process_request /opt/stack/glance/glance/api/middleware/version_negotiation.py:70}}
Jun 04 15:48:16.337632 np0000002162 devstack@g-api.service[101977]: [pid: 101977|app: 0|req: 109/317] 127.0.0.1 () {44 vars in 1055 bytes} [Thu Jun 4 15:48:16 2026] GET /v2/schemas/image => generated 6083 bytes in 3 msecs (HTTP/1.1 200) 4 headers in 158 bytes (1 switches on core 0)
Jun 04 15:48:16.390309 np0000002162 devstack@g-api.service[101975]: DEBUG glance.api.middleware.version_negotiation [None req-f4c06616-9094-47c9-af50-43272a1b46a7 tempest-TaggedBootDevicesTest_v242-252219399 tempest-TaggedBootDevicesTest_v242-252219399-project-member] Determining version of request: POST /v2/images Accept: */* {{(pid=101975) process_request /opt/stack/glance/glance/api/middleware/version_negotiation.py:44}}
Jun 04 15:48:16.390309 np0000002162 devstack@g-api.service[101975]: DEBUG glance.api.middleware.version_negotiation [None req-f4c06616-9094-47c9-af50-43272a1b46a7 tempest-TaggedBootDevicesTest_v242-252219399 tempest-TaggedBootDevicesTest_v242-252219399-project-member] Using url versioning {{(pid=101975) process_request /opt/stack/glance/glance/api/middleware/version_negotiation.py:57}}
Jun 04 15:48:16.390309 np0000002162 devstack@g-api.service[101975]: DEBUG glance.api.middleware.version_negotiation [None req-f4c06616-9094-47c9-af50-43272a1b46a7 tempest-TaggedBootDevicesTest_v242-252219399 tempest-TaggedBootDevicesTest_v242-252219399-project-member] Matched version: v2 {{(pid=101975) process_request /opt/stack/glance/glance/api/middleware/version_negotiation.py:69}}
Jun 04 15:48:16.390309 np0000002162 devstack@g-api.service[101975]: DEBUG glance.api.middleware.version_negotiation [None req-f4c06616-9094-47c9-af50-43272a1b46a7 tempest-TaggedBootDevicesTest_v242-252219399 tempest-TaggedBootDevicesTest_v242-252219399-project-member] new path /v2/images {{(pid=101975) process_request /opt/stack/glance/glance/api/middleware/version_negotiation.py:70}}
Jun 04 15:48:16.921593 np0000002162 devstack@g-api.service[101975]: [pid: 101975|app: 0|req: 106/318] 127.0.0.1 () {46 vars in 1056 bytes} [Thu Jun 4 15:48:16 2026] POST /v2/images => generated 1762 bytes in 532 msecs (HTTP/1.1 201) 6 headers in 316 bytes (1 switches on core 0)
Jun 04 15:48:16.954207 np0000002162 devstack@g-api.service[101976]: DEBUG glance.api.middleware.version_negotiation [None req-f4c06616-9094-47c9-af50-43272a1b46a7 tempest-TaggedBootDevicesTest_v242-252219399 tempest-TaggedBootDevicesTest_v242-252219399-project-member] Determining version of request: PUT /v2/images/f1590cab-ce6a-43c5-ac27-79ade91e0348/file Accept: */* {{(pid=101976) process_request /opt/stack/glance/glance/api/middleware/version_negotiation.py:44}}
Jun 04 15:48:16.954574 np0000002162 devstack@g-api.service[101976]: DEBUG glance.api.middleware.version_negotiation [None req-f4c06616-9094-47c9-af50-43272a1b46a7 tempest-TaggedBootDevicesTest_v242-252219399 tempest-TaggedBootDevicesTest_v242-252219399-project-member] Using url versioning {{(pid=101976) process_request /opt/stack/glance/glance/api/middleware/version_negotiation.py:57}}
Jun 04 15:48:16.954574 np0000002162 devstack@g-api.service[101976]: DEBUG glance.api.middleware.version_negotiation [None req-f4c06616-9094-47c9-af50-43272a1b46a7 tempest-TaggedBootDevicesTest_v242-252219399 tempest-TaggedBootDevicesTest_v242-252219399-project-member] Matched version: v2 {{(pid=101976) process_request /opt/stack/glance/glance/api/middleware/version_negotiation.py:69}}
Jun 04 15:48:16.954574 np0000002162 devstack@g-api.service[101976]: DEBUG glance.api.middleware.version_negotiation [None req-f4c06616-9094-47c9-af50-43272a1b46a7 tempest-TaggedBootDevicesTest_v242-252219399 tempest-TaggedBootDevicesTest_v242-252219399-project-member] new path /v2/images/f1590cab-ce6a-43c5-ac27-79ade91e0348/file {{(pid=101976) process_request /opt/stack/glance/glance/api/middleware/version_negotiation.py:70}}
Jun 04 15:48:17.394532 np0000002162 devstack@g-api.service[101976]: INFO glance.api.v2.image_data [None req-279a1a9d-851f-432f-9386-bb83c3d75c28 tempest-TestVolumeBootPatternV346-945660246 tempest-TestVolumeBootPatternV346-945660246-project-member] Unable to create trust: no such option collect_timing in group [keystone_authtoken] Use the existing user token.
Jun 04 15:48:17.808124 np0000002162 devstack@g-api.service[101976]: DEBUG glance.location [None req-279a1a9d-851f-432f-9386-bb83c3d75c28 tempest-TestVolumeBootPatternV346-945660246 tempest-TestVolumeBootPatternV346-945660246-project-member] Enabling in-flight format inspection for raw {{(pid=101976) set_data /opt/stack/glance/glance/location.py:616}}
Jun 04 15:48:17.808481 np0000002162 devstack@g-api.service[101976]: DEBUG glance_store.backend [None req-279a1a9d-851f-432f-9386-bb83c3d75c28 tempest-TestVolumeBootPatternV346-945660246 tempest-TestVolumeBootPatternV346-945660246-project-member] Attempting to import store swift {{(pid=101976) _load_store /opt/stack/data/venv/lib/python3.12/site-packages/glance_store/backend.py:215}}
Jun 04 15:48:17.809806 np0000002162 devstack@g-api.service[101976]: DEBUG glance_store.capabilities [None req-279a1a9d-851f-432f-9386-bb83c3d75c28 tempest-TestVolumeBootPatternV346-945660246 tempest-TestVolumeBootPatternV346-945660246-project-member] Store glance_store._drivers.swift.store.SingleTenantStore doesn't support updating dynamic storage capabilities. Please overwrite 'update_capabilities' method of the store to implement updating logics if needed. {{(pid=101976) update_capabilities /opt/stack/data/venv/lib/python3.12/site-packages/glance_store/capabilities.py:91}}
Jun 04 15:48:17.809932 np0000002162 devstack@g-api.service[101976]: DEBUG glance_store.driver [None req-279a1a9d-851f-432f-9386-bb83c3d75c28 tempest-TestVolumeBootPatternV346-945660246 tempest-TestVolumeBootPatternV346-945660246-project-member] Late loading location class glance_store._drivers.swift.store.StoreLocation {{(pid=101976) get_store_location_class /opt/stack/data/venv/lib/python3.12/site-packages/glance_store/driver.py:134}}
Jun 04 15:48:17.810069 np0000002162 devstack@g-api.service[101976]: DEBUG glance_store.location [None req-279a1a9d-851f-432f-9386-bb83c3d75c28 tempest-TestVolumeBootPatternV346-945660246 tempest-TestVolumeBootPatternV346-945660246-project-member] Registering scheme swift+https with {'store': , 'location_class': , 'store_entry': 'swift'} {{(pid=101976) register_scheme_map /opt/stack/data/venv/lib/python3.12/site-packages/glance_store/location.py:146}}
Jun 04 15:48:17.810202 np0000002162 devstack@g-api.service[101976]: DEBUG glance_store.location [None req-279a1a9d-851f-432f-9386-bb83c3d75c28 tempest-TestVolumeBootPatternV346-945660246 tempest-TestVolumeBootPatternV346-945660246-project-member] Registering scheme swift+https with {'store': , 'location_class': , 'store_entry': 'swift'} {{(pid=101976) register_scheme_map /opt/stack/data/venv/lib/python3.12/site-packages/glance_store/location.py:146}}
Jun 04 15:48:17.810302 np0000002162 devstack@g-api.service[101976]: DEBUG glance_store.location [None req-279a1a9d-851f-432f-9386-bb83c3d75c28 tempest-TestVolumeBootPatternV346-945660246 tempest-TestVolumeBootPatternV346-945660246-project-member] Registering scheme swift with {'store': , 'location_class': , 'store_entry': 'swift'} {{(pid=101976) register_scheme_map /opt/stack/data/venv/lib/python3.12/site-packages/glance_store/location.py:146}}
Jun 04 15:48:17.810428 np0000002162 devstack@g-api.service[101976]: DEBUG glance_store.location [None req-279a1a9d-851f-432f-9386-bb83c3d75c28 tempest-TestVolumeBootPatternV346-945660246 tempest-TestVolumeBootPatternV346-945660246-project-member] Registering scheme swift+https with {'store': , 'location_class': , 'store_entry': 'swift'} {{(pid=101976) register_scheme_map /opt/stack/data/venv/lib/python3.12/site-packages/glance_store/location.py:146}}
Jun 04 15:48:17.810554 np0000002162 devstack@g-api.service[101976]: DEBUG glance_store.location [None req-279a1a9d-851f-432f-9386-bb83c3d75c28 tempest-TestVolumeBootPatternV346-945660246 tempest-TestVolumeBootPatternV346-945660246-project-member] Registering scheme swift with {'store': , 'location_class': , 'store_entry': 'swift'} {{(pid=101976) register_scheme_map /opt/stack/data/venv/lib/python3.12/site-packages/glance_store/location.py:146}}
Jun 04 15:48:17.810697 np0000002162 devstack@g-api.service[101976]: DEBUG glance_store.location [None req-279a1a9d-851f-432f-9386-bb83c3d75c28 tempest-TestVolumeBootPatternV346-945660246 tempest-TestVolumeBootPatternV346-945660246-project-member] Registering scheme swift+http with {'store': , 'location_class': , 'store_entry': 'swift'} {{(pid=101976) register_scheme_map /opt/stack/data/venv/lib/python3.12/site-packages/glance_store/location.py:146}}
Jun 04 15:48:17.810823 np0000002162 devstack@g-api.service[101976]: DEBUG glance_store.location [None req-279a1a9d-851f-432f-9386-bb83c3d75c28 tempest-TestVolumeBootPatternV346-945660246 tempest-TestVolumeBootPatternV346-945660246-project-member] Registering scheme swift+https with {'store': , 'location_class': , 'store_entry': 'swift'} {{(pid=101976) register_scheme_map /opt/stack/data/venv/lib/python3.12/site-packages/glance_store/location.py:146}}
Jun 04 15:48:17.810939 np0000002162 devstack@g-api.service[101976]: DEBUG glance_store.location [None req-279a1a9d-851f-432f-9386-bb83c3d75c28 tempest-TestVolumeBootPatternV346-945660246 tempest-TestVolumeBootPatternV346-945660246-project-member] Registering scheme swift with {'store': , 'location_class': , 'store_entry': 'swift'} {{(pid=101976) register_scheme_map /opt/stack/data/venv/lib/python3.12/site-packages/glance_store/location.py:146}}
