Jun 04 15:41:19.844364 np0000002162 devstack@g-api.service[101975]: DEBUG glance_store.capabilities [-] Store glance_store._drivers.swift.store.SingleTenantStore doesn't support updating dynamic storage capabilities. Please overwrite 'update_capabilities' method of the store to implement updating logics if needed. {{(pid=101975) update_capabilities /opt/stack/data/venv/lib/python3.12/site-packages/glance_store/capabilities.py:91}}
Jun 04 15:41:19.844425 np0000002162 devstack@g-api.service[101975]: DEBUG glance_store.driver [-] Late loading location class glance_store._drivers.swift.store.StoreLocation {{(pid=101975) get_store_location_class /opt/stack/data/venv/lib/python3.12/site-packages/glance_store/driver.py:134}}
Jun 04 15:41:19.844487 np0000002162 devstack@g-api.service[101975]: DEBUG glance_store.location [-] Registering scheme swift+https with {'store': , 'location_class': , 'store_entry': 'swift'} {{(pid=101975) register_scheme_map /opt/stack/data/venv/lib/python3.12/site-packages/glance_store/location.py:146}}
Jun 04 15:41:19.844544 np0000002162 devstack@g-api.service[101975]: DEBUG glance_store.location [-] Registering scheme swift+https with {'store': , 'location_class': , 'store_entry': 'swift'} {{(pid=101975) register_scheme_map /opt/stack/data/venv/lib/python3.12/site-packages/glance_store/location.py:146}}
Jun 04 15:41:19.844586 np0000002162 devstack@g-api.service[101975]: DEBUG glance_store.location [-] Registering scheme swift with {'store': , 'location_class': , 'store_entry': 'swift'} {{(pid=101975) register_scheme_map /opt/stack/data/venv/lib/python3.12/site-packages/glance_store/location.py:146}}
Jun 04 15:41:19.844644 np0000002162 devstack@g-api.service[101975]: DEBUG glance_store.location [-] Registering scheme swift+https with {'store': , 'location_class': , 'store_entry': 'swift'} {{(pid=101975) register_scheme_map /opt/stack/data/venv/lib/python3.12/site-packages/glance_store/location.py:146}}
Jun 04 15:41:19.844710 np0000002162 devstack@g-api.service[101975]: DEBUG glance_store.location [-] Registering scheme swift with {'store': , 'location_class': , 'store_entry': 'swift'} {{(pid=101975) register_scheme_map /opt/stack/data/venv/lib/python3.12/site-packages/glance_store/location.py:146}}
Jun 04 15:41:19.844766 np0000002162 devstack@g-api.service[101975]: DEBUG glance_store.location [-] Registering scheme swift+http with {'store': , 'location_class': , 'store_entry': 'swift'} {{(pid=101975) register_scheme_map /opt/stack/data/venv/lib/python3.12/site-packages/glance_store/location.py:146}}
Jun 04 15:41:19.844817 np0000002162 devstack@g-api.service[101975]: DEBUG glance_store.location [-] Registering scheme swift+https with {'store': , 'location_class': , 'store_entry': 'swift'} {{(pid=101975) register_scheme_map /opt/stack/data/venv/lib/python3.12/site-packages/glance_store/location.py:146}}
Jun 04 15:41:19.844865 np0000002162 devstack@g-api.service[101975]: DEBUG glance_store.location [-] Registering scheme swift with {'store': , 'location_class': , 'store_entry': 'swift'} {{(pid=101975) register_scheme_map /opt/stack/data/venv/lib/python3.12/site-packages/glance_store/location.py:146}}
Jun 04 15:41:19.844915 np0000002162 devstack@g-api.service[101975]: DEBUG glance_store.location [-] Registering scheme swift+http with {'store': , 'location_class': , 'store_entry': 'swift'} {{(pid=101975) register_scheme_map /opt/stack/data/venv/lib/python3.12/site-packages/glance_store/location.py:146}}
Jun 04 15:41:19.844964 np0000002162 devstack@g-api.service[101975]: DEBUG glance_store.location [-] Registering scheme swift+config with {'store': , 'location_class': , 'store_entry': 'swift'} {{(pid=101975) register_scheme_map /opt/stack/data/venv/lib/python3.12/site-packages/glance_store/location.py:146}}
Jun 04 15:41:19.845078 np0000002162 devstack@g-api.service[101976]: DEBUG glance_store.capabilities [-] Store glance_store._drivers.swift.store.SingleTenantStore doesn't support updating dynamic storage capabilities. Please overwrite 'update_capabilities' method of the store to implement updating logics if needed. {{(pid=101976) update_capabilities /opt/stack/data/venv/lib/python3.12/site-packages/glance_store/capabilities.py:91}}
Jun 04 15:41:19.845135 np0000002162 devstack@g-api.service[101976]: DEBUG glance_store.driver [-] Late loading location class glance_store._drivers.swift.store.StoreLocation {{(pid=101976) get_store_location_class /opt/stack/data/venv/lib/python3.12/site-packages/glance_store/driver.py:134}}
Jun 04 15:41:19.845197 np0000002162 devstack@g-api.service[101976]: DEBUG glance_store.location [-] Registering scheme swift+https with {'store': , 'location_class': , 'store_entry': 'swift'} {{(pid=101976) register_scheme_map /opt/stack/data/venv/lib/python3.12/site-packages/glance_store/location.py:146}}
Jun 04 15:41:19.845232 np0000002162 devstack@g-api.service[101975]: DEBUG glance.sqlite_migration [-] SQLite caching database not located, skipping migration {{(pid=101975) get_db_path /opt/stack/glance/glance/sqlite_migration.py:68}}
Jun 04 15:41:19.845261 np0000002162 devstack@g-api.service[101976]: DEBUG glance_store.location [-] Registering scheme swift+https with {'store': , 'location_class': , 'store_entry': 'swift'} {{(pid=101976) register_scheme_map /opt/stack/data/venv/lib/python3.12/site-packages/glance_store/location.py:146}}
Jun 04 15:41:19.845296 np0000002162 devstack@g-api.service[101976]: DEBUG glance_store.location [-] Registering scheme swift with {'store': , 'location_class': , 'store_entry': 'swift'} {{(pid=101976) register_scheme_map /opt/stack/data/venv/lib/python3.12/site-packages/glance_store/location.py:146}}
Jun 04 15:41:19.845344 np0000002162 devstack@g-api.service[101976]: DEBUG glance_store.location [-] Registering scheme swift+https with {'store': , 'location_class': , 'store_entry': 'swift'} {{(pid=101976) register_scheme_map /opt/stack/data/venv/lib/python3.12/site-packages/glance_store/location.py:146}}
Jun 04 15:41:19.845384 np0000002162 devstack@g-api.service[101976]: DEBUG glance_store.location [-] Registering scheme swift with {'store': , 'location_class': , 'store_entry': 'swift'} {{(pid=101976) register_scheme_map /opt/stack/data/venv/lib/python3.12/site-packages/glance_store/location.py:146}}
Jun 04 15:41:19.845410 np0000002162 devstack@g-api.service[101975]: WARNING glance.common.wsgi_app [-] Import methods are enabled but staging directory /tmp/staging/ does not exist; Imports will fail!
Jun 04 15:41:19.845435 np0000002162 devstack@g-api.service[101976]: DEBUG glance_store.location [-] Registering scheme swift+http with {'store': , 'location_class': , 'store_entry': 'swift'} {{(pid=101976) register_scheme_map /opt/stack/data/venv/lib/python3.12/site-packages/glance_store/location.py:146}}
Jun 04 15:41:19.845475 np0000002162 devstack@g-api.service[101976]: DEBUG glance_store.location [-] Registering scheme swift+https with {'store': , 'location_class': , 'store_entry': 'swift'} {{(pid=101976) register_scheme_map /opt/stack/data/venv/lib/python3.12/site-packages/glance_store/location.py:146}}
Jun 04 15:41:19.845509 np0000002162 devstack@g-api.service[101976]: DEBUG glance_store.location [-] Registering scheme swift with {'store': , 'location_class': , 'store_entry': 'swift'} {{(pid=101976) register_scheme_map /opt/stack/data/venv/lib/python3.12/site-packages/glance_store/location.py:146}}
Jun 04 15:41:19.845561 np0000002162 devstack@g-api.service[101976]: DEBUG glance_store.location [-] Registering scheme swift+http with {'store': , 'location_class': , 'store_entry': 'swift'} {{(pid=101976) register_scheme_map /opt/stack/data/venv/lib/python3.12/site-packages/glance_store/location.py:146}}
Jun 04 15:41:19.845600 np0000002162 devstack@g-api.service[101976]: DEBUG glance_store.location [-] Registering scheme swift+config with {'store': , 'location_class': , 'store_entry': 'swift'} {{(pid=101976) register_scheme_map /opt/stack/data/venv/lib/python3.12/site-packages/glance_store/location.py:146}}
Jun 04 15:41:19.845891 np0000002162 devstack@g-api.service[101976]: DEBUG glance.sqlite_migration [-] SQLite caching database not located, skipping migration {{(pid=101976) get_db_path /opt/stack/glance/glance/sqlite_migration.py:68}}
Jun 04 15:41:19.846067 np0000002162 devstack@g-api.service[101976]: WARNING glance.common.wsgi_app [-] Import methods are enabled but staging directory /tmp/staging/ does not exist; Imports will fail!
Jun 04 15:41:20.109668 np0000002162 devstack@g-api.service[101977]: DEBUG glance.common.config [None req-d7fe2b56-9008-4959-9af0-ca0d0792ac37 None None] Loading glance-api-keystone+cachemanagement from /etc/glance/glance-api-paste.ini {{(pid=101977) load_paste_app /opt/stack/glance/glance/common/config.py:758}}
Jun 04 15:41:20.124976 np0000002162 devstack@g-api.service[101976]: DEBUG glance.common.config [None req-a7d5f477-edc8-4a66-8773-185eac46b4e1 None None] Loading glance-api-keystone+cachemanagement from /etc/glance/glance-api-paste.ini {{(pid=101976) load_paste_app /opt/stack/glance/glance/common/config.py:758}}
Jun 04 15:41:20.135720 np0000002162 devstack@g-api.service[101975]: DEBUG glance.common.config [None req-f48ce0ff-b310-4017-a3c0-28fc5b42cd94 None None] Loading glance-api-keystone+cachemanagement from /etc/glance/glance-api-paste.ini {{(pid=101975) load_paste_app /opt/stack/glance/glance/common/config.py:758}}
Jun 04 15:41:20.728676 np0000002162 devstack@g-api.service[101977]: INFO glance.image_cache [None req-d7fe2b56-9008-4959-9af0-ca0d0792ac37 None None] Image cache loaded driver 'centralized_db'.
Jun 04 15:41:20.728840 np0000002162 devstack@g-api.service[101976]: INFO glance.image_cache [None req-a7d5f477-edc8-4a66-8773-185eac46b4e1 None None] Image cache loaded driver 'centralized_db'.
Jun 04 15:41:20.730198 np0000002162 devstack@g-api.service[101975]: INFO glance.image_cache [None req-f48ce0ff-b310-4017-a3c0-28fc5b42cd94 None None] Image cache loaded driver 'centralized_db'.
Jun 04 15:41:20.773251 np0000002162 devstack@g-api.service[101977]: INFO dbcounter [None req-d7fe2b56-9008-4959-9af0-ca0d0792ac37 None None] Registered counter for database glance
Jun 04 15:41:20.773628 np0000002162 devstack@g-api.service[101975]: INFO dbcounter [None req-f48ce0ff-b310-4017-a3c0-28fc5b42cd94 None None] Registered counter for database glance
Jun 04 15:41:20.774842 np0000002162 devstack@g-api.service[101976]: INFO dbcounter [None req-a7d5f477-edc8-4a66-8773-185eac46b4e1 None None] Registered counter for database glance
Jun 04 15:41:20.819517 np0000002162 devstack@g-api.service[101977]: DEBUG oslo_db.sqlalchemy.engines [None req-d7fe2b56-9008-4959-9af0-ca0d0792ac37 None None] MySQL server mode set to STRICT_TRANS_TABLES,STRICT_ALL_TABLES,NO_ZERO_IN_DATE,NO_ZERO_DATE,ERROR_FOR_DIVISION_BY_ZERO,TRADITIONAL,NO_ENGINE_SUBSTITUTION {{(pid=101977) _check_effective_sql_mode /opt/stack/data/venv/lib/python3.12/site-packages/oslo_db/sqlalchemy/engines.py:325}}
Jun 04 15:41:20.822059 np0000002162 devstack@g-api.service[101976]: DEBUG oslo_db.sqlalchemy.engines [None req-a7d5f477-edc8-4a66-8773-185eac46b4e1 None None] MySQL server mode set to STRICT_TRANS_TABLES,STRICT_ALL_TABLES,NO_ZERO_IN_DATE,NO_ZERO_DATE,ERROR_FOR_DIVISION_BY_ZERO,TRADITIONAL,NO_ENGINE_SUBSTITUTION {{(pid=101976) _check_effective_sql_mode /opt/stack/data/venv/lib/python3.12/site-packages/oslo_db/sqlalchemy/engines.py:325}}
Jun 04 15:41:20.825805 np0000002162 devstack@g-api.service[101975]: DEBUG oslo_db.sqlalchemy.engines [None req-f48ce0ff-b310-4017-a3c0-28fc5b42cd94 None None] MySQL server mode set to STRICT_TRANS_TABLES,STRICT_ALL_TABLES,NO_ZERO_IN_DATE,NO_ZERO_DATE,ERROR_FOR_DIVISION_BY_ZERO,TRADITIONAL,NO_ENGINE_SUBSTITUTION {{(pid=101975) _check_effective_sql_mode /opt/stack/data/venv/lib/python3.12/site-packages/oslo_db/sqlalchemy/engines.py:325}}
Jun 04 15:41:20.843881 np0000002162 devstack@g-api.service[101977]: DEBUG dbcounter [-] [101977] Writer thread running {{(pid=101977) stat_writer /opt/stack/data/venv/lib/python3.12/site-packages/dbcounter.py:102}}
Jun 04 15:41:20.846772 np0000002162 devstack@g-api.service[101976]: DEBUG dbcounter [-] [101976] Writer thread running {{(pid=101976) stat_writer /opt/stack/data/venv/lib/python3.12/site-packages/dbcounter.py:102}}
Jun 04 15:41:20.851011 np0000002162 devstack@g-api.service[101975]: DEBUG dbcounter [-] [101975] Writer thread running {{(pid=101975) stat_writer /opt/stack/data/venv/lib/python3.12/site-packages/dbcounter.py:102}}
Jun 04 15:41:20.851500 np0000002162 devstack@g-api.service[101976]: DEBUG glance.image_cache.drivers.centralized_db [None req-a7d5f477-edc8-4a66-8773-185eac46b4e1 None None] Node reference is already recorded, ignoring it {{(pid=101976) configure /opt/stack/glance/glance/image_cache/drivers/centralized_db.py:71}}
Jun 04 15:41:20.854563 np0000002162 devstack@g-api.service[101975]: DEBUG glance.image_cache.drivers.centralized_db [None req-f48ce0ff-b310-4017-a3c0-28fc5b42cd94 None None] Node reference is already recorded, ignoring it {{(pid=101975) configure /opt/stack/glance/glance/image_cache/drivers/centralized_db.py:71}}
Jun 04 15:41:20.860130 np0000002162 devstack@g-api.service[101977]: INFO glance.image_cache [None req-d7fe2b56-9008-4959-9af0-ca0d0792ac37 None None] Image cache loaded driver 'centralized_db'.
Jun 04 15:41:20.860630 np0000002162 devstack@g-api.service[101976]: INFO glance.image_cache [None req-a7d5f477-edc8-4a66-8773-185eac46b4e1 None None] Image cache loaded driver 'centralized_db'.
Jun 04 15:41:20.862244 np0000002162 devstack@g-api.service[101975]: INFO glance.image_cache [None req-f48ce0ff-b310-4017-a3c0-28fc5b42cd94 None None] Image cache loaded driver 'centralized_db'.
Jun 04 15:41:20.871104 np0000002162 devstack@g-api.service[101977]: DEBUG glance.image_cache.drivers.centralized_db [None req-d7fe2b56-9008-4959-9af0-ca0d0792ac37 None None] Node reference is already recorded, ignoring it {{(pid=101977) configure /opt/stack/glance/glance/image_cache/drivers/centralized_db.py:71}}
Jun 04 15:41:20.873058 np0000002162 devstack@g-api.service[101976]: DEBUG glance.image_cache.drivers.centralized_db [None req-a7d5f477-edc8-4a66-8773-185eac46b4e1 None None] Node reference is already recorded, ignoring it {{(pid=101976) configure /opt/stack/glance/glance/image_cache/drivers/centralized_db.py:71}}
Jun 04 15:41:20.873495 np0000002162 devstack@g-api.service[101975]: DEBUG glance.image_cache.drivers.centralized_db [None req-f48ce0ff-b310-4017-a3c0-28fc5b42cd94 None None] Node reference is already recorded, ignoring it {{(pid=101975) configure /opt/stack/glance/glance/image_cache/drivers/centralized_db.py:71}}
Jun 04 15:41:20.877970 np0000002162 devstack@g-api.service[101977]: DEBUG glance.api.v2.cached_images [None req-d7fe2b56-9008-4959-9af0-ca0d0792ac37 None None] Started cache worker thread {{(pid=101977) __init__ /opt/stack/glance/glance/api/v2/cached_images.py:69}}
Jun 04 15:41:20.879031 np0000002162 devstack@g-api.service[101977]: INFO glance.image_cache [None req-d7fe2b56-9008-4959-9af0-ca0d0792ac37 None None] Image cache loaded driver 'centralized_db'.
Jun 04 15:41:20.880321 np0000002162 devstack@g-api.service[101976]: DEBUG glance.api.v2.cached_images [None req-a7d5f477-edc8-4a66-8773-185eac46b4e1 None None] Started cache worker thread {{(pid=101976) __init__ /opt/stack/glance/glance/api/v2/cached_images.py:69}}
Jun 04 15:41:20.881024 np0000002162 devstack@g-api.service[101975]: DEBUG glance.api.v2.cached_images [None req-f48ce0ff-b310-4017-a3c0-28fc5b42cd94 None None] Started cache worker thread {{(pid=101975) __init__ /opt/stack/glance/glance/api/v2/cached_images.py:69}}
Jun 04 15:41:20.881193 np0000002162 devstack@g-api.service[101976]: INFO glance.image_cache [None req-a7d5f477-edc8-4a66-8773-185eac46b4e1 None None] Image cache loaded driver 'centralized_db'.
Jun 04 15:41:20.881818 np0000002162 devstack@g-api.service[101975]: INFO glance.image_cache [None req-f48ce0ff-b310-4017-a3c0-28fc5b42cd94 None None] Image cache loaded driver 'centralized_db'.
Jun 04 15:41:20.889142 np0000002162 devstack@g-api.service[101977]: DEBUG glance.image_cache.drivers.centralized_db [None req-d7fe2b56-9008-4959-9af0-ca0d0792ac37 None None] Node reference is already recorded, ignoring it {{(pid=101977) configure /opt/stack/glance/glance/image_cache/drivers/centralized_db.py:71}}
Jun 04 15:41:20.890758 np0000002162 devstack@g-api.service[101976]: DEBUG glance.image_cache.drivers.centralized_db [None req-a7d5f477-edc8-4a66-8773-185eac46b4e1 None None] Node reference is already recorded, ignoring it {{(pid=101976) configure /opt/stack/glance/glance/image_cache/drivers/centralized_db.py:71}}
Jun 04 15:41:20.891094 np0000002162 devstack@g-api.service[101975]: DEBUG glance.image_cache.drivers.centralized_db [None req-f48ce0ff-b310-4017-a3c0-28fc5b42cd94 None None] Node reference is already recorded, ignoring it {{(pid=101975) configure /opt/stack/glance/glance/image_cache/drivers/centralized_db.py:71}}
Jun 04 15:41:20.895419 np0000002162 devstack@g-api.service[101977]: INFO glance.api.middleware.cache_manage [None req-d7fe2b56-9008-4959-9af0-ca0d0792ac37 None None] Initialized image cache management middleware
Jun 04 15:41:20.895540 np0000002162 devstack@g-api.service[101976]: INFO glance.api.middleware.cache_manage [None req-a7d5f477-edc8-4a66-8773-185eac46b4e1 None None] Initialized image cache management middleware
Jun 04 15:41:20.895652 np0000002162 devstack@g-api.service[101977]: INFO glance.image_cache [None req-d7fe2b56-9008-4959-9af0-ca0d0792ac37 None None] Image cache loaded driver 'centralized_db'.
Jun 04 15:41:20.895712 np0000002162 devstack@g-api.service[101976]: INFO glance.image_cache [None req-a7d5f477-edc8-4a66-8773-185eac46b4e1 None None] Image cache loaded driver 'centralized_db'.
Jun 04 15:41:20.897357 np0000002162 devstack@g-api.service[101975]: INFO glance.api.middleware.cache_manage [None req-f48ce0ff-b310-4017-a3c0-28fc5b42cd94 None None] Initialized image cache management middleware
Jun 04 15:41:20.897486 np0000002162 devstack@g-api.service[101975]: INFO glance.image_cache [None req-f48ce0ff-b310-4017-a3c0-28fc5b42cd94 None None] Image cache loaded driver 'centralized_db'.
Jun 04 15:41:20.902419 np0000002162 devstack@g-api.service[101976]: DEBUG glance.image_cache.drivers.centralized_db [None req-a7d5f477-edc8-4a66-8773-185eac46b4e1 None None] Node reference is already recorded, ignoring it {{(pid=101976) configure /opt/stack/glance/glance/image_cache/drivers/centralized_db.py:71}}
Jun 04 15:41:20.902545 np0000002162 devstack@g-api.service[101977]: DEBUG glance.image_cache.drivers.centralized_db [None req-d7fe2b56-9008-4959-9af0-ca0d0792ac37 None None] Node reference is already recorded, ignoring it {{(pid=101977) configure /opt/stack/glance/glance/image_cache/drivers/centralized_db.py:71}}
Jun 04 15:41:20.906160 np0000002162 devstack@g-api.service[101975]: DEBUG glance.image_cache.drivers.centralized_db [None req-f48ce0ff-b310-4017-a3c0-28fc5b42cd94 None None] Node reference is already recorded, ignoring it {{(pid=101975) configure /opt/stack/glance/glance/image_cache/drivers/centralized_db.py:71}}
Jun 04 15:41:20.906651 np0000002162 devstack@g-api.service[101977]: INFO glance.api.middleware.cache [None req-d7fe2b56-9008-4959-9af0-ca0d0792ac37 None None] Initialized image cache middleware
Jun 04 15:41:20.907058 np0000002162 devstack@g-api.service[101976]: INFO glance.api.middleware.cache [None req-a7d5f477-edc8-4a66-8773-185eac46b4e1 None None] Initialized image cache middleware
Jun 04 15:41:20.918927 np0000002162 devstack@g-api.service[101977]: DEBUG glance.common.config [None req-d7fe2b56-9008-4959-9af0-ca0d0792ac37 None None] ******************************************************************************** {{(pid=101977) log_opt_values /opt/stack/data/venv/lib/python3.12/site-packages/oslo_config/cfg.py:3229}}
Jun 04 15:41:20.919101 np0000002162 devstack@g-api.service[101977]: DEBUG glance.common.config [None req-d7fe2b56-9008-4959-9af0-ca0d0792ac37 None None] Configuration options gathered from: {{(pid=101977) log_opt_values /opt/stack/data/venv/lib/python3.12/site-packages/oslo_config/cfg.py:3230}}
Jun 04 15:41:20.919406 np0000002162 devstack@g-api.service[101977]: DEBUG glance.common.config [None req-d7fe2b56-9008-4959-9af0-ca0d0792ac37 None None] command line args: [] {{(pid=101977) log_opt_values /opt/stack/data/venv/lib/python3.12/site-packages/oslo_config/cfg.py:3231}}
Jun 04 15:41:20.919532 np0000002162 devstack@g-api.service[101977]: DEBUG glance.common.config [None req-d7fe2b56-9008-4959-9af0-ca0d0792ac37 None None] config files: ['/etc/glance/glance-image-import.conf', '/etc/glance/glance-api.conf'] {{(pid=101977) log_opt_values /opt/stack/data/venv/lib/python3.12/site-packages/oslo_config/cfg.py:3232}}
Jun 04 15:41:20.919635 np0000002162 devstack@g-api.service[101977]: DEBUG glance.common.config [None req-d7fe2b56-9008-4959-9af0-ca0d0792ac37 None None] ================================================================================ {{(pid=101977) log_opt_values /opt/stack/data/venv/lib/python3.12/site-packages/oslo_config/cfg.py:3237}}
Jun 04 15:41:20.919818 np0000002162 devstack@g-api.service[101977]: DEBUG glance.common.config [None req-d7fe2b56-9008-4959-9af0-ca0d0792ac37 None None] allow_anonymous_access = False {{(pid=101977) log_opt_values /opt/stack/data/venv/lib/python3.12/site-packages/oslo_config/cfg.py:3245}}
Jun 04 15:41:20.919960 np0000002162 devstack@g-api.service[101977]: DEBUG glance.common.config [None req-d7fe2b56-9008-4959-9af0-ca0d0792ac37 None None] api_limit_max = 1000 {{(pid=101977) log_opt_values /opt/stack/data/venv/lib/python3.12/site-packages/oslo_config/cfg.py:3245}}
Jun 04 15:41:20.920096 np0000002162 devstack@g-api.service[101977]: DEBUG glance.common.config [None req-d7fe2b56-9008-4959-9af0-ca0d0792ac37 None None] backlog = 4096 {{(pid=101977) log_opt_values /opt/stack/data/venv/lib/python3.12/site-packages/oslo_config/cfg.py:3245}}
Jun 04 15:41:20.920260 np0000002162 devstack@g-api.service[101977]: DEBUG glance.common.config [None req-d7fe2b56-9008-4959-9af0-ca0d0792ac37 None None] bind_host = 0.0.0.0 {{(pid=101977) log_opt_values /opt/stack/data/venv/lib/python3.12/site-packages/oslo_config/cfg.py:3245}}
Jun 04 15:41:20.920362 np0000002162 devstack@g-api.service[101977]: DEBUG glance.common.config [None req-d7fe2b56-9008-4959-9af0-ca0d0792ac37 None None] bind_port = 19292 {{(pid=101977) log_opt_values /opt/stack/data/venv/lib/python3.12/site-packages/oslo_config/cfg.py:3245}}
Jun 04 15:41:20.920478 np0000002162 devstack@g-api.service[101977]: DEBUG glance.common.config [None req-d7fe2b56-9008-4959-9af0-ca0d0792ac37 None None] client_socket_timeout = 900 {{(pid=101977) log_opt_values /opt/stack/data/venv/lib/python3.12/site-packages/oslo_config/cfg.py:3245}}
Jun 04 15:41:20.920717 np0000002162 devstack@g-api.service[101977]: DEBUG glance.common.config [None req-d7fe2b56-9008-4959-9af0-ca0d0792ac37 None None] config_dir = [] {{(pid=101977) log_opt_values /opt/stack/data/venv/lib/python3.12/site-packages/oslo_config/cfg.py:3245}}
Jun 04 15:41:20.920832 np0000002162 devstack@g-api.service[101977]: DEBUG glance.common.config [None req-d7fe2b56-9008-4959-9af0-ca0d0792ac37 None None] config_file = ['/etc/glance/glance-image-import.conf', '/etc/glance/glance-api.conf'] {{(pid=101977) log_opt_values /opt/stack/data/venv/lib/python3.12/site-packages/oslo_config/cfg.py:3245}}
Jun 04 15:41:20.920930 np0000002162 devstack@g-api.service[101977]: DEBUG glance.common.config [None req-d7fe2b56-9008-4959-9af0-ca0d0792ac37 None None] config_source = [] {{(pid=101977) log_opt_values /opt/stack/data/venv/lib/python3.12/site-packages/oslo_config/cfg.py:3245}}
Jun 04 15:41:20.921025 np0000002162 devstack@g-api.service[101977]: DEBUG glance.common.config [None req-d7fe2b56-9008-4959-9af0-ca0d0792ac37 None None] control_exchange = glance {{(pid=101977) log_opt_values /opt/stack/data/venv/lib/python3.12/site-packages/oslo_config/cfg.py:3245}}
Jun 04 15:41:20.921090 np0000002162 devstack@g-api.service[101977]: DEBUG glance.common.config [None req-d7fe2b56-9008-4959-9af0-ca0d0792ac37 None None] debug = True {{(pid=101977) log_opt_values /opt/stack/data/venv/lib/python3.12/site-packages/oslo_config/cfg.py:3245}}
Jun 04 15:41:20.921247 np0000002162 devstack@g-api.service[101977]: DEBUG glance.common.config [None req-d7fe2b56-9008-4959-9af0-ca0d0792ac37 None None] default_log_levels = ['amqp=WARN', 'boto=WARN', 'sqlalchemy=WARN', 'suds=INFO', 'oslo.messaging=INFO', 'oslo_messaging=INFO', 'iso8601=WARN', 'requests.packages.urllib3.connectionpool=WARN', 'urllib3.connectionpool=WARN', 'websocket=WARN', 'requests.packages.urllib3.util.retry=WARN', 'urllib3.util.retry=WARN', 'keystonemiddleware=WARN', 'routes.middleware=WARN', 'stevedore=WARN', 'taskflow=WARN', 'keystoneauth=WARN', 'oslo.cache=INFO', 'oslo_policy=INFO', 'dogpile.core.dogpile=INFO'] {{(pid=101977) log_opt_values /opt/stack/data/venv/lib/python3.12/site-packages/oslo_config/cfg.py:3245}}
Jun 04 15:41:20.921341 np0000002162 devstack@g-api.service[101977]: DEBUG glance.common.config [None req-d7fe2b56-9008-4959-9af0-ca0d0792ac37 None None] default_publisher_id = image.localhost {{(pid=101977) log_opt_values /opt/stack/data/venv/lib/python3.12/site-packages/oslo_config/cfg.py:3245}}
Jun 04 15:41:20.921425 np0000002162 devstack@g-api.service[101977]: DEBUG glance.common.config [None req-d7fe2b56-9008-4959-9af0-ca0d0792ac37 None None] delayed_delete = False {{(pid=101977) log_opt_values /opt/stack/data/venv/lib/python3.12/site-packages/oslo_config/cfg.py:3245}}
Jun 04 15:41:20.921572 np0000002162 devstack@g-api.service[101977]: DEBUG glance.common.config [None req-d7fe2b56-9008-4959-9af0-ca0d0792ac37 None None] digest_algorithm = sha256 {{(pid=101977) log_opt_values /opt/stack/data/venv/lib/python3.12/site-packages/oslo_config/cfg.py:3245}}
Jun 04 15:41:20.921749 np0000002162 devstack@g-api.service[101977]: DEBUG glance.common.config [None req-d7fe2b56-9008-4959-9af0-ca0d0792ac37 None None] disabled_notifications = [] {{(pid=101977) log_opt_values /opt/stack/data/venv/lib/python3.12/site-packages/oslo_config/cfg.py:3245}}
Jun 04 15:41:20.921810 np0000002162 devstack@g-api.service[101977]: DEBUG glance.common.config [None req-d7fe2b56-9008-4959-9af0-ca0d0792ac37 None None] do_secure_hash = True {{(pid=101977) log_opt_values /opt/stack/data/venv/lib/python3.12/site-packages/oslo_config/cfg.py:3245}}
Jun 04 15:41:20.921923 np0000002162 devstack@g-api.service[101977]: DEBUG glance.common.config [None req-d7fe2b56-9008-4959-9af0-ca0d0792ac37 None None] enabled_backends = None {{(pid=101977) log_opt_values /opt/stack/data/venv/lib/python3.12/site-packages/oslo_config/cfg.py:3245}}
Jun 04 15:41:20.922028 np0000002162 devstack@g-api.service[101977]: DEBUG glance.common.config [None req-d7fe2b56-9008-4959-9af0-ca0d0792ac37 None None] enabled_import_methods = ['glance-direct', 'web-download', 'copy-image'] {{(pid=101977) log_opt_values /opt/stack/data/venv/lib/python3.12/site-packages/oslo_config/cfg.py:3245}}
Jun 04 15:41:20.922115 np0000002162 devstack@g-api.service[101977]: DEBUG glance.common.config [None req-d7fe2b56-9008-4959-9af0-ca0d0792ac37 None None] fatal_deprecations = False {{(pid=101977) log_opt_values /opt/stack/data/venv/lib/python3.12/site-packages/oslo_config/cfg.py:3245}}
Jun 04 15:41:20.922204 np0000002162 devstack@g-api.service[101977]: DEBUG glance.common.config [None req-d7fe2b56-9008-4959-9af0-ca0d0792ac37 None None] hashing_algorithm = sha512 {{(pid=101977) log_opt_values /opt/stack/data/venv/lib/python3.12/site-packages/oslo_config/cfg.py:3245}}
Jun 04 15:41:20.922290 np0000002162 devstack@g-api.service[101977]: DEBUG glance.common.config [None req-d7fe2b56-9008-4959-9af0-ca0d0792ac37 None None] http_keepalive = True {{(pid=101977) log_opt_values /opt/stack/data/venv/lib/python3.12/site-packages/oslo_config/cfg.py:3245}}
Jun 04 15:41:20.922372 np0000002162 devstack@g-api.service[101977]: DEBUG glance.common.config [None req-d7fe2b56-9008-4959-9af0-ca0d0792ac37 None None] http_retries = 3 {{(pid=101977) log_opt_values /opt/stack/data/venv/lib/python3.12/site-packages/oslo_config/cfg.py:3245}}
Jun 04 15:41:20.922489 np0000002162 devstack@g-api.service[101977]: DEBUG glance.common.config [None req-d7fe2b56-9008-4959-9af0-ca0d0792ac37 None None] image_cache_dir = /opt/stack/data/glance/cache/ {{(pid=101977) log_opt_values /opt/stack/data/venv/lib/python3.12/site-packages/oslo_config/cfg.py:3245}}
Jun 04 15:41:20.922582 np0000002162 devstack@g-api.service[101977]: DEBUG glance.common.config [None req-d7fe2b56-9008-4959-9af0-ca0d0792ac37 None None] image_cache_driver = centralized_db {{(pid=101977) log_opt_values /opt/stack/data/venv/lib/python3.12/site-packages/oslo_config/cfg.py:3245}}
Jun 04 15:41:20.922693 np0000002162 devstack@g-api.service[101977]: DEBUG glance.common.config [None req-d7fe2b56-9008-4959-9af0-ca0d0792ac37 None None] image_cache_max_size = 10737418240 {{(pid=101977) log_opt_values /opt/stack/data/venv/lib/python3.12/site-packages/oslo_config/cfg.py:3245}}
Jun 04 15:41:20.922786 np0000002162 devstack@g-api.service[101977]: DEBUG glance.common.config [None req-d7fe2b56-9008-4959-9af0-ca0d0792ac37 None None] image_cache_sqlite_db = cache.db {{(pid=101977) log_opt_values /opt/stack/data/venv/lib/python3.12/site-packages/oslo_config/cfg.py:3245}}
Jun 04 15:41:20.922904 np0000002162 devstack@g-api.service[101977]: DEBUG glance.common.config [None req-d7fe2b56-9008-4959-9af0-ca0d0792ac37 None None] image_cache_stall_time = 86400 {{(pid=101977) log_opt_values /opt/stack/data/venv/lib/python3.12/site-packages/oslo_config/cfg.py:3245}}
Jun 04 15:41:20.923019 np0000002162 devstack@g-api.service[101977]: DEBUG glance.common.config [None req-d7fe2b56-9008-4959-9af0-ca0d0792ac37 None None] image_location_quota = 10 {{(pid=101977) log_opt_values /opt/stack/data/venv/lib/python3.12/site-packages/oslo_config/cfg.py:3245}}
Jun 04 15:41:20.923112 np0000002162 devstack@g-api.service[101977]: DEBUG glance.common.config [None req-d7fe2b56-9008-4959-9af0-ca0d0792ac37 None None] image_member_quota = 128 {{(pid=101977) log_opt_values /opt/stack/data/venv/lib/python3.12/site-packages/oslo_config/cfg.py:3245}}
Jun 04 15:41:20.923207 np0000002162 devstack@g-api.service[101977]: DEBUG glance.common.config [None req-d7fe2b56-9008-4959-9af0-ca0d0792ac37 None None] image_property_quota = 128 {{(pid=101977) log_opt_values /opt/stack/data/venv/lib/python3.12/site-packages/oslo_config/cfg.py:3245}}
Jun 04 15:41:20.923291 np0000002162 devstack@g-api.service[101977]: DEBUG glance.common.config [None req-d7fe2b56-9008-4959-9af0-ca0d0792ac37 None None] image_size_cap = 1099511627776 {{(pid=101977) log_opt_values /opt/stack/data/venv/lib/python3.12/site-packages/oslo_config/cfg.py:3245}}
Jun 04 15:41:20.923371 np0000002162 devstack@g-api.service[101977]: DEBUG glance.common.config [None req-d7fe2b56-9008-4959-9af0-ca0d0792ac37 None None] image_tag_quota = 128 {{(pid=101977) log_opt_values /opt/stack/data/venv/lib/python3.12/site-packages/oslo_config/cfg.py:3245}}
Jun 04 15:41:20.923460 np0000002162 devstack@g-api.service[101977]: DEBUG glance.common.config [None req-d7fe2b56-9008-4959-9af0-ca0d0792ac37 None None] instance_format = [instance: %(uuid)s] {{(pid=101977) log_opt_values /opt/stack/data/venv/lib/python3.12/site-packages/oslo_config/cfg.py:3245}}
Jun 04 15:41:20.923544 np0000002162 devstack@g-api.service[101977]: DEBUG glance.common.config [None req-d7fe2b56-9008-4959-9af0-ca0d0792ac37 None None] instance_uuid_format = [instance: %(uuid)s] {{(pid=101977) log_opt_values /opt/stack/data/venv/lib/python3.12/site-packages/oslo_config/cfg.py:3245}}
Jun 04 15:41:20.923634 np0000002162 devstack@g-api.service[101977]: DEBUG glance.common.config [None req-d7fe2b56-9008-4959-9af0-ca0d0792ac37 None None] limit_param_default = 25 {{(pid=101977) log_opt_values /opt/stack/data/venv/lib/python3.12/site-packages/oslo_config/cfg.py:3245}}
Jun 04 15:41:20.923754 np0000002162 devstack@g-api.service[101977]: DEBUG glance.common.config [None req-d7fe2b56-9008-4959-9af0-ca0d0792ac37 None None] log_color = False {{(pid=101977) log_opt_values /opt/stack/data/venv/lib/python3.12/site-packages/oslo_config/cfg.py:3245}}
Jun 04 15:41:20.923846 np0000002162 devstack@g-api.service[101977]: DEBUG glance.common.config [None req-d7fe2b56-9008-4959-9af0-ca0d0792ac37 None None] log_config_append = None {{(pid=101977) log_opt_values /opt/stack/data/venv/lib/python3.12/site-packages/oslo_config/cfg.py:3245}}
Jun 04 15:41:20.923936 np0000002162 devstack@g-api.service[101977]: DEBUG glance.common.config [None req-d7fe2b56-9008-4959-9af0-ca0d0792ac37 None None] log_date_format = %Y-%m-%d %H:%M:%S {{(pid=101977) log_opt_values /opt/stack/data/venv/lib/python3.12/site-packages/oslo_config/cfg.py:3245}}
Jun 04 15:41:20.924046 np0000002162 devstack@g-api.service[101977]: DEBUG glance.common.config [None req-d7fe2b56-9008-4959-9af0-ca0d0792ac37 None None] log_dir = None {{(pid=101977) log_opt_values /opt/stack/data/venv/lib/python3.12/site-packages/oslo_config/cfg.py:3245}}
Jun 04 15:41:20.924140 np0000002162 devstack@g-api.service[101977]: DEBUG glance.common.config [None req-d7fe2b56-9008-4959-9af0-ca0d0792ac37 None None] log_file = None {{(pid=101977) log_opt_values /opt/stack/data/venv/lib/python3.12/site-packages/oslo_config/cfg.py:3245}}
Jun 04 15:41:20.924223 np0000002162 devstack@g-api.service[101977]: DEBUG glance.common.config [None req-d7fe2b56-9008-4959-9af0-ca0d0792ac37 None None] log_rotate_interval = 1 {{(pid=101977) log_opt_values /opt/stack/data/venv/lib/python3.12/site-packages/oslo_config/cfg.py:3245}}
Jun 04 15:41:20.924312 np0000002162 devstack@g-api.service[101977]: DEBUG glance.common.config [None req-d7fe2b56-9008-4959-9af0-ca0d0792ac37 None None] log_rotate_interval_type = days {{(pid=101977) log_opt_values /opt/stack/data/venv/lib/python3.12/site-packages/oslo_config/cfg.py:3245}}
Jun 04 15:41:20.924407 np0000002162 devstack@g-api.service[101977]: DEBUG glance.common.config [None req-d7fe2b56-9008-4959-9af0-ca0d0792ac37 None None] log_rotation_type = none {{(pid=101977) log_opt_values /opt/stack/data/venv/lib/python3.12/site-packages/oslo_config/cfg.py:3245}}
Jun 04 15:41:20.924497 np0000002162 devstack@g-api.service[101977]: DEBUG glance.common.config [None req-d7fe2b56-9008-4959-9af0-ca0d0792ac37 None None] logging_context_format_string = %(color)s%(levelname)s %(name)s [%(global_request_id)s %(request_id)s %(project_name)s %(user_name)s%(color)s] %(instance)s%(color)s%(message)s {{(pid=101977) log_opt_values /opt/stack/data/venv/lib/python3.12/site-packages/oslo_config/cfg.py:3245}}
Jun 04 15:41:20.924561 np0000002162 devstack@g-api.service[101977]: DEBUG glance.common.config [None req-d7fe2b56-9008-4959-9af0-ca0d0792ac37 None None] logging_debug_format_suffix = {{(pid=%(process)d) %(funcName)s %(pathname)s:%(lineno)d}} {{(pid=101977) log_opt_values /opt/stack/data/venv/lib/python3.12/site-packages/oslo_config/cfg.py:3245}}
Jun 04 15:41:20.924669 np0000002162 devstack@g-api.service[101977]: DEBUG glance.common.config [None req-d7fe2b56-9008-4959-9af0-ca0d0792ac37 None None] logging_default_format_string = %(color)s%(levelname)s %(name)s [-%(color)s] %(instance)s%(color)s%(message)s {{(pid=101977) log_opt_values /opt/stack/data/venv/lib/python3.12/site-packages/oslo_config/cfg.py:3245}}
Jun 04 15:41:20.924885 np0000002162 devstack@g-api.service[101977]: DEBUG glance.common.config [None req-d7fe2b56-9008-4959-9af0-ca0d0792ac37 None None] logging_exception_prefix = ERROR %(name)s %(instance)s {{(pid=101977) log_opt_values /opt/stack/data/venv/lib/python3.12/site-packages/oslo_config/cfg.py:3245}}
Jun 04 15:41:20.924885 np0000002162 devstack@g-api.service[101977]: DEBUG glance.common.config [None req-d7fe2b56-9008-4959-9af0-ca0d0792ac37 None None] logging_user_identity_format = %(user)s %(project)s %(domain)s %(system_scope)s %(user_domain)s %(project_domain)s {{(pid=101977) log_opt_values /opt/stack/data/venv/lib/python3.12/site-packages/oslo_config/cfg.py:3245}}
Jun 04 15:41:20.924986 np0000002162 devstack@g-api.service[101977]: DEBUG glance.common.config [None req-d7fe2b56-9008-4959-9af0-ca0d0792ac37 None None] max_header_line = 16384 {{(pid=101977) log_opt_values /opt/stack/data/venv/lib/python3.12/site-packages/oslo_config/cfg.py:3245}}
Jun 04 15:41:20.925106 np0000002162 devstack@g-api.service[101977]: DEBUG glance.common.config [None req-d7fe2b56-9008-4959-9af0-ca0d0792ac37 None None] max_logfile_count = 30 {{(pid=101977) log_opt_values /opt/stack/data/venv/lib/python3.12/site-packages/oslo_config/cfg.py:3245}}
Jun 04 15:41:20.925242 np0000002162 devstack@g-api.service[101977]: DEBUG glance.common.config [None req-d7fe2b56-9008-4959-9af0-ca0d0792ac37 None None] max_logfile_size_mb = 200 {{(pid=101977) log_opt_values /opt/stack/data/venv/lib/python3.12/site-packages/oslo_config/cfg.py:3245}}
Jun 04 15:41:20.925370 np0000002162 devstack@g-api.service[101977]: DEBUG glance.common.config [None req-d7fe2b56-9008-4959-9af0-ca0d0792ac37 None None] max_request_id_length = 64 {{(pid=101977) log_opt_values /opt/stack/data/venv/lib/python3.12/site-packages/oslo_config/cfg.py:3245}}
Jun 04 15:41:20.925500 np0000002162 devstack@g-api.service[101977]: DEBUG glance.common.config [None req-d7fe2b56-9008-4959-9af0-ca0d0792ac37 None None] metadata_encryption_key = **** {{(pid=101977) log_opt_values /opt/stack/data/venv/lib/python3.12/site-packages/oslo_config/cfg.py:3245}}
Jun 04 15:41:20.925648 np0000002162 devstack@g-api.service[101977]: DEBUG glance.common.config [None req-d7fe2b56-9008-4959-9af0-ca0d0792ac37 None None] node_staging_uri = file:///tmp/staging/ {{(pid=101977) log_opt_values /opt/stack/data/venv/lib/python3.12/site-packages/oslo_config/cfg.py:3245}}
Jun 04 15:41:20.925792 np0000002162 devstack@g-api.service[101977]: DEBUG glance.common.config [None req-d7fe2b56-9008-4959-9af0-ca0d0792ac37 None None] property_protection_file = None {{(pid=101977) log_opt_values /opt/stack/data/venv/lib/python3.12/site-packages/oslo_config/cfg.py:3245}}
Jun 04 15:41:20.925926 np0000002162 devstack@g-api.service[101977]: DEBUG glance.common.config [None req-d7fe2b56-9008-4959-9af0-ca0d0792ac37 None None] property_protection_rule_format = roles {{(pid=101977) log_opt_values /opt/stack/data/venv/lib/python3.12/site-packages/oslo_config/cfg.py:3245}}
Jun 04 15:41:20.926055 np0000002162 devstack@g-api.service[101977]: DEBUG glance.common.config [None req-d7fe2b56-9008-4959-9af0-ca0d0792ac37 None None] public_endpoint = https://10.4.3.142/image {{(pid=101977) log_opt_values /opt/stack/data/venv/lib/python3.12/site-packages/oslo_config/cfg.py:3245}}
Jun 04 15:41:20.926179 np0000002162 devstack@g-api.service[101977]: DEBUG glance.common.config [None req-d7fe2b56-9008-4959-9af0-ca0d0792ac37 None None] publish_errors = False {{(pid=101977) log_opt_values /opt/stack/data/venv/lib/python3.12/site-packages/oslo_config/cfg.py:3245}}
Jun 04 15:41:20.926301 np0000002162 devstack@g-api.service[101977]: DEBUG glance.common.config [None req-d7fe2b56-9008-4959-9af0-ca0d0792ac37 None None] pydev_worker_debug_host = None {{(pid=101977) log_opt_values /opt/stack/data/venv/lib/python3.12/site-packages/oslo_config/cfg.py:3245}}
Jun 04 15:41:20.926427 np0000002162 devstack@g-api.service[101977]: DEBUG glance.common.config [None req-d7fe2b56-9008-4959-9af0-ca0d0792ac37 None None] pydev_worker_debug_port = 5678 {{(pid=101977) log_opt_values /opt/stack/data/venv/lib/python3.12/site-packages/oslo_config/cfg.py:3245}}
Jun 04 15:41:20.926551 np0000002162 devstack@g-api.service[101977]: DEBUG glance.common.config [None req-d7fe2b56-9008-4959-9af0-ca0d0792ac37 None None] rate_limit_burst = 0 {{(pid=101977) log_opt_values /opt/stack/data/venv/lib/python3.12/site-packages/oslo_config/cfg.py:3245}}
Jun 04 15:41:20.926708 np0000002162 devstack@g-api.service[101977]: DEBUG glance.common.config [None req-d7fe2b56-9008-4959-9af0-ca0d0792ac37 None None] rate_limit_except_level = CRITICAL {{(pid=101977) log_opt_values /opt/stack/data/venv/lib/python3.12/site-packages/oslo_config/cfg.py:3245}}
Jun 04 15:41:20.926836 np0000002162 devstack@g-api.service[101977]: DEBUG glance.common.config [None req-d7fe2b56-9008-4959-9af0-ca0d0792ac37 None None] rate_limit_interval = 0 {{(pid=101977) log_opt_values /opt/stack/data/venv/lib/python3.12/site-packages/oslo_config/cfg.py:3245}}
Jun 04 15:41:20.926958 np0000002162 devstack@g-api.service[101977]: DEBUG glance.common.config [None req-d7fe2b56-9008-4959-9af0-ca0d0792ac37 None None] scrub_pool_size = 1 {{(pid=101977) log_opt_values /opt/stack/data/venv/lib/python3.12/site-packages/oslo_config/cfg.py:3245}}
Jun 04 15:41:20.927080 np0000002162 devstack@g-api.service[101977]: DEBUG glance.common.config [None req-d7fe2b56-9008-4959-9af0-ca0d0792ac37 None None] scrub_time = 0 {{(pid=101977) log_opt_values /opt/stack/data/venv/lib/python3.12/site-packages/oslo_config/cfg.py:3245}}
Jun 04 15:41:20.927200 np0000002162 devstack@g-api.service[101977]: DEBUG glance.common.config [None req-d7fe2b56-9008-4959-9af0-ca0d0792ac37 None None] shell_completion = None {{(pid=101977) log_opt_values /opt/stack/data/venv/lib/python3.12/site-packages/oslo_config/cfg.py:3245}}
Jun 04 15:41:20.927330 np0000002162 devstack@g-api.service[101977]: DEBUG glance.common.config [None req-d7fe2b56-9008-4959-9af0-ca0d0792ac37 None None] show_image_direct_url = False {{(pid=101977) log_opt_values /opt/stack/data/venv/lib/python3.12/site-packages/oslo_config/cfg.py:3245}}
Jun 04 15:41:20.927601 np0000002162 devstack@g-api.service[101977]: WARNING oslo_config.cfg [None req-d7fe2b56-9008-4959-9af0-ca0d0792ac37 None None] Deprecated: Option "show_multiple_locations" from group "DEFAULT" is deprecated for removal (Use of this option, deprecated since Newton, is a security risk and will be removed once we figure out a way to satisfy those use cases that currently require it. An earlier announcement that the same functionality can be achieved with greater granularity by using policies is incorrect. You cannot work around this option via policy configuration at the present time, though that is the direction we believe the fix will take. Please keep an eye on the Glance release notes to stay up to date on progress in addressing this issue.). Its value may be silently ignored in the future.
Jun 04 15:41:20.927736 np0000002162 devstack@g-api.service[101977]: DEBUG glance.common.config [None req-d7fe2b56-9008-4959-9af0-ca0d0792ac37 None None] show_multiple_locations = False {{(pid=101977) log_opt_values /opt/stack/data/venv/lib/python3.12/site-packages/oslo_config/cfg.py:3245}}
Jun 04 15:41:20.927873 np0000002162 devstack@g-api.service[101977]: DEBUG glance.common.config [None req-d7fe2b56-9008-4959-9af0-ca0d0792ac37 None None] syslog_log_facility = LOG_USER {{(pid=101977) log_opt_values /opt/stack/data/venv/lib/python3.12/site-packages/oslo_config/cfg.py:3245}}
Jun 04 15:41:20.927994 np0000002162 devstack@g-api.service[101977]: DEBUG glance.common.config [None req-d7fe2b56-9008-4959-9af0-ca0d0792ac37 None None] tcp_keepidle = 600 {{(pid=101977) log_opt_values /opt/stack/data/venv/lib/python3.12/site-packages/oslo_config/cfg.py:3245}}
Jun 04 15:41:20.928125 np0000002162 devstack@g-api.service[101977]: DEBUG glance.common.config [None req-d7fe2b56-9008-4959-9af0-ca0d0792ac37 None None] transport_url = **** {{(pid=101977) log_opt_values /opt/stack/data/venv/lib/python3.12/site-packages/oslo_config/cfg.py:3245}}
Jun 04 15:41:20.928251 np0000002162 devstack@g-api.service[101977]: DEBUG glance.common.config [None req-d7fe2b56-9008-4959-9af0-ca0d0792ac37 None None] use_journal = False {{(pid=101977) log_opt_values /opt/stack/data/venv/lib/python3.12/site-packages/oslo_config/cfg.py:3245}}
Jun 04 15:41:20.928375 np0000002162 devstack@g-api.service[101977]: DEBUG glance.common.config [None req-d7fe2b56-9008-4959-9af0-ca0d0792ac37 None None] use_json = False {{(pid=101977) log_opt_values /opt/stack/data/venv/lib/python3.12/site-packages/oslo_config/cfg.py:3245}}
Jun 04 15:41:20.928507 np0000002162 devstack@g-api.service[101977]: DEBUG glance.common.config [None req-d7fe2b56-9008-4959-9af0-ca0d0792ac37 None None] use_keystone_limits = True {{(pid=101977) log_opt_values /opt/stack/data/venv/lib/python3.12/site-packages/oslo_config/cfg.py:3245}}
Jun 04 15:41:20.928646 np0000002162 devstack@g-api.service[101977]: DEBUG glance.common.config [None req-d7fe2b56-9008-4959-9af0-ca0d0792ac37 None None] use_stderr = False {{(pid=101977) log_opt_values /opt/stack/data/venv/lib/python3.12/site-packages/oslo_config/cfg.py:3245}}
Jun 04 15:41:20.928794 np0000002162 devstack@g-api.service[101977]: DEBUG glance.common.config [None req-d7fe2b56-9008-4959-9af0-ca0d0792ac37 None None] use_syslog = False {{(pid=101977) log_opt_values /opt/stack/data/venv/lib/python3.12/site-packages/oslo_config/cfg.py:3245}}
Jun 04 15:41:20.928923 np0000002162 devstack@g-api.service[101977]: DEBUG glance.common.config [None req-d7fe2b56-9008-4959-9af0-ca0d0792ac37 None None] user_storage_quota = 0 {{(pid=101977) log_opt_values /opt/stack/data/venv/lib/python3.12/site-packages/oslo_config/cfg.py:3245}}
Jun 04 15:41:20.929065 np0000002162 devstack@g-api.service[101977]: DEBUG glance.common.config [None req-d7fe2b56-9008-4959-9af0-ca0d0792ac37 None None] worker_self_reference_url = http://127.0.0.1:60999 {{(pid=101977) log_opt_values /opt/stack/data/venv/lib/python3.12/site-packages/oslo_config/cfg.py:3245}}
Jun 04 15:41:20.929174 np0000002162 devstack@g-api.service[101977]: DEBUG glance.common.config [None req-d7fe2b56-9008-4959-9af0-ca0d0792ac37 None None] workers = None {{(pid=101977) log_opt_values /opt/stack/data/venv/lib/python3.12/site-packages/oslo_config/cfg.py:3245}}
Jun 04 15:41:20.929319 np0000002162 devstack@g-api.service[101977]: DEBUG glance.common.config [None req-d7fe2b56-9008-4959-9af0-ca0d0792ac37 None None] oslo_concurrency.disable_process_locking = False {{(pid=101977) log_opt_values /opt/stack/data/venv/lib/python3.12/site-packages/oslo_config/cfg.py:3256}}
Jun 04 15:41:20.929456 np0000002162 devstack@g-api.service[101977]: DEBUG glance.common.config [None req-d7fe2b56-9008-4959-9af0-ca0d0792ac37 None None] oslo_concurrency.lock_path = /opt/stack/data/glance/locks {{(pid=101977) log_opt_values /opt/stack/data/venv/lib/python3.12/site-packages/oslo_config/cfg.py:3256}}
Jun 04 15:41:20.929592 np0000002162 devstack@g-api.service[101977]: DEBUG glance.common.config [None req-d7fe2b56-9008-4959-9af0-ca0d0792ac37 None None] oslo_middleware.enable_proxy_headers_parsing = False {{(pid=101977) log_opt_values /opt/stack/data/venv/lib/python3.12/site-packages/oslo_config/cfg.py:3256}}
Jun 04 15:41:20.929752 np0000002162 devstack@g-api.service[101977]: DEBUG glance.common.config [None req-d7fe2b56-9008-4959-9af0-ca0d0792ac37 None None] oslo_middleware.http_basic_auth_user_file = /etc/htpasswd {{(pid=101977) log_opt_values /opt/stack/data/venv/lib/python3.12/site-packages/oslo_config/cfg.py:3256}}
Jun 04 15:41:20.929882 np0000002162 devstack@g-api.service[101977]: DEBUG glance.common.config [None req-d7fe2b56-9008-4959-9af0-ca0d0792ac37 None None] paste_deploy.config_file = None {{(pid=101977) log_opt_values /opt/stack/data/venv/lib/python3.12/site-packages/oslo_config/cfg.py:3256}}
Jun 04 15:41:20.930024 np0000002162 devstack@g-api.service[101977]: DEBUG glance.common.config [None req-d7fe2b56-9008-4959-9af0-ca0d0792ac37 None None] paste_deploy.flavor = keystone+cachemanagement {{(pid=101977) log_opt_values /opt/stack/data/venv/lib/python3.12/site-packages/oslo_config/cfg.py:3256}}
Jun 04 15:41:20.930209 np0000002162 devstack@g-api.service[101977]: DEBUG glance.common.config [None req-d7fe2b56-9008-4959-9af0-ca0d0792ac37 None None] image_format.container_formats = ['ami', 'ari', 'aki', 'bare', 'ovf', 'ova', 'docker', 'compressed'] {{(pid=101977) log_opt_values /opt/stack/data/venv/lib/python3.12/site-packages/oslo_config/cfg.py:3256}}
Jun 04 15:41:20.930394 np0000002162 devstack@g-api.service[101977]: DEBUG glance.common.config [None req-d7fe2b56-9008-4959-9af0-ca0d0792ac37 None None] image_format.disk_formats = ['ami', 'ari', 'aki', 'vhd', 'vhdx', 'vmdk', 'raw', 'qcow2', 'vdi', 'iso', 'ploop'] {{(pid=101977) log_opt_values /opt/stack/data/venv/lib/python3.12/site-packages/oslo_config/cfg.py:3256}}
Jun 04 15:41:20.930518 np0000002162 devstack@g-api.service[101977]: DEBUG glance.common.config [None req-d7fe2b56-9008-4959-9af0-ca0d0792ac37 None None] image_format.gpt_safety_checks_nonfatal = [] {{(pid=101977) log_opt_values /opt/stack/data/venv/lib/python3.12/site-packages/oslo_config/cfg.py:3256}}
Jun 04 15:41:20.930663 np0000002162 devstack@g-api.service[101977]: DEBUG glance.common.config [None req-d7fe2b56-9008-4959-9af0-ca0d0792ac37 None None] image_format.require_image_format_match = True {{(pid=101977) log_opt_values /opt/stack/data/venv/lib/python3.12/site-packages/oslo_config/cfg.py:3256}}
Jun 04 15:41:20.930822 np0000002162 devstack@g-api.service[101977]: DEBUG glance.common.config [None req-d7fe2b56-9008-4959-9af0-ca0d0792ac37 None None] image_format.vmdk_allowed_types = ['streamOptimized', 'monolithicSparse'] {{(pid=101977) log_opt_values /opt/stack/data/venv/lib/python3.12/site-packages/oslo_config/cfg.py:3256}}
Jun 04 15:41:20.930957 np0000002162 devstack@g-api.service[101977]: DEBUG glance.common.config [None req-d7fe2b56-9008-4959-9af0-ca0d0792ac37 None None] task.task_executor = taskflow {{(pid=101977) log_opt_values /opt/stack/data/venv/lib/python3.12/site-packages/oslo_config/cfg.py:3256}}
Jun 04 15:41:20.931085 np0000002162 devstack@g-api.service[101977]: DEBUG glance.common.config [None req-d7fe2b56-9008-4959-9af0-ca0d0792ac37 None None] task.task_time_to_live = 48 {{(pid=101977) log_opt_values /opt/stack/data/venv/lib/python3.12/site-packages/oslo_config/cfg.py:3256}}
