Jun 04 15:40:57.584769 np0000002162 nova-scheduler[95612]: DEBUG cotyledon.oslo_config_glue [-] oslo_limit.endpoint_id = None {{(pid=95612) log_opt_values /opt/stack/data/venv/lib/python3.12/site-packages/oslo_config/cfg.py:3256}}
Jun 04 15:40:57.584769 np0000002162 nova-scheduler[95612]: DEBUG cotyledon.oslo_config_glue [-] oslo_limit.endpoint_interface = public {{(pid=95612) log_opt_values /opt/stack/data/venv/lib/python3.12/site-packages/oslo_config/cfg.py:3256}}
Jun 04 15:40:57.584769 np0000002162 nova-scheduler[95612]: DEBUG cotyledon.oslo_config_glue [-] oslo_limit.endpoint_override = None {{(pid=95612) log_opt_values /opt/stack/data/venv/lib/python3.12/site-packages/oslo_config/cfg.py:3256}}
Jun 04 15:40:57.584769 np0000002162 nova-scheduler[95612]: DEBUG cotyledon.oslo_config_glue [-] oslo_limit.endpoint_region_name = None {{(pid=95612) log_opt_values /opt/stack/data/venv/lib/python3.12/site-packages/oslo_config/cfg.py:3256}}
Jun 04 15:40:57.584769 np0000002162 nova-scheduler[95612]: DEBUG cotyledon.oslo_config_glue [-] oslo_limit.endpoint_service_name = None {{(pid=95612) log_opt_values /opt/stack/data/venv/lib/python3.12/site-packages/oslo_config/cfg.py:3256}}
Jun 04 15:40:57.584769 np0000002162 nova-scheduler[95612]: DEBUG cotyledon.oslo_config_glue [-] oslo_limit.endpoint_service_type = None {{(pid=95612) log_opt_values /opt/stack/data/venv/lib/python3.12/site-packages/oslo_config/cfg.py:3256}}
Jun 04 15:40:57.584769 np0000002162 nova-scheduler[95612]: DEBUG cotyledon.oslo_config_glue [-] oslo_limit.insecure = False {{(pid=95612) log_opt_values /opt/stack/data/venv/lib/python3.12/site-packages/oslo_config/cfg.py:3256}}
Jun 04 15:40:57.585217 np0000002162 nova-scheduler[95612]: DEBUG cotyledon.oslo_config_glue [-] oslo_limit.keyfile = None {{(pid=95612) log_opt_values /opt/stack/data/venv/lib/python3.12/site-packages/oslo_config/cfg.py:3256}}
Jun 04 15:40:57.585217 np0000002162 nova-scheduler[95612]: DEBUG cotyledon.oslo_config_glue [-] oslo_limit.max_version = None {{(pid=95612) log_opt_values /opt/stack/data/venv/lib/python3.12/site-packages/oslo_config/cfg.py:3256}}
Jun 04 15:40:57.585217 np0000002162 nova-scheduler[95612]: DEBUG cotyledon.oslo_config_glue [-] oslo_limit.min_version = None {{(pid=95612) log_opt_values /opt/stack/data/venv/lib/python3.12/site-packages/oslo_config/cfg.py:3256}}
Jun 04 15:40:57.585217 np0000002162 nova-scheduler[95612]: DEBUG cotyledon.oslo_config_glue [-] oslo_limit.region_name = None {{(pid=95612) log_opt_values /opt/stack/data/venv/lib/python3.12/site-packages/oslo_config/cfg.py:3256}}
Jun 04 15:40:57.585217 np0000002162 nova-scheduler[95612]: DEBUG cotyledon.oslo_config_glue [-] oslo_limit.retriable_status_codes = None {{(pid=95612) log_opt_values /opt/stack/data/venv/lib/python3.12/site-packages/oslo_config/cfg.py:3256}}
Jun 04 15:40:57.585217 np0000002162 nova-scheduler[95612]: DEBUG cotyledon.oslo_config_glue [-] oslo_limit.service_name = None {{(pid=95612) log_opt_values /opt/stack/data/venv/lib/python3.12/site-packages/oslo_config/cfg.py:3256}}
Jun 04 15:40:57.585217 np0000002162 nova-scheduler[95612]: DEBUG cotyledon.oslo_config_glue [-] oslo_limit.service_type = None {{(pid=95612) log_opt_values /opt/stack/data/venv/lib/python3.12/site-packages/oslo_config/cfg.py:3256}}
Jun 04 15:40:57.585217 np0000002162 nova-scheduler[95612]: DEBUG cotyledon.oslo_config_glue [-] oslo_limit.split_loggers = False {{(pid=95612) log_opt_values /opt/stack/data/venv/lib/python3.12/site-packages/oslo_config/cfg.py:3256}}
Jun 04 15:40:57.585217 np0000002162 nova-scheduler[95612]: DEBUG cotyledon.oslo_config_glue [-] oslo_limit.status_code_retries = None {{(pid=95612) log_opt_values /opt/stack/data/venv/lib/python3.12/site-packages/oslo_config/cfg.py:3256}}
Jun 04 15:40:57.585533 np0000002162 nova-scheduler[95612]: DEBUG cotyledon.oslo_config_glue [-] oslo_limit.status_code_retry_delay = None {{(pid=95612) log_opt_values /opt/stack/data/venv/lib/python3.12/site-packages/oslo_config/cfg.py:3256}}
Jun 04 15:40:57.585533 np0000002162 nova-scheduler[95612]: DEBUG cotyledon.oslo_config_glue [-] oslo_limit.timeout = None {{(pid=95612) log_opt_values /opt/stack/data/venv/lib/python3.12/site-packages/oslo_config/cfg.py:3256}}
Jun 04 15:40:57.585533 np0000002162 nova-scheduler[95612]: DEBUG cotyledon.oslo_config_glue [-] oslo_limit.valid_interfaces = None {{(pid=95612) log_opt_values /opt/stack/data/venv/lib/python3.12/site-packages/oslo_config/cfg.py:3256}}
Jun 04 15:40:57.585654 np0000002162 nova-scheduler[95610]: INFO dbcounter [None req-14df27e4-3f1e-45d6-81e9-fddf92a36b12 None None] Registered counter for database nova_cell0
Jun 04 15:40:57.585720 np0000002162 nova-scheduler[95612]: DEBUG cotyledon.oslo_config_glue [-] oslo_limit.version = None {{(pid=95612) log_opt_values /opt/stack/data/venv/lib/python3.12/site-packages/oslo_config/cfg.py:3256}}
Jun 04 15:40:57.585720 np0000002162 nova-scheduler[95612]: DEBUG cotyledon.oslo_config_glue [-] oslo_reports.file_event_handler = None {{(pid=95612) log_opt_values /opt/stack/data/venv/lib/python3.12/site-packages/oslo_config/cfg.py:3256}}
Jun 04 15:40:57.585720 np0000002162 nova-scheduler[95612]: DEBUG cotyledon.oslo_config_glue [-] oslo_reports.file_event_handler_interval = 1 {{(pid=95612) log_opt_values /opt/stack/data/venv/lib/python3.12/site-packages/oslo_config/cfg.py:3256}}
Jun 04 15:40:57.585720 np0000002162 nova-scheduler[95612]: DEBUG cotyledon.oslo_config_glue [-] oslo_reports.log_dir = None {{(pid=95612) log_opt_values /opt/stack/data/venv/lib/python3.12/site-packages/oslo_config/cfg.py:3256}}
Jun 04 15:40:57.585720 np0000002162 nova-scheduler[95612]: DEBUG cotyledon.oslo_config_glue [-] ******************************************************************************** {{(pid=95612) log_opt_values /opt/stack/data/venv/lib/python3.12/site-packages/oslo_config/cfg.py:3263}}
Jun 04 15:40:57.585720 np0000002162 nova-scheduler[95612]: DEBUG cotyledon._service_worker [-] Run service ServiceWrapper(2) [95612] {{(pid=95612) wait_forever /opt/stack/data/venv/lib/python3.12/site-packages/cotyledon/_service_worker.py:218}}
Jun 04 15:40:57.585720 np0000002162 nova-scheduler[95612]: INFO nova.service [-] Starting scheduler node (version 33.1.0)
Jun 04 15:40:57.585720 np0000002162 nova-scheduler[95612]: INFO dbcounter [None req-5b4e6178-f1c3-4177-8e0a-f4cda971e028 None None] Registered counter for database nova_cell0
Jun 04 15:40:57.585973 np0000002162 nova-scheduler[95608]: DEBUG oslo_db.sqlalchemy.engines [None req-8413760f-a730-47a9-8eba-00519b9a17ec None None] MySQL server mode set to STRICT_TRANS_TABLES,STRICT_ALL_TABLES,NO_ZERO_IN_DATE,NO_ZERO_DATE,ERROR_FOR_DIVISION_BY_ZERO,TRADITIONAL,NO_ENGINE_SUBSTITUTION {{(pid=95608) _check_effective_sql_mode /opt/stack/data/venv/lib/python3.12/site-packages/oslo_db/sqlalchemy/engines.py:325}}
Jun 04 15:40:57.585973 np0000002162 nova-scheduler[95608]: DEBUG dbcounter [-] [95608] Writer thread running {{(pid=95608) stat_writer /opt/stack/data/venv/lib/python3.12/site-packages/dbcounter.py:102}}
Jun 04 15:40:57.594536 np0000002162 nova-scheduler[95608]: DEBUG nova.service [None req-8413760f-a730-47a9-8eba-00519b9a17ec None None] Creating RPC server for service: nova-scheduler on topic: scheduler {{(pid=95608) start /opt/stack/nova/nova/service.py:195}}
Jun 04 15:40:57.604093 np0000002162 nova-scheduler[95610]: DEBUG oslo_db.sqlalchemy.engines [None req-14df27e4-3f1e-45d6-81e9-fddf92a36b12 None None] MySQL server mode set to STRICT_TRANS_TABLES,STRICT_ALL_TABLES,NO_ZERO_IN_DATE,NO_ZERO_DATE,ERROR_FOR_DIVISION_BY_ZERO,TRADITIONAL,NO_ENGINE_SUBSTITUTION {{(pid=95610) _check_effective_sql_mode /opt/stack/data/venv/lib/python3.12/site-packages/oslo_db/sqlalchemy/engines.py:325}}
Jun 04 15:40:57.608704 np0000002162 nova-scheduler[95612]: DEBUG oslo_db.sqlalchemy.engines [None req-5b4e6178-f1c3-4177-8e0a-f4cda971e028 None None] MySQL server mode set to STRICT_TRANS_TABLES,STRICT_ALL_TABLES,NO_ZERO_IN_DATE,NO_ZERO_DATE,ERROR_FOR_DIVISION_BY_ZERO,TRADITIONAL,NO_ENGINE_SUBSTITUTION {{(pid=95612) _check_effective_sql_mode /opt/stack/data/venv/lib/python3.12/site-packages/oslo_db/sqlalchemy/engines.py:325}}
Jun 04 15:40:57.616303 np0000002162 nova-scheduler[95610]: DEBUG dbcounter [-] [95610] Writer thread running {{(pid=95610) stat_writer /opt/stack/data/venv/lib/python3.12/site-packages/dbcounter.py:102}}
Jun 04 15:40:57.618797 np0000002162 nova-scheduler[95612]: DEBUG dbcounter [-] [95612] Writer thread running {{(pid=95612) stat_writer /opt/stack/data/venv/lib/python3.12/site-packages/dbcounter.py:102}}
Jun 04 15:40:57.620397 np0000002162 nova-scheduler[95610]: DEBUG nova.service [None req-14df27e4-3f1e-45d6-81e9-fddf92a36b12 None None] Creating RPC server for service: nova-scheduler on topic: scheduler {{(pid=95610) start /opt/stack/nova/nova/service.py:195}}
Jun 04 15:40:57.623001 np0000002162 nova-scheduler[95612]: DEBUG nova.service [None req-5b4e6178-f1c3-4177-8e0a-f4cda971e028 None None] Creating RPC server for service: nova-scheduler on topic: scheduler {{(pid=95612) start /opt/stack/nova/nova/service.py:195}}
Jun 04 15:40:57.649235 np0000002162 nova-scheduler[95610]: DEBUG nova.service [None req-14df27e4-3f1e-45d6-81e9-fddf92a36b12 None None] Join ServiceGroup membership for this service scheduler {{(pid=95610) start /opt/stack/nova/nova/service.py:221}}
Jun 04 15:40:57.649643 np0000002162 nova-scheduler[95608]: DEBUG nova.service [None req-8413760f-a730-47a9-8eba-00519b9a17ec None None] Join ServiceGroup membership for this service scheduler {{(pid=95608) start /opt/stack/nova/nova/service.py:221}}
Jun 04 15:40:57.649726 np0000002162 nova-scheduler[95610]: DEBUG nova.servicegroup.drivers.db [None req-14df27e4-3f1e-45d6-81e9-fddf92a36b12 None None] DB_Driver: join new ServiceGroup member np0000002162 to the scheduler group, service = {{(pid=95610) join /opt/stack/nova/nova/servicegroup/drivers/db.py:44}}
Jun 04 15:40:57.649810 np0000002162 nova-scheduler[95608]: DEBUG nova.servicegroup.drivers.db [None req-8413760f-a730-47a9-8eba-00519b9a17ec None None] DB_Driver: join new ServiceGroup member np0000002162 to the scheduler group, service = {{(pid=95608) join /opt/stack/nova/nova/servicegroup/drivers/db.py:44}}
Jun 04 15:40:57.654718 np0000002162 nova-scheduler[95612]: DEBUG nova.service [None req-5b4e6178-f1c3-4177-8e0a-f4cda971e028 None None] Join ServiceGroup membership for this service scheduler {{(pid=95612) start /opt/stack/nova/nova/service.py:221}}
Jun 04 15:40:57.654977 np0000002162 nova-scheduler[95612]: DEBUG nova.servicegroup.drivers.db [None req-5b4e6178-f1c3-4177-8e0a-f4cda971e028 None None] DB_Driver: join new ServiceGroup member np0000002162 to the scheduler group, service = {{(pid=95612) join /opt/stack/nova/nova/servicegroup/drivers/db.py:44}}
Jun 04 15:41:02.669307 np0000002162 nova-scheduler[95608]: DEBUG oslo.service.backend._threading.loopingcall [-] Fixed interval looping call 'nova.servicegroup.drivers.db.DbDriver._report_state' sleeping for 119.98 seconds {{(pid=95608) _run_loop /opt/stack/data/venv/lib/python3.12/site-packages/oslo_service/backend/_threading/loopingcall.py:125}}
Jun 04 15:41:02.671106 np0000002162 nova-scheduler[95610]: DEBUG oslo.service.backend._threading.loopingcall [-] Fixed interval looping call 'nova.servicegroup.drivers.db.DbDriver._report_state' sleeping for 119.98 seconds {{(pid=95610) _run_loop /opt/stack/data/venv/lib/python3.12/site-packages/oslo_service/backend/_threading/loopingcall.py:125}}
Jun 04 15:41:02.676135 np0000002162 nova-scheduler[95612]: DEBUG oslo.service.backend._threading.loopingcall [-] Fixed interval looping call 'nova.servicegroup.drivers.db.DbDriver._report_state' sleeping for 119.98 seconds {{(pid=95612) _run_loop /opt/stack/data/venv/lib/python3.12/site-packages/oslo_service/backend/_threading/loopingcall.py:125}}
Jun 04 15:41:06.168078 np0000002162 nova-scheduler[94409]: DEBUG dbcounter [-] [94409] Writing DB stats nova_api:SELECT=3 {{(pid=94409) stat_writer /opt/stack/data/venv/lib/python3.12/site-packages/dbcounter.py:115}}
Jun 04 15:41:06.289849 np0000002162 nova-scheduler[94409]: DEBUG dbcounter [-] [94409] Writing DB stats nova_cell0:SELECT=1 {{(pid=94409) stat_writer /opt/stack/data/venv/lib/python3.12/site-packages/dbcounter.py:115}}
Jun 04 15:41:06.293413 np0000002162 nova-scheduler[94409]: DEBUG dbcounter [-] [94409] Writing DB stats nova_cell1:SELECT=1 {{(pid=94409) stat_writer /opt/stack/data/venv/lib/python3.12/site-packages/dbcounter.py:115}}
Jun 04 15:41:12.661640 np0000002162 nova-scheduler[95608]: DEBUG dbcounter [-] [95608] Writing DB stats nova_cell0:SELECT=4,nova_cell0:INSERT=1,nova_cell0:UPDATE=1 {{(pid=95608) stat_writer /opt/stack/data/venv/lib/python3.12/site-packages/dbcounter.py:115}}
Jun 04 15:41:12.670928 np0000002162 nova-scheduler[95610]: DEBUG dbcounter [-] [95610] Writing DB stats nova_cell0:SELECT=3,nova_cell0:UPDATE=1 {{(pid=95610) stat_writer /opt/stack/data/venv/lib/python3.12/site-packages/dbcounter.py:115}}
Jun 04 15:41:12.673268 np0000002162 nova-scheduler[95612]: DEBUG dbcounter [-] [95612] Writing DB stats nova_cell0:SELECT=3 {{(pid=95612) stat_writer /opt/stack/data/venv/lib/python3.12/site-packages/dbcounter.py:115}}
Jun 04 15:41:33.656882 np0000002162 nova-scheduler[95612]: DEBUG oslo.service.backend._threading.loopingcall [None req-cca3e6c4-d5f0-4f2f-9068-f50a8e50311e None None] Dynamic interval looping call 'nova.service.Service.periodic_tasks' sleeping for 60.00 seconds {{(pid=95612) _run_loop /opt/stack/data/venv/lib/python3.12/site-packages/oslo_service/backend/_threading/loopingcall.py:125}}
Jun 04 15:41:37.655779 np0000002162 nova-scheduler[95610]: DEBUG oslo.service.backend._threading.loopingcall [None req-7a15a6e4-12eb-4435-ac5f-b7f9814af90b None None] Dynamic interval looping call 'nova.service.Service.periodic_tasks' sleeping for 60.00 seconds {{(pid=95610) _run_loop /opt/stack/data/venv/lib/python3.12/site-packages/oslo_service/backend/_threading/loopingcall.py:125}}
Jun 04 15:41:54.652254 np0000002162 nova-scheduler[95608]: DEBUG oslo.service.backend._threading.loopingcall [None req-b7755ca3-1ce5-4cbd-88aa-66a99758d0b7 None None] Dynamic interval looping call 'nova.service.Service.periodic_tasks' sleeping for 60.00 seconds {{(pid=95608) _run_loop /opt/stack/data/venv/lib/python3.12/site-packages/oslo_service/backend/_threading/loopingcall.py:125}}
Jun 04 15:42:33.657339 np0000002162 nova-scheduler[95612]: DEBUG oslo.service.backend._threading.loopingcall [None req-cca3e6c4-d5f0-4f2f-9068-f50a8e50311e None None] Dynamic interval looping call 'nova.service.Service.periodic_tasks' sleeping for 60.00 seconds {{(pid=95612) _run_loop /opt/stack/data/venv/lib/python3.12/site-packages/oslo_service/backend/_threading/loopingcall.py:125}}
Jun 04 15:42:37.656306 np0000002162 nova-scheduler[95610]: DEBUG oslo.service.backend._threading.loopingcall [None req-7a15a6e4-12eb-4435-ac5f-b7f9814af90b None None] Dynamic interval looping call 'nova.service.Service.periodic_tasks' sleeping for 60.00 seconds {{(pid=95610) _run_loop /opt/stack/data/venv/lib/python3.12/site-packages/oslo_service/backend/_threading/loopingcall.py:125}}
Jun 04 15:42:54.652819 np0000002162 nova-scheduler[95608]: DEBUG oslo.service.backend._threading.loopingcall [None req-b7755ca3-1ce5-4cbd-88aa-66a99758d0b7 None None] Dynamic interval looping call 'nova.service.Service.periodic_tasks' sleeping for 60.00 seconds {{(pid=95608) _run_loop /opt/stack/data/venv/lib/python3.12/site-packages/oslo_service/backend/_threading/loopingcall.py:125}}
Jun 04 15:43:02.655439 np0000002162 nova-scheduler[95608]: DEBUG oslo.service.backend._threading.loopingcall [-] Fixed interval looping call 'nova.servicegroup.drivers.db.DbDriver._report_state' sleeping for 119.99 seconds {{(pid=95608) _run_loop /opt/stack/data/venv/lib/python3.12/site-packages/oslo_service/backend/_threading/loopingcall.py:125}}
Jun 04 15:43:02.655957 np0000002162 nova-scheduler[95610]: DEBUG oslo.service.backend._threading.loopingcall [-] Fixed interval looping call 'nova.servicegroup.drivers.db.DbDriver._report_state' sleeping for 120.00 seconds {{(pid=95610) _run_loop /opt/stack/data/venv/lib/python3.12/site-packages/oslo_service/backend/_threading/loopingcall.py:125}}
Jun 04 15:43:02.659622 np0000002162 nova-scheduler[95612]: DEBUG oslo.service.backend._threading.loopingcall [-] Fixed interval looping call 'nova.servicegroup.drivers.db.DbDriver._report_state' sleeping for 120.00 seconds {{(pid=95612) _run_loop /opt/stack/data/venv/lib/python3.12/site-packages/oslo_service/backend/_threading/loopingcall.py:125}}
Jun 04 15:43:12.652563 np0000002162 nova-scheduler[95608]: DEBUG dbcounter [-] [95608] Writing DB stats nova_cell0:SELECT=1,nova_cell0:UPDATE=1 {{(pid=95608) stat_writer /opt/stack/data/venv/lib/python3.12/site-packages/dbcounter.py:115}}
Jun 04 15:43:12.654179 np0000002162 nova-scheduler[95610]: DEBUG dbcounter [-] [95610] Writing DB stats nova_cell0:SELECT=1,nova_cell0:UPDATE=1 {{(pid=95610) stat_writer /opt/stack/data/venv/lib/python3.12/site-packages/dbcounter.py:115}}
Jun 04 15:43:12.658169 np0000002162 nova-scheduler[95612]: DEBUG dbcounter [-] [95612] Writing DB stats nova_cell0:SELECT=1 {{(pid=95612) stat_writer /opt/stack/data/venv/lib/python3.12/site-packages/dbcounter.py:115}}
Jun 04 15:43:33.657931 np0000002162 nova-scheduler[95612]: DEBUG oslo.service.backend._threading.loopingcall [None req-cca3e6c4-d5f0-4f2f-9068-f50a8e50311e None None] Dynamic interval looping call 'nova.service.Service.periodic_tasks' sleeping for 60.00 seconds {{(pid=95612) _run_loop /opt/stack/data/venv/lib/python3.12/site-packages/oslo_service/backend/_threading/loopingcall.py:125}}
Jun 04 15:43:37.657003 np0000002162 nova-scheduler[95610]: DEBUG oslo.service.backend._threading.loopingcall [None req-7a15a6e4-12eb-4435-ac5f-b7f9814af90b None None] Dynamic interval looping call 'nova.service.Service.periodic_tasks' sleeping for 60.00 seconds {{(pid=95610) _run_loop /opt/stack/data/venv/lib/python3.12/site-packages/oslo_service/backend/_threading/loopingcall.py:125}}
Jun 04 15:43:44.841326 np0000002162 nova-scheduler[95610]: DEBUG nova.scheduler.manager [None req-114fc9fc-5661-4340-81f6-69d2481766f3 tempest-DeleteServersTestJSON-1753729568 tempest-DeleteServersTestJSON-1753729568-project-member] Starting to schedule for instances: ['d0d3fc5f-290d-4572-b1bf-06027b8e7a04'] {{(pid=95610) select_destinations /opt/stack/nova/nova/scheduler/manager.py:210}}
Jun 04 15:43:44.843576 np0000002162 nova-scheduler[95610]: DEBUG nova.scheduler.request_filter [None req-114fc9fc-5661-4340-81f6-69d2481766f3 tempest-DeleteServersTestJSON-1753729568 tempest-DeleteServersTestJSON-1753729568-project-member] compute_status_filter request filter added forbidden trait COMPUTE_STATUS_DISABLED {{(pid=95610) compute_status_filter /opt/stack/nova/nova/scheduler/request_filter.py:253}}
Jun 04 15:43:44.843576 np0000002162 nova-scheduler[95610]: DEBUG nova.scheduler.request_filter [None req-114fc9fc-5661-4340-81f6-69d2481766f3 tempest-DeleteServersTestJSON-1753729568 tempest-DeleteServersTestJSON-1753729568-project-member] Request filter 'compute_status_filter' took 0.0 seconds {{(pid=95610) wrapper /opt/stack/nova/nova/scheduler/request_filter.py:46}}
Jun 04 15:43:44.843576 np0000002162 nova-scheduler[95610]: DEBUG nova.scheduler.request_filter [None req-114fc9fc-5661-4340-81f6-69d2481766f3 tempest-DeleteServersTestJSON-1753729568 tempest-DeleteServersTestJSON-1753729568-project-member] Request filter 'accelerators_filter' took 0.0 seconds {{(pid=95610) wrapper /opt/stack/nova/nova/scheduler/request_filter.py:46}}
Jun 04 15:43:44.843576 np0000002162 nova-scheduler[95610]: DEBUG nova.scheduler.request_filter [None req-114fc9fc-5661-4340-81f6-69d2481766f3 tempest-DeleteServersTestJSON-1753729568 tempest-DeleteServersTestJSON-1753729568-project-member] Request filter 'packed_virtqueue_filter' took 0.0 seconds {{(pid=95610) wrapper /opt/stack/nova/nova/scheduler/request_filter.py:46}}
Jun 04 15:43:44.843576 np0000002162 nova-scheduler[95610]: DEBUG nova.scheduler.request_filter [None req-114fc9fc-5661-4340-81f6-69d2481766f3 tempest-DeleteServersTestJSON-1753729568 tempest-DeleteServersTestJSON-1753729568-project-member] Request filter 'remote_managed_ports_filter' took 0.0 seconds {{(pid=95610) wrapper /opt/stack/nova/nova/scheduler/request_filter.py:46}}
Jun 04 15:43:44.843882 np0000002162 nova-scheduler[95610]: DEBUG nova.scheduler.request_filter [None req-114fc9fc-5661-4340-81f6-69d2481766f3 tempest-DeleteServersTestJSON-1753729568 tempest-DeleteServersTestJSON-1753729568-project-member] ephemeral_encryption_filter skipped {{(pid=95610) ephemeral_encryption_filter /opt/stack/nova/nova/scheduler/request_filter.py:426}}
Jun 04 15:43:44.843882 np0000002162 nova-scheduler[95610]: DEBUG nova.scheduler.request_filter [None req-114fc9fc-5661-4340-81f6-69d2481766f3 tempest-DeleteServersTestJSON-1753729568 tempest-DeleteServersTestJSON-1753729568-project-member] virtio_sound_filter skipped {{(pid=95610) virtio_sound_filter /opt/stack/nova/nova/scheduler/request_filter.py:460}}
Jun 04 15:43:44.843882 np0000002162 nova-scheduler[95610]: DEBUG nova.scheduler.request_filter [None req-114fc9fc-5661-4340-81f6-69d2481766f3 tempest-DeleteServersTestJSON-1753729568 tempest-DeleteServersTestJSON-1753729568-project-member] tpm_secret_security_filter skipped {{(pid=95610) tpm_secret_security_filter /opt/stack/nova/nova/scheduler/request_filter.py:477}}
Jun 04 15:43:45.276125 np0000002162 nova-scheduler[95610]: INFO nova.utils [None req-114fc9fc-5661-4340-81f6-69d2481766f3 tempest-DeleteServersTestJSON-1753729568 tempest-DeleteServersTestJSON-1753729568-project-member] The cell worker thread pool ForkProcess-2.cell_worker is initialized
Jun 04 15:43:45.276497 np0000002162 nova-scheduler[95610]: DEBUG oslo_concurrency.lockutils [None req-114fc9fc-5661-4340-81f6-69d2481766f3 tempest-DeleteServersTestJSON-1753729568 tempest-DeleteServersTestJSON-1753729568-project-member] Acquiring lock "48eff4b8-fceb-40f6-bde6-7cb741a38d0c" by "nova.context.set_target_cell..get_or_set_cached_cell_and_set_connections" {{(pid=95610) inner /opt/stack/data/venv/lib/python3.12/site-packages/oslo_concurrency/lockutils.py:511}}
Jun 04 15:43:45.277743 np0000002162 nova-scheduler[95610]: DEBUG oslo_concurrency.lockutils [None req-114fc9fc-5661-4340-81f6-69d2481766f3 tempest-DeleteServersTestJSON-1753729568 tempest-DeleteServersTestJSON-1753729568-project-member] Lock "48eff4b8-fceb-40f6-bde6-7cb741a38d0c" acquired by "nova.context.set_target_cell..get_or_set_cached_cell_and_set_connections" :: waited 0.000s {{(pid=95610) inner /opt/stack/data/venv/lib/python3.12/site-packages/oslo_concurrency/lockutils.py:524}}
Jun 04 15:43:45.278148 np0000002162 nova-scheduler[95610]: DEBUG oslo_concurrency.lockutils [None req-114fc9fc-5661-4340-81f6-69d2481766f3 tempest-DeleteServersTestJSON-1753729568 tempest-DeleteServersTestJSON-1753729568-project-member] Lock "48eff4b8-fceb-40f6-bde6-7cb741a38d0c" "released" by "nova.context.set_target_cell..get_or_set_cached_cell_and_set_connections" :: held 0.001s {{(pid=95610) inner /opt/stack/data/venv/lib/python3.12/site-packages/oslo_concurrency/lockutils.py:543}}
Jun 04 15:43:45.280577 np0000002162 nova-scheduler[95610]: INFO dbcounter [None req-114fc9fc-5661-4340-81f6-69d2481766f3 tempest-DeleteServersTestJSON-1753729568 tempest-DeleteServersTestJSON-1753729568-project-member] Registered counter for database nova_cell1
Jun 04 15:43:45.327313 np0000002162 nova-scheduler[95610]: DEBUG oslo_db.sqlalchemy.engines [None req-114fc9fc-5661-4340-81f6-69d2481766f3 tempest-DeleteServersTestJSON-1753729568 tempest-DeleteServersTestJSON-1753729568-project-member] MySQL server mode set to STRICT_TRANS_TABLES,STRICT_ALL_TABLES,NO_ZERO_IN_DATE,NO_ZERO_DATE,ERROR_FOR_DIVISION_BY_ZERO,TRADITIONAL,NO_ENGINE_SUBSTITUTION {{(pid=95610) _check_effective_sql_mode /opt/stack/data/venv/lib/python3.12/site-packages/oslo_db/sqlalchemy/engines.py:325}}
Jun 04 15:43:45.332518 np0000002162 nova-scheduler[95610]: DEBUG dbcounter [-] [95610] Writer thread running {{(pid=95610) stat_writer /opt/stack/data/venv/lib/python3.12/site-packages/dbcounter.py:102}}
Jun 04 15:43:45.343573 np0000002162 nova-scheduler[95610]: DEBUG oslo_db.sqlalchemy.engines [None req-114fc9fc-5661-4340-81f6-69d2481766f3 tempest-DeleteServersTestJSON-1753729568 tempest-DeleteServersTestJSON-1753729568-project-member] Parent process 94409 forked (95610) with an open database connection, which is being discarded and recreated. {{(pid=95610) checkout /opt/stack/data/venv/lib/python3.12/site-packages/oslo_db/sqlalchemy/engines.py:402}}
Jun 04 15:43:45.396364 np0000002162 nova-scheduler[95610]: DEBUG dbcounter [-] [95610] Writer thread running {{(pid=95610) stat_writer /opt/stack/data/venv/lib/python3.12/site-packages/dbcounter.py:102}}
Jun 04 15:43:45.398832 np0000002162 nova-scheduler[95610]: DEBUG oslo_concurrency.lockutils [None req-114fc9fc-5661-4340-81f6-69d2481766f3 tempest-DeleteServersTestJSON-1753729568 tempest-DeleteServersTestJSON-1753729568-project-member] Acquiring lock "48eff4b8-fceb-40f6-bde6-7cb741a38d0c" by "nova.context.set_target_cell..get_or_set_cached_cell_and_set_connections" {{(pid=95610) inner /opt/stack/data/venv/lib/python3.12/site-packages/oslo_concurrency/lockutils.py:511}}
Jun 04 15:43:45.399295 np0000002162 nova-scheduler[95610]: DEBUG oslo_concurrency.lockutils [None req-114fc9fc-5661-4340-81f6-69d2481766f3 tempest-DeleteServersTestJSON-1753729568 tempest-DeleteServersTestJSON-1753729568-project-member] Lock "48eff4b8-fceb-40f6-bde6-7cb741a38d0c" acquired by "nova.context.set_target_cell..get_or_set_cached_cell_and_set_connections" :: waited 0.000s {{(pid=95610) inner /opt/stack/data/venv/lib/python3.12/site-packages/oslo_concurrency/lockutils.py:524}}
Jun 04 15:43:45.399295 np0000002162 nova-scheduler[95610]: DEBUG oslo_concurrency.lockutils [None req-114fc9fc-5661-4340-81f6-69d2481766f3 tempest-DeleteServersTestJSON-1753729568 tempest-DeleteServersTestJSON-1753729568-project-member] Lock "48eff4b8-fceb-40f6-bde6-7cb741a38d0c" "released" by "nova.context.set_target_cell..get_or_set_cached_cell_and_set_connections" :: held 0.000s {{(pid=95610) inner /opt/stack/data/venv/lib/python3.12/site-packages/oslo_concurrency/lockutils.py:543}}
Jun 04 15:43:45.401747 np0000002162 nova-scheduler[95610]: DEBUG oslo_concurrency.lockutils [None req-114fc9fc-5661-4340-81f6-69d2481766f3 tempest-DeleteServersTestJSON-1753729568 tempest-DeleteServersTestJSON-1753729568-project-member] Acquiring lock "('np0000002162', 'np0000002162')" by "nova.scheduler.host_manager.HostState.update.._locked_update" {{(pid=95610) inner /opt/stack/data/venv/lib/python3.12/site-packages/oslo_concurrency/lockutils.py:511}}
Jun 04 15:43:45.401897 np0000002162 nova-scheduler[95610]: DEBUG oslo_concurrency.lockutils [None req-114fc9fc-5661-4340-81f6-69d2481766f3 tempest-DeleteServersTestJSON-1753729568 tempest-DeleteServersTestJSON-1753729568-project-member] Lock "('np0000002162', 'np0000002162')" acquired by "nova.scheduler.host_manager.HostState.update.._locked_update" :: waited 0.000s {{(pid=95610) inner /opt/stack/data/venv/lib/python3.12/site-packages/oslo_concurrency/lockutils.py:524}}
Jun 04 15:43:45.402736 np0000002162 nova-scheduler[95610]: DEBUG nova.scheduler.host_manager [None req-114fc9fc-5661-4340-81f6-69d2481766f3 tempest-DeleteServersTestJSON-1753729568 tempest-DeleteServersTestJSON-1753729568-project-member] Update host state from compute node: ComputeNode(cpu_allocation_ratio=4.0,cpu_info='{"arch": "x86_64", "model": "EPYC-Milan", "vendor": "AMD", "topology": {"cells": 1, "sockets": 12, "cores": 1, "threads": 1}, "maxphysaddr": {"mode": "emulate", "bits": 40}, "features": ["gds-no", "pku", "xsaveopt", "apic", "xgetbv1", "de", "fsrm", "pni", "abm", "topoext", "pcid", "amd-stibp", "ibpb", "vaes", "osvw", "stibp-always-on", "lm", "invpcid", "virt-ssbd", "umip", "pse", "amd-psfd", "mca", "xsave", "rdrand", "cmp_legacy", "cx8", "sse4.1", "rdseed", "vme", "nrip-save", "pause-filter", "tsc", "arat", "wbnoinvd", "pae", "svm", "lbrv", "vpclmulqdq", "lahf_lm", "pclmuldq", "syscall", "aes", "v-vmsave-vmload", "null-sel-clr-base", "mce", "popcnt", "fsgsbase", "npt", "adx", "spec-ctrl", "sse", "ibrs", "pse36", "mtrr", "cr8legacy", "sse2", "clflushopt", "fpu", "pschange-mc-no", "fxsr_opt", "cmov", "mmx", "hypervisor", "tsc-scale", "arch-capabilities", "nx", "smap", "smep", "pdpe1gb", "bmi1", "avx", "xsaves", "avx2", "fxsr", "sse4.2", "misalignsse", "ssbd", "pge", "sep", "vgif", "movbe", "3dnowprefetch", "rdctl-no", "clwb", "tsc_adjust", "mmxext", "tsc-deadline", "f16c", "erms", "xsavec", "rdtscp", "clflush", "clzero", "fma", "rdpid", "amd-ssbd", "svme-addr-chk", "pfthreshold", "perfctr_core", "sse4a", "vmcb-clean", "xsaveerptr", "mds-no", "x2apic", "skip-l1dfl-vmentry", "cx16", "ssse3", "pat", "msr", "sha-ni", "stibp", "lfence-always-serializing", "bmi2", "no-nested-data-bp", "flushbyasid"]}',created_at=2026-06-04T15:41:23Z,current_workload=0,deleted=False,deleted_at=None,disk_allocation_ratio=1.0,disk_available_least=74,free_disk_gb=95,free_ram_mb=23518,host='np0000002162',host_ip=10.4.3.142,hypervisor_hostname='np0000002162',hypervisor_type='QEMU',hypervisor_version=8002002,id=1,local_gb=95,local_gb_used=0,mapped=1,memory_mb=24030,memory_mb_used=512,metrics='[]',numa_topology='{"nova_object.name": "NUMATopology", "nova_object.namespace": "nova", "nova_object.version": "1.2", "nova_object.data": {"cells": [{"nova_object.name": "NUMACell", "nova_object.namespace": "nova", "nova_object.version": "1.5", "nova_object.data": {"id": 0, "cpuset": [0, 1, 2, 3, 4, 5, 6, 7, 8, 9, 10, 11], "pcpuset": [0, 1, 2, 3, 4, 5, 6, 7, 8, 9, 10, 11], "memory": 24030, "cpu_usage": 0, "memory_usage": 0, "pinned_cpus": [], "siblings": [[6], [2], [5], [11], [8], [4], [1], [7], [10], [0], [3], [9]], "mempages": [{"nova_object.name": "NUMAPagesTopology", "nova_object.namespace": "nova", "nova_object.version": "1.1", "nova_object.data": {"size_kb": 4, "total": 6151796, "used": 0, "reserved": 0}, "nova_object.changes": ["size_kb", "total", "used", "reserved"]}, {"nova_object.name": "NUMAPagesTopology", "nova_object.namespace": "nova", "nova_object.version": "1.1", "nova_object.data": {"size_kb": 2048, "total": 0, "used": 0, "reserved": 0}, "nova_object.changes": ["size_kb", "total", "used", "reserved"]}, {"nova_object.name": "NUMAPagesTopology", "nova_object.namespace": "nova", "nova_object.version": "1.1", "nova_object.data": {"size_kb": 1048576, "total": 0, "used": 0, "reserved": 0}, "nova_object.changes": ["size_kb", "total", "used", "reserved"]}], "network_metadata": {"nova_object.name": "NetworkMetadata", "nova_object.namespace": "nova", "nova_object.version": "1.0", "nova_object.data": {"physnets": [], "tunneled": false}, "nova_object.changes": ["tunneled", "physnets"]}, "socket": null}, "nova_object.changes": ["network_metadata", "memory_usage", "cpu_usage", "mempages", "cpuset", "id", "siblings", "pcpuset", "socket", "pinned_cpus", "memory"]}]}, "nova_object.changes": ["cells"]}',pci_device_pools=PciDevicePoolList,ram_allocation_ratio=1.0,running_vms=0,service_id=3,stats={failed_builds='0',uptime=' 15:43:08 up 27 min, 2 users, load average: 1.48, 1.60, 0.92
Jun 04 15:43:45.402736 np0000002162 nova-scheduler[95610]: '},supported_hv_specs=[HVSpec,HVSpec,HVSpec,HVSpec,HVSpec,HVSpec,HVSpec,HVSpec,HVSpec,HVSpec,HVSpec,HVSpec,HVSpec,HVSpec,HVSpec,HVSpec,HVSpec,HVSpec,HVSpec,HVSpec,HVSpec,HVSpec,HVSpec,HVSpec,HVSpec],updated_at=2026-06-04T15:43:10Z,uuid=cbf42e4b-b028-4980-ac33-bb59846fb112,vcpus=12,vcpus_used=0) {{(pid=95610) _locked_update /opt/stack/nova/nova/scheduler/host_manager.py:168}}
Jun 04 15:43:45.403402 np0000002162 nova-scheduler[95610]: DEBUG nova.scheduler.host_manager [None req-114fc9fc-5661-4340-81f6-69d2481766f3 tempest-DeleteServersTestJSON-1753729568 tempest-DeleteServersTestJSON-1753729568-project-member] Update host state with aggregates: [] {{(pid=95610) _locked_update /opt/stack/nova/nova/scheduler/host_manager.py:171}}
Jun 04 15:43:45.403502 np0000002162 nova-scheduler[95610]: DEBUG nova.scheduler.host_manager [None req-114fc9fc-5661-4340-81f6-69d2481766f3 tempest-DeleteServersTestJSON-1753729568 tempest-DeleteServersTestJSON-1753729568-project-member] Update host state with service dict: {'id': 3, 'uuid': 'd004d5d1-8cb2-48ec-9c67-e5d221b2964b', 'host': 'np0000002162', 'binary': 'nova-compute', 'topic': 'compute', 'report_count': 2, 'disabled': False, 'disabled_reason': None, 'last_seen_up': datetime.datetime(2026, 6, 4, 15, 43, 32, tzinfo=datetime.timezone.utc), 'forced_down': False, 'version': 72, 'created_at': datetime.datetime(2026, 6, 4, 15, 41, 21, tzinfo=datetime.timezone.utc), 'updated_at': datetime.datetime(2026, 6, 4, 15, 43, 32, tzinfo=datetime.timezone.utc), 'deleted_at': None, 'deleted': False} {{(pid=95610) _locked_update /opt/stack/nova/nova/scheduler/host_manager.py:174}}
Jun 04 15:43:45.403593 np0000002162 nova-scheduler[95610]: DEBUG nova.scheduler.host_manager [None req-114fc9fc-5661-4340-81f6-69d2481766f3 tempest-DeleteServersTestJSON-1753729568 tempest-DeleteServersTestJSON-1753729568-project-member] Update host state with instances: [] {{(pid=95610) _locked_update /opt/stack/nova/nova/scheduler/host_manager.py:177}}
Jun 04 15:43:45.403710 np0000002162 nova-scheduler[95610]: DEBUG oslo_concurrency.lockutils [None req-114fc9fc-5661-4340-81f6-69d2481766f3 tempest-DeleteServersTestJSON-1753729568 tempest-DeleteServersTestJSON-1753729568-project-member] Lock "('np0000002162', 'np0000002162')" "released" by "nova.scheduler.host_manager.HostState.update.._locked_update" :: held 0.002s {{(pid=95610) inner /opt/stack/data/venv/lib/python3.12/site-packages/oslo_concurrency/lockutils.py:543}}
Jun 04 15:43:45.404266 np0000002162 nova-scheduler[95610]: DEBUG nova.filters [None req-114fc9fc-5661-4340-81f6-69d2481766f3 tempest-DeleteServersTestJSON-1753729568 tempest-DeleteServersTestJSON-1753729568-project-member] Starting with 1 host(s) {{(pid=95610) get_filtered_objects /opt/stack/nova/nova/filters.py:70}}
Jun 04 15:43:45.404563 np0000002162 nova-scheduler[95610]: DEBUG nova.filters [None req-114fc9fc-5661-4340-81f6-69d2481766f3 tempest-DeleteServersTestJSON-1753729568 tempest-DeleteServersTestJSON-1753729568-project-member] Filter ComputeFilter returned 1 host(s) {{(pid=95610) get_filtered_objects /opt/stack/nova/nova/filters.py:102}}
Jun 04 15:43:45.404781 np0000002162 nova-scheduler[95610]: DEBUG nova.filters [None req-114fc9fc-5661-4340-81f6-69d2481766f3 tempest-DeleteServersTestJSON-1753729568 tempest-DeleteServersTestJSON-1753729568-project-member] Filter ComputeCapabilitiesFilter returned 1 host(s) {{(pid=95610) get_filtered_objects /opt/stack/nova/nova/filters.py:102}}
Jun 04 15:43:45.405000 np0000002162 nova-scheduler[95610]: DEBUG nova.filters [None req-114fc9fc-5661-4340-81f6-69d2481766f3 tempest-DeleteServersTestJSON-1753729568 tempest-DeleteServersTestJSON-1753729568-project-member] Filter ImagePropertiesFilter returned 1 host(s) {{(pid=95610) get_filtered_objects /opt/stack/nova/nova/filters.py:102}}
Jun 04 15:43:45.405133 np0000002162 nova-scheduler[95610]: DEBUG nova.filters [None req-114fc9fc-5661-4340-81f6-69d2481766f3 tempest-DeleteServersTestJSON-1753729568 tempest-DeleteServersTestJSON-1753729568-project-member] Filter ServerGroupAntiAffinityFilter returned 1 host(s) {{(pid=95610) get_filtered_objects /opt/stack/nova/nova/filters.py:102}}
Jun 04 15:43:45.405257 np0000002162 nova-scheduler[95610]: DEBUG nova.filters [None req-114fc9fc-5661-4340-81f6-69d2481766f3 tempest-DeleteServersTestJSON-1753729568 tempest-DeleteServersTestJSON-1753729568-project-member] Filter ServerGroupAffinityFilter returned 1 host(s) {{(pid=95610) get_filtered_objects /opt/stack/nova/nova/filters.py:102}}
Jun 04 15:43:45.405428 np0000002162 nova-scheduler[95610]: DEBUG nova.filters [None req-114fc9fc-5661-4340-81f6-69d2481766f3 tempest-DeleteServersTestJSON-1753729568 tempest-DeleteServersTestJSON-1753729568-project-member] Filter SameHostFilter returned 1 host(s) {{(pid=95610) get_filtered_objects /opt/stack/nova/nova/filters.py:102}}
Jun 04 15:43:45.405557 np0000002162 nova-scheduler[95610]: DEBUG nova.filters [None req-114fc9fc-5661-4340-81f6-69d2481766f3 tempest-DeleteServersTestJSON-1753729568 tempest-DeleteServersTestJSON-1753729568-project-member] Filter DifferentHostFilter returned 1 host(s) {{(pid=95610) get_filtered_objects /opt/stack/nova/nova/filters.py:102}}
Jun 04 15:43:45.405741 np0000002162 nova-scheduler[95610]: DEBUG nova.scheduler.manager [None req-114fc9fc-5661-4340-81f6-69d2481766f3 tempest-DeleteServersTestJSON-1753729568 tempest-DeleteServersTestJSON-1753729568-project-member] Filtered [(np0000002162, np0000002162) ram: 23518MB disk: 75776MB io_ops: 0 instances: 0, allocation_candidates: 1] {{(pid=95610) _get_sorted_hosts /opt/stack/nova/nova/scheduler/manager.py:743}}
Jun 04 15:43:45.405936 np0000002162 nova-scheduler[95610]: DEBUG nova.scheduler.manager [None req-114fc9fc-5661-4340-81f6-69d2481766f3 tempest-DeleteServersTestJSON-1753729568 tempest-DeleteServersTestJSON-1753729568-project-member] Weighed [WeighedHost [host: (np0000002162, np0000002162) ram: 23518MB disk: 75776MB io_ops: 0 instances: 0, allocation_candidates: 1, weight: 0.0]] {{(pid=95610) _get_sorted_hosts /opt/stack/nova/nova/scheduler/manager.py:765}}
Jun 04 15:43:45.406099 np0000002162 nova-scheduler[95610]: DEBUG nova.scheduler.utils [None req-114fc9fc-5661-4340-81f6-69d2481766f3 tempest-DeleteServersTestJSON-1753729568 tempest-DeleteServersTestJSON-1753729568-project-member] Attempting to claim resources in the placement API for instance d0d3fc5f-290d-4572-b1bf-06027b8e7a04 {{(pid=95610) claim_resources /opt/stack/nova/nova/scheduler/utils.py:1345}}
Jun 04 15:43:45.553504 np0000002162 nova-scheduler[95610]: DEBUG nova.scheduler.manager [None req-114fc9fc-5661-4340-81f6-69d2481766f3 tempest-DeleteServersTestJSON-1753729568 tempest-DeleteServersTestJSON-1753729568-project-member] [instance: d0d3fc5f-290d-4572-b1bf-06027b8e7a04] Selected host: (np0000002162, np0000002162) ram: 23518MB disk: 75776MB io_ops: 0 instances: 0, allocation_candidates: 1 {{(pid=95610) _consume_selected_host /opt/stack/nova/nova/scheduler/manager.py:625}}
Jun 04 15:43:45.553817 np0000002162 nova-scheduler[95610]: DEBUG oslo_concurrency.lockutils [None req-114fc9fc-5661-4340-81f6-69d2481766f3 tempest-DeleteServersTestJSON-1753729568 tempest-DeleteServersTestJSON-1753729568-project-member] Acquiring lock "('np0000002162', 'np0000002162')" by "nova.scheduler.host_manager.HostState.consume_from_request.._locked" {{(pid=95610) inner /opt/stack/data/venv/lib/python3.12/site-packages/oslo_concurrency/lockutils.py:511}}
Jun 04 15:43:45.554233 np0000002162 nova-scheduler[95610]: DEBUG oslo_concurrency.lockutils [None req-114fc9fc-5661-4340-81f6-69d2481766f3 tempest-DeleteServersTestJSON-1753729568 tempest-DeleteServersTestJSON-1753729568-project-member] Lock "('np0000002162', 'np0000002162')" acquired by "nova.scheduler.host_manager.HostState.consume_from_request.._locked" :: waited 0.000s {{(pid=95610) inner /opt/stack/data/venv/lib/python3.12/site-packages/oslo_concurrency/lockutils.py:524}}
Jun 04 15:43:45.554233 np0000002162 nova-scheduler[95610]: DEBUG oslo_concurrency.lockutils [None req-114fc9fc-5661-4340-81f6-69d2481766f3 tempest-DeleteServersTestJSON-1753729568 tempest-DeleteServersTestJSON-1753729568-project-member] Lock "('np0000002162', 'np0000002162')" "released" by "nova.scheduler.host_manager.HostState.consume_from_request.._locked" :: held 0.000s {{(pid=95610) inner /opt/stack/data/venv/lib/python3.12/site-packages/oslo_concurrency/lockutils.py:543}}
Jun 04 15:43:50.895061 np0000002162 nova-scheduler[95608]: DEBUG nova.scheduler.manager [None req-0e4df851-516b-4425-b003-53493e1667df tempest-ServerStableDeviceRescueTest-16300673 tempest-ServerStableDeviceRescueTest-16300673-project-member] Starting to schedule for instances: ['94c36a16-96d9-4a65-8e86-2973b4c06b92'] {{(pid=95608) select_destinations /opt/stack/nova/nova/scheduler/manager.py:210}}
Jun 04 15:43:50.895488 np0000002162 nova-scheduler[95608]: DEBUG nova.scheduler.request_filter [None req-0e4df851-516b-4425-b003-53493e1667df tempest-ServerStableDeviceRescueTest-16300673 tempest-ServerStableDeviceRescueTest-16300673-project-member] compute_status_filter request filter added forbidden trait COMPUTE_STATUS_DISABLED {{(pid=95608) compute_status_filter /opt/stack/nova/nova/scheduler/request_filter.py:253}}
Jun 04 15:43:50.895588 np0000002162 nova-scheduler[95608]: DEBUG nova.scheduler.request_filter [None req-0e4df851-516b-4425-b003-53493e1667df tempest-ServerStableDeviceRescueTest-16300673 tempest-ServerStableDeviceRescueTest-16300673-project-member] Request filter 'compute_status_filter' took 0.0 seconds {{(pid=95608) wrapper /opt/stack/nova/nova/scheduler/request_filter.py:46}}
Jun 04 15:43:50.895838 np0000002162 nova-scheduler[95608]: DEBUG nova.scheduler.request_filter [None req-0e4df851-516b-4425-b003-53493e1667df tempest-ServerStableDeviceRescueTest-16300673 tempest-ServerStableDeviceRescueTest-16300673-project-member] Request filter 'accelerators_filter' took 0.0 seconds {{(pid=95608) wrapper /opt/stack/nova/nova/scheduler/request_filter.py:46}}
Jun 04 15:43:50.896003 np0000002162 nova-scheduler[95608]: DEBUG nova.scheduler.request_filter [None req-0e4df851-516b-4425-b003-53493e1667df tempest-ServerStableDeviceRescueTest-16300673 tempest-ServerStableDeviceRescueTest-16300673-project-member] Request filter 'packed_virtqueue_filter' took 0.0 seconds {{(pid=95608) wrapper /opt/stack/nova/nova/scheduler/request_filter.py:46}}
Jun 04 15:43:50.896282 np0000002162 nova-scheduler[95608]: DEBUG nova.scheduler.request_filter [None req-0e4df851-516b-4425-b003-53493e1667df tempest-ServerStableDeviceRescueTest-16300673 tempest-ServerStableDeviceRescueTest-16300673-project-member] Request filter 'remote_managed_ports_filter' took 0.0 seconds {{(pid=95608) wrapper /opt/stack/nova/nova/scheduler/request_filter.py:46}}
Jun 04 15:43:50.896464 np0000002162 nova-scheduler[95608]: DEBUG nova.scheduler.request_filter [None req-0e4df851-516b-4425-b003-53493e1667df tempest-ServerStableDeviceRescueTest-16300673 tempest-ServerStableDeviceRescueTest-16300673-project-member] ephemeral_encryption_filter skipped {{(pid=95608) ephemeral_encryption_filter /opt/stack/nova/nova/scheduler/request_filter.py:426}}
Jun 04 15:43:50.896856 np0000002162 nova-scheduler[95608]: DEBUG nova.scheduler.request_filter [None req-0e4df851-516b-4425-b003-53493e1667df tempest-ServerStableDeviceRescueTest-16300673 tempest-ServerStableDeviceRescueTest-16300673-project-member] virtio_sound_filter skipped {{(pid=95608) virtio_sound_filter /opt/stack/nova/nova/scheduler/request_filter.py:460}}
Jun 04 15:43:50.897072 np0000002162 nova-scheduler[95608]: DEBUG nova.scheduler.request_filter [None req-0e4df851-516b-4425-b003-53493e1667df tempest-ServerStableDeviceRescueTest-16300673 tempest-ServerStableDeviceRescueTest-16300673-project-member] tpm_secret_security_filter skipped {{(pid=95608) tpm_secret_security_filter /opt/stack/nova/nova/scheduler/request_filter.py:477}}
Jun 04 15:43:51.008273 np0000002162 nova-scheduler[95608]: INFO nova.utils [None req-0e4df851-516b-4425-b003-53493e1667df tempest-ServerStableDeviceRescueTest-16300673 tempest-ServerStableDeviceRescueTest-16300673-project-member] The cell worker thread pool ForkProcess-1.cell_worker is initialized
Jun 04 15:43:51.008273 np0000002162 nova-scheduler[95608]: DEBUG oslo_concurrency.lockutils [None req-0e4df851-516b-4425-b003-53493e1667df tempest-ServerStableDeviceRescueTest-16300673 tempest-ServerStableDeviceRescueTest-16300673-project-member] Acquiring lock "48eff4b8-fceb-40f6-bde6-7cb741a38d0c" by "nova.context.set_target_cell..get_or_set_cached_cell_and_set_connections" {{(pid=95608) inner /opt/stack/data/venv/lib/python3.12/site-packages/oslo_concurrency/lockutils.py:511}}
Jun 04 15:43:51.008273 np0000002162 nova-scheduler[95608]: DEBUG oslo_concurrency.lockutils [None req-0e4df851-516b-4425-b003-53493e1667df tempest-ServerStableDeviceRescueTest-16300673 tempest-ServerStableDeviceRescueTest-16300673-project-member] Lock "48eff4b8-fceb-40f6-bde6-7cb741a38d0c" acquired by "nova.context.set_target_cell..get_or_set_cached_cell_and_set_connections" :: waited 0.000s {{(pid=95608) inner /opt/stack/data/venv/lib/python3.12/site-packages/oslo_concurrency/lockutils.py:524}}
Jun 04 15:43:51.009717 np0000002162 nova-scheduler[95608]: DEBUG oslo_concurrency.lockutils [None req-0e4df851-516b-4425-b003-53493e1667df tempest-ServerStableDeviceRescueTest-16300673 tempest-ServerStableDeviceRescueTest-16300673-project-member] Lock "48eff4b8-fceb-40f6-bde6-7cb741a38d0c" "released" by "nova.context.set_target_cell..get_or_set_cached_cell_and_set_connections" :: held 0.002s {{(pid=95608) inner /opt/stack/data/venv/lib/python3.12/site-packages/oslo_concurrency/lockutils.py:543}}
Jun 04 15:43:51.011391 np0000002162 nova-scheduler[95608]: INFO dbcounter [None req-0e4df851-516b-4425-b003-53493e1667df tempest-ServerStableDeviceRescueTest-16300673 tempest-ServerStableDeviceRescueTest-16300673-project-member] Registered counter for database nova_cell1
Jun 04 15:43:51.050755 np0000002162 nova-scheduler[95608]: DEBUG oslo_db.sqlalchemy.engines [None req-0e4df851-516b-4425-b003-53493e1667df tempest-ServerStableDeviceRescueTest-16300673 tempest-ServerStableDeviceRescueTest-16300673-project-member] MySQL server mode set to STRICT_TRANS_TABLES,STRICT_ALL_TABLES,NO_ZERO_IN_DATE,NO_ZERO_DATE,ERROR_FOR_DIVISION_BY_ZERO,TRADITIONAL,NO_ENGINE_SUBSTITUTION {{(pid=95608) _check_effective_sql_mode /opt/stack/data/venv/lib/python3.12/site-packages/oslo_db/sqlalchemy/engines.py:325}}
Jun 04 15:43:51.058755 np0000002162 nova-scheduler[95608]: DEBUG dbcounter [-] [95608] Writer thread running {{(pid=95608) stat_writer /opt/stack/data/venv/lib/python3.12/site-packages/dbcounter.py:102}}
Jun 04 15:43:51.117941 np0000002162 nova-scheduler[95608]: DEBUG dbcounter [-] [95608] Writer thread running {{(pid=95608) stat_writer /opt/stack/data/venv/lib/python3.12/site-packages/dbcounter.py:102}}
Jun 04 15:43:51.121002 np0000002162 nova-scheduler[95608]: DEBUG oslo_concurrency.lockutils [None req-0e4df851-516b-4425-b003-53493e1667df tempest-ServerStableDeviceRescueTest-16300673 tempest-ServerStableDeviceRescueTest-16300673-project-member] Acquiring lock "48eff4b8-fceb-40f6-bde6-7cb741a38d0c" by "nova.context.set_target_cell..get_or_set_cached_cell_and_set_connections" {{(pid=95608) inner /opt/stack/data/venv/lib/python3.12/site-packages/oslo_concurrency/lockutils.py:511}}
Jun 04 15:43:51.121165 np0000002162 nova-scheduler[95608]: DEBUG oslo_concurrency.lockutils [None req-0e4df851-516b-4425-b003-53493e1667df tempest-ServerStableDeviceRescueTest-16300673 tempest-ServerStableDeviceRescueTest-16300673-project-member] Lock "48eff4b8-fceb-40f6-bde6-7cb741a38d0c" acquired by "nova.context.set_target_cell..get_or_set_cached_cell_and_set_connections" :: waited 0.000s {{(pid=95608) inner /opt/stack/data/venv/lib/python3.12/site-packages/oslo_concurrency/lockutils.py:524}}
Jun 04 15:43:51.121287 np0000002162 nova-scheduler[95608]: DEBUG oslo_concurrency.lockutils [None req-0e4df851-516b-4425-b003-53493e1667df tempest-ServerStableDeviceRescueTest-16300673 tempest-ServerStableDeviceRescueTest-16300673-project-member] Lock "48eff4b8-fceb-40f6-bde6-7cb741a38d0c" "released" by "nova.context.set_target_cell..get_or_set_cached_cell_and_set_connections" :: held 0.000s {{(pid=95608) inner /opt/stack/data/venv/lib/python3.12/site-packages/oslo_concurrency/lockutils.py:543}}
Jun 04 15:43:51.124386 np0000002162 nova-scheduler[95608]: DEBUG oslo_concurrency.lockutils [None req-0e4df851-516b-4425-b003-53493e1667df tempest-ServerStableDeviceRescueTest-16300673 tempest-ServerStableDeviceRescueTest-16300673-project-member] Acquiring lock "('np0000002162', 'np0000002162')" by "nova.scheduler.host_manager.HostState.update.._locked_update" {{(pid=95608) inner /opt/stack/data/venv/lib/python3.12/site-packages/oslo_concurrency/lockutils.py:511}}
Jun 04 15:43:51.124550 np0000002162 nova-scheduler[95608]: DEBUG oslo_concurrency.lockutils [None req-0e4df851-516b-4425-b003-53493e1667df tempest-ServerStableDeviceRescueTest-16300673 tempest-ServerStableDeviceRescueTest-16300673-project-member] Lock "('np0000002162', 'np0000002162')" acquired by "nova.scheduler.host_manager.HostState.update.._locked_update" :: waited 0.000s {{(pid=95608) inner /opt/stack/data/venv/lib/python3.12/site-packages/oslo_concurrency/lockutils.py:524}}
