Aug 17 20:38:33.386842 np0000007586 devstack@neutron-api.service[87583]: DEBUG ovsdbapp.backend.ovs_idl [None req-5dc61e2f-b5b4-49f4-9117-8806d3e21f8b None None] Created schema index Datapath_Binding.tunnel_key {{(pid=87583) autocreate_indices /opt/stack/data/venv/lib/python3.12/site-packages/ovsdbapp/backend/ovs_idl/__init__.py:106}}
Aug 17 20:38:33.387081 np0000007586 devstack@neutron-api.service[87585]: DEBUG neutron.plugins.ml2.drivers.ovn.mech_driver.ovsdb.ovsdb_monitor [None req-04e509d1-cc01-4899-b898-e0baf9562639 None None] Hash Ring: Node 73a12443dd5c571786fda22af1598050 (host: np0000007586) handling event "create" for row c7078350-3701-47a2-98be-aa665b2e7036 (table: ACL) {{(pid=87585) notify /opt/stack/neutron/neutron/plugins/ml2/drivers/ovn/mech_driver/ovsdb/ovsdb_monitor.py:1099}}
Aug 17 20:38:33.387200 np0000007586 devstack@neutron-api.service[87585]: DEBUG neutron.plugins.ml2.drivers.ovn.mech_driver.ovsdb.ovsdb_monitor [None req-04e509d1-cc01-4899-b898-e0baf9562639 None None] Hash Ring: Node 73a12443dd5c571786fda22af1598050 (host: np0000007586) handling event "create" for row ada59de8-410c-4065-8779-c37bebb00dc6 (table: Port_Group) {{(pid=87585) notify /opt/stack/neutron/neutron/plugins/ml2/drivers/ovn/mech_driver/ovsdb/ovsdb_monitor.py:1099}}
Aug 17 20:38:33.387343 np0000007586 devstack@neutron-api.service[87585]: DEBUG neutron.plugins.ml2.drivers.ovn.mech_driver.ovsdb.ovsdb_monitor [None req-04e509d1-cc01-4899-b898-e0baf9562639 None None] Hash Ring: Node 73a12443dd5c571786fda22af1598050 (host: np0000007586) handling event "create" for row f8637ce7-8605-44d5-87c1-43e84ec0194d (table: Port_Group) {{(pid=87585) notify /opt/stack/neutron/neutron/plugins/ml2/drivers/ovn/mech_driver/ovsdb/ovsdb_monitor.py:1099}}
Aug 17 20:38:33.388295 np0000007586 devstack@neutron-api.service[87585]: INFO neutron.plugins.ml2.drivers.ovn.mech_driver.ovsdb.impl_idl_ovn [None req-04e509d1-cc01-4899-b898-e0baf9562639 None None] Getting OvsdbSbOvnIdl for WorkerService with retry
Aug 17 20:38:33.388849 np0000007586 devstack@neutron-api.service[87583]: INFO ovsdbapp.backend.ovs_idl.vlog [None req-5dc61e2f-b5b4-49f4-9117-8806d3e21f8b None None] ssl:10.4.3.140:6642: connecting...
Aug 17 20:38:33.392787 np0000007586 devstack@neutron-api.service[87583]: INFO ovsdbapp.backend.ovs_idl.vlog [None req-5dc61e2f-b5b4-49f4-9117-8806d3e21f8b None None] ssl:10.4.3.140:6642: connected
Aug 17 20:38:33.411758 np0000007586 devstack@neutron-api.service[87585]: DEBUG ovsdbapp.backend.ovs_idl [None req-04e509d1-cc01-4899-b898-e0baf9562639 None None] Created lookup_table index Chassis.name {{(pid=87585) autocreate_indices /opt/stack/data/venv/lib/python3.12/site-packages/ovsdbapp/backend/ovs_idl/__init__.py:87}}
Aug 17 20:38:33.411758 np0000007586 devstack@neutron-api.service[87585]: DEBUG ovsdbapp.backend.ovs_idl [None req-04e509d1-cc01-4899-b898-e0baf9562639 None None] Created lookup_table index Port_Binding.logical_port {{(pid=87585) autocreate_indices /opt/stack/data/venv/lib/python3.12/site-packages/ovsdbapp/backend/ovs_idl/__init__.py:87}}
Aug 17 20:38:33.411758 np0000007586 devstack@neutron-api.service[87585]: DEBUG ovsdbapp.backend.ovs_idl [None req-04e509d1-cc01-4899-b898-e0baf9562639 None None] Created schema index Chassis_Private.name {{(pid=87585) autocreate_indices /opt/stack/data/venv/lib/python3.12/site-packages/ovsdbapp/backend/ovs_idl/__init__.py:106}}
Aug 17 20:38:33.411758 np0000007586 devstack@neutron-api.service[87585]: DEBUG ovsdbapp.backend.ovs_idl [None req-04e509d1-cc01-4899-b898-e0baf9562639 None None] Created schema index Datapath_Binding.tunnel_key {{(pid=87585) autocreate_indices /opt/stack/data/venv/lib/python3.12/site-packages/ovsdbapp/backend/ovs_idl/__init__.py:106}}
Aug 17 20:38:33.414001 np0000007586 devstack@neutron-api.service[87585]: INFO ovsdbapp.backend.ovs_idl.vlog [None req-04e509d1-cc01-4899-b898-e0baf9562639 None None] ssl:10.4.3.140:6642: connecting...
Aug 17 20:38:33.415618 np0000007586 devstack@neutron-api.service[87583]: DEBUG neutron.common.ovn.hash_ring_manager [None req-5dc61e2f-b5b4-49f4-9117-8806d3e21f8b None None] Allow caching, nodes 3>=3 {{(pid=87583) _wait_startup_before_caching /opt/stack/neutron/neutron/common/ovn/hash_ring_manager.py:71}}
Aug 17 20:38:33.419125 np0000007586 devstack@neutron-api.service[87585]: INFO ovsdbapp.backend.ovs_idl.vlog [None req-04e509d1-cc01-4899-b898-e0baf9562639 None None] ssl:10.4.3.140:6642: connected
Aug 17 20:38:33.419970 np0000007586 devstack@neutron-api.service[87583]: DEBUG neutron.common.ovn.hash_ring_manager [None req-5dc61e2f-b5b4-49f4-9117-8806d3e21f8b None None] Hash Ring loaded. 3 active nodes. 0 offline nodes {{(pid=87583) _load_hash_ring /opt/stack/neutron/neutron/common/ovn/hash_ring_manager.py:110}}
Aug 17 20:38:33.420062 np0000007586 devstack@neutron-api.service[87583]: DEBUG neutron.plugins.ml2.drivers.ovn.mech_driver.ovsdb.ovsdb_monitor [None req-5dc61e2f-b5b4-49f4-9117-8806d3e21f8b None None] Hash Ring: Node eec8100b45b351d3b542ae5a20bc0a8b (host: np0000007586) handling event "create" for row 8783ac0e-8d68-4c64-acc7-14dc39a098f1 (table: Chassis) {{(pid=87583) notify /opt/stack/neutron/neutron/plugins/ml2/drivers/ovn/mech_driver/ovsdb/ovsdb_monitor.py:1099}}
Aug 17 20:38:33.420811 np0000007586 devstack@neutron-api.service[87583]: DEBUG ovsdbapp.backend.ovs_idl.event [None req-5dc61e2f-b5b4-49f4-9117-8806d3e21f8b None None] Matched CREATE: ChassisBandwidthConfigEvent(events=('create', 'update'), table='Chassis', conditions=None, old_conditions=None), priority=20 to row=Chassis(uuid=8783ac0e-8d68-4c64-acc7-14dc39a098f1, encaps=[2f62cf41-3d5a-467e-ba85-e5bd00d6701a], external_ids={}, hostname='np0000007586', name='8f37e955-95c8-46ab-9afb-cd068ab379ff', nb_cfg=0, other_config={'ct-commit-nat-v2': 'true', 'ct-commit-to-zone': 'true', 'ct-next-zone': 'true', 'ct-no-masked-label': 'true', 'ct-state-save': 'true', 'datapath-type': 'system', 'fdb-timestamp': 'true', 'iface-types': 'afxdp,afxdp-nonpmd,bareudp,erspan,geneve,gre,gtpu,internal,ip6erspan,ip6gre,lisp,patch,srv6,stt,system,tap,vxlan', 'is-interconn': 'false', 'ls-dpg-column': 'true', 'mac-binding-timestamp': 'true', 'ovn-bridge-mappings': 'public:br-ex', 'ovn-chassis-mac-mappings': '', 'ovn-cms-options': 'enable-chassis-as-gw', 'ovn-ct-lb-related': 'true', 'ovn-enable-lflow-cache': 'true', 'ovn-limit-lflow-cache': '', 'ovn-memlimit-lflow-cache-kb': '', 'ovn-monitor-all': 'false', 'ovn-trim-limit-lflow-cache': '', 'ovn-trim-timeout-ms': '', 'ovn-trim-wmark-perc-lflow-cache': '', 'port-up-notif': 'true'}, transport_zones=[], vtep_logical_switches=[]) old= {{(pid=87583) matches /opt/stack/data/venv/lib/python3.12/site-packages/ovsdbapp/backend/ovs_idl/event.py:55}}
Aug 17 20:38:33.421419 np0000007586 devstack@neutron-api.service[87583]: DEBUG ovsdbapp.backend.ovs_idl.event [None req-5dc61e2f-b5b4-49f4-9117-8806d3e21f8b None None] Matched CREATE: ChassisAgentWriteEvent(events=('create', 'update'), table='Chassis_Private', conditions=None, old_conditions=None), priority=20 to row=Chassis_Private(uuid=6e5178b7-f312-4f5f-9dae-099245008994, chassis=8783ac0e-8d68-4c64-acc7-14dc39a098f1, external_ids={'neutron:ovn-bridge': 'br-int', 'neutron:ovn-neutron-agent-id': 'e475709f-fb9d-5942-a647-ee1e7e86e42c', 'neutron:ovn-neutron-agent-sb-cfg': '0'}, name='8f37e955-95c8-46ab-9afb-cd068ab379ff', nb_cfg=0, nb_cfg_timestamp=0) old= {{(pid=87583) matches /opt/stack/data/venv/lib/python3.12/site-packages/ovsdbapp/backend/ovs_idl/event.py:55}}
Aug 17 20:38:33.421773 np0000007586 devstack@neutron-api.service[87583]: DEBUG ovsdbapp.backend.ovs_idl.event [None req-5dc61e2f-b5b4-49f4-9117-8806d3e21f8b None None] Matched CREATE: ChassisOVNAgentWriteEvent(events=('create', 'update'), table='Chassis_Private', conditions=None, old_conditions=None), priority=20 to row=Chassis_Private(uuid=6e5178b7-f312-4f5f-9dae-099245008994, chassis=8783ac0e-8d68-4c64-acc7-14dc39a098f1, external_ids={'neutron:ovn-bridge': 'br-int', 'neutron:ovn-neutron-agent-id': 'e475709f-fb9d-5942-a647-ee1e7e86e42c', 'neutron:ovn-neutron-agent-sb-cfg': '0'}, name='8f37e955-95c8-46ab-9afb-cd068ab379ff', nb_cfg=0, nb_cfg_timestamp=0) old= {{(pid=87583) matches /opt/stack/data/venv/lib/python3.12/site-packages/ovsdbapp/backend/ovs_idl/event.py:55}}
Aug 17 20:38:33.422100 np0000007586 devstack@neutron-api.service[87583]: DEBUG neutron.plugins.ml2.drivers.ovn.mech_driver.ovsdb.ovsdb_monitor [None req-5dc61e2f-b5b4-49f4-9117-8806d3e21f8b None None] Hash Ring: Node eec8100b45b351d3b542ae5a20bc0a8b (host: np0000007586) handling event "create" for row 6e5178b7-f312-4f5f-9dae-099245008994 (table: Chassis_Private) {{(pid=87583) notify /opt/stack/neutron/neutron/plugins/ml2/drivers/ovn/mech_driver/ovsdb/ovsdb_monitor.py:1099}}
Aug 17 20:38:33.422261 np0000007586 devstack@neutron-api.service[87583]: DEBUG neutron.plugins.ml2.drivers.ovn.mech_driver.ovsdb.ovsdb_monitor [None req-5dc61e2f-b5b4-49f4-9117-8806d3e21f8b None None] Hash Ring: Node eec8100b45b351d3b542ae5a20bc0a8b (host: np0000007586) handling event "create" for row 2f62cf41-3d5a-467e-ba85-e5bd00d6701a (table: Encap) {{(pid=87583) notify /opt/stack/neutron/neutron/plugins/ml2/drivers/ovn/mech_driver/ovsdb/ovsdb_monitor.py:1099}}
Aug 17 20:38:33.423298 np0000007586 devstack@neutron-api.service[87583]: INFO neutron.plugins.ml2.drivers.ovn.mech_driver.mech_driver [None req-5dc61e2f-b5b4-49f4-9117-8806d3e21f8b None None] WorkerService process has finished the post initialization
Aug 17 20:38:33.423560 np0000007586 devstack@neutron-api.service[87583]: DEBUG oslo_concurrency.processutils [None req-5dc61e2f-b5b4-49f4-9117-8806d3e21f8b None None] Running cmd (subprocess): ovsdb-client transact ssl:10.4.3.140:6641 --timeout 180 -p /opt/stack/data/CA/int-ca/private/devstack-cert.key -c /opt/stack/data/CA/int-ca/devstack-cert.crt -C /opt/stack/data/CA/int-ca/ca-chain.pem ["OVN_Northbound", {"op": "wait", "timeout": 0, "table": "Port_Group", "where": [["name", "==", "pvlan_pg_drop"]], "until": "==", "rows": []}, {"op": "insert", "table": "ACL", "row": {"action": "drop", "direction": "to-lport", "match": "outport == @pvlan_pg_drop && ip", "priority": 1010}, "uuid-name": "pvlandroptoport"}, {"op": "insert", "table": "ACL", "row": {"action": "drop", "direction": "from-lport", "match": "inport == @pvlan_pg_drop && ip", "priority": 1010}, "uuid-name": "pvlandropfromport"}, {"op": "insert", "table": "Port_Group", "row": {"name": "pvlan_pg_drop", "acls": ["set", [["named-uuid", "pvlandroptoport"], ["named-uuid", "pvlandropfromport"]]]}}] {{(pid=87583) execute /opt/stack/data/venv/lib/python3.12/site-packages/oslo_concurrency/processutils.py:440}}
Aug 17 20:38:33.429900 np0000007586 devstack@neutron-api.service[87583]: INFO neutron.plugins.ml2.drivers.ovn.mech_driver.ovsdb.extensions.qos [-] Starting OVNClientQosExtension
Aug 17 20:38:33.430239 np0000007586 devstack@neutron-api.service[87583]: INFO neutron.plugins.ml2.drivers.ovn.mech_driver.ovsdb.extensions.placement [-] Starting OVNClientPlacementExtension
Aug 17 20:38:33.441929 np0000007586 devstack@neutron-api.service[87585]: DEBUG neutron.common.ovn.hash_ring_manager [None req-04e509d1-cc01-4899-b898-e0baf9562639 None None] Allow caching, nodes 3>=3 {{(pid=87585) _wait_startup_before_caching /opt/stack/neutron/neutron/common/ovn/hash_ring_manager.py:71}}
Aug 17 20:38:33.445460 np0000007586 devstack@neutron-api.service[87585]: DEBUG neutron.common.ovn.hash_ring_manager [None req-04e509d1-cc01-4899-b898-e0baf9562639 None None] Hash Ring loaded. 3 active nodes. 0 offline nodes {{(pid=87585) _load_hash_ring /opt/stack/neutron/neutron/common/ovn/hash_ring_manager.py:110}}
Aug 17 20:38:33.445922 np0000007586 devstack@neutron-api.service[87585]: DEBUG ovsdbapp.backend.ovs_idl.event [None req-04e509d1-cc01-4899-b898-e0baf9562639 None None] Matched CREATE: ChassisAgentWriteEvent(events=('create', 'update'), table='Chassis_Private', conditions=None, old_conditions=None), priority=20 to row=Chassis_Private(uuid=6e5178b7-f312-4f5f-9dae-099245008994, chassis=8783ac0e-8d68-4c64-acc7-14dc39a098f1, external_ids={'neutron:ovn-bridge': 'br-int', 'neutron:ovn-neutron-agent-id': 'e475709f-fb9d-5942-a647-ee1e7e86e42c', 'neutron:ovn-neutron-agent-sb-cfg': '0'}, name='8f37e955-95c8-46ab-9afb-cd068ab379ff', nb_cfg=0, nb_cfg_timestamp=0) old= {{(pid=87585) matches /opt/stack/data/venv/lib/python3.12/site-packages/ovsdbapp/backend/ovs_idl/event.py:55}}
Aug 17 20:38:33.446267 np0000007586 devstack@neutron-api.service[87585]: DEBUG ovsdbapp.backend.ovs_idl.event [None req-04e509d1-cc01-4899-b898-e0baf9562639 None None] Matched CREATE: ChassisOVNAgentWriteEvent(events=('create', 'update'), table='Chassis_Private', conditions=None, old_conditions=None), priority=20 to row=Chassis_Private(uuid=6e5178b7-f312-4f5f-9dae-099245008994, chassis=8783ac0e-8d68-4c64-acc7-14dc39a098f1, external_ids={'neutron:ovn-bridge': 'br-int', 'neutron:ovn-neutron-agent-id': 'e475709f-fb9d-5942-a647-ee1e7e86e42c', 'neutron:ovn-neutron-agent-sb-cfg': '0'}, name='8f37e955-95c8-46ab-9afb-cd068ab379ff', nb_cfg=0, nb_cfg_timestamp=0) old= {{(pid=87585) matches /opt/stack/data/venv/lib/python3.12/site-packages/ovsdbapp/backend/ovs_idl/event.py:55}}
Aug 17 20:38:33.448138 np0000007586 devstack@neutron-api.service[87585]: INFO neutron.plugins.ml2.drivers.ovn.mech_driver.mech_driver [None req-04e509d1-cc01-4899-b898-e0baf9562639 None None] WorkerService process has finished the post initialization
Aug 17 20:38:33.448441 np0000007586 devstack@neutron-api.service[87585]: DEBUG oslo_concurrency.processutils [None req-04e509d1-cc01-4899-b898-e0baf9562639 None None] Running cmd (subprocess): ovsdb-client transact ssl:10.4.3.140:6641 --timeout 180 -p /opt/stack/data/CA/int-ca/private/devstack-cert.key -c /opt/stack/data/CA/int-ca/devstack-cert.crt -C /opt/stack/data/CA/int-ca/ca-chain.pem ["OVN_Northbound", {"op": "wait", "timeout": 0, "table": "Port_Group", "where": [["name", "==", "pvlan_pg_drop"]], "until": "==", "rows": []}, {"op": "insert", "table": "ACL", "row": {"action": "drop", "direction": "to-lport", "match": "outport == @pvlan_pg_drop && ip", "priority": 1010}, "uuid-name": "pvlandroptoport"}, {"op": "insert", "table": "ACL", "row": {"action": "drop", "direction": "from-lport", "match": "inport == @pvlan_pg_drop && ip", "priority": 1010}, "uuid-name": "pvlandropfromport"}, {"op": "insert", "table": "Port_Group", "row": {"name": "pvlan_pg_drop", "acls": ["set", [["named-uuid", "pvlandroptoport"], ["named-uuid", "pvlandropfromport"]]]}}] {{(pid=87585) execute /opt/stack/data/venv/lib/python3.12/site-packages/oslo_concurrency/processutils.py:440}}
Aug 17 20:38:33.452215 np0000007586 devstack@neutron-api.service[87583]: DEBUG oslo_concurrency.processutils [None req-5dc61e2f-b5b4-49f4-9117-8806d3e21f8b None None] CMD "ovsdb-client transact ssl:10.4.3.140:6641 --timeout 180 -p /opt/stack/data/CA/int-ca/private/devstack-cert.key -c /opt/stack/data/CA/int-ca/devstack-cert.crt -C /opt/stack/data/CA/int-ca/ca-chain.pem ["OVN_Northbound", {"op": "wait", "timeout": 0, "table": "Port_Group", "where": [["name", "==", "pvlan_pg_drop"]], "until": "==", "rows": []}, {"op": "insert", "table": "ACL", "row": {"action": "drop", "direction": "to-lport", "match": "outport == @pvlan_pg_drop && ip", "priority": 1010}, "uuid-name": "pvlandroptoport"}, {"op": "insert", "table": "ACL", "row": {"action": "drop", "direction": "from-lport", "match": "inport == @pvlan_pg_drop && ip", "priority": 1010}, "uuid-name": "pvlandropfromport"}, {"op": "insert", "table": "Port_Group", "row": {"name": "pvlan_pg_drop", "acls": ["set", [["named-uuid", "pvlandroptoport"], ["named-uuid", "pvlandropfromport"]]]}}]" returned: 0 in 0.028s {{(pid=87583) execute /opt/stack/data/venv/lib/python3.12/site-packages/oslo_concurrency/processutils.py:468}}
Aug 17 20:38:33.454372 np0000007586 devstack@neutron-api.service[87583]: WSGI app 0 (mountpoint='') ready in 6 seconds on interpreter 0x776cf26a4668 pid: 87583 (default app)
Aug 17 20:38:33.471716 np0000007586 devstack@neutron-api.service[87585]: DEBUG oslo_concurrency.processutils [None req-04e509d1-cc01-4899-b898-e0baf9562639 None None] CMD "ovsdb-client transact ssl:10.4.3.140:6641 --timeout 180 -p /opt/stack/data/CA/int-ca/private/devstack-cert.key -c /opt/stack/data/CA/int-ca/devstack-cert.crt -C /opt/stack/data/CA/int-ca/ca-chain.pem ["OVN_Northbound", {"op": "wait", "timeout": 0, "table": "Port_Group", "where": [["name", "==", "pvlan_pg_drop"]], "until": "==", "rows": []}, {"op": "insert", "table": "ACL", "row": {"action": "drop", "direction": "to-lport", "match": "outport == @pvlan_pg_drop && ip", "priority": 1010}, "uuid-name": "pvlandroptoport"}, {"op": "insert", "table": "ACL", "row": {"action": "drop", "direction": "from-lport", "match": "inport == @pvlan_pg_drop && ip", "priority": 1010}, "uuid-name": "pvlandropfromport"}, {"op": "insert", "table": "Port_Group", "row": {"name": "pvlan_pg_drop", "acls": ["set", [["named-uuid", "pvlandroptoport"], ["named-uuid", "pvlandropfromport"]]]}}]" returned: 0 in 0.023s {{(pid=87585) execute /opt/stack/data/venv/lib/python3.12/site-packages/oslo_concurrency/processutils.py:468}}
Aug 17 20:38:33.473517 np0000007586 devstack@neutron-api.service[87585]: WSGI app 0 (mountpoint='') ready in 6 seconds on interpreter 0x776cf26a4668 pid: 87585 (default app)
Aug 17 20:38:34.403343 np0000007586 devstack@neutron-api.service[87583]: DEBUG neutron.plugins.ml2.drivers.ovn.mech_driver.ovsdb.ovsdb_monitor [-] Hash Ring: Node eec8100b45b351d3b542ae5a20bc0a8b (host: np0000007586) handling event "update" for row 4ca9da30-8916-48f0-918d-650194b17d6e (table: Connection) {{(pid=87583) notify /opt/stack/neutron/neutron/plugins/ml2/drivers/ovn/mech_driver/ovsdb/ovsdb_monitor.py:1099}}
Aug 17 20:38:34.405445 np0000007586 devstack@neutron-api.service[87584]: DEBUG neutron.common.ovn.hash_ring_manager [-] Allow caching, nodes 3>=3 {{(pid=87584) _wait_startup_before_caching /opt/stack/neutron/neutron/common/ovn/hash_ring_manager.py:71}}
Aug 17 20:38:34.405671 np0000007586 devstack@neutron-api.service[87584]: DEBUG neutron.plugins.ml2.drivers.ovn.mech_driver.ovsdb.ovsdb_monitor [-] Hash Ring: Node bbaa4ca2c9c55b7ca4628943afe8019d (host: np0000007586) handling event "update" for row 4ca9da30-8916-48f0-918d-650194b17d6e (table: Connection) {{(pid=87584) notify /opt/stack/neutron/neutron/plugins/ml2/drivers/ovn/mech_driver/ovsdb/ovsdb_monitor.py:1099}}
Aug 17 20:38:36.910723 np0000007586 devstack@neutron-api.service[87584]: DEBUG neutron.plugins.ml2.drivers.ovn.mech_driver.ovsdb.ovsdb_monitor [-] Hash Ring: Node bbaa4ca2c9c55b7ca4628943afe8019d (host: np0000007586) handling event "update" for row 4ca9da30-8916-48f0-918d-650194b17d6e (table: Connection) {{(pid=87584) notify /opt/stack/neutron/neutron/plugins/ml2/drivers/ovn/mech_driver/ovsdb/ovsdb_monitor.py:1099}}
Aug 17 20:38:36.912324 np0000007586 devstack@neutron-api.service[87583]: DEBUG neutron.plugins.ml2.drivers.ovn.mech_driver.ovsdb.ovsdb_monitor [-] Hash Ring: Node eec8100b45b351d3b542ae5a20bc0a8b (host: np0000007586) handling event "update" for row 4ca9da30-8916-48f0-918d-650194b17d6e (table: Connection) {{(pid=87583) notify /opt/stack/neutron/neutron/plugins/ml2/drivers/ovn/mech_driver/ovsdb/ovsdb_monitor.py:1099}}
Aug 17 20:38:37.272292 np0000007586 devstack@neutron-api.service[87584]: DEBUG neutron.api.wsgi [None req-8fcad790-1d2e-4266-8ec1-30805a19007f admin admin] Missing Content-Type {{(pid=87584) get_content_type /opt/stack/neutron/neutron/api/wsgi.py:80}}
Aug 17 20:38:37.272844 np0000007586 devstack@neutron-api.service[87584]: DEBUG neutron.api.wsgi [None req-8fcad790-1d2e-4266-8ec1-30805a19007f admin admin] https://10.4.3.140/networking/v2.0/extensions returned with HTTP 200 {{(pid=87584) __call__ /opt/stack/neutron/neutron/api/wsgi.py:540}}
Aug 17 20:38:37.273249 np0000007586 devstack@neutron-api.service[87584]: [pid: 87584|app: 0|req: 2/2] 10.4.3.140 () {64 vars in 1292 bytes} [Mon Aug 17 20:38:36 2026] GET /networking/v2.0/extensions => generated 16171 bytes in 556 msecs (HTTP/1.1 200) 4 headers in 159 bytes (1 switches on core 0)
Aug 17 20:38:37.625081 np0000007586 devstack@neutron-api.service[87583]: DEBUG neutron.api.v2.base [None req-02de98f6-a470-4d5f-b4e3-e5017f8679b3 admin admin] Request body: {'subnetpool': {'shared': True, 'is_default': True, 'name': 'shared-default-subnetpool-v4', 'prefixes': ['10.1.0.0/20'], 'default_prefixlen': 26}} {{(pid=87583) prepare_request_body /opt/stack/neutron/neutron/api/v2/base.py:727}}
Aug 17 20:38:37.831454 np0000007586 devstack@neutron-api.service[87583]: DEBUG neutron.policy [None req-02de98f6-a470-4d5f-b4e3-e5017f8679b3 admin admin] Loaded default policies from ['neutron'] under neutron.policies entry points {{(pid=87583) register_rules /opt/stack/neutron/neutron/policy.py:65}}
Aug 17 20:38:37.969578 np0000007586 devstack@neutron-api.service[87583]: DEBUG neutron_lib.callbacks.manager [None req-02de98f6-a470-4d5f-b4e3-e5017f8679b3 admin admin] Publish callbacks ['neutron.objects.securitygroup.RbacNeutronDbObjectMixin.validate_rbac_policy_change-1380626945745', 'neutron.objects.address_group.RbacNeutronDbObjectMixin.validate_rbac_policy_change-1380626939441', 'neutron.objects.network.RbacNeutronDbObjectMixin.validate_rbac_policy_change-1380628156055', 'neutron.objects.qos.policy.RbacNeutronDbObjectMixin.validate_rbac_policy_change-1380628153167', 'neutron.objects.subnetpool.RbacNeutronDbObjectMixin.validate_rbac_policy_change-1380628144787', 'neutron.objects.address_scope.RbacNeutronDbObjectMixin.validate_rbac_policy_change-1380628149875', 'neutron.plugins.ml2.plugin.External_net_db_mixin._process_ext_policy_create-201029', 'neutron.plugins.ml2.plugin.NeutronDbPluginV2.validate_network_rbac_policy_change-220461'] for rbac-policy (None), before_create {{(pid=87583) _notify_loop /opt/stack/data/venv/lib/python3.12/site-packages/neutron_lib/callbacks/manager.py:184}}
Aug 17 20:38:38.014555 np0000007586 devstack@neutron-api.service[87583]: DEBUG neutron_lib.callbacks.manager [None req-02de98f6-a470-4d5f-b4e3-e5017f8679b3 admin admin] Publish callbacks [] for subnetpool (None), before_response {{(pid=87583) _notify_loop /opt/stack/data/venv/lib/python3.12/site-packages/neutron_lib/callbacks/manager.py:184}}
Aug 17 20:38:38.015083 np0000007586 devstack@neutron-api.service[87583]: [pid: 87583|app: 0|req: 1/3] 10.4.3.140 () {68 vars in 1336 bytes} [Mon Aug 17 20:38:37 2026] POST /networking/v2.0/subnetpools => generated 533 bytes in 477 msecs (HTTP/1.1 201) 4 headers in 162 bytes (1 switches on core 0)
Aug 17 20:38:38.325115 np0000007586 devstack@neutron-api.service[87585]: DEBUG neutron.api.v2.base [None req-38fc0483-1f5a-47ec-ba35-8041ded17bc1 admin admin] Request body: {'subnetpool': {'shared': True, 'is_default': True, 'name': 'shared-default-subnetpool-v6', 'prefixes': ['fd0a:d6d9:bd77::/56'], 'default_prefixlen': 64}} {{(pid=87585) prepare_request_body /opt/stack/neutron/neutron/api/v2/base.py:727}}
Aug 17 20:38:38.470978 np0000007586 devstack@neutron-api.service[87585]: DEBUG neutron.policy [None req-38fc0483-1f5a-47ec-ba35-8041ded17bc1 admin admin] Loaded default policies from ['neutron'] under neutron.policies entry points {{(pid=87585) register_rules /opt/stack/neutron/neutron/policy.py:65}}
Aug 17 20:38:38.594530 np0000007586 devstack@neutron-api.service[87585]: DEBUG neutron_lib.callbacks.manager [None req-38fc0483-1f5a-47ec-ba35-8041ded17bc1 admin admin] Publish callbacks ['neutron.objects.securitygroup.RbacNeutronDbObjectMixin.validate_rbac_policy_change-1380628061690', 'neutron.objects.address_group.RbacNeutronDbObjectMixin.validate_rbac_policy_change-1380628047192', 'neutron.objects.network.RbacNeutronDbObjectMixin.validate_rbac_policy_change-1380628116005', 'neutron.objects.qos.policy.RbacNeutronDbObjectMixin.validate_rbac_policy_change-1380628139628', 'neutron.objects.subnetpool.RbacNeutronDbObjectMixin.validate_rbac_policy_change-1380628200262', 'neutron.objects.address_scope.RbacNeutronDbObjectMixin.validate_rbac_policy_change-1380628198776', 'neutron.plugins.ml2.plugin.External_net_db_mixin._process_ext_policy_create-7299417', 'neutron.plugins.ml2.plugin.NeutronDbPluginV2.validate_network_rbac_policy_change-7297313'] for rbac-policy (None), before_create {{(pid=87585) _notify_loop /opt/stack/data/venv/lib/python3.12/site-packages/neutron_lib/callbacks/manager.py:184}}
Aug 17 20:38:38.649283 np0000007586 devstack@neutron-api.service[87585]: DEBUG neutron_lib.callbacks.manager [None req-38fc0483-1f5a-47ec-ba35-8041ded17bc1 admin admin] Publish callbacks [] for subnetpool (None), before_response {{(pid=87585) _notify_loop /opt/stack/data/venv/lib/python3.12/site-packages/neutron_lib/callbacks/manager.py:184}}
Aug 17 20:38:38.649813 np0000007586 devstack@neutron-api.service[87585]: [pid: 87585|app: 0|req: 1/4] 10.4.3.140 () {68 vars in 1336 bytes} [Mon Aug 17 20:38:38 2026] POST /networking/v2.0/subnetpools => generated 543 bytes in 409 msecs (HTTP/1.1 201) 4 headers in 162 bytes (1 switches on core 0)
Aug 17 20:38:38.863306 np0000007586 devstack@neutron-api.service[87584]: DEBUG neutron.api.v2.base [None req-09af4ff3-4979-4d39-9a30-239deb188675 admin admin] Request body: {'network': {'name': 'private', 'admin_state_up': True}} {{(pid=87584) prepare_request_body /opt/stack/neutron/neutron/api/v2/base.py:727}}
Aug 17 20:38:38.887901 np0000007586 devstack@neutron-api.service[87584]: DEBUG neutron.pecan_wsgi.hooks.quota_enforcement [None req-09af4ff3-4979-4d39-9a30-239deb188675 admin admin] Made reservation on behalf of bb314538faba46e9b0440064d3f14c1b for: {'network': 1} {{(pid=87584) before /opt/stack/neutron/neutron/pecan_wsgi/hooks/quota_enforcement.py:66}}
Aug 17 20:38:39.041936 np0000007586 devstack@neutron-api.service[87584]: DEBUG neutron.policy [None req-09af4ff3-4979-4d39-9a30-239deb188675 admin admin] Loaded default policies from ['neutron'] under neutron.policies entry points {{(pid=87584) register_rules /opt/stack/neutron/neutron/policy.py:65}}
Aug 17 20:38:39.125390 np0000007586 devstack@neutron-api.service[87584]: DEBUG neutron_lib.callbacks.manager [None req-09af4ff3-4979-4d39-9a30-239deb188675 admin admin] Publish callbacks ['neutron.plugins.ml2.plugin.SecurityGroupDbMixin._ensure_default_security_group_handler-889980'] for network (None), before_create {{(pid=87584) _notify_loop /opt/stack/data/venv/lib/python3.12/site-packages/neutron_lib/callbacks/manager.py:184}}
Aug 17 20:38:39.142204 np0000007586 devstack@neutron-api.service[87584]: DEBUG neutron_lib.callbacks.manager [None req-09af4ff3-4979-4d39-9a30-239deb188675 admin admin] Publish callbacks [] for security_group (None), before_create {{(pid=87584) _notify_loop /opt/stack/data/venv/lib/python3.12/site-packages/neutron_lib/callbacks/manager.py:184}}
Aug 17 20:38:39.221162 np0000007586 devstack@neutron-api.service[87584]: DEBUG neutron_lib.callbacks.manager [None req-09af4ff3-4979-4d39-9a30-239deb188675 admin admin] Publish callbacks ['neutron.plugins.ml2.drivers.ovn.mech_driver.mech_driver.OVNMechanismDriver._create_security_group_precommit-334283'] for security_group (93132479-6873-4357-aa91-705a4ac4e472), precommit_create {{(pid=87584) _notify_loop /opt/stack/data/venv/lib/python3.12/site-packages/neutron_lib/callbacks/manager.py:184}}
Aug 17 20:38:39.221314 np0000007586 devstack@neutron-api.service[87584]: DEBUG neutron.db.ovn_revision_numbers_db [None req-09af4ff3-4979-4d39-9a30-239deb188675 admin admin] create_initial_revision uuid=93132479-6873-4357-aa91-705a4ac4e472, type=security_groups, rev=-1 {{(pid=87584) create_initial_revision /opt/stack/neutron/neutron/db/ovn_revision_numbers_db.py:98}}
Aug 17 20:38:39.223441 np0000007586 devstack@neutron-api.service[87584]: DEBUG neutron.db.ovn_revision_numbers_db [None req-09af4ff3-4979-4d39-9a30-239deb188675 admin admin] create_initial_revision uuid=00bcc487-586c-41ac-a6a5-9ed925519efb, type=security_group_rules, rev=-1 {{(pid=87584) create_initial_revision /opt/stack/neutron/neutron/db/ovn_revision_numbers_db.py:98}}
Aug 17 20:38:39.224409 np0000007586 devstack@neutron-api.service[87584]: DEBUG neutron.db.ovn_revision_numbers_db [None req-09af4ff3-4979-4d39-9a30-239deb188675 admin admin] create_initial_revision uuid=87883d23-b7a8-40bc-b0be-f182a3fe66de, type=security_group_rules, rev=-1 {{(pid=87584) create_initial_revision /opt/stack/neutron/neutron/db/ovn_revision_numbers_db.py:98}}
Aug 17 20:38:39.225354 np0000007586 devstack@neutron-api.service[87584]: DEBUG neutron.db.ovn_revision_numbers_db [None req-09af4ff3-4979-4d39-9a30-239deb188675 admin admin] create_initial_revision uuid=aaf904fc-d4cb-491b-8cac-789eb4526937, type=security_group_rules, rev=-1 {{(pid=87584) create_initial_revision /opt/stack/neutron/neutron/db/ovn_revision_numbers_db.py:98}}
Aug 17 20:38:39.226245 np0000007586 devstack@neutron-api.service[87584]: DEBUG neutron.db.ovn_revision_numbers_db [None req-09af4ff3-4979-4d39-9a30-239deb188675 admin admin] create_initial_revision uuid=d453d45a-7107-4029-bdc5-abbfec6aea48, type=security_group_rules, rev=-1 {{(pid=87584) create_initial_revision /opt/stack/neutron/neutron/db/ovn_revision_numbers_db.py:98}}
Aug 17 20:38:39.231569 np0000007586 devstack@neutron-api.service[87584]: DEBUG neutron_lib.callbacks.manager [None req-09af4ff3-4979-4d39-9a30-239deb188675 admin admin] Publish callbacks ['neutron.plugins.ml2.drivers.ovn.mech_driver.mech_driver.OVNMechanismDriver._create_security_group-334273', 'neutron.plugins.ml2.ovo_rpc._ObjectChangeHandler.handle_event-2085813'] for security_group (93132479-6873-4357-aa91-705a4ac4e472), after_create {{(pid=87584) _notify_loop /opt/stack/data/venv/lib/python3.12/site-packages/neutron_lib/callbacks/manager.py:184}}
Aug 17 20:38:39.232380 np0000007586 devstack@neutron-api.service[87584]: DEBUG ovsdbapp.backend.ovs_idl.transaction [-] Running txn n=1 command(idx=0): PgAddCommand(_result=None, name=pg_93132479_6873_4357_aa91_705a4ac4e472, may_exist=False, columns={'acls': [], 'external_ids': {'neutron:security_group_id': '93132479-6873-4357-aa91-705a4ac4e472'}}) {{(pid=87584) do_commit /opt/stack/data/venv/lib/python3.12/site-packages/ovsdbapp/backend/ovs_idl/transaction.py:89}}
Aug 17 20:38:39.233334 np0000007586 devstack@neutron-api.service[87584]: DEBUG ovsdbapp.backend.ovs_idl.transaction [-] Running txn n=1 command(idx=1): PgAclAddCommand(_result=None, entity=pg_93132479_6873_4357_aa91_705a4ac4e472, direction=to-lport, priority=1002, match=outport == @pg_93132479_6873_4357_aa91_705a4ac4e472 && ip6 && ip6.src == $pg_93132479_6873_4357_aa91_705a4ac4e472_ip6, action=allow-related, log=False, may_exist=True, severity=[], name=[], meter=[], external_ids={'neutron:security_group_rule_id': '00bcc487-586c-41ac-a6a5-9ed925519efb'}) {{(pid=87584) do_commit /opt/stack/data/venv/lib/python3.12/site-packages/ovsdbapp/backend/ovs_idl/transaction.py:89}}
Aug 17 20:38:39.233606 np0000007586 devstack@neutron-api.service[87584]: DEBUG ovsdbapp.backend.ovs_idl.transaction [-] Running txn n=1 command(idx=2): PgAclAddCommand(_result=None, entity=pg_93132479_6873_4357_aa91_705a4ac4e472, direction=to-lport, priority=1002, match=outport == @pg_93132479_6873_4357_aa91_705a4ac4e472 && ip4 && ip4.src == $pg_93132479_6873_4357_aa91_705a4ac4e472_ip4, action=allow-related, log=False, may_exist=True, severity=[], name=[], meter=[], external_ids={'neutron:security_group_rule_id': '87883d23-b7a8-40bc-b0be-f182a3fe66de'}) {{(pid=87584) do_commit /opt/stack/data/venv/lib/python3.12/site-packages/ovsdbapp/backend/ovs_idl/transaction.py:89}}
Aug 17 20:38:39.233836 np0000007586 devstack@neutron-api.service[87584]: DEBUG ovsdbapp.backend.ovs_idl.transaction [-] Running txn n=1 command(idx=3): PgAclAddCommand(_result=None, entity=pg_93132479_6873_4357_aa91_705a4ac4e472, direction=from-lport, priority=1002, match=inport == @pg_93132479_6873_4357_aa91_705a4ac4e472 && ip4, action=allow-related, log=False, may_exist=True, severity=[], name=[], meter=[], external_ids={'neutron:security_group_rule_id': 'aaf904fc-d4cb-491b-8cac-789eb4526937'}) {{(pid=87584) do_commit /opt/stack/data/venv/lib/python3.12/site-packages/ovsdbapp/backend/ovs_idl/transaction.py:89}}
Aug 17 20:38:39.234024 np0000007586 devstack@neutron-api.service[87584]: DEBUG ovsdbapp.backend.ovs_idl.transaction [-] Running txn n=1 command(idx=4): PgAclAddCommand(_result=None, entity=pg_93132479_6873_4357_aa91_705a4ac4e472, direction=from-lport, priority=1002, match=inport == @pg_93132479_6873_4357_aa91_705a4ac4e472 && ip6, action=allow-related, log=False, may_exist=True, severity=[], name=[], meter=[], external_ids={'neutron:security_group_rule_id': 'd453d45a-7107-4029-bdc5-abbfec6aea48'}) {{(pid=87584) do_commit /opt/stack/data/venv/lib/python3.12/site-packages/ovsdbapp/backend/ovs_idl/transaction.py:89}}
Aug 17 20:38:39.251594 np0000007586 devstack@neutron-api.service[87584]: DEBUG neutron.plugins.ml2.drivers.ovn.mech_driver.ovsdb.ovsdb_monitor [-] Hash Ring: Node bbaa4ca2c9c55b7ca4628943afe8019d (host: np0000007586) handling event "create" for row 061409aa-84f2-438e-bf91-f2c2f7024868 (table: ACL) {{(pid=87584) notify /opt/stack/neutron/neutron/plugins/ml2/drivers/ovn/mech_driver/ovsdb/ovsdb_monitor.py:1099}}
Aug 17 20:38:39.251709 np0000007586 devstack@neutron-api.service[87584]: DEBUG neutron.plugins.ml2.drivers.ovn.mech_driver.ovsdb.ovsdb_monitor [-] Hash Ring: Node bbaa4ca2c9c55b7ca4628943afe8019d (host: np0000007586) handling event "create" for row 28379e59-9948-47dc-81b6-99feddc988eb (table: ACL) {{(pid=87584) notify /opt/stack/neutron/neutron/plugins/ml2/drivers/ovn/mech_driver/ovsdb/ovsdb_monitor.py:1099}}
Aug 17 20:38:39.251888 np0000007586 devstack@neutron-api.service[87584]: DEBUG neutron.plugins.ml2.drivers.ovn.mech_driver.ovsdb.ovsdb_monitor [-] Hash Ring: Node bbaa4ca2c9c55b7ca4628943afe8019d (host: np0000007586) handling event "create" for row 453f9c7e-752d-4601-9519-782c33dce3c8 (table: ACL) {{(pid=87584) notify /opt/stack/neutron/neutron/plugins/ml2/drivers/ovn/mech_driver/ovsdb/ovsdb_monitor.py:1099}}
Aug 17 20:38:39.252020 np0000007586 devstack@neutron-api.service[87584]: DEBUG neutron.plugins.ml2.drivers.ovn.mech_driver.ovsdb.ovsdb_monitor [-] Hash Ring: Node bbaa4ca2c9c55b7ca4628943afe8019d (host: np0000007586) handling event "create" for row 86280995-3fde-4b64-977b-c4d48b7b14a1 (table: ACL) {{(pid=87584) notify /opt/stack/neutron/neutron/plugins/ml2/drivers/ovn/mech_driver/ovsdb/ovsdb_monitor.py:1099}}
Aug 17 20:38:39.252148 np0000007586 devstack@neutron-api.service[87584]: DEBUG neutron.plugins.ml2.drivers.ovn.mech_driver.ovsdb.ovsdb_monitor [-] Hash Ring: Node bbaa4ca2c9c55b7ca4628943afe8019d (host: np0000007586) handling event "create" for row 4c0d279f-37d0-41a6-a2ea-d2dd288d3bb4 (table: Port_Group) {{(pid=87584) notify /opt/stack/neutron/neutron/plugins/ml2/drivers/ovn/mech_driver/ovsdb/ovsdb_monitor.py:1099}}
Aug 17 20:38:39.253940 np0000007586 devstack@neutron-api.service[87583]: DEBUG neutron.plugins.ml2.drivers.ovn.mech_driver.ovsdb.ovsdb_monitor [-] Hash Ring: Node eec8100b45b351d3b542ae5a20bc0a8b (host: np0000007586) handling event "create" for row 061409aa-84f2-438e-bf91-f2c2f7024868 (table: ACL) {{(pid=87583) notify /opt/stack/neutron/neutron/plugins/ml2/drivers/ovn/mech_driver/ovsdb/ovsdb_monitor.py:1099}}
Aug 17 20:38:39.254190 np0000007586 devstack@neutron-api.service[87583]: DEBUG neutron.plugins.ml2.drivers.ovn.mech_driver.ovsdb.ovsdb_monitor [-] Hash Ring: Node eec8100b45b351d3b542ae5a20bc0a8b (host: np0000007586) handling event "create" for row 453f9c7e-752d-4601-9519-782c33dce3c8 (table: ACL) {{(pid=87583) notify /opt/stack/neutron/neutron/plugins/ml2/drivers/ovn/mech_driver/ovsdb/ovsdb_monitor.py:1099}}
Aug 17 20:38:39.254331 np0000007586 devstack@neutron-api.service[87583]: DEBUG neutron.plugins.ml2.drivers.ovn.mech_driver.ovsdb.ovsdb_monitor [-] Hash Ring: Node eec8100b45b351d3b542ae5a20bc0a8b (host: np0000007586) handling event "create" for row 86280995-3fde-4b64-977b-c4d48b7b14a1 (table: ACL) {{(pid=87583) notify /opt/stack/neutron/neutron/plugins/ml2/drivers/ovn/mech_driver/ovsdb/ovsdb_monitor.py:1099}}
Aug 17 20:38:39.254450 np0000007586 devstack@neutron-api.service[87583]: DEBUG neutron.plugins.ml2.drivers.ovn.mech_driver.ovsdb.ovsdb_monitor [-] Hash Ring: Node eec8100b45b351d3b542ae5a20bc0a8b (host: np0000007586) handling event "create" for row 4c0d279f-37d0-41a6-a2ea-d2dd288d3bb4 (table: Port_Group) {{(pid=87583) notify /opt/stack/neutron/neutron/plugins/ml2/drivers/ovn/mech_driver/ovsdb/ovsdb_monitor.py:1099}}
Aug 17 20:38:39.274502 np0000007586 devstack@neutron-api.service[87584]: INFO neutron.db.ovn_revision_numbers_db [None req-09af4ff3-4979-4d39-9a30-239deb188675 admin admin] Successfully bumped revision number for resource 93132479-6873-4357-aa91-705a4ac4e472 (type: security_groups) to 1
Aug 17 20:38:39.287595 np0000007586 devstack@neutron-api.service[87584]: INFO neutron.db.ovn_revision_numbers_db [None req-09af4ff3-4979-4d39-9a30-239deb188675 admin admin] Successfully bumped revision number for resource 00bcc487-586c-41ac-a6a5-9ed925519efb (type: security_group_rules) to 0
Aug 17 20:38:39.297249 np0000007586 devstack@neutron-api.service[87584]: INFO neutron.db.ovn_revision_numbers_db [None req-09af4ff3-4979-4d39-9a30-239deb188675 admin admin] Successfully bumped revision number for resource 87883d23-b7a8-40bc-b0be-f182a3fe66de (type: security_group_rules) to 0
Aug 17 20:38:39.306367 np0000007586 devstack@neutron-api.service[87584]: INFO neutron.db.ovn_revision_numbers_db [None req-09af4ff3-4979-4d39-9a30-239deb188675 admin admin] Successfully bumped revision number for resource aaf904fc-d4cb-491b-8cac-789eb4526937 (type: security_group_rules) to 0
Aug 17 20:38:39.316166 np0000007586 devstack@neutron-api.service[87584]: INFO neutron.db.ovn_revision_numbers_db [None req-09af4ff3-4979-4d39-9a30-239deb188675 admin admin] Successfully bumped revision number for resource d453d45a-7107-4029-bdc5-abbfec6aea48 (type: security_group_rules) to 0
Aug 17 20:38:39.336019 np0000007586 devstack@neutron-api.service[87584]: DEBUG neutron.api.rpc.handlers.resources_rpc [None req-09af4ff3-4979-4d39-9a30-239deb188675 admin admin] Pushing event updated for resources: {'SecurityGroup': ['ID=93132479-6873-4357-aa91-705a4ac4e472,revision_number=1']} {{(pid=87584) push /opt/stack/neutron/neutron/api/rpc/handlers/resources_rpc.py:237}}
Aug 17 20:38:39.342176 np0000007586 devstack@neutron-api.service[87584]: DEBUG ovsdbapp.backend.ovs_idl.transaction [-] Running txn n=1 command(idx=0): CheckLivenessCommand(_result=None) {{(pid=87584) do_commit /opt/stack/data/venv/lib/python3.12/site-packages/ovsdbapp/backend/ovs_idl/transaction.py:89}}
Aug 17 20:38:39.344111 np0000007586 devstack@neutron-api.service[87584]: DEBUG neutron.plugins.ml2.drivers.ovn.mech_driver.ovsdb.ovsdb_monitor [-] Hash Ring: Node bbaa4ca2c9c55b7ca4628943afe8019d (host: np0000007586) handling event "update" for row 74e04609-af29-44bd-adec-c8a0c861c28a (table: NB_Global) {{(pid=87584) notify /opt/stack/neutron/neutron/plugins/ml2/drivers/ovn/mech_driver/ovsdb/ovsdb_monitor.py:1099}}
Aug 17 20:38:39.346286 np0000007586 devstack@neutron-api.service[87584]: DEBUG neutron.api.rpc.callbacks.version_manager [None req-09af4ff3-4979-4d39-9a30-239deb188675 admin admin] Tracked resource versions report:
Aug 17 20:38:39.346286 np0000007586 devstack@neutron-api.service[87584]: pushed versions:
Aug 17 20:38:39.346286 np0000007586 devstack@neutron-api.service[87584]: { 'AddressGroup': {'1.2'},
Aug 17 20:38:39.346286 np0000007586 devstack@neutron-api.service[87584]: 'Agent': {'1.1'},
Aug 17 20:38:39.346286 np0000007586 devstack@neutron-api.service[87584]: 'ConntrackHelper': {'1.0'},
Aug 17 20:38:39.346286 np0000007586 devstack@neutron-api.service[87584]: 'LocalIPAssociation': {'1.0'},
Aug 17 20:38:39.346286 np0000007586 devstack@neutron-api.service[87584]: 'Log': {'1.0'},
Aug 17 20:38:39.346286 np0000007586 devstack@neutron-api.service[87584]: 'NDPProxy': {'1.0'},
Aug 17 20:38:39.346286 np0000007586 devstack@neutron-api.service[87584]: 'Network': {'1.3'},
Aug 17 20:38:39.346286 np0000007586 devstack@neutron-api.service[87584]: 'Port': {'1.11'},
Aug 17 20:38:39.346286 np0000007586 devstack@neutron-api.service[87584]: 'PortForwarding': {'1.3'},
Aug 17 20:38:39.346286 np0000007586 devstack@neutron-api.service[87584]: 'QosPolicy': {'1.10'},
Aug 17 20:38:39.346286 np0000007586 devstack@neutron-api.service[87584]: 'SecurityGroup': {'1.6'},
Aug 17 20:38:39.346286 np0000007586 devstack@neutron-api.service[87584]: 'SecurityGroupRule': {'1.3'},
Aug 17 20:38:39.346286 np0000007586 devstack@neutron-api.service[87584]: 'SubPort': {'1.0'},
Aug 17 20:38:39.346286 np0000007586 devstack@neutron-api.service[87584]: 'Subnet': {'1.2'},
Aug 17 20:38:39.346286 np0000007586 devstack@neutron-api.service[87584]: 'Trunk': {'1.1'}}
Aug 17 20:38:39.346286 np0000007586 devstack@neutron-api.service[87584]: consumer versions:
Aug 17 20:38:39.346286 np0000007586 devstack@neutron-api.service[87584]: {}
Aug 17 20:38:39.346286 np0000007586 devstack@neutron-api.service[87584]: {{(pid=87584) report /opt/stack/neutron/neutron/api/rpc/callbacks/version_manager.py:183}}
Aug 17 20:38:39.350113 np0000007586 devstack@neutron-api.service[87583]: DEBUG ovsdbapp.backend.ovs_idl.event [-] Matched UPDATE: ChassisAgentWriteEvent(events=('create', 'update'), table='Chassis_Private', conditions=None, old_conditions=None), priority=20 to row=Chassis_Private(uuid=6e5178b7-f312-4f5f-9dae-099245008994, chassis=8783ac0e-8d68-4c64-acc7-14dc39a098f1, external_ids={'neutron:ovn-bridge': 'br-int', 'neutron:ovn-neutron-agent-id': 'e475709f-fb9d-5942-a647-ee1e7e86e42c', 'neutron:ovn-neutron-agent-sb-cfg': '0'}, name='8f37e955-95c8-46ab-9afb-cd068ab379ff', nb_cfg=1, nb_cfg_timestamp=1786999119345) old=Chassis_Private(uuid=6e5178b7-f312-4f5f-9dae-099245008994, nb_cfg=0, nb_cfg_timestamp=0) {{(pid=87583) matches /opt/stack/data/venv/lib/python3.12/site-packages/ovsdbapp/backend/ovs_idl/event.py:55}}
Aug 17 20:38:39.351595 np0000007586 devstack@neutron-api.service[87585]: DEBUG ovsdbapp.backend.ovs_idl.event [-] Matched UPDATE: ChassisAgentWriteEvent(events=('create', 'update'), table='Chassis_Private', conditions=None, old_conditions=None), priority=20 to row=Chassis_Private(uuid=6e5178b7-f312-4f5f-9dae-099245008994, chassis=8783ac0e-8d68-4c64-acc7-14dc39a098f1, external_ids={'neutron:ovn-bridge': 'br-int', 'neutron:ovn-neutron-agent-id': 'e475709f-fb9d-5942-a647-ee1e7e86e42c', 'neutron:ovn-neutron-agent-sb-cfg': '0'}, name='8f37e955-95c8-46ab-9afb-cd068ab379ff', nb_cfg=1, nb_cfg_timestamp=1786999119345) old=Chassis_Private(uuid=6e5178b7-f312-4f5f-9dae-099245008994, nb_cfg=0, nb_cfg_timestamp=0) {{(pid=87585) matches /opt/stack/data/venv/lib/python3.12/site-packages/ovsdbapp/backend/ovs_idl/event.py:55}}
Aug 17 20:38:39.352848 np0000007586 devstack@neutron-api.service[87583]: DEBUG neutron.plugins.ml2.drivers.ovn.mech_driver.ovsdb.ovsdb_monitor [-] Hash Ring: Node eec8100b45b351d3b542ae5a20bc0a8b (host: np0000007586) handling event "update" for row 6e5178b7-f312-4f5f-9dae-099245008994 (table: Chassis_Private) {{(pid=87583) notify /opt/stack/neutron/neutron/plugins/ml2/drivers/ovn/mech_driver/ovsdb/ovsdb_monitor.py:1099}}
Aug 17 20:38:39.352948 np0000007586 devstack@neutron-api.service[87584]: DEBUG ovsdbapp.backend.ovs_idl.event [-] Matched UPDATE: ChassisAgentWriteEvent(events=('create', 'update'), table='Chassis_Private', conditions=None, old_conditions=None), priority=20 to row=Chassis_Private(uuid=6e5178b7-f312-4f5f-9dae-099245008994, chassis=8783ac0e-8d68-4c64-acc7-14dc39a098f1, external_ids={'neutron:ovn-bridge': 'br-int', 'neutron:ovn-neutron-agent-id': 'e475709f-fb9d-5942-a647-ee1e7e86e42c', 'neutron:ovn-neutron-agent-sb-cfg': '0'}, name='8f37e955-95c8-46ab-9afb-cd068ab379ff', nb_cfg=1, nb_cfg_timestamp=1786999119345) old=Chassis_Private(uuid=6e5178b7-f312-4f5f-9dae-099245008994, nb_cfg=0, nb_cfg_timestamp=0) {{(pid=87584) matches /opt/stack/data/venv/lib/python3.12/site-packages/ovsdbapp/backend/ovs_idl/event.py:55}}
Aug 17 20:38:39.354898 np0000007586 devstack@neutron-api.service[87583]: DEBUG ovsdbapp.backend.ovs_idl.event [-] Matched UPDATE: ChassisOVNAgentWriteEvent(events=('create', 'update'), table='Chassis_Private', conditions=None, old_conditions=None), priority=20 to row=Chassis_Private(uuid=6e5178b7-f312-4f5f-9dae-099245008994, chassis=8783ac0e-8d68-4c64-acc7-14dc39a098f1, external_ids={'neutron:ovn-bridge': 'br-int', 'neutron:ovn-neutron-agent-id': 'e475709f-fb9d-5942-a647-ee1e7e86e42c', 'neutron:ovn-neutron-agent-sb-cfg': '1'}, name='8f37e955-95c8-46ab-9afb-cd068ab379ff', nb_cfg=1, nb_cfg_timestamp=1786999119345) old=Chassis_Private(uuid=6e5178b7-f312-4f5f-9dae-099245008994, external_ids={'neutron:ovn-bridge': 'br-int', 'neutron:ovn-neutron-agent-id': 'e475709f-fb9d-5942-a647-ee1e7e86e42c', 'neutron:ovn-neutron-agent-sb-cfg': '0'}) {{(pid=87583) matches /opt/stack/data/venv/lib/python3.12/site-packages/ovsdbapp/backend/ovs_idl/event.py:55}}
Aug 17 20:38:39.355053 np0000007586 devstack@neutron-api.service[87584]: DEBUG neutron.plugins.ml2.drivers.ovn.mech_driver.ovsdb.ovsdb_monitor [-] Hash Ring: Node bbaa4ca2c9c55b7ca4628943afe8019d (host: np0000007586) handling event "update" for row 74e04609-af29-44bd-adec-c8a0c861c28a (table: NB_Global) {{(pid=87584) notify /opt/stack/neutron/neutron/plugins/ml2/drivers/ovn/mech_driver/ovsdb/ovsdb_monitor.py:1099}}
Aug 17 20:38:39.355193 np0000007586 devstack@neutron-api.service[87583]: DEBUG neutron.plugins.ml2.drivers.ovn.mech_driver.ovsdb.ovsdb_monitor [-] Hash Ring: Node eec8100b45b351d3b542ae5a20bc0a8b (host: np0000007586) handling event "update" for row 6e5178b7-f312-4f5f-9dae-099245008994 (table: Chassis_Private) {{(pid=87583) notify /opt/stack/neutron/neutron/plugins/ml2/drivers/ovn/mech_driver/ovsdb/ovsdb_monitor.py:1099}}
Aug 17 20:38:39.355434 np0000007586 devstack@neutron-api.service[87585]: DEBUG ovsdbapp.backend.ovs_idl.event [-] Matched UPDATE: ChassisOVNAgentWriteEvent(events=('create', 'update'), table='Chassis_Private', conditions=None, old_conditions=None), priority=20 to row=Chassis_Private(uuid=6e5178b7-f312-4f5f-9dae-099245008994, chassis=8783ac0e-8d68-4c64-acc7-14dc39a098f1, external_ids={'neutron:ovn-bridge': 'br-int', 'neutron:ovn-neutron-agent-id': 'e475709f-fb9d-5942-a647-ee1e7e86e42c', 'neutron:ovn-neutron-agent-sb-cfg': '1'}, name='8f37e955-95c8-46ab-9afb-cd068ab379ff', nb_cfg=1, nb_cfg_timestamp=1786999119345) old=Chassis_Private(uuid=6e5178b7-f312-4f5f-9dae-099245008994, external_ids={'neutron:ovn-bridge': 'br-int', 'neutron:ovn-neutron-agent-id': 'e475709f-fb9d-5942-a647-ee1e7e86e42c', 'neutron:ovn-neutron-agent-sb-cfg': '0'}) {{(pid=87585) matches /opt/stack/data/venv/lib/python3.12/site-packages/ovsdbapp/backend/ovs_idl/event.py:55}}
Aug 17 20:38:39.358259 np0000007586 devstack@neutron-api.service[87584]: DEBUG neutron.plugins.ml2.drivers.ovn.mech_driver.ovsdb.ovsdb_monitor [-] Hash Ring: Node bbaa4ca2c9c55b7ca4628943afe8019d (host: np0000007586) handling event "update" for row 74e04609-af29-44bd-adec-c8a0c861c28a (table: NB_Global) {{(pid=87584) notify /opt/stack/neutron/neutron/plugins/ml2/drivers/ovn/mech_driver/ovsdb/ovsdb_monitor.py:1099}}
Aug 17 20:38:39.360123 np0000007586 devstack@neutron-api.service[87584]: DEBUG neutron.plugins.ml2.drivers.ovn.mech_driver.ovsdb.ovsdb_monitor [-] Hash Ring: Node bbaa4ca2c9c55b7ca4628943afe8019d (host: np0000007586) handling event "update" for row 74e04609-af29-44bd-adec-c8a0c861c28a (table: NB_Global) {{(pid=87584) notify /opt/stack/neutron/neutron/plugins/ml2/drivers/ovn/mech_driver/ovsdb/ovsdb_monitor.py:1099}}
Aug 17 20:38:39.363319 np0000007586 devstack@neutron-api.service[87584]: DEBUG neutron.common.ovn.hash_ring_manager [-] Allow caching, nodes 3>=3 {{(pid=87584) _wait_startup_before_caching /opt/stack/neutron/neutron/common/ovn/hash_ring_manager.py:71}}
Aug 17 20:38:39.363501 np0000007586 devstack@neutron-api.service[87584]: DEBUG neutron.plugins.ml2.drivers.ovn.mech_driver.ovsdb.ovsdb_monitor [-] Hash Ring: Node bbaa4ca2c9c55b7ca4628943afe8019d (host: np0000007586) handling event "update" for row 6e5178b7-f312-4f5f-9dae-099245008994 (table: Chassis_Private) {{(pid=87584) notify /opt/stack/neutron/neutron/plugins/ml2/drivers/ovn/mech_driver/ovsdb/ovsdb_monitor.py:1099}}
Aug 17 20:38:39.364968 np0000007586 devstack@neutron-api.service[87584]: DEBUG ovsdbapp.backend.ovs_idl.event [-] Matched UPDATE: ChassisOVNAgentWriteEvent(events=('create', 'update'), table='Chassis_Private', conditions=None, old_conditions=None), priority=20 to row=Chassis_Private(uuid=6e5178b7-f312-4f5f-9dae-099245008994, chassis=8783ac0e-8d68-4c64-acc7-14dc39a098f1, external_ids={'neutron:ovn-bridge': 'br-int', 'neutron:ovn-neutron-agent-id': 'e475709f-fb9d-5942-a647-ee1e7e86e42c', 'neutron:ovn-neutron-agent-sb-cfg': '1'}, name='8f37e955-95c8-46ab-9afb-cd068ab379ff', nb_cfg=1, nb_cfg_timestamp=1786999119345) old=Chassis_Private(uuid=6e5178b7-f312-4f5f-9dae-099245008994, external_ids={'neutron:ovn-bridge': 'br-int', 'neutron:ovn-neutron-agent-id': 'e475709f-fb9d-5942-a647-ee1e7e86e42c', 'neutron:ovn-neutron-agent-sb-cfg': '0'}) {{(pid=87584) matches /opt/stack/data/venv/lib/python3.12/site-packages/ovsdbapp/backend/ovs_idl/event.py:55}}
Aug 17 20:38:39.365367 np0000007586 devstack@neutron-api.service[87584]: DEBUG neutron.plugins.ml2.drivers.ovn.mech_driver.ovsdb.ovsdb_monitor [-] Hash Ring: Node bbaa4ca2c9c55b7ca4628943afe8019d (host: np0000007586) handling event "update" for row 6e5178b7-f312-4f5f-9dae-099245008994 (table: Chassis_Private) {{(pid=87584) notify /opt/stack/neutron/neutron/plugins/ml2/drivers/ovn/mech_driver/ovsdb/ovsdb_monitor.py:1099}}
