Jun 11 03:59:59.778019 np0000002561 devstack@g-api.service[101959]: DEBUG glance_store.location [-] Registering scheme swift+config with {'store': , 'location_class': , 'store_entry': 'swift'} {{(pid=101959) register_scheme_map /opt/stack/data/venv/lib/python3.12/site-packages/glance_store/location.py:146}}
Jun 11 03:59:59.778102 np0000002561 devstack@g-api.service[101959]: DEBUG glance_store.backend [-] Attempting to import store http {{(pid=101959) _load_store /opt/stack/data/venv/lib/python3.12/site-packages/glance_store/backend.py:215}}
Jun 11 03:59:59.778357 np0000002561 devstack@g-api.service[101959]: DEBUG glance_store.capabilities [-] Store glance_store._drivers.http.Store doesn't support updating dynamic storage capabilities. Please overwrite 'update_capabilities' method of the store to implement updating logics if needed. {{(pid=101959) update_capabilities /opt/stack/data/venv/lib/python3.12/site-packages/glance_store/capabilities.py:91}}
Jun 11 03:59:59.778442 np0000002561 devstack@g-api.service[101959]: DEBUG glance_store.backend [-] Registering store http with schemes ('http', 'https') {{(pid=101959) create_stores /opt/stack/data/venv/lib/python3.12/site-packages/glance_store/backend.py:261}}
Jun 11 03:59:59.778520 np0000002561 devstack@g-api.service[101959]: DEBUG glance_store.driver [-] Late loading location class glance_store._drivers.http.StoreLocation {{(pid=101959) get_store_location_class /opt/stack/data/venv/lib/python3.12/site-packages/glance_store/driver.py:134}}
Jun 11 03:59:59.778618 np0000002561 devstack@g-api.service[101959]: DEBUG glance_store.location [-] Registering scheme http with {'store': , 'location_class': , 'store_entry': 'http'} {{(pid=101959) register_scheme_map /opt/stack/data/venv/lib/python3.12/site-packages/glance_store/location.py:146}}
Jun 11 03:59:59.778828 np0000002561 devstack@g-api.service[101959]: DEBUG glance_store.location [-] Registering scheme https with {'store': , 'location_class': , 'store_entry': 'http'} {{(pid=101959) register_scheme_map /opt/stack/data/venv/lib/python3.12/site-packages/glance_store/location.py:146}}
Jun 11 03:59:59.778828 np0000002561 devstack@g-api.service[101959]: DEBUG glance_store.backend [-] Attempting to import store file {{(pid=101959) _load_store /opt/stack/data/venv/lib/python3.12/site-packages/glance_store/backend.py:215}}
Jun 11 03:59:59.779315 np0000002561 devstack@g-api.service[101959]: DEBUG glance_store.capabilities [-] Store glance_store._drivers.filesystem.Store doesn't support updating dynamic storage capabilities. Please overwrite 'update_capabilities' method of the store to implement updating logics if needed. {{(pid=101959) update_capabilities /opt/stack/data/venv/lib/python3.12/site-packages/glance_store/capabilities.py:91}}
Jun 11 03:59:59.779387 np0000002561 devstack@g-api.service[101959]: DEBUG glance_store.backend [-] Registering store file with schemes ('file', 'filesystem') {{(pid=101959) create_stores /opt/stack/data/venv/lib/python3.12/site-packages/glance_store/backend.py:261}}
Jun 11 03:59:59.779483 np0000002561 devstack@g-api.service[101959]: DEBUG glance_store.driver [-] Late loading location class glance_store._drivers.filesystem.StoreLocation {{(pid=101959) get_store_location_class /opt/stack/data/venv/lib/python3.12/site-packages/glance_store/driver.py:134}}
Jun 11 03:59:59.779569 np0000002561 devstack@g-api.service[101959]: DEBUG glance_store.location [-] Registering scheme file with {'store': , 'location_class': , 'store_entry': 'file'} {{(pid=101959) register_scheme_map /opt/stack/data/venv/lib/python3.12/site-packages/glance_store/location.py:146}}
Jun 11 03:59:59.779665 np0000002561 devstack@g-api.service[101959]: DEBUG glance_store.location [-] Registering scheme filesystem with {'store': , 'location_class': , 'store_entry': 'file'} {{(pid=101959) register_scheme_map /opt/stack/data/venv/lib/python3.12/site-packages/glance_store/location.py:146}}
Jun 11 03:59:59.779820 np0000002561 devstack@g-api.service[101959]: DEBUG glance_store.backend [-] Attempting to import store swift {{(pid=101959) _load_store /opt/stack/data/venv/lib/python3.12/site-packages/glance_store/backend.py:215}}
Jun 11 03:59:59.781074 np0000002561 devstack@g-api.service[101959]: DEBUG glance_store.capabilities [-] Store glance_store._drivers.swift.store.SingleTenantStore doesn't support updating dynamic storage capabilities. Please overwrite 'update_capabilities' method of the store to implement updating logics if needed. {{(pid=101959) update_capabilities /opt/stack/data/venv/lib/python3.12/site-packages/glance_store/capabilities.py:91}}
Jun 11 03:59:59.781144 np0000002561 devstack@g-api.service[101959]: DEBUG glance_store.driver [-] Late loading location class glance_store._drivers.swift.store.StoreLocation {{(pid=101959) get_store_location_class /opt/stack/data/venv/lib/python3.12/site-packages/glance_store/driver.py:134}}
Jun 11 03:59:59.781275 np0000002561 devstack@g-api.service[101959]: DEBUG glance_store.location [-] Registering scheme swift+https with {'store': , 'location_class': , 'store_entry': 'swift'} {{(pid=101959) register_scheme_map /opt/stack/data/venv/lib/python3.12/site-packages/glance_store/location.py:146}}
Jun 11 03:59:59.781330 np0000002561 devstack@g-api.service[101959]: DEBUG glance_store.location [-] Registering scheme swift+https with {'store': , 'location_class': , 'store_entry': 'swift'} {{(pid=101959) register_scheme_map /opt/stack/data/venv/lib/python3.12/site-packages/glance_store/location.py:146}}
Jun 11 03:59:59.781429 np0000002561 devstack@g-api.service[101959]: DEBUG glance_store.location [-] Registering scheme swift with {'store': , 'location_class': , 'store_entry': 'swift'} {{(pid=101959) register_scheme_map /opt/stack/data/venv/lib/python3.12/site-packages/glance_store/location.py:146}}
Jun 11 03:59:59.781511 np0000002561 devstack@g-api.service[101959]: DEBUG glance_store.location [-] Registering scheme swift+https with {'store': , 'location_class': , 'store_entry': 'swift'} {{(pid=101959) register_scheme_map /opt/stack/data/venv/lib/python3.12/site-packages/glance_store/location.py:146}}
Jun 11 03:59:59.781596 np0000002561 devstack@g-api.service[101959]: DEBUG glance_store.location [-] Registering scheme swift with {'store': , 'location_class': , 'store_entry': 'swift'} {{(pid=101959) register_scheme_map /opt/stack/data/venv/lib/python3.12/site-packages/glance_store/location.py:146}}
Jun 11 03:59:59.781685 np0000002561 devstack@g-api.service[101959]: DEBUG glance_store.location [-] Registering scheme swift+http with {'store': , 'location_class': , 'store_entry': 'swift'} {{(pid=101959) register_scheme_map /opt/stack/data/venv/lib/python3.12/site-packages/glance_store/location.py:146}}
Jun 11 03:59:59.781780 np0000002561 devstack@g-api.service[101959]: DEBUG glance_store.location [-] Registering scheme swift+https with {'store': , 'location_class': , 'store_entry': 'swift'} {{(pid=101959) register_scheme_map /opt/stack/data/venv/lib/python3.12/site-packages/glance_store/location.py:146}}
Jun 11 03:59:59.781865 np0000002561 devstack@g-api.service[101959]: DEBUG glance_store.location [-] Registering scheme swift with {'store': , 'location_class': , 'store_entry': 'swift'} {{(pid=101959) register_scheme_map /opt/stack/data/venv/lib/python3.12/site-packages/glance_store/location.py:146}}
Jun 11 03:59:59.781950 np0000002561 devstack@g-api.service[101959]: DEBUG glance_store.location [-] Registering scheme swift+http with {'store': , 'location_class': , 'store_entry': 'swift'} {{(pid=101959) register_scheme_map /opt/stack/data/venv/lib/python3.12/site-packages/glance_store/location.py:146}}
Jun 11 03:59:59.782033 np0000002561 devstack@g-api.service[101959]: DEBUG glance_store.location [-] Registering scheme swift+config with {'store': , 'location_class': , 'store_entry': 'swift'} {{(pid=101959) register_scheme_map /opt/stack/data/venv/lib/python3.12/site-packages/glance_store/location.py:146}}
Jun 11 03:59:59.782336 np0000002561 devstack@g-api.service[101959]: DEBUG glance.sqlite_migration [-] SQLite caching database not located, skipping migration {{(pid=101959) get_db_path /opt/stack/glance/glance/sqlite_migration.py:68}}
Jun 11 03:59:59.782557 np0000002561 devstack@g-api.service[101959]: WARNING glance.common.wsgi_app [-] Import methods are enabled but staging directory /tmp/staging/ does not exist; Imports will fail!
Jun 11 03:59:59.951629 np0000002561 devstack@g-api.service[101957]: DEBUG glance.common.config [None req-52523b44-6c6c-4954-b051-6716b05557a5 None None] Loading glance-api-keystone+cachemanagement from /etc/glance/glance-api-paste.ini {{(pid=101957) load_paste_app /opt/stack/glance/glance/common/config.py:758}}
Jun 11 04:00:00.023158 np0000002561 devstack@g-api.service[101958]: DEBUG glance.common.config [None req-e1c5446c-54c3-45ba-a33f-4fd129df8c91 None None] Loading glance-api-keystone+cachemanagement from /etc/glance/glance-api-paste.ini {{(pid=101958) load_paste_app /opt/stack/glance/glance/common/config.py:758}}
Jun 11 04:00:00.078106 np0000002561 devstack@g-api.service[101959]: DEBUG glance.common.config [None req-77738cf2-e7d1-4af3-8b73-40d8be2a4153 None None] Loading glance-api-keystone+cachemanagement from /etc/glance/glance-api-paste.ini {{(pid=101959) load_paste_app /opt/stack/glance/glance/common/config.py:758}}
Jun 11 04:00:00.597804 np0000002561 devstack@g-api.service[101958]: INFO glance.image_cache [None req-e1c5446c-54c3-45ba-a33f-4fd129df8c91 None None] Image cache loaded driver 'centralized_db'.
Jun 11 04:00:00.600215 np0000002561 devstack@g-api.service[101959]: INFO glance.image_cache [None req-77738cf2-e7d1-4af3-8b73-40d8be2a4153 None None] Image cache loaded driver 'centralized_db'.
Jun 11 04:00:00.642302 np0000002561 devstack@g-api.service[101958]: INFO dbcounter [None req-e1c5446c-54c3-45ba-a33f-4fd129df8c91 None None] Registered counter for database glance
Jun 11 04:00:00.645299 np0000002561 devstack@g-api.service[101957]: INFO glance.image_cache [None req-52523b44-6c6c-4954-b051-6716b05557a5 None None] Image cache loaded driver 'centralized_db'.
Jun 11 04:00:00.646021 np0000002561 devstack@g-api.service[101959]: INFO dbcounter [None req-77738cf2-e7d1-4af3-8b73-40d8be2a4153 None None] Registered counter for database glance
Jun 11 04:00:00.691065 np0000002561 devstack@g-api.service[101957]: INFO dbcounter [None req-52523b44-6c6c-4954-b051-6716b05557a5 None None] Registered counter for database glance
Jun 11 04:00:00.692051 np0000002561 devstack@g-api.service[101959]: DEBUG oslo_db.sqlalchemy.engines [None req-77738cf2-e7d1-4af3-8b73-40d8be2a4153 None None] MySQL server mode set to STRICT_TRANS_TABLES,STRICT_ALL_TABLES,NO_ZERO_IN_DATE,NO_ZERO_DATE,ERROR_FOR_DIVISION_BY_ZERO,TRADITIONAL,NO_ENGINE_SUBSTITUTION {{(pid=101959) _check_effective_sql_mode /opt/stack/data/venv/lib/python3.12/site-packages/oslo_db/sqlalchemy/engines.py:325}}
Jun 11 04:00:00.696640 np0000002561 devstack@g-api.service[101958]: DEBUG oslo_db.sqlalchemy.engines [None req-e1c5446c-54c3-45ba-a33f-4fd129df8c91 None None] MySQL server mode set to STRICT_TRANS_TABLES,STRICT_ALL_TABLES,NO_ZERO_IN_DATE,NO_ZERO_DATE,ERROR_FOR_DIVISION_BY_ZERO,TRADITIONAL,NO_ENGINE_SUBSTITUTION {{(pid=101958) _check_effective_sql_mode /opt/stack/data/venv/lib/python3.12/site-packages/oslo_db/sqlalchemy/engines.py:325}}
Jun 11 04:00:00.717526 np0000002561 devstack@g-api.service[101959]: DEBUG dbcounter [-] [101959] Writer thread running {{(pid=101959) stat_writer /opt/stack/data/venv/lib/python3.12/site-packages/dbcounter.py:102}}
Jun 11 04:00:00.719832 np0000002561 devstack@g-api.service[101958]: DEBUG dbcounter [-] [101958] Writer thread running {{(pid=101958) stat_writer /opt/stack/data/venv/lib/python3.12/site-packages/dbcounter.py:102}}
Jun 11 04:00:00.725297 np0000002561 devstack@g-api.service[101958]: DEBUG glance.image_cache.drivers.centralized_db [None req-e1c5446c-54c3-45ba-a33f-4fd129df8c91 None None] Node reference is already recorded, ignoring it {{(pid=101958) configure /opt/stack/glance/glance/image_cache/drivers/centralized_db.py:71}}
Jun 11 04:00:00.730304 np0000002561 devstack@g-api.service[101959]: INFO glance.image_cache [None req-77738cf2-e7d1-4af3-8b73-40d8be2a4153 None None] Image cache loaded driver 'centralized_db'.
Jun 11 04:00:00.730987 np0000002561 devstack@g-api.service[101958]: INFO glance.image_cache [None req-e1c5446c-54c3-45ba-a33f-4fd129df8c91 None None] Image cache loaded driver 'centralized_db'.
Jun 11 04:00:00.737815 np0000002561 devstack@g-api.service[101959]: DEBUG glance.image_cache.drivers.centralized_db [None req-77738cf2-e7d1-4af3-8b73-40d8be2a4153 None None] Node reference is already recorded, ignoring it {{(pid=101959) configure /opt/stack/glance/glance/image_cache/drivers/centralized_db.py:71}}
Jun 11 04:00:00.739156 np0000002561 devstack@g-api.service[101957]: DEBUG oslo_db.sqlalchemy.engines [None req-52523b44-6c6c-4954-b051-6716b05557a5 None None] MySQL server mode set to STRICT_TRANS_TABLES,STRICT_ALL_TABLES,NO_ZERO_IN_DATE,NO_ZERO_DATE,ERROR_FOR_DIVISION_BY_ZERO,TRADITIONAL,NO_ENGINE_SUBSTITUTION {{(pid=101957) _check_effective_sql_mode /opt/stack/data/venv/lib/python3.12/site-packages/oslo_db/sqlalchemy/engines.py:325}}
Jun 11 04:00:00.739728 np0000002561 devstack@g-api.service[101958]: DEBUG glance.image_cache.drivers.centralized_db [None req-e1c5446c-54c3-45ba-a33f-4fd129df8c91 None None] Node reference is already recorded, ignoring it {{(pid=101958) configure /opt/stack/glance/glance/image_cache/drivers/centralized_db.py:71}}
Jun 11 04:00:00.744830 np0000002561 devstack@g-api.service[101958]: DEBUG glance.api.v2.cached_images [None req-e1c5446c-54c3-45ba-a33f-4fd129df8c91 None None] Started cache worker thread {{(pid=101958) __init__ /opt/stack/glance/glance/api/v2/cached_images.py:69}}
Jun 11 04:00:00.745303 np0000002561 devstack@g-api.service[101959]: DEBUG glance.api.v2.cached_images [None req-77738cf2-e7d1-4af3-8b73-40d8be2a4153 None None] Started cache worker thread {{(pid=101959) __init__ /opt/stack/glance/glance/api/v2/cached_images.py:69}}
Jun 11 04:00:00.745362 np0000002561 devstack@g-api.service[101958]: INFO glance.image_cache [None req-e1c5446c-54c3-45ba-a33f-4fd129df8c91 None None] Image cache loaded driver 'centralized_db'.
Jun 11 04:00:00.746249 np0000002561 devstack@g-api.service[101959]: INFO glance.image_cache [None req-77738cf2-e7d1-4af3-8b73-40d8be2a4153 None None] Image cache loaded driver 'centralized_db'.
Jun 11 04:00:00.752111 np0000002561 devstack@g-api.service[101958]: DEBUG glance.image_cache.drivers.centralized_db [None req-e1c5446c-54c3-45ba-a33f-4fd129df8c91 None None] Node reference is already recorded, ignoring it {{(pid=101958) configure /opt/stack/glance/glance/image_cache/drivers/centralized_db.py:71}}
Jun 11 04:00:00.755714 np0000002561 devstack@g-api.service[101959]: DEBUG glance.image_cache.drivers.centralized_db [None req-77738cf2-e7d1-4af3-8b73-40d8be2a4153 None None] Node reference is already recorded, ignoring it {{(pid=101959) configure /opt/stack/glance/glance/image_cache/drivers/centralized_db.py:71}}
Jun 11 04:00:00.759406 np0000002561 devstack@g-api.service[101958]: INFO glance.api.middleware.cache_manage [None req-e1c5446c-54c3-45ba-a33f-4fd129df8c91 None None] Initialized image cache management middleware
Jun 11 04:00:00.759599 np0000002561 devstack@g-api.service[101958]: INFO glance.image_cache [None req-e1c5446c-54c3-45ba-a33f-4fd129df8c91 None None] Image cache loaded driver 'centralized_db'.
Jun 11 04:00:00.762883 np0000002561 devstack@g-api.service[101959]: INFO glance.api.middleware.cache_manage [None req-77738cf2-e7d1-4af3-8b73-40d8be2a4153 None None] Initialized image cache management middleware
Jun 11 04:00:00.763059 np0000002561 devstack@g-api.service[101959]: INFO glance.image_cache [None req-77738cf2-e7d1-4af3-8b73-40d8be2a4153 None None] Image cache loaded driver 'centralized_db'.
Jun 11 04:00:00.763974 np0000002561 devstack@g-api.service[101957]: DEBUG dbcounter [-] [101957] Writer thread running {{(pid=101957) stat_writer /opt/stack/data/venv/lib/python3.12/site-packages/dbcounter.py:102}}
Jun 11 04:00:00.766943 np0000002561 devstack@g-api.service[101957]: DEBUG glance.image_cache.drivers.centralized_db [None req-52523b44-6c6c-4954-b051-6716b05557a5 None None] Node reference is already recorded, ignoring it {{(pid=101957) configure /opt/stack/glance/glance/image_cache/drivers/centralized_db.py:71}}
Jun 11 04:00:00.769059 np0000002561 devstack@g-api.service[101958]: DEBUG glance.image_cache.drivers.centralized_db [None req-e1c5446c-54c3-45ba-a33f-4fd129df8c91 None None] Node reference is already recorded, ignoring it {{(pid=101958) configure /opt/stack/glance/glance/image_cache/drivers/centralized_db.py:71}}
Jun 11 04:00:00.772384 np0000002561 devstack@g-api.service[101959]: DEBUG glance.image_cache.drivers.centralized_db [None req-77738cf2-e7d1-4af3-8b73-40d8be2a4153 None None] Node reference is already recorded, ignoring it {{(pid=101959) configure /opt/stack/glance/glance/image_cache/drivers/centralized_db.py:71}}
Jun 11 04:00:00.772924 np0000002561 devstack@g-api.service[101957]: INFO glance.image_cache [None req-52523b44-6c6c-4954-b051-6716b05557a5 None None] Image cache loaded driver 'centralized_db'.
Jun 11 04:00:00.774989 np0000002561 devstack@g-api.service[101958]: INFO glance.api.middleware.cache [None req-e1c5446c-54c3-45ba-a33f-4fd129df8c91 None None] Initialized image cache middleware
Jun 11 04:00:00.780537 np0000002561 devstack@g-api.service[101957]: DEBUG glance.image_cache.drivers.centralized_db [None req-52523b44-6c6c-4954-b051-6716b05557a5 None None] Node reference is already recorded, ignoring it {{(pid=101957) configure /opt/stack/glance/glance/image_cache/drivers/centralized_db.py:71}}
Jun 11 04:00:00.784886 np0000002561 devstack@g-api.service[101957]: DEBUG glance.api.v2.cached_images [None req-52523b44-6c6c-4954-b051-6716b05557a5 None None] Started cache worker thread {{(pid=101957) __init__ /opt/stack/glance/glance/api/v2/cached_images.py:69}}
Jun 11 04:00:00.785432 np0000002561 devstack@g-api.service[101957]: INFO glance.image_cache [None req-52523b44-6c6c-4954-b051-6716b05557a5 None None] Image cache loaded driver 'centralized_db'.
Jun 11 04:00:00.792644 np0000002561 devstack@g-api.service[101957]: DEBUG glance.image_cache.drivers.centralized_db [None req-52523b44-6c6c-4954-b051-6716b05557a5 None None] Node reference is already recorded, ignoring it {{(pid=101957) configure /opt/stack/glance/glance/image_cache/drivers/centralized_db.py:71}}
Jun 11 04:00:00.799431 np0000002561 devstack@g-api.service[101957]: INFO glance.api.middleware.cache_manage [None req-52523b44-6c6c-4954-b051-6716b05557a5 None None] Initialized image cache management middleware
Jun 11 04:00:00.799626 np0000002561 devstack@g-api.service[101957]: INFO glance.image_cache [None req-52523b44-6c6c-4954-b051-6716b05557a5 None None] Image cache loaded driver 'centralized_db'.
Jun 11 04:00:00.807823 np0000002561 devstack@g-api.service[101957]: DEBUG glance.image_cache.drivers.centralized_db [None req-52523b44-6c6c-4954-b051-6716b05557a5 None None] Node reference is already recorded, ignoring it {{(pid=101957) configure /opt/stack/glance/glance/image_cache/drivers/centralized_db.py:71}}
Jun 11 04:00:00.811559 np0000002561 devstack@g-api.service[101957]: INFO glance.api.middleware.cache [None req-52523b44-6c6c-4954-b051-6716b05557a5 None None] Initialized image cache middleware
Jun 11 04:00:00.883987 np0000002561 devstack@g-api.service[101958]: DEBUG glance.common.config [None req-e1c5446c-54c3-45ba-a33f-4fd129df8c91 None None] ******************************************************************************** {{(pid=101958) log_opt_values /opt/stack/data/venv/lib/python3.12/site-packages/oslo_config/cfg.py:3229}}
Jun 11 04:00:00.884185 np0000002561 devstack@g-api.service[101958]: DEBUG glance.common.config [None req-e1c5446c-54c3-45ba-a33f-4fd129df8c91 None None] Configuration options gathered from: {{(pid=101958) log_opt_values /opt/stack/data/venv/lib/python3.12/site-packages/oslo_config/cfg.py:3230}}
Jun 11 04:00:00.884250 np0000002561 devstack@g-api.service[101959]: INFO glance.api.middleware.cache [None req-77738cf2-e7d1-4af3-8b73-40d8be2a4153 None None] Initialized image cache middleware
Jun 11 04:00:00.884485 np0000002561 devstack@g-api.service[101958]: DEBUG glance.common.config [None req-e1c5446c-54c3-45ba-a33f-4fd129df8c91 None None] command line args: [] {{(pid=101958) log_opt_values /opt/stack/data/venv/lib/python3.12/site-packages/oslo_config/cfg.py:3231}}
Jun 11 04:00:00.884688 np0000002561 devstack@g-api.service[101958]: DEBUG glance.common.config [None req-e1c5446c-54c3-45ba-a33f-4fd129df8c91 None None] config files: ['/etc/glance/glance-image-import.conf', '/etc/glance/glance-api.conf'] {{(pid=101958) log_opt_values /opt/stack/data/venv/lib/python3.12/site-packages/oslo_config/cfg.py:3232}}
Jun 11 04:00:00.884783 np0000002561 devstack@g-api.service[101958]: DEBUG glance.common.config [None req-e1c5446c-54c3-45ba-a33f-4fd129df8c91 None None] ================================================================================ {{(pid=101958) log_opt_values /opt/stack/data/venv/lib/python3.12/site-packages/oslo_config/cfg.py:3237}}
Jun 11 04:00:00.884947 np0000002561 devstack@g-api.service[101958]: DEBUG glance.common.config [None req-e1c5446c-54c3-45ba-a33f-4fd129df8c91 None None] allow_anonymous_access = False {{(pid=101958) log_opt_values /opt/stack/data/venv/lib/python3.12/site-packages/oslo_config/cfg.py:3245}}
Jun 11 04:00:00.885055 np0000002561 devstack@g-api.service[101958]: DEBUG glance.common.config [None req-e1c5446c-54c3-45ba-a33f-4fd129df8c91 None None] api_limit_max = 1000 {{(pid=101958) log_opt_values /opt/stack/data/venv/lib/python3.12/site-packages/oslo_config/cfg.py:3245}}
Jun 11 04:00:00.885153 np0000002561 devstack@g-api.service[101958]: DEBUG glance.common.config [None req-e1c5446c-54c3-45ba-a33f-4fd129df8c91 None None] backlog = 4096 {{(pid=101958) log_opt_values /opt/stack/data/venv/lib/python3.12/site-packages/oslo_config/cfg.py:3245}}
Jun 11 04:00:00.885323 np0000002561 devstack@g-api.service[101958]: DEBUG glance.common.config [None req-e1c5446c-54c3-45ba-a33f-4fd129df8c91 None None] bind_host = 0.0.0.0 {{(pid=101958) log_opt_values /opt/stack/data/venv/lib/python3.12/site-packages/oslo_config/cfg.py:3245}}
Jun 11 04:00:00.885466 np0000002561 devstack@g-api.service[101958]: DEBUG glance.common.config [None req-e1c5446c-54c3-45ba-a33f-4fd129df8c91 None None] bind_port = 19292 {{(pid=101958) log_opt_values /opt/stack/data/venv/lib/python3.12/site-packages/oslo_config/cfg.py:3245}}
Jun 11 04:00:00.885581 np0000002561 devstack@g-api.service[101958]: DEBUG glance.common.config [None req-e1c5446c-54c3-45ba-a33f-4fd129df8c91 None None] client_socket_timeout = 900 {{(pid=101958) log_opt_values /opt/stack/data/venv/lib/python3.12/site-packages/oslo_config/cfg.py:3245}}
Jun 11 04:00:00.885777 np0000002561 devstack@g-api.service[101958]: DEBUG glance.common.config [None req-e1c5446c-54c3-45ba-a33f-4fd129df8c91 None None] config_dir = [] {{(pid=101958) log_opt_values /opt/stack/data/venv/lib/python3.12/site-packages/oslo_config/cfg.py:3245}}
Jun 11 04:00:00.885879 np0000002561 devstack@g-api.service[101958]: DEBUG glance.common.config [None req-e1c5446c-54c3-45ba-a33f-4fd129df8c91 None None] config_file = ['/etc/glance/glance-image-import.conf', '/etc/glance/glance-api.conf'] {{(pid=101958) log_opt_values /opt/stack/data/venv/lib/python3.12/site-packages/oslo_config/cfg.py:3245}}
Jun 11 04:00:00.886190 np0000002561 devstack@g-api.service[101958]: DEBUG glance.common.config [None req-e1c5446c-54c3-45ba-a33f-4fd129df8c91 None None] config_source = [] {{(pid=101958) log_opt_values /opt/stack/data/venv/lib/python3.12/site-packages/oslo_config/cfg.py:3245}}
Jun 11 04:00:00.886335 np0000002561 devstack@g-api.service[101958]: DEBUG glance.common.config [None req-e1c5446c-54c3-45ba-a33f-4fd129df8c91 None None] control_exchange = glance {{(pid=101958) log_opt_values /opt/stack/data/venv/lib/python3.12/site-packages/oslo_config/cfg.py:3245}}
Jun 11 04:00:00.886450 np0000002561 devstack@g-api.service[101958]: DEBUG glance.common.config [None req-e1c5446c-54c3-45ba-a33f-4fd129df8c91 None None] debug = True {{(pid=101958) log_opt_values /opt/stack/data/venv/lib/python3.12/site-packages/oslo_config/cfg.py:3245}}
Jun 11 04:00:00.886641 np0000002561 devstack@g-api.service[101958]: DEBUG glance.common.config [None req-e1c5446c-54c3-45ba-a33f-4fd129df8c91 None None] default_log_levels = ['amqp=WARN', 'boto=WARN', 'sqlalchemy=WARN', 'suds=INFO', 'oslo.messaging=INFO', 'oslo_messaging=INFO', 'iso8601=WARN', 'requests.packages.urllib3.connectionpool=WARN', 'urllib3.connectionpool=WARN', 'websocket=WARN', 'requests.packages.urllib3.util.retry=WARN', 'urllib3.util.retry=WARN', 'keystonemiddleware=WARN', 'routes.middleware=WARN', 'stevedore=WARN', 'taskflow=WARN', 'keystoneauth=WARN', 'oslo.cache=INFO', 'oslo_policy=INFO', 'dogpile.core.dogpile=INFO'] {{(pid=101958) log_opt_values /opt/stack/data/venv/lib/python3.12/site-packages/oslo_config/cfg.py:3245}}
Jun 11 04:00:00.886788 np0000002561 devstack@g-api.service[101958]: DEBUG glance.common.config [None req-e1c5446c-54c3-45ba-a33f-4fd129df8c91 None None] default_publisher_id = image.localhost {{(pid=101958) log_opt_values /opt/stack/data/venv/lib/python3.12/site-packages/oslo_config/cfg.py:3245}}
Jun 11 04:00:00.886929 np0000002561 devstack@g-api.service[101958]: DEBUG glance.common.config [None req-e1c5446c-54c3-45ba-a33f-4fd129df8c91 None None] delayed_delete = False {{(pid=101958) log_opt_values /opt/stack/data/venv/lib/python3.12/site-packages/oslo_config/cfg.py:3245}}
Jun 11 04:00:00.887061 np0000002561 devstack@g-api.service[101958]: DEBUG glance.common.config [None req-e1c5446c-54c3-45ba-a33f-4fd129df8c91 None None] digest_algorithm = sha256 {{(pid=101958) log_opt_values /opt/stack/data/venv/lib/python3.12/site-packages/oslo_config/cfg.py:3245}}
Jun 11 04:00:00.887207 np0000002561 devstack@g-api.service[101958]: DEBUG glance.common.config [None req-e1c5446c-54c3-45ba-a33f-4fd129df8c91 None None] disabled_notifications = [] {{(pid=101958) log_opt_values /opt/stack/data/venv/lib/python3.12/site-packages/oslo_config/cfg.py:3245}}
Jun 11 04:00:00.887339 np0000002561 devstack@g-api.service[101958]: DEBUG glance.common.config [None req-e1c5446c-54c3-45ba-a33f-4fd129df8c91 None None] do_secure_hash = True {{(pid=101958) log_opt_values /opt/stack/data/venv/lib/python3.12/site-packages/oslo_config/cfg.py:3245}}
Jun 11 04:00:00.887469 np0000002561 devstack@g-api.service[101958]: DEBUG glance.common.config [None req-e1c5446c-54c3-45ba-a33f-4fd129df8c91 None None] enabled_backends = None {{(pid=101958) log_opt_values /opt/stack/data/venv/lib/python3.12/site-packages/oslo_config/cfg.py:3245}}
Jun 11 04:00:00.887623 np0000002561 devstack@g-api.service[101958]: DEBUG glance.common.config [None req-e1c5446c-54c3-45ba-a33f-4fd129df8c91 None None] enabled_import_methods = ['glance-direct', 'web-download', 'copy-image'] {{(pid=101958) log_opt_values /opt/stack/data/venv/lib/python3.12/site-packages/oslo_config/cfg.py:3245}}
Jun 11 04:00:00.887765 np0000002561 devstack@g-api.service[101958]: DEBUG glance.common.config [None req-e1c5446c-54c3-45ba-a33f-4fd129df8c91 None None] fatal_deprecations = False {{(pid=101958) log_opt_values /opt/stack/data/venv/lib/python3.12/site-packages/oslo_config/cfg.py:3245}}
Jun 11 04:00:00.887901 np0000002561 devstack@g-api.service[101958]: DEBUG glance.common.config [None req-e1c5446c-54c3-45ba-a33f-4fd129df8c91 None None] hashing_algorithm = sha512 {{(pid=101958) log_opt_values /opt/stack/data/venv/lib/python3.12/site-packages/oslo_config/cfg.py:3245}}
Jun 11 04:00:00.888007 np0000002561 devstack@g-api.service[101958]: DEBUG glance.common.config [None req-e1c5446c-54c3-45ba-a33f-4fd129df8c91 None None] http_keepalive = True {{(pid=101958) log_opt_values /opt/stack/data/venv/lib/python3.12/site-packages/oslo_config/cfg.py:3245}}
Jun 11 04:00:00.888118 np0000002561 devstack@g-api.service[101958]: DEBUG glance.common.config [None req-e1c5446c-54c3-45ba-a33f-4fd129df8c91 None None] http_retries = 3 {{(pid=101958) log_opt_values /opt/stack/data/venv/lib/python3.12/site-packages/oslo_config/cfg.py:3245}}
Jun 11 04:00:00.888252 np0000002561 devstack@g-api.service[101958]: DEBUG glance.common.config [None req-e1c5446c-54c3-45ba-a33f-4fd129df8c91 None None] image_cache_dir = /opt/stack/data/glance/cache/ {{(pid=101958) log_opt_values /opt/stack/data/venv/lib/python3.12/site-packages/oslo_config/cfg.py:3245}}
Jun 11 04:00:00.888340 np0000002561 devstack@g-api.service[101958]: DEBUG glance.common.config [None req-e1c5446c-54c3-45ba-a33f-4fd129df8c91 None None] image_cache_driver = centralized_db {{(pid=101958) log_opt_values /opt/stack/data/venv/lib/python3.12/site-packages/oslo_config/cfg.py:3245}}
Jun 11 04:00:00.888442 np0000002561 devstack@g-api.service[101958]: DEBUG glance.common.config [None req-e1c5446c-54c3-45ba-a33f-4fd129df8c91 None None] image_cache_max_size = 10737418240 {{(pid=101958) log_opt_values /opt/stack/data/venv/lib/python3.12/site-packages/oslo_config/cfg.py:3245}}
Jun 11 04:00:00.888535 np0000002561 devstack@g-api.service[101958]: DEBUG glance.common.config [None req-e1c5446c-54c3-45ba-a33f-4fd129df8c91 None None] image_cache_sqlite_db = cache.db {{(pid=101958) log_opt_values /opt/stack/data/venv/lib/python3.12/site-packages/oslo_config/cfg.py:3245}}
Jun 11 04:00:00.888652 np0000002561 devstack@g-api.service[101958]: DEBUG glance.common.config [None req-e1c5446c-54c3-45ba-a33f-4fd129df8c91 None None] image_cache_stall_time = 86400 {{(pid=101958) log_opt_values /opt/stack/data/venv/lib/python3.12/site-packages/oslo_config/cfg.py:3245}}
Jun 11 04:00:00.888834 np0000002561 devstack@g-api.service[101958]: DEBUG glance.common.config [None req-e1c5446c-54c3-45ba-a33f-4fd129df8c91 None None] image_location_quota = 10 {{(pid=101958) log_opt_values /opt/stack/data/venv/lib/python3.12/site-packages/oslo_config/cfg.py:3245}}
Jun 11 04:00:00.888989 np0000002561 devstack@g-api.service[101958]: DEBUG glance.common.config [None req-e1c5446c-54c3-45ba-a33f-4fd129df8c91 None None] image_member_quota = 128 {{(pid=101958) log_opt_values /opt/stack/data/venv/lib/python3.12/site-packages/oslo_config/cfg.py:3245}}
Jun 11 04:00:00.889079 np0000002561 devstack@g-api.service[101958]: DEBUG glance.common.config [None req-e1c5446c-54c3-45ba-a33f-4fd129df8c91 None None] image_property_quota = 128 {{(pid=101958) log_opt_values /opt/stack/data/venv/lib/python3.12/site-packages/oslo_config/cfg.py:3245}}
Jun 11 04:00:00.889181 np0000002561 devstack@g-api.service[101958]: DEBUG glance.common.config [None req-e1c5446c-54c3-45ba-a33f-4fd129df8c91 None None] image_size_cap = 1099511627776 {{(pid=101958) log_opt_values /opt/stack/data/venv/lib/python3.12/site-packages/oslo_config/cfg.py:3245}}
Jun 11 04:00:00.889350 np0000002561 devstack@g-api.service[101958]: DEBUG glance.common.config [None req-e1c5446c-54c3-45ba-a33f-4fd129df8c91 None None] image_tag_quota = 128 {{(pid=101958) log_opt_values /opt/stack/data/venv/lib/python3.12/site-packages/oslo_config/cfg.py:3245}}
Jun 11 04:00:00.889487 np0000002561 devstack@g-api.service[101958]: DEBUG glance.common.config [None req-e1c5446c-54c3-45ba-a33f-4fd129df8c91 None None] instance_format = [instance: %(uuid)s] {{(pid=101958) log_opt_values /opt/stack/data/venv/lib/python3.12/site-packages/oslo_config/cfg.py:3245}}
Jun 11 04:00:00.889632 np0000002561 devstack@g-api.service[101958]: DEBUG glance.common.config [None req-e1c5446c-54c3-45ba-a33f-4fd129df8c91 None None] instance_uuid_format = [instance: %(uuid)s] {{(pid=101958) log_opt_values /opt/stack/data/venv/lib/python3.12/site-packages/oslo_config/cfg.py:3245}}
Jun 11 04:00:00.889784 np0000002561 devstack@g-api.service[101958]: DEBUG glance.common.config [None req-e1c5446c-54c3-45ba-a33f-4fd129df8c91 None None] limit_param_default = 25 {{(pid=101958) log_opt_values /opt/stack/data/venv/lib/python3.12/site-packages/oslo_config/cfg.py:3245}}
Jun 11 04:00:00.889933 np0000002561 devstack@g-api.service[101958]: DEBUG glance.common.config [None req-e1c5446c-54c3-45ba-a33f-4fd129df8c91 None None] log_color = False {{(pid=101958) log_opt_values /opt/stack/data/venv/lib/python3.12/site-packages/oslo_config/cfg.py:3245}}
Jun 11 04:00:00.890078 np0000002561 devstack@g-api.service[101958]: DEBUG glance.common.config [None req-e1c5446c-54c3-45ba-a33f-4fd129df8c91 None None] log_config_append = None {{(pid=101958) log_opt_values /opt/stack/data/venv/lib/python3.12/site-packages/oslo_config/cfg.py:3245}}
Jun 11 04:00:00.890224 np0000002561 devstack@g-api.service[101958]: DEBUG glance.common.config [None req-e1c5446c-54c3-45ba-a33f-4fd129df8c91 None None] log_date_format = %Y-%m-%d %H:%M:%S {{(pid=101958) log_opt_values /opt/stack/data/venv/lib/python3.12/site-packages/oslo_config/cfg.py:3245}}
Jun 11 04:00:00.890377 np0000002561 devstack@g-api.service[101958]: DEBUG glance.common.config [None req-e1c5446c-54c3-45ba-a33f-4fd129df8c91 None None] log_dir = None {{(pid=101958) log_opt_values /opt/stack/data/venv/lib/python3.12/site-packages/oslo_config/cfg.py:3245}}
Jun 11 04:00:00.890517 np0000002561 devstack@g-api.service[101958]: DEBUG glance.common.config [None req-e1c5446c-54c3-45ba-a33f-4fd129df8c91 None None] log_file = None {{(pid=101958) log_opt_values /opt/stack/data/venv/lib/python3.12/site-packages/oslo_config/cfg.py:3245}}
Jun 11 04:00:00.890655 np0000002561 devstack@g-api.service[101958]: DEBUG glance.common.config [None req-e1c5446c-54c3-45ba-a33f-4fd129df8c91 None None] log_rotate_interval = 1 {{(pid=101958) log_opt_values /opt/stack/data/venv/lib/python3.12/site-packages/oslo_config/cfg.py:3245}}
Jun 11 04:00:00.890820 np0000002561 devstack@g-api.service[101958]: DEBUG glance.common.config [None req-e1c5446c-54c3-45ba-a33f-4fd129df8c91 None None] log_rotate_interval_type = days {{(pid=101958) log_opt_values /opt/stack/data/venv/lib/python3.12/site-packages/oslo_config/cfg.py:3245}}
Jun 11 04:00:00.890984 np0000002561 devstack@g-api.service[101958]: DEBUG glance.common.config [None req-e1c5446c-54c3-45ba-a33f-4fd129df8c91 None None] log_rotation_type = none {{(pid=101958) log_opt_values /opt/stack/data/venv/lib/python3.12/site-packages/oslo_config/cfg.py:3245}}
Jun 11 04:00:00.891101 np0000002561 devstack@g-api.service[101958]: DEBUG glance.common.config [None req-e1c5446c-54c3-45ba-a33f-4fd129df8c91 None None] logging_context_format_string = %(color)s%(levelname)s %(name)s [%(global_request_id)s %(request_id)s %(project_name)s %(user_name)s%(color)s] %(instance)s%(color)s%(message)s {{(pid=101958) log_opt_values /opt/stack/data/venv/lib/python3.12/site-packages/oslo_config/cfg.py:3245}}
Jun 11 04:00:00.891214 np0000002561 devstack@g-api.service[101958]: DEBUG glance.common.config [None req-e1c5446c-54c3-45ba-a33f-4fd129df8c91 None None] logging_debug_format_suffix = {{(pid=%(process)d) %(funcName)s %(pathname)s:%(lineno)d}} {{(pid=101958) log_opt_values /opt/stack/data/venv/lib/python3.12/site-packages/oslo_config/cfg.py:3245}}
Jun 11 04:00:00.891377 np0000002561 devstack@g-api.service[101958]: DEBUG glance.common.config [None req-e1c5446c-54c3-45ba-a33f-4fd129df8c91 None None] logging_default_format_string = %(color)s%(levelname)s %(name)s [-%(color)s] %(instance)s%(color)s%(message)s {{(pid=101958) log_opt_values /opt/stack/data/venv/lib/python3.12/site-packages/oslo_config/cfg.py:3245}}
Jun 11 04:00:00.891521 np0000002561 devstack@g-api.service[101958]: DEBUG glance.common.config [None req-e1c5446c-54c3-45ba-a33f-4fd129df8c91 None None] logging_exception_prefix = ERROR %(name)s %(instance)s {{(pid=101958) log_opt_values /opt/stack/data/venv/lib/python3.12/site-packages/oslo_config/cfg.py:3245}}
Jun 11 04:00:00.891629 np0000002561 devstack@g-api.service[101958]: DEBUG glance.common.config [None req-e1c5446c-54c3-45ba-a33f-4fd129df8c91 None None] logging_user_identity_format = %(user)s %(project)s %(domain)s %(system_scope)s %(user_domain)s %(project_domain)s {{(pid=101958) log_opt_values /opt/stack/data/venv/lib/python3.12/site-packages/oslo_config/cfg.py:3245}}
Jun 11 04:00:00.891787 np0000002561 devstack@g-api.service[101958]: DEBUG glance.common.config [None req-e1c5446c-54c3-45ba-a33f-4fd129df8c91 None None] max_header_line = 16384 {{(pid=101958) log_opt_values /opt/stack/data/venv/lib/python3.12/site-packages/oslo_config/cfg.py:3245}}
Jun 11 04:00:00.891925 np0000002561 devstack@g-api.service[101958]: DEBUG glance.common.config [None req-e1c5446c-54c3-45ba-a33f-4fd129df8c91 None None] max_logfile_count = 30 {{(pid=101958) log_opt_values /opt/stack/data/venv/lib/python3.12/site-packages/oslo_config/cfg.py:3245}}
Jun 11 04:00:00.892063 np0000002561 devstack@g-api.service[101958]: DEBUG glance.common.config [None req-e1c5446c-54c3-45ba-a33f-4fd129df8c91 None None] max_logfile_size_mb = 200 {{(pid=101958) log_opt_values /opt/stack/data/venv/lib/python3.12/site-packages/oslo_config/cfg.py:3245}}
Jun 11 04:00:00.892199 np0000002561 devstack@g-api.service[101958]: DEBUG glance.common.config [None req-e1c5446c-54c3-45ba-a33f-4fd129df8c91 None None] max_request_id_length = 64 {{(pid=101958) log_opt_values /opt/stack/data/venv/lib/python3.12/site-packages/oslo_config/cfg.py:3245}}
Jun 11 04:00:00.892348 np0000002561 devstack@g-api.service[101958]: DEBUG glance.common.config [None req-e1c5446c-54c3-45ba-a33f-4fd129df8c91 None None] metadata_encryption_key = **** {{(pid=101958) log_opt_values /opt/stack/data/venv/lib/python3.12/site-packages/oslo_config/cfg.py:3245}}
Jun 11 04:00:00.892491 np0000002561 devstack@g-api.service[101958]: DEBUG glance.common.config [None req-e1c5446c-54c3-45ba-a33f-4fd129df8c91 None None] node_staging_uri = file:///tmp/staging/ {{(pid=101958) log_opt_values /opt/stack/data/venv/lib/python3.12/site-packages/oslo_config/cfg.py:3245}}
Jun 11 04:00:00.892622 np0000002561 devstack@g-api.service[101958]: DEBUG glance.common.config [None req-e1c5446c-54c3-45ba-a33f-4fd129df8c91 None None] property_protection_file = None {{(pid=101958) log_opt_values /opt/stack/data/venv/lib/python3.12/site-packages/oslo_config/cfg.py:3245}}
Jun 11 04:00:00.892781 np0000002561 devstack@g-api.service[101958]: DEBUG glance.common.config [None req-e1c5446c-54c3-45ba-a33f-4fd129df8c91 None None] property_protection_rule_format = roles {{(pid=101958) log_opt_values /opt/stack/data/venv/lib/python3.12/site-packages/oslo_config/cfg.py:3245}}
Jun 11 04:00:00.892923 np0000002561 devstack@g-api.service[101958]: DEBUG glance.common.config [None req-e1c5446c-54c3-45ba-a33f-4fd129df8c91 None None] public_endpoint = https://10.4.3.206/image {{(pid=101958) log_opt_values /opt/stack/data/venv/lib/python3.12/site-packages/oslo_config/cfg.py:3245}}
Jun 11 04:00:00.893057 np0000002561 devstack@g-api.service[101958]: DEBUG glance.common.config [None req-e1c5446c-54c3-45ba-a33f-4fd129df8c91 None None] publish_errors = False {{(pid=101958) log_opt_values /opt/stack/data/venv/lib/python3.12/site-packages/oslo_config/cfg.py:3245}}
Jun 11 04:00:00.893193 np0000002561 devstack@g-api.service[101958]: DEBUG glance.common.config [None req-e1c5446c-54c3-45ba-a33f-4fd129df8c91 None None] pydev_worker_debug_host = None {{(pid=101958) log_opt_values /opt/stack/data/venv/lib/python3.12/site-packages/oslo_config/cfg.py:3245}}
Jun 11 04:00:00.893345 np0000002561 devstack@g-api.service[101958]: DEBUG glance.common.config [None req-e1c5446c-54c3-45ba-a33f-4fd129df8c91 None None] pydev_worker_debug_port = 5678 {{(pid=101958) log_opt_values /opt/stack/data/venv/lib/python3.12/site-packages/oslo_config/cfg.py:3245}}
Jun 11 04:00:00.893481 np0000002561 devstack@g-api.service[101958]: DEBUG glance.common.config [None req-e1c5446c-54c3-45ba-a33f-4fd129df8c91 None None] rate_limit_burst = 0 {{(pid=101958) log_opt_values /opt/stack/data/venv/lib/python3.12/site-packages/oslo_config/cfg.py:3245}}
Jun 11 04:00:00.893623 np0000002561 devstack@g-api.service[101958]: DEBUG glance.common.config [None req-e1c5446c-54c3-45ba-a33f-4fd129df8c91 None None] rate_limit_except_level = CRITICAL {{(pid=101958) log_opt_values /opt/stack/data/venv/lib/python3.12/site-packages/oslo_config/cfg.py:3245}}
Jun 11 04:00:00.893773 np0000002561 devstack@g-api.service[101958]: DEBUG glance.common.config [None req-e1c5446c-54c3-45ba-a33f-4fd129df8c91 None None] rate_limit_interval = 0 {{(pid=101958) log_opt_values /opt/stack/data/venv/lib/python3.12/site-packages/oslo_config/cfg.py:3245}}
Jun 11 04:00:00.893910 np0000002561 devstack@g-api.service[101958]: DEBUG glance.common.config [None req-e1c5446c-54c3-45ba-a33f-4fd129df8c91 None None] scrub_pool_size = 1 {{(pid=101958) log_opt_values /opt/stack/data/venv/lib/python3.12/site-packages/oslo_config/cfg.py:3245}}
Jun 11 04:00:00.894046 np0000002561 devstack@g-api.service[101958]: DEBUG glance.common.config [None req-e1c5446c-54c3-45ba-a33f-4fd129df8c91 None None] scrub_time = 0 {{(pid=101958) log_opt_values /opt/stack/data/venv/lib/python3.12/site-packages/oslo_config/cfg.py:3245}}
Jun 11 04:00:00.894176 np0000002561 devstack@g-api.service[101958]: DEBUG glance.common.config [None req-e1c5446c-54c3-45ba-a33f-4fd129df8c91 None None] shell_completion = None {{(pid=101958) log_opt_values /opt/stack/data/venv/lib/python3.12/site-packages/oslo_config/cfg.py:3245}}
Jun 11 04:00:00.894334 np0000002561 devstack@g-api.service[101958]: DEBUG glance.common.config [None req-e1c5446c-54c3-45ba-a33f-4fd129df8c91 None None] show_image_direct_url = False {{(pid=101958) log_opt_values /opt/stack/data/venv/lib/python3.12/site-packages/oslo_config/cfg.py:3245}}
Jun 11 04:00:00.894621 np0000002561 devstack@g-api.service[101958]: WARNING oslo_config.cfg [None req-e1c5446c-54c3-45ba-a33f-4fd129df8c91 None None] Deprecated: Option "show_multiple_locations" from group "DEFAULT" is deprecated for removal (Use of this option, deprecated since Newton, is a security risk and will be removed once we figure out a way to satisfy those use cases that currently require it. An earlier announcement that the same functionality can be achieved with greater granularity by using policies is incorrect. You cannot work around this option via policy configuration at the present time, though that is the direction we believe the fix will take. Please keep an eye on the Glance release notes to stay up to date on progress in addressing this issue.). Its value may be silently ignored in the future.
Jun 11 04:00:00.894791 np0000002561 devstack@g-api.service[101958]: DEBUG glance.common.config [None req-e1c5446c-54c3-45ba-a33f-4fd129df8c91 None None] show_multiple_locations = False {{(pid=101958) log_opt_values /opt/stack/data/venv/lib/python3.12/site-packages/oslo_config/cfg.py:3245}}
Jun 11 04:00:00.894939 np0000002561 devstack@g-api.service[101958]: DEBUG glance.common.config [None req-e1c5446c-54c3-45ba-a33f-4fd129df8c91 None None] syslog_log_facility = LOG_USER {{(pid=101958) log_opt_values /opt/stack/data/venv/lib/python3.12/site-packages/oslo_config/cfg.py:3245}}
Jun 11 04:00:00.895076 np0000002561 devstack@g-api.service[101958]: DEBUG glance.common.config [None req-e1c5446c-54c3-45ba-a33f-4fd129df8c91 None None] tcp_keepidle = 600 {{(pid=101958) log_opt_values /opt/stack/data/venv/lib/python3.12/site-packages/oslo_config/cfg.py:3245}}
Jun 11 04:00:00.895220 np0000002561 devstack@g-api.service[101958]: DEBUG glance.common.config [None req-e1c5446c-54c3-45ba-a33f-4fd129df8c91 None None] transport_url = **** {{(pid=101958) log_opt_values /opt/stack/data/venv/lib/python3.12/site-packages/oslo_config/cfg.py:3245}}
Jun 11 04:00:00.895363 np0000002561 devstack@g-api.service[101958]: DEBUG glance.common.config [None req-e1c5446c-54c3-45ba-a33f-4fd129df8c91 None None] use_journal = False {{(pid=101958) log_opt_values /opt/stack/data/venv/lib/python3.12/site-packages/oslo_config/cfg.py:3245}}
Jun 11 04:00:00.895499 np0000002561 devstack@g-api.service[101958]: DEBUG glance.common.config [None req-e1c5446c-54c3-45ba-a33f-4fd129df8c91 None None] use_json = False {{(pid=101958) log_opt_values /opt/stack/data/venv/lib/python3.12/site-packages/oslo_config/cfg.py:3245}}
Jun 11 04:00:00.895645 np0000002561 devstack@g-api.service[101958]: DEBUG glance.common.config [None req-e1c5446c-54c3-45ba-a33f-4fd129df8c91 None None] use_keystone_limits = True {{(pid=101958) log_opt_values /opt/stack/data/venv/lib/python3.12/site-packages/oslo_config/cfg.py:3245}}
Jun 11 04:00:00.895796 np0000002561 devstack@g-api.service[101958]: DEBUG glance.common.config [None req-e1c5446c-54c3-45ba-a33f-4fd129df8c91 None None] use_stderr = False {{(pid=101958) log_opt_values /opt/stack/data/venv/lib/python3.12/site-packages/oslo_config/cfg.py:3245}}
Jun 11 04:00:00.895937 np0000002561 devstack@g-api.service[101958]: DEBUG glance.common.config [None req-e1c5446c-54c3-45ba-a33f-4fd129df8c91 None None] use_syslog = False {{(pid=101958) log_opt_values /opt/stack/data/venv/lib/python3.12/site-packages/oslo_config/cfg.py:3245}}
Jun 11 04:00:00.896076 np0000002561 devstack@g-api.service[101958]: DEBUG glance.common.config [None req-e1c5446c-54c3-45ba-a33f-4fd129df8c91 None None] user_storage_quota = 0 {{(pid=101958) log_opt_values /opt/stack/data/venv/lib/python3.12/site-packages/oslo_config/cfg.py:3245}}
Jun 11 04:00:00.896216 np0000002561 devstack@g-api.service[101958]: DEBUG glance.common.config [None req-e1c5446c-54c3-45ba-a33f-4fd129df8c91 None None] worker_self_reference_url = http://127.0.0.1:60999 {{(pid=101958) log_opt_values /opt/stack/data/venv/lib/python3.12/site-packages/oslo_config/cfg.py:3245}}
Jun 11 04:00:00.896363 np0000002561 devstack@g-api.service[101958]: DEBUG glance.common.config [None req-e1c5446c-54c3-45ba-a33f-4fd129df8c91 None None] workers = None {{(pid=101958) log_opt_values /opt/stack/data/venv/lib/python3.12/site-packages/oslo_config/cfg.py:3245}}
Jun 11 04:00:00.896523 np0000002561 devstack@g-api.service[101958]: DEBUG glance.common.config [None req-e1c5446c-54c3-45ba-a33f-4fd129df8c91 None None] oslo_concurrency.disable_process_locking = False {{(pid=101958) log_opt_values /opt/stack/data/venv/lib/python3.12/site-packages/oslo_config/cfg.py:3256}}
Jun 11 04:00:00.896685 np0000002561 devstack@g-api.service[101958]: DEBUG glance.common.config [None req-e1c5446c-54c3-45ba-a33f-4fd129df8c91 None None] oslo_concurrency.lock_path = /opt/stack/data/glance/locks {{(pid=101958) log_opt_values /opt/stack/data/venv/lib/python3.12/site-packages/oslo_config/cfg.py:3256}}
Jun 11 04:00:00.896833 np0000002561 devstack@g-api.service[101958]: DEBUG glance.common.config [None req-e1c5446c-54c3-45ba-a33f-4fd129df8c91 None None] oslo_middleware.enable_proxy_headers_parsing = False {{(pid=101958) log_opt_values /opt/stack/data/venv/lib/python3.12/site-packages/oslo_config/cfg.py:3256}}
Jun 11 04:00:00.896950 np0000002561 devstack@g-api.service[101959]: DEBUG glance.common.config [None req-77738cf2-e7d1-4af3-8b73-40d8be2a4153 None None] ******************************************************************************** {{(pid=101959) log_opt_values /opt/stack/data/venv/lib/python3.12/site-packages/oslo_config/cfg.py:3229}}
Jun 11 04:00:00.897016 np0000002561 devstack@g-api.service[101958]: DEBUG glance.common.config [None req-e1c5446c-54c3-45ba-a33f-4fd129df8c91 None None] oslo_middleware.http_basic_auth_user_file = /etc/htpasswd {{(pid=101958) log_opt_values /opt/stack/data/venv/lib/python3.12/site-packages/oslo_config/cfg.py:3256}}
Jun 11 04:00:00.897070 np0000002561 devstack@g-api.service[101959]: DEBUG glance.common.config [None req-77738cf2-e7d1-4af3-8b73-40d8be2a4153 None None] Configuration options gathered from: {{(pid=101959) log_opt_values /opt/stack/data/venv/lib/python3.12/site-packages/oslo_config/cfg.py:3230}}
Jun 11 04:00:00.897121 np0000002561 devstack@g-api.service[101958]: DEBUG glance.common.config [None req-e1c5446c-54c3-45ba-a33f-4fd129df8c91 None None] paste_deploy.config_file = None {{(pid=101958) log_opt_values /opt/stack/data/venv/lib/python3.12/site-packages/oslo_config/cfg.py:3256}}
Jun 11 04:00:00.897276 np0000002561 devstack@g-api.service[101958]: DEBUG glance.common.config [None req-e1c5446c-54c3-45ba-a33f-4fd129df8c91 None None] paste_deploy.flavor = keystone+cachemanagement {{(pid=101958) log_opt_values /opt/stack/data/venv/lib/python3.12/site-packages/oslo_config/cfg.py:3256}}
Jun 11 04:00:00.897358 np0000002561 devstack@g-api.service[101959]: DEBUG glance.common.config [None req-77738cf2-e7d1-4af3-8b73-40d8be2a4153 None None] command line args: [] {{(pid=101959) log_opt_values /opt/stack/data/venv/lib/python3.12/site-packages/oslo_config/cfg.py:3231}}
Jun 11 04:00:00.897482 np0000002561 devstack@g-api.service[101958]: DEBUG glance.common.config [None req-e1c5446c-54c3-45ba-a33f-4fd129df8c91 None None] image_format.container_formats = ['ami', 'ari', 'aki', 'bare', 'ovf', 'ova', 'docker', 'compressed'] {{(pid=101958) log_opt_values /opt/stack/data/venv/lib/python3.12/site-packages/oslo_config/cfg.py:3256}}
Jun 11 04:00:00.897547 np0000002561 devstack@g-api.service[101959]: DEBUG glance.common.config [None req-77738cf2-e7d1-4af3-8b73-40d8be2a4153 None None] config files: ['/etc/glance/glance-image-import.conf', '/etc/glance/glance-api.conf'] {{(pid=101959) log_opt_values /opt/stack/data/venv/lib/python3.12/site-packages/oslo_config/cfg.py:3232}}
Jun 11 04:00:00.897547 np0000002561 devstack@g-api.service[101959]: DEBUG glance.common.config [None req-77738cf2-e7d1-4af3-8b73-40d8be2a4153 None None] ================================================================================ {{(pid=101959) log_opt_values /opt/stack/data/venv/lib/python3.12/site-packages/oslo_config/cfg.py:3237}}
