Jun 11 03:59:35.501746 np0000002561 nova-scheduler[95632]: DEBUG cotyledon.oslo_config_glue [-] oslo_limit.connect_retries = None {{(pid=95632) log_opt_values /opt/stack/data/venv/lib/python3.12/site-packages/oslo_config/cfg.py:3256}}
Jun 11 03:59:35.501746 np0000002561 nova-scheduler[95632]: DEBUG cotyledon.oslo_config_glue [-] oslo_limit.connect_retry_delay = None {{(pid=95632) log_opt_values /opt/stack/data/venv/lib/python3.12/site-packages/oslo_config/cfg.py:3256}}
Jun 11 03:59:35.501746 np0000002561 nova-scheduler[95632]: DEBUG cotyledon.oslo_config_glue [-] oslo_limit.endpoint_id = None {{(pid=95632) log_opt_values /opt/stack/data/venv/lib/python3.12/site-packages/oslo_config/cfg.py:3256}}
Jun 11 03:59:35.501746 np0000002561 nova-scheduler[95632]: DEBUG cotyledon.oslo_config_glue [-] oslo_limit.endpoint_interface = public {{(pid=95632) log_opt_values /opt/stack/data/venv/lib/python3.12/site-packages/oslo_config/cfg.py:3256}}
Jun 11 03:59:35.501746 np0000002561 nova-scheduler[95632]: DEBUG cotyledon.oslo_config_glue [-] oslo_limit.endpoint_override = None {{(pid=95632) log_opt_values /opt/stack/data/venv/lib/python3.12/site-packages/oslo_config/cfg.py:3256}}
Jun 11 03:59:35.501746 np0000002561 nova-scheduler[95632]: DEBUG cotyledon.oslo_config_glue [-] oslo_limit.endpoint_region_name = None {{(pid=95632) log_opt_values /opt/stack/data/venv/lib/python3.12/site-packages/oslo_config/cfg.py:3256}}
Jun 11 03:59:35.501908 np0000002561 nova-scheduler[95632]: DEBUG cotyledon.oslo_config_glue [-] oslo_limit.endpoint_service_name = None {{(pid=95632) log_opt_values /opt/stack/data/venv/lib/python3.12/site-packages/oslo_config/cfg.py:3256}}
Jun 11 03:59:35.501908 np0000002561 nova-scheduler[95632]: DEBUG cotyledon.oslo_config_glue [-] oslo_limit.endpoint_service_type = None {{(pid=95632) log_opt_values /opt/stack/data/venv/lib/python3.12/site-packages/oslo_config/cfg.py:3256}}
Jun 11 03:59:35.501908 np0000002561 nova-scheduler[95632]: DEBUG cotyledon.oslo_config_glue [-] oslo_limit.insecure = False {{(pid=95632) log_opt_values /opt/stack/data/venv/lib/python3.12/site-packages/oslo_config/cfg.py:3256}}
Jun 11 03:59:35.501908 np0000002561 nova-scheduler[95632]: DEBUG cotyledon.oslo_config_glue [-] oslo_limit.keyfile = None {{(pid=95632) log_opt_values /opt/stack/data/venv/lib/python3.12/site-packages/oslo_config/cfg.py:3256}}
Jun 11 03:59:35.501908 np0000002561 nova-scheduler[95632]: DEBUG cotyledon.oslo_config_glue [-] oslo_limit.max_version = None {{(pid=95632) log_opt_values /opt/stack/data/venv/lib/python3.12/site-packages/oslo_config/cfg.py:3256}}
Jun 11 03:59:35.501908 np0000002561 nova-scheduler[95632]: DEBUG cotyledon.oslo_config_glue [-] oslo_limit.min_version = None {{(pid=95632) log_opt_values /opt/stack/data/venv/lib/python3.12/site-packages/oslo_config/cfg.py:3256}}
Jun 11 03:59:35.501908 np0000002561 nova-scheduler[95632]: DEBUG cotyledon.oslo_config_glue [-] oslo_limit.region_name = None {{(pid=95632) log_opt_values /opt/stack/data/venv/lib/python3.12/site-packages/oslo_config/cfg.py:3256}}
Jun 11 03:59:35.501908 np0000002561 nova-scheduler[95632]: DEBUG cotyledon.oslo_config_glue [-] oslo_limit.retriable_status_codes = None {{(pid=95632) log_opt_values /opt/stack/data/venv/lib/python3.12/site-packages/oslo_config/cfg.py:3256}}
Jun 11 03:59:35.501908 np0000002561 nova-scheduler[95632]: DEBUG cotyledon.oslo_config_glue [-] oslo_limit.service_name = None {{(pid=95632) log_opt_values /opt/stack/data/venv/lib/python3.12/site-packages/oslo_config/cfg.py:3256}}
Jun 11 03:59:35.502072 np0000002561 nova-scheduler[95632]: DEBUG cotyledon.oslo_config_glue [-] oslo_limit.service_type = None {{(pid=95632) log_opt_values /opt/stack/data/venv/lib/python3.12/site-packages/oslo_config/cfg.py:3256}}
Jun 11 03:59:35.502072 np0000002561 nova-scheduler[95632]: DEBUG cotyledon.oslo_config_glue [-] oslo_limit.split_loggers = False {{(pid=95632) log_opt_values /opt/stack/data/venv/lib/python3.12/site-packages/oslo_config/cfg.py:3256}}
Jun 11 03:59:35.502072 np0000002561 nova-scheduler[95632]: DEBUG cotyledon.oslo_config_glue [-] oslo_limit.status_code_retries = None {{(pid=95632) log_opt_values /opt/stack/data/venv/lib/python3.12/site-packages/oslo_config/cfg.py:3256}}
Jun 11 03:59:35.502072 np0000002561 nova-scheduler[95632]: DEBUG cotyledon.oslo_config_glue [-] oslo_limit.status_code_retry_delay = None {{(pid=95632) log_opt_values /opt/stack/data/venv/lib/python3.12/site-packages/oslo_config/cfg.py:3256}}
Jun 11 03:59:35.502072 np0000002561 nova-scheduler[95632]: DEBUG cotyledon.oslo_config_glue [-] oslo_limit.timeout = None {{(pid=95632) log_opt_values /opt/stack/data/venv/lib/python3.12/site-packages/oslo_config/cfg.py:3256}}
Jun 11 03:59:35.502072 np0000002561 nova-scheduler[95632]: DEBUG cotyledon.oslo_config_glue [-] oslo_limit.valid_interfaces = None {{(pid=95632) log_opt_values /opt/stack/data/venv/lib/python3.12/site-packages/oslo_config/cfg.py:3256}}
Jun 11 03:59:35.502072 np0000002561 nova-scheduler[95632]: DEBUG cotyledon.oslo_config_glue [-] oslo_limit.version = None {{(pid=95632) log_opt_values /opt/stack/data/venv/lib/python3.12/site-packages/oslo_config/cfg.py:3256}}
Jun 11 03:59:35.502072 np0000002561 nova-scheduler[95632]: DEBUG cotyledon.oslo_config_glue [-] oslo_reports.file_event_handler = None {{(pid=95632) log_opt_values /opt/stack/data/venv/lib/python3.12/site-packages/oslo_config/cfg.py:3256}}
Jun 11 03:59:35.502072 np0000002561 nova-scheduler[95632]: DEBUG cotyledon.oslo_config_glue [-] oslo_reports.file_event_handler_interval = 1 {{(pid=95632) log_opt_values /opt/stack/data/venv/lib/python3.12/site-packages/oslo_config/cfg.py:3256}}
Jun 11 03:59:35.502298 np0000002561 nova-scheduler[95632]: DEBUG cotyledon.oslo_config_glue [-] oslo_reports.log_dir = None {{(pid=95632) log_opt_values /opt/stack/data/venv/lib/python3.12/site-packages/oslo_config/cfg.py:3256}}
Jun 11 03:59:35.502298 np0000002561 nova-scheduler[95632]: DEBUG cotyledon.oslo_config_glue [-] ******************************************************************************** {{(pid=95632) log_opt_values /opt/stack/data/venv/lib/python3.12/site-packages/oslo_config/cfg.py:3263}}
Jun 11 03:59:35.502298 np0000002561 nova-scheduler[95632]: DEBUG cotyledon._service_worker [-] Run service ServiceWrapper(2) [95632] {{(pid=95632) wait_forever /opt/stack/data/venv/lib/python3.12/site-packages/cotyledon/_service_worker.py:218}}
Jun 11 03:59:35.502298 np0000002561 nova-scheduler[95632]: INFO nova.service [-] Starting scheduler node (version 33.1.0)
Jun 11 03:59:35.502298 np0000002561 nova-scheduler[95632]: INFO dbcounter [None req-1f67f358-11d6-405c-b5ec-d2c999c4f2c0 None None] Registered counter for database nova_cell0
Jun 11 03:59:35.525761 np0000002561 nova-scheduler[95630]: DEBUG oslo_db.sqlalchemy.engines [None req-e0ba8b22-7091-4bb7-ae3c-42966a8fc12c None None] MySQL server mode set to STRICT_TRANS_TABLES,STRICT_ALL_TABLES,NO_ZERO_IN_DATE,NO_ZERO_DATE,ERROR_FOR_DIVISION_BY_ZERO,TRADITIONAL,NO_ENGINE_SUBSTITUTION {{(pid=95630) _check_effective_sql_mode /opt/stack/data/venv/lib/python3.12/site-packages/oslo_db/sqlalchemy/engines.py:325}}
Jun 11 03:59:35.535980 np0000002561 nova-scheduler[95630]: DEBUG dbcounter [-] [95630] Writer thread running {{(pid=95630) stat_writer /opt/stack/data/venv/lib/python3.12/site-packages/dbcounter.py:102}}
Jun 11 03:59:35.539116 np0000002561 nova-scheduler[95628]: DEBUG oslo_db.sqlalchemy.engines [None req-65554a0e-4f26-4e9f-8430-96366581ed63 None None] MySQL server mode set to STRICT_TRANS_TABLES,STRICT_ALL_TABLES,NO_ZERO_IN_DATE,NO_ZERO_DATE,ERROR_FOR_DIVISION_BY_ZERO,TRADITIONAL,NO_ENGINE_SUBSTITUTION {{(pid=95628) _check_effective_sql_mode /opt/stack/data/venv/lib/python3.12/site-packages/oslo_db/sqlalchemy/engines.py:325}}
Jun 11 03:59:35.544057 np0000002561 nova-scheduler[95632]: DEBUG oslo_db.sqlalchemy.engines [None req-1f67f358-11d6-405c-b5ec-d2c999c4f2c0 None None] MySQL server mode set to STRICT_TRANS_TABLES,STRICT_ALL_TABLES,NO_ZERO_IN_DATE,NO_ZERO_DATE,ERROR_FOR_DIVISION_BY_ZERO,TRADITIONAL,NO_ENGINE_SUBSTITUTION {{(pid=95632) _check_effective_sql_mode /opt/stack/data/venv/lib/python3.12/site-packages/oslo_db/sqlalchemy/engines.py:325}}
Jun 11 03:59:35.551369 np0000002561 nova-scheduler[95628]: DEBUG dbcounter [-] [95628] Writer thread running {{(pid=95628) stat_writer /opt/stack/data/venv/lib/python3.12/site-packages/dbcounter.py:102}}
Jun 11 03:59:35.556028 np0000002561 nova-scheduler[95632]: DEBUG dbcounter [-] [95632] Writer thread running {{(pid=95632) stat_writer /opt/stack/data/venv/lib/python3.12/site-packages/dbcounter.py:102}}
Jun 11 03:59:35.558506 np0000002561 nova-scheduler[95630]: DEBUG nova.service [None req-e0ba8b22-7091-4bb7-ae3c-42966a8fc12c None None] Creating RPC server for service: nova-scheduler on topic: scheduler {{(pid=95630) start /opt/stack/nova/nova/service.py:196}}
Jun 11 03:59:35.568001 np0000002561 nova-scheduler[95628]: DEBUG nova.service [None req-65554a0e-4f26-4e9f-8430-96366581ed63 None None] Creating RPC server for service: nova-scheduler on topic: scheduler {{(pid=95628) start /opt/stack/nova/nova/service.py:196}}
Jun 11 03:59:35.577704 np0000002561 nova-scheduler[95632]: DEBUG nova.service [None req-1f67f358-11d6-405c-b5ec-d2c999c4f2c0 None None] Creating RPC server for service: nova-scheduler on topic: scheduler {{(pid=95632) start /opt/stack/nova/nova/service.py:196}}
Jun 11 03:59:35.599781 np0000002561 nova-scheduler[95628]: DEBUG nova.service [None req-65554a0e-4f26-4e9f-8430-96366581ed63 None None] Join ServiceGroup membership for this service scheduler {{(pid=95628) start /opt/stack/nova/nova/service.py:222}}
Jun 11 03:59:35.599979 np0000002561 nova-scheduler[95628]: DEBUG nova.servicegroup.drivers.db [None req-65554a0e-4f26-4e9f-8430-96366581ed63 None None] DB_Driver: join new ServiceGroup member np0000002561 to the scheduler group, service = {{(pid=95628) join /opt/stack/nova/nova/servicegroup/drivers/db.py:44}}
Jun 11 03:59:35.600612 np0000002561 nova-scheduler[95630]: DEBUG nova.service [None req-e0ba8b22-7091-4bb7-ae3c-42966a8fc12c None None] Join ServiceGroup membership for this service scheduler {{(pid=95630) start /opt/stack/nova/nova/service.py:222}}
Jun 11 03:59:35.601003 np0000002561 nova-scheduler[95630]: DEBUG nova.servicegroup.drivers.db [None req-e0ba8b22-7091-4bb7-ae3c-42966a8fc12c None None] DB_Driver: join new ServiceGroup member np0000002561 to the scheduler group, service = {{(pid=95630) join /opt/stack/nova/nova/servicegroup/drivers/db.py:44}}
Jun 11 03:59:35.611366 np0000002561 nova-scheduler[95632]: DEBUG nova.service [None req-1f67f358-11d6-405c-b5ec-d2c999c4f2c0 None None] Join ServiceGroup membership for this service scheduler {{(pid=95632) start /opt/stack/nova/nova/service.py:222}}
Jun 11 03:59:35.611687 np0000002561 nova-scheduler[95632]: DEBUG nova.servicegroup.drivers.db [None req-1f67f358-11d6-405c-b5ec-d2c999c4f2c0 None None] DB_Driver: join new ServiceGroup member np0000002561 to the scheduler group, service = {{(pid=95632) join /opt/stack/nova/nova/servicegroup/drivers/db.py:44}}
Jun 11 03:59:40.616638 np0000002561 nova-scheduler[95628]: DEBUG oslo.service.backend._threading.loopingcall [-] Fixed interval looping call 'nova.servicegroup.drivers.db.DbDriver._report_state' sleeping for 119.98 seconds {{(pid=95628) _run_loop /opt/stack/data/venv/lib/python3.12/site-packages/oslo_service/backend/_threading/loopingcall.py:125}}
Jun 11 03:59:40.618160 np0000002561 nova-scheduler[95630]: DEBUG oslo.service.backend._threading.loopingcall [-] Fixed interval looping call 'nova.servicegroup.drivers.db.DbDriver._report_state' sleeping for 119.98 seconds {{(pid=95630) _run_loop /opt/stack/data/venv/lib/python3.12/site-packages/oslo_service/backend/_threading/loopingcall.py:125}}
Jun 11 03:59:40.620123 np0000002561 nova-scheduler[95632]: DEBUG oslo.service.backend._threading.loopingcall [-] Fixed interval looping call 'nova.servicegroup.drivers.db.DbDriver._report_state' sleeping for 119.99 seconds {{(pid=95632) _run_loop /opt/stack/data/venv/lib/python3.12/site-packages/oslo_service/backend/_threading/loopingcall.py:125}}
Jun 11 03:59:44.089258 np0000002561 nova-scheduler[94437]: DEBUG dbcounter [-] [94437] Writing DB stats nova_api:SELECT=3 {{(pid=94437) stat_writer /opt/stack/data/venv/lib/python3.12/site-packages/dbcounter.py:115}}
Jun 11 03:59:44.225546 np0000002561 nova-scheduler[94437]: DEBUG dbcounter [-] [94437] Writing DB stats nova_cell1:SELECT=1 {{(pid=94437) stat_writer /opt/stack/data/venv/lib/python3.12/site-packages/dbcounter.py:115}}
Jun 11 03:59:44.230396 np0000002561 nova-scheduler[94437]: DEBUG dbcounter [-] [94437] Writing DB stats nova_cell0:SELECT=1 {{(pid=94437) stat_writer /opt/stack/data/venv/lib/python3.12/site-packages/dbcounter.py:115}}
Jun 11 03:59:50.611090 np0000002561 nova-scheduler[95628]: DEBUG dbcounter [-] [95628] Writing DB stats nova_cell0:SELECT=4,nova_cell0:INSERT=1,nova_cell0:UPDATE=1 {{(pid=95628) stat_writer /opt/stack/data/venv/lib/python3.12/site-packages/dbcounter.py:115}}
Jun 11 03:59:50.613017 np0000002561 nova-scheduler[95630]: DEBUG dbcounter [-] [95630] Writing DB stats nova_cell0:SELECT=4,nova_cell0:INSERT=1,nova_cell0:UPDATE=1 {{(pid=95630) stat_writer /opt/stack/data/venv/lib/python3.12/site-packages/dbcounter.py:115}}
Jun 11 03:59:50.618942 np0000002561 nova-scheduler[95632]: DEBUG dbcounter [-] [95632] Writing DB stats nova_cell0:SELECT=4,nova_cell0:INSERT=1 {{(pid=95632) stat_writer /opt/stack/data/venv/lib/python3.12/site-packages/dbcounter.py:115}}
Jun 11 03:59:51.603520 np0000002561 nova-scheduler[95630]: DEBUG oslo.service.backend._threading.loopingcall [None req-7c49fa13-1882-4f7b-a933-44ceef5e099f None None] Dynamic interval looping call 'nova.service.Service.periodic_tasks' sleeping for 60.00 seconds {{(pid=95630) _run_loop /opt/stack/data/venv/lib/python3.12/site-packages/oslo_service/backend/_threading/loopingcall.py:125}}
Jun 11 04:00:15.602380 np0000002561 nova-scheduler[95628]: DEBUG oslo.service.backend._threading.loopingcall [None req-ecb10507-02bb-454b-8c13-6bb2b5a3de02 None None] Dynamic interval looping call 'nova.service.Service.periodic_tasks' sleeping for 60.00 seconds {{(pid=95628) _run_loop /opt/stack/data/venv/lib/python3.12/site-packages/oslo_service/backend/_threading/loopingcall.py:125}}
Jun 11 04:00:19.614985 np0000002561 nova-scheduler[95632]: DEBUG oslo.service.backend._threading.loopingcall [None req-dfcbbe6b-0587-4097-84f5-84253610ce03 None None] Dynamic interval looping call 'nova.service.Service.periodic_tasks' sleeping for 60.00 seconds {{(pid=95632) _run_loop /opt/stack/data/venv/lib/python3.12/site-packages/oslo_service/backend/_threading/loopingcall.py:125}}
Jun 11 04:00:51.604039 np0000002561 nova-scheduler[95630]: DEBUG oslo.service.backend._threading.loopingcall [None req-7c49fa13-1882-4f7b-a933-44ceef5e099f None None] Dynamic interval looping call 'nova.service.Service.periodic_tasks' sleeping for 60.00 seconds {{(pid=95630) _run_loop /opt/stack/data/venv/lib/python3.12/site-packages/oslo_service/backend/_threading/loopingcall.py:125}}
Jun 11 04:01:15.602920 np0000002561 nova-scheduler[95628]: DEBUG oslo.service.backend._threading.loopingcall [None req-ecb10507-02bb-454b-8c13-6bb2b5a3de02 None None] Dynamic interval looping call 'nova.service.Service.periodic_tasks' sleeping for 60.00 seconds {{(pid=95628) _run_loop /opt/stack/data/venv/lib/python3.12/site-packages/oslo_service/backend/_threading/loopingcall.py:125}}
Jun 11 04:01:19.615455 np0000002561 nova-scheduler[95632]: DEBUG oslo.service.backend._threading.loopingcall [None req-dfcbbe6b-0587-4097-84f5-84253610ce03 None None] Dynamic interval looping call 'nova.service.Service.periodic_tasks' sleeping for 60.00 seconds {{(pid=95632) _run_loop /opt/stack/data/venv/lib/python3.12/site-packages/oslo_service/backend/_threading/loopingcall.py:125}}
Jun 11 04:01:40.603423 np0000002561 nova-scheduler[95628]: DEBUG oslo.service.backend._threading.loopingcall [-] Fixed interval looping call 'nova.servicegroup.drivers.db.DbDriver._report_state' sleeping for 119.99 seconds {{(pid=95628) _run_loop /opt/stack/data/venv/lib/python3.12/site-packages/oslo_service/backend/_threading/loopingcall.py:125}}
Jun 11 04:01:40.603970 np0000002561 nova-scheduler[95630]: DEBUG oslo.service.backend._threading.loopingcall [-] Fixed interval looping call 'nova.servicegroup.drivers.db.DbDriver._report_state' sleeping for 119.99 seconds {{(pid=95630) _run_loop /opt/stack/data/venv/lib/python3.12/site-packages/oslo_service/backend/_threading/loopingcall.py:125}}
Jun 11 04:01:40.614363 np0000002561 nova-scheduler[95632]: DEBUG oslo.service.backend._threading.loopingcall [-] Fixed interval looping call 'nova.servicegroup.drivers.db.DbDriver._report_state' sleeping for 120.00 seconds {{(pid=95632) _run_loop /opt/stack/data/venv/lib/python3.12/site-packages/oslo_service/backend/_threading/loopingcall.py:125}}
Jun 11 04:01:50.600394 np0000002561 nova-scheduler[95628]: DEBUG dbcounter [-] [95628] Writing DB stats nova_cell0:SELECT=1,nova_cell0:UPDATE=1 {{(pid=95628) stat_writer /opt/stack/data/venv/lib/python3.12/site-packages/dbcounter.py:115}}
Jun 11 04:01:50.602151 np0000002561 nova-scheduler[95630]: DEBUG dbcounter [-] [95630] Writing DB stats nova_cell0:SELECT=1,nova_cell0:UPDATE=1 {{(pid=95630) stat_writer /opt/stack/data/venv/lib/python3.12/site-packages/dbcounter.py:115}}
Jun 11 04:01:50.612450 np0000002561 nova-scheduler[95632]: DEBUG dbcounter [-] [95632] Writing DB stats nova_cell0:SELECT=1 {{(pid=95632) stat_writer /opt/stack/data/venv/lib/python3.12/site-packages/dbcounter.py:115}}
Jun 11 04:01:51.604566 np0000002561 nova-scheduler[95630]: DEBUG oslo.service.backend._threading.loopingcall [None req-7c49fa13-1882-4f7b-a933-44ceef5e099f None None] Dynamic interval looping call 'nova.service.Service.periodic_tasks' sleeping for 60.00 seconds {{(pid=95630) _run_loop /opt/stack/data/venv/lib/python3.12/site-packages/oslo_service/backend/_threading/loopingcall.py:125}}
Jun 11 04:02:15.603432 np0000002561 nova-scheduler[95628]: DEBUG oslo.service.backend._threading.loopingcall [None req-ecb10507-02bb-454b-8c13-6bb2b5a3de02 None None] Dynamic interval looping call 'nova.service.Service.periodic_tasks' sleeping for 60.00 seconds {{(pid=95628) _run_loop /opt/stack/data/venv/lib/python3.12/site-packages/oslo_service/backend/_threading/loopingcall.py:125}}
Jun 11 04:02:19.616016 np0000002561 nova-scheduler[95632]: DEBUG oslo.service.backend._threading.loopingcall [None req-dfcbbe6b-0587-4097-84f5-84253610ce03 None None] Dynamic interval looping call 'nova.service.Service.periodic_tasks' sleeping for 60.00 seconds {{(pid=95632) _run_loop /opt/stack/data/venv/lib/python3.12/site-packages/oslo_service/backend/_threading/loopingcall.py:125}}
Jun 11 04:02:32.158183 np0000002561 nova-scheduler[95628]: DEBUG nova.scheduler.manager [None req-7ce8bf63-7bcb-4681-84e4-79449195d965 tempest-DeleteServersTestJSON-534775629 tempest-DeleteServersTestJSON-534775629-project-member] Starting to schedule for instances: ['c06f9dec-fa33-436b-94b6-0b6c61b81f80'] {{(pid=95628) select_destinations /opt/stack/nova/nova/scheduler/manager.py:210}}
Jun 11 04:02:32.159251 np0000002561 nova-scheduler[95628]: DEBUG nova.scheduler.request_filter [None req-7ce8bf63-7bcb-4681-84e4-79449195d965 tempest-DeleteServersTestJSON-534775629 tempest-DeleteServersTestJSON-534775629-project-member] compute_status_filter request filter added forbidden trait COMPUTE_STATUS_DISABLED {{(pid=95628) compute_status_filter /opt/stack/nova/nova/scheduler/request_filter.py:253}}
Jun 11 04:02:32.159408 np0000002561 nova-scheduler[95628]: DEBUG nova.scheduler.request_filter [None req-7ce8bf63-7bcb-4681-84e4-79449195d965 tempest-DeleteServersTestJSON-534775629 tempest-DeleteServersTestJSON-534775629-project-member] Request filter 'compute_status_filter' took 0.0 seconds {{(pid=95628) wrapper /opt/stack/nova/nova/scheduler/request_filter.py:46}}
Jun 11 04:02:32.159849 np0000002561 nova-scheduler[95628]: DEBUG nova.scheduler.request_filter [None req-7ce8bf63-7bcb-4681-84e4-79449195d965 tempest-DeleteServersTestJSON-534775629 tempest-DeleteServersTestJSON-534775629-project-member] Request filter 'accelerators_filter' took 0.0 seconds {{(pid=95628) wrapper /opt/stack/nova/nova/scheduler/request_filter.py:46}}
Jun 11 04:02:32.160109 np0000002561 nova-scheduler[95628]: DEBUG nova.scheduler.request_filter [None req-7ce8bf63-7bcb-4681-84e4-79449195d965 tempest-DeleteServersTestJSON-534775629 tempest-DeleteServersTestJSON-534775629-project-member] Request filter 'packed_virtqueue_filter' took 0.0 seconds {{(pid=95628) wrapper /opt/stack/nova/nova/scheduler/request_filter.py:46}}
Jun 11 04:02:32.160422 np0000002561 nova-scheduler[95628]: DEBUG nova.scheduler.request_filter [None req-7ce8bf63-7bcb-4681-84e4-79449195d965 tempest-DeleteServersTestJSON-534775629 tempest-DeleteServersTestJSON-534775629-project-member] Request filter 'remote_managed_ports_filter' took 0.0 seconds {{(pid=95628) wrapper /opt/stack/nova/nova/scheduler/request_filter.py:46}}
Jun 11 04:02:32.160524 np0000002561 nova-scheduler[95628]: DEBUG nova.scheduler.request_filter [None req-7ce8bf63-7bcb-4681-84e4-79449195d965 tempest-DeleteServersTestJSON-534775629 tempest-DeleteServersTestJSON-534775629-project-member] ephemeral_encryption_filter skipped {{(pid=95628) ephemeral_encryption_filter /opt/stack/nova/nova/scheduler/request_filter.py:426}}
Jun 11 04:02:32.160762 np0000002561 nova-scheduler[95628]: DEBUG nova.scheduler.request_filter [None req-7ce8bf63-7bcb-4681-84e4-79449195d965 tempest-DeleteServersTestJSON-534775629 tempest-DeleteServersTestJSON-534775629-project-member] virtio_sound_filter skipped {{(pid=95628) virtio_sound_filter /opt/stack/nova/nova/scheduler/request_filter.py:460}}
Jun 11 04:02:32.160919 np0000002561 nova-scheduler[95628]: DEBUG nova.scheduler.request_filter [None req-7ce8bf63-7bcb-4681-84e4-79449195d965 tempest-DeleteServersTestJSON-534775629 tempest-DeleteServersTestJSON-534775629-project-member] tpm_secret_security_filter skipped {{(pid=95628) tpm_secret_security_filter /opt/stack/nova/nova/scheduler/request_filter.py:477}}
Jun 11 04:02:32.946000 np0000002561 nova-scheduler[95628]: INFO nova.utils [None req-7ce8bf63-7bcb-4681-84e4-79449195d965 tempest-DeleteServersTestJSON-534775629 tempest-DeleteServersTestJSON-534775629-project-member] The cell worker thread pool ForkProcess-1.cell_worker is initialized
Jun 11 04:02:32.946472 np0000002561 nova-scheduler[95628]: DEBUG oslo_concurrency.lockutils [None req-7ce8bf63-7bcb-4681-84e4-79449195d965 tempest-DeleteServersTestJSON-534775629 tempest-DeleteServersTestJSON-534775629-project-member] Acquiring lock "d3333c2a-5cbe-4135-b901-6dd74f443389" by "nova.context.set_target_cell..get_or_set_cached_cell_and_set_connections" {{(pid=95628) inner /opt/stack/data/venv/lib/python3.12/site-packages/oslo_concurrency/lockutils.py:511}}
Jun 11 04:02:32.946666 np0000002561 nova-scheduler[95628]: DEBUG oslo_concurrency.lockutils [None req-7ce8bf63-7bcb-4681-84e4-79449195d965 tempest-DeleteServersTestJSON-534775629 tempest-DeleteServersTestJSON-534775629-project-member] Lock "d3333c2a-5cbe-4135-b901-6dd74f443389" acquired by "nova.context.set_target_cell..get_or_set_cached_cell_and_set_connections" :: waited 0.000s {{(pid=95628) inner /opt/stack/data/venv/lib/python3.12/site-packages/oslo_concurrency/lockutils.py:524}}
Jun 11 04:02:32.948254 np0000002561 nova-scheduler[95628]: DEBUG oslo_concurrency.lockutils [None req-7ce8bf63-7bcb-4681-84e4-79449195d965 tempest-DeleteServersTestJSON-534775629 tempest-DeleteServersTestJSON-534775629-project-member] Lock "d3333c2a-5cbe-4135-b901-6dd74f443389" "released" by "nova.context.set_target_cell..get_or_set_cached_cell_and_set_connections" :: held 0.001s {{(pid=95628) inner /opt/stack/data/venv/lib/python3.12/site-packages/oslo_concurrency/lockutils.py:543}}
Jun 11 04:02:32.952460 np0000002561 nova-scheduler[95628]: INFO dbcounter [None req-7ce8bf63-7bcb-4681-84e4-79449195d965 tempest-DeleteServersTestJSON-534775629 tempest-DeleteServersTestJSON-534775629-project-member] Registered counter for database nova_cell1
Jun 11 04:02:32.996485 np0000002561 nova-scheduler[95628]: DEBUG oslo_db.sqlalchemy.engines [None req-7ce8bf63-7bcb-4681-84e4-79449195d965 tempest-DeleteServersTestJSON-534775629 tempest-DeleteServersTestJSON-534775629-project-member] MySQL server mode set to STRICT_TRANS_TABLES,STRICT_ALL_TABLES,NO_ZERO_IN_DATE,NO_ZERO_DATE,ERROR_FOR_DIVISION_BY_ZERO,TRADITIONAL,NO_ENGINE_SUBSTITUTION {{(pid=95628) _check_effective_sql_mode /opt/stack/data/venv/lib/python3.12/site-packages/oslo_db/sqlalchemy/engines.py:325}}
Jun 11 04:02:33.002345 np0000002561 nova-scheduler[95628]: DEBUG dbcounter [-] [95628] Writer thread running {{(pid=95628) stat_writer /opt/stack/data/venv/lib/python3.12/site-packages/dbcounter.py:102}}
Jun 11 04:02:33.019181 np0000002561 nova-scheduler[95628]: DEBUG oslo_db.sqlalchemy.engines [None req-7ce8bf63-7bcb-4681-84e4-79449195d965 tempest-DeleteServersTestJSON-534775629 tempest-DeleteServersTestJSON-534775629-project-member] Parent process 94437 forked (95628) with an open database connection, which is being discarded and recreated. {{(pid=95628) checkout /opt/stack/data/venv/lib/python3.12/site-packages/oslo_db/sqlalchemy/engines.py:402}}
Jun 11 04:02:33.074592 np0000002561 nova-scheduler[95628]: DEBUG dbcounter [-] [95628] Writer thread running {{(pid=95628) stat_writer /opt/stack/data/venv/lib/python3.12/site-packages/dbcounter.py:102}}
Jun 11 04:02:33.079058 np0000002561 nova-scheduler[95628]: DEBUG oslo_concurrency.lockutils [None req-7ce8bf63-7bcb-4681-84e4-79449195d965 tempest-DeleteServersTestJSON-534775629 tempest-DeleteServersTestJSON-534775629-project-member] Acquiring lock "d3333c2a-5cbe-4135-b901-6dd74f443389" by "nova.context.set_target_cell..get_or_set_cached_cell_and_set_connections" {{(pid=95628) inner /opt/stack/data/venv/lib/python3.12/site-packages/oslo_concurrency/lockutils.py:511}}
Jun 11 04:02:33.079270 np0000002561 nova-scheduler[95628]: DEBUG oslo_concurrency.lockutils [None req-7ce8bf63-7bcb-4681-84e4-79449195d965 tempest-DeleteServersTestJSON-534775629 tempest-DeleteServersTestJSON-534775629-project-member] Lock "d3333c2a-5cbe-4135-b901-6dd74f443389" acquired by "nova.context.set_target_cell..get_or_set_cached_cell_and_set_connections" :: waited 0.000s {{(pid=95628) inner /opt/stack/data/venv/lib/python3.12/site-packages/oslo_concurrency/lockutils.py:524}}
Jun 11 04:02:33.079411 np0000002561 nova-scheduler[95628]: DEBUG oslo_concurrency.lockutils [None req-7ce8bf63-7bcb-4681-84e4-79449195d965 tempest-DeleteServersTestJSON-534775629 tempest-DeleteServersTestJSON-534775629-project-member] Lock "d3333c2a-5cbe-4135-b901-6dd74f443389" "released" by "nova.context.set_target_cell..get_or_set_cached_cell_and_set_connections" :: held 0.000s {{(pid=95628) inner /opt/stack/data/venv/lib/python3.12/site-packages/oslo_concurrency/lockutils.py:543}}
Jun 11 04:02:33.084877 np0000002561 nova-scheduler[95628]: DEBUG oslo_concurrency.lockutils [None req-7ce8bf63-7bcb-4681-84e4-79449195d965 tempest-DeleteServersTestJSON-534775629 tempest-DeleteServersTestJSON-534775629-project-member] Acquiring lock "('np0000002561', 'np0000002561')" by "nova.scheduler.host_manager.HostState.update.._locked_update" {{(pid=95628) inner /opt/stack/data/venv/lib/python3.12/site-packages/oslo_concurrency/lockutils.py:511}}
Jun 11 04:02:33.085059 np0000002561 nova-scheduler[95628]: DEBUG oslo_concurrency.lockutils [None req-7ce8bf63-7bcb-4681-84e4-79449195d965 tempest-DeleteServersTestJSON-534775629 tempest-DeleteServersTestJSON-534775629-project-member] Lock "('np0000002561', 'np0000002561')" acquired by "nova.scheduler.host_manager.HostState.update.._locked_update" :: waited 0.000s {{(pid=95628) inner /opt/stack/data/venv/lib/python3.12/site-packages/oslo_concurrency/lockutils.py:524}}
Jun 11 04:02:33.086280 np0000002561 nova-scheduler[95628]: DEBUG nova.scheduler.host_manager [None req-7ce8bf63-7bcb-4681-84e4-79449195d965 tempest-DeleteServersTestJSON-534775629 tempest-DeleteServersTestJSON-534775629-project-member] Update host state from compute node: ComputeNode(cpu_allocation_ratio=4.0,cpu_info='{"arch": "x86_64", "model": "EPYC-Milan", "vendor": "AMD", "topology": {"cells": 1, "sockets": 12, "cores": 1, "threads": 1}, "maxphysaddr": {"mode": "emulate", "bits": 40}, "features": ["pfthreshold", "cx16", "tsc-scale", "bmi1", "rdrand", "invpcid", "aes", "rdpid", "sha-ni", "vpclmulqdq", "xsavec", "nx", "rdseed", "smap", "tsc", "vmcb-clean", "x2apic", "avx", "mmxext", "mtrr", "wbnoinvd", "rdctl-no", "cmov", "cmp_legacy", "fpu", "svm", "pat", "adx", "f16c", "stibp", "fma", "sse2", "vaes", "sep", "movbe", "vgif", "sse4a", "xsaveopt", "lbrv", "perfctr_core", "mce", "xsaves", "ibrs", "lm", "clwb", "pause-filter", "pni", "vme", "lfence-always-serializing", "xsave", "erms", "pae", "flushbyasid", "arch-capabilities", "clzero", "lahf_lm", "arat", "msr", "skip-l1dfl-vmentry", "hypervisor", "amd-ssbd", "mds-no", "null-sel-clr-base", "sse4.2", "mmx", "rdtscp", "xgetbv1", "popcnt", "v-vmsave-vmload", "de", "pclmuldq", "pse36", "gds-no", "fxsr", "pge", "apic", "osvw", "spec-ctrl", "syscall", "pse", "fxsr_opt", "pku", "ssse3", "fsrm", "misalignsse", "ssbd", "bmi2", "abm", "fsgsbase", "umip", "tsc-deadline", "ibpb", "stibp-always-on", "pdpe1gb", "amd-psfd", "mca", "svme-addr-chk", "xsaveerptr", "pschange-mc-no", "3dnowprefetch", "nrip-save", "smep", "amd-stibp", "sse4.1", "cr8legacy", "clflushopt", "topoext", "tsc_adjust", "clflush", "no-nested-data-bp", "virt-ssbd", "npt", "avx2", "cx8", "sse", "pcid"]}',created_at=2026-06-11T04:00:02Z,current_workload=0,deleted=False,deleted_at=None,disk_allocation_ratio=1.0,disk_available_least=74,free_disk_gb=95,free_ram_mb=23518,host='np0000002561',host_ip=10.4.3.206,hypervisor_hostname='np0000002561',hypervisor_type='QEMU',hypervisor_version=8002002,id=1,local_gb=95,local_gb_used=0,mapped=1,memory_mb=24030,memory_mb_used=512,metrics='[]',numa_topology='{"nova_object.name": "NUMATopology", "nova_object.namespace": "nova", "nova_object.version": "1.2", "nova_object.data": {"cells": [{"nova_object.name": "NUMACell", "nova_object.namespace": "nova", "nova_object.version": "1.5", "nova_object.data": {"id": 0, "cpuset": [0, 1, 2, 3, 4, 5, 6, 7, 8, 9, 10, 11], "pcpuset": [0, 1, 2, 3, 4, 5, 6, 7, 8, 9, 10, 11], "memory": 24030, "cpu_usage": 0, "memory_usage": 0, "pinned_cpus": [], "siblings": [[6], [2], [5], [11], [8], [4], [1], [7], [10], [0], [3], [9]], "mempages": [{"nova_object.name": "NUMAPagesTopology", "nova_object.namespace": "nova", "nova_object.version": "1.1", "nova_object.data": {"size_kb": 4, "total": 6151798, "used": 0, "reserved": 0}, "nova_object.changes": ["total", "size_kb", "used", "reserved"]}, {"nova_object.name": "NUMAPagesTopology", "nova_object.namespace": "nova", "nova_object.version": "1.1", "nova_object.data": {"size_kb": 2048, "total": 0, "used": 0, "reserved": 0}, "nova_object.changes": ["total", "size_kb", "used", "reserved"]}, {"nova_object.name": "NUMAPagesTopology", "nova_object.namespace": "nova", "nova_object.version": "1.1", "nova_object.data": {"size_kb": 1048576, "total": 0, "used": 0, "reserved": 0}, "nova_object.changes": ["total", "size_kb", "used", "reserved"]}], "network_metadata": {"nova_object.name": "NetworkMetadata", "nova_object.namespace": "nova", "nova_object.version": "1.0", "nova_object.data": {"physnets": [], "tunneled": false}, "nova_object.changes": ["physnets", "tunneled"]}, "socket": null}, "nova_object.changes": ["pcpuset", "network_metadata", "cpuset", "cpu_usage", "memory", "pinned_cpus", "socket", "mempages", "id", "memory_usage", "siblings"]}]}, "nova_object.changes": ["cells"]}',pci_device_pools=PciDevicePoolList,ram_allocation_ratio=1.0,running_vms=0,service_id=2,stats={failed_builds='0',uptime=' 04:01:47 up 24 min, 2 users, load average: 1.38, 1.44, 0.84
Jun 11 04:02:33.086280 np0000002561 nova-scheduler[95628]: '},supported_hv_specs=[HVSpec,HVSpec,HVSpec,HVSpec,HVSpec,HVSpec,HVSpec,HVSpec,HVSpec,HVSpec,HVSpec,HVSpec,HVSpec,HVSpec,HVSpec,HVSpec,HVSpec,HVSpec,HVSpec,HVSpec,HVSpec,HVSpec,HVSpec,HVSpec,HVSpec],updated_at=2026-06-11T04:01:49Z,uuid=9b7e3191-22a3-4686-b64c-fd656f6794b7,vcpus=12,vcpus_used=0) {{(pid=95628) _locked_update /opt/stack/nova/nova/scheduler/host_manager.py:168}}
Jun 11 04:02:33.087741 np0000002561 nova-scheduler[95628]: DEBUG nova.scheduler.host_manager [None req-7ce8bf63-7bcb-4681-84e4-79449195d965 tempest-DeleteServersTestJSON-534775629 tempest-DeleteServersTestJSON-534775629-project-member] Update host state with aggregates: [] {{(pid=95628) _locked_update /opt/stack/nova/nova/scheduler/host_manager.py:171}}
Jun 11 04:02:33.087741 np0000002561 nova-scheduler[95628]: DEBUG nova.scheduler.host_manager [None req-7ce8bf63-7bcb-4681-84e4-79449195d965 tempest-DeleteServersTestJSON-534775629 tempest-DeleteServersTestJSON-534775629-project-member] Update host state with service dict: {'id': 2, 'uuid': '5e81070d-ecd1-41c3-b82e-c4fb41f0e32c', 'host': 'np0000002561', 'binary': 'nova-compute', 'topic': 'compute', 'report_count': 2, 'disabled': False, 'disabled_reason': None, 'last_seen_up': datetime.datetime(2026, 6, 11, 4, 2, 11, tzinfo=datetime.timezone.utc), 'forced_down': False, 'version': 72, 'created_at': datetime.datetime(2026, 6, 11, 4, 0, tzinfo=datetime.timezone.utc), 'updated_at': datetime.datetime(2026, 6, 11, 4, 2, 11, tzinfo=datetime.timezone.utc), 'deleted_at': None, 'deleted': False} {{(pid=95628) _locked_update /opt/stack/nova/nova/scheduler/host_manager.py:174}}
Jun 11 04:02:33.087741 np0000002561 nova-scheduler[95628]: DEBUG nova.scheduler.host_manager [None req-7ce8bf63-7bcb-4681-84e4-79449195d965 tempest-DeleteServersTestJSON-534775629 tempest-DeleteServersTestJSON-534775629-project-member] Update host state with instances: [] {{(pid=95628) _locked_update /opt/stack/nova/nova/scheduler/host_manager.py:177}}
Jun 11 04:02:33.087741 np0000002561 nova-scheduler[95628]: DEBUG oslo_concurrency.lockutils [None req-7ce8bf63-7bcb-4681-84e4-79449195d965 tempest-DeleteServersTestJSON-534775629 tempest-DeleteServersTestJSON-534775629-project-member] Lock "('np0000002561', 'np0000002561')" "released" by "nova.scheduler.host_manager.HostState.update.._locked_update" :: held 0.003s {{(pid=95628) inner /opt/stack/data/venv/lib/python3.12/site-packages/oslo_concurrency/lockutils.py:543}}
Jun 11 04:02:33.090324 np0000002561 nova-scheduler[95628]: DEBUG nova.filters [None req-7ce8bf63-7bcb-4681-84e4-79449195d965 tempest-DeleteServersTestJSON-534775629 tempest-DeleteServersTestJSON-534775629-project-member] Starting with 1 host(s) {{(pid=95628) get_filtered_objects /opt/stack/nova/nova/filters.py:70}}
Jun 11 04:02:33.090324 np0000002561 nova-scheduler[95628]: DEBUG nova.filters [None req-7ce8bf63-7bcb-4681-84e4-79449195d965 tempest-DeleteServersTestJSON-534775629 tempest-DeleteServersTestJSON-534775629-project-member] Filter ComputeFilter returned 1 host(s) {{(pid=95628) get_filtered_objects /opt/stack/nova/nova/filters.py:102}}
Jun 11 04:02:33.090324 np0000002561 nova-scheduler[95628]: DEBUG nova.filters [None req-7ce8bf63-7bcb-4681-84e4-79449195d965 tempest-DeleteServersTestJSON-534775629 tempest-DeleteServersTestJSON-534775629-project-member] Filter ComputeCapabilitiesFilter returned 1 host(s) {{(pid=95628) get_filtered_objects /opt/stack/nova/nova/filters.py:102}}
Jun 11 04:02:33.090324 np0000002561 nova-scheduler[95628]: DEBUG nova.filters [None req-7ce8bf63-7bcb-4681-84e4-79449195d965 tempest-DeleteServersTestJSON-534775629 tempest-DeleteServersTestJSON-534775629-project-member] Filter ImagePropertiesFilter returned 1 host(s) {{(pid=95628) get_filtered_objects /opt/stack/nova/nova/filters.py:102}}
Jun 11 04:02:33.090324 np0000002561 nova-scheduler[95628]: DEBUG nova.filters [None req-7ce8bf63-7bcb-4681-84e4-79449195d965 tempest-DeleteServersTestJSON-534775629 tempest-DeleteServersTestJSON-534775629-project-member] Filter ServerGroupAntiAffinityFilter returned 1 host(s) {{(pid=95628) get_filtered_objects /opt/stack/nova/nova/filters.py:102}}
Jun 11 04:02:33.090324 np0000002561 nova-scheduler[95628]: DEBUG nova.filters [None req-7ce8bf63-7bcb-4681-84e4-79449195d965 tempest-DeleteServersTestJSON-534775629 tempest-DeleteServersTestJSON-534775629-project-member] Filter ServerGroupAffinityFilter returned 1 host(s) {{(pid=95628) get_filtered_objects /opt/stack/nova/nova/filters.py:102}}
Jun 11 04:02:33.090324 np0000002561 nova-scheduler[95628]: DEBUG nova.filters [None req-7ce8bf63-7bcb-4681-84e4-79449195d965 tempest-DeleteServersTestJSON-534775629 tempest-DeleteServersTestJSON-534775629-project-member] Filter SameHostFilter returned 1 host(s) {{(pid=95628) get_filtered_objects /opt/stack/nova/nova/filters.py:102}}
Jun 11 04:02:33.090324 np0000002561 nova-scheduler[95628]: DEBUG nova.filters [None req-7ce8bf63-7bcb-4681-84e4-79449195d965 tempest-DeleteServersTestJSON-534775629 tempest-DeleteServersTestJSON-534775629-project-member] Filter DifferentHostFilter returned 1 host(s) {{(pid=95628) get_filtered_objects /opt/stack/nova/nova/filters.py:102}}
Jun 11 04:02:33.090324 np0000002561 nova-scheduler[95628]: DEBUG nova.scheduler.manager [None req-7ce8bf63-7bcb-4681-84e4-79449195d965 tempest-DeleteServersTestJSON-534775629 tempest-DeleteServersTestJSON-534775629-project-member] Filtered [(np0000002561, np0000002561) ram: 23518MB disk: 75776MB io_ops: 0 instances: 0, allocation_candidates: 1] {{(pid=95628) _get_sorted_hosts /opt/stack/nova/nova/scheduler/manager.py:743}}
Jun 11 04:02:33.090324 np0000002561 nova-scheduler[95628]: DEBUG nova.scheduler.manager [None req-7ce8bf63-7bcb-4681-84e4-79449195d965 tempest-DeleteServersTestJSON-534775629 tempest-DeleteServersTestJSON-534775629-project-member] Weighed [WeighedHost [host: (np0000002561, np0000002561) ram: 23518MB disk: 75776MB io_ops: 0 instances: 0, allocation_candidates: 1, weight: 0.0]] {{(pid=95628) _get_sorted_hosts /opt/stack/nova/nova/scheduler/manager.py:765}}
Jun 11 04:02:33.090324 np0000002561 nova-scheduler[95628]: DEBUG nova.scheduler.utils [None req-7ce8bf63-7bcb-4681-84e4-79449195d965 tempest-DeleteServersTestJSON-534775629 tempest-DeleteServersTestJSON-534775629-project-member] Attempting to claim resources in the placement API for instance c06f9dec-fa33-436b-94b6-0b6c61b81f80 {{(pid=95628) claim_resources /opt/stack/nova/nova/scheduler/utils.py:1345}}
Jun 11 04:02:33.305731 np0000002561 nova-scheduler[95628]: DEBUG nova.scheduler.manager [None req-7ce8bf63-7bcb-4681-84e4-79449195d965 tempest-DeleteServersTestJSON-534775629 tempest-DeleteServersTestJSON-534775629-project-member] [instance: c06f9dec-fa33-436b-94b6-0b6c61b81f80] Selected host: (np0000002561, np0000002561) ram: 23518MB disk: 75776MB io_ops: 0 instances: 0, allocation_candidates: 1 {{(pid=95628) _consume_selected_host /opt/stack/nova/nova/scheduler/manager.py:625}}
Jun 11 04:02:33.305731 np0000002561 nova-scheduler[95628]: DEBUG oslo_concurrency.lockutils [None req-7ce8bf63-7bcb-4681-84e4-79449195d965 tempest-DeleteServersTestJSON-534775629 tempest-DeleteServersTestJSON-534775629-project-member] Acquiring lock "('np0000002561', 'np0000002561')" by "nova.scheduler.host_manager.HostState.consume_from_request.._locked" {{(pid=95628) inner /opt/stack/data/venv/lib/python3.12/site-packages/oslo_concurrency/lockutils.py:511}}
Jun 11 04:02:33.305731 np0000002561 nova-scheduler[95628]: DEBUG oslo_concurrency.lockutils [None req-7ce8bf63-7bcb-4681-84e4-79449195d965 tempest-DeleteServersTestJSON-534775629 tempest-DeleteServersTestJSON-534775629-project-member] Lock "('np0000002561', 'np0000002561')" acquired by "nova.scheduler.host_manager.HostState.consume_from_request.._locked" :: waited 0.000s {{(pid=95628) inner /opt/stack/data/venv/lib/python3.12/site-packages/oslo_concurrency/lockutils.py:524}}
Jun 11 04:02:33.305731 np0000002561 nova-scheduler[95628]: DEBUG oslo_concurrency.lockutils [None req-7ce8bf63-7bcb-4681-84e4-79449195d965 tempest-DeleteServersTestJSON-534775629 tempest-DeleteServersTestJSON-534775629-project-member] Lock "('np0000002561', 'np0000002561')" "released" by "nova.scheduler.host_manager.HostState.consume_from_request.._locked" :: held 0.000s {{(pid=95628) inner /opt/stack/data/venv/lib/python3.12/site-packages/oslo_concurrency/lockutils.py:543}}
Jun 11 04:02:43.083120 np0000002561 nova-scheduler[95628]: DEBUG dbcounter [-] [95628] Writing DB stats nova_cell1:SELECT=3 {{(pid=95628) stat_writer /opt/stack/data/venv/lib/python3.12/site-packages/dbcounter.py:115}}
Jun 11 04:02:48.578955 np0000002561 nova-scheduler[95630]: DEBUG nova.scheduler.manager [None req-95475a5e-7014-4253-a261-1c45d5543c5e tempest-AttachSCSIVolumeTestJSON-1265532811 tempest-AttachSCSIVolumeTestJSON-1265532811-project-member] Starting to schedule for instances: ['80366bce-d8b7-4478-9525-d9a1b6a0e00d'] {{(pid=95630) select_destinations /opt/stack/nova/nova/scheduler/manager.py:210}}
Jun 11 04:02:48.579931 np0000002561 nova-scheduler[95630]: DEBUG nova.scheduler.request_filter [None req-95475a5e-7014-4253-a261-1c45d5543c5e tempest-AttachSCSIVolumeTestJSON-1265532811 tempest-AttachSCSIVolumeTestJSON-1265532811-project-member] compute_status_filter request filter added forbidden trait COMPUTE_STATUS_DISABLED {{(pid=95630) compute_status_filter /opt/stack/nova/nova/scheduler/request_filter.py:253}}
Jun 11 04:02:48.580220 np0000002561 nova-scheduler[95630]: DEBUG nova.scheduler.request_filter [None req-95475a5e-7014-4253-a261-1c45d5543c5e tempest-AttachSCSIVolumeTestJSON-1265532811 tempest-AttachSCSIVolumeTestJSON-1265532811-project-member] Request filter 'compute_status_filter' took 0.0 seconds {{(pid=95630) wrapper /opt/stack/nova/nova/scheduler/request_filter.py:46}}
Jun 11 04:02:48.580616 np0000002561 nova-scheduler[95630]: DEBUG nova.scheduler.request_filter [None req-95475a5e-7014-4253-a261-1c45d5543c5e tempest-AttachSCSIVolumeTestJSON-1265532811 tempest-AttachSCSIVolumeTestJSON-1265532811-project-member] Request filter 'accelerators_filter' took 0.0 seconds {{(pid=95630) wrapper /opt/stack/nova/nova/scheduler/request_filter.py:46}}
Jun 11 04:02:48.580942 np0000002561 nova-scheduler[95630]: DEBUG nova.scheduler.request_filter [None req-95475a5e-7014-4253-a261-1c45d5543c5e tempest-AttachSCSIVolumeTestJSON-1265532811 tempest-AttachSCSIVolumeTestJSON-1265532811-project-member] Request filter 'packed_virtqueue_filter' took 0.0 seconds {{(pid=95630) wrapper /opt/stack/nova/nova/scheduler/request_filter.py:46}}
Jun 11 04:02:48.582052 np0000002561 nova-scheduler[95630]: DEBUG nova.scheduler.request_filter [None req-95475a5e-7014-4253-a261-1c45d5543c5e tempest-AttachSCSIVolumeTestJSON-1265532811 tempest-AttachSCSIVolumeTestJSON-1265532811-project-member] Request filter 'remote_managed_ports_filter' took 0.0 seconds {{(pid=95630) wrapper /opt/stack/nova/nova/scheduler/request_filter.py:46}}
Jun 11 04:02:48.582052 np0000002561 nova-scheduler[95630]: DEBUG nova.scheduler.request_filter [None req-95475a5e-7014-4253-a261-1c45d5543c5e tempest-AttachSCSIVolumeTestJSON-1265532811 tempest-AttachSCSIVolumeTestJSON-1265532811-project-member] ephemeral_encryption_filter skipped {{(pid=95630) ephemeral_encryption_filter /opt/stack/nova/nova/scheduler/request_filter.py:426}}
Jun 11 04:02:48.582853 np0000002561 nova-scheduler[95630]: DEBUG nova.scheduler.request_filter [None req-95475a5e-7014-4253-a261-1c45d5543c5e tempest-AttachSCSIVolumeTestJSON-1265532811 tempest-AttachSCSIVolumeTestJSON-1265532811-project-member] virtio_sound_filter skipped {{(pid=95630) virtio_sound_filter /opt/stack/nova/nova/scheduler/request_filter.py:460}}
Jun 11 04:02:48.583113 np0000002561 nova-scheduler[95630]: DEBUG nova.scheduler.request_filter [None req-95475a5e-7014-4253-a261-1c45d5543c5e tempest-AttachSCSIVolumeTestJSON-1265532811 tempest-AttachSCSIVolumeTestJSON-1265532811-project-member] tpm_secret_security_filter skipped {{(pid=95630) tpm_secret_security_filter /opt/stack/nova/nova/scheduler/request_filter.py:477}}
Jun 11 04:02:48.736642 np0000002561 nova-scheduler[95630]: INFO nova.utils [None req-95475a5e-7014-4253-a261-1c45d5543c5e tempest-AttachSCSIVolumeTestJSON-1265532811 tempest-AttachSCSIVolumeTestJSON-1265532811-project-member] The cell worker thread pool ForkProcess-2.cell_worker is initialized
Jun 11 04:02:48.737541 np0000002561 nova-scheduler[95630]: DEBUG oslo_concurrency.lockutils [None req-95475a5e-7014-4253-a261-1c45d5543c5e tempest-AttachSCSIVolumeTestJSON-1265532811 tempest-AttachSCSIVolumeTestJSON-1265532811-project-member] Acquiring lock "d3333c2a-5cbe-4135-b901-6dd74f443389" by "nova.context.set_target_cell..get_or_set_cached_cell_and_set_connections" {{(pid=95630) inner /opt/stack/data/venv/lib/python3.12/site-packages/oslo_concurrency/lockutils.py:511}}
Jun 11 04:02:48.737541 np0000002561 nova-scheduler[95630]: DEBUG oslo_concurrency.lockutils [None req-95475a5e-7014-4253-a261-1c45d5543c5e tempest-AttachSCSIVolumeTestJSON-1265532811 tempest-AttachSCSIVolumeTestJSON-1265532811-project-member] Lock "d3333c2a-5cbe-4135-b901-6dd74f443389" acquired by "nova.context.set_target_cell..get_or_set_cached_cell_and_set_connections" :: waited 0.000s {{(pid=95630) inner /opt/stack/data/venv/lib/python3.12/site-packages/oslo_concurrency/lockutils.py:524}}
Jun 11 04:02:48.739524 np0000002561 nova-scheduler[95630]: DEBUG oslo_concurrency.lockutils [None req-95475a5e-7014-4253-a261-1c45d5543c5e tempest-AttachSCSIVolumeTestJSON-1265532811 tempest-AttachSCSIVolumeTestJSON-1265532811-project-member] Lock "d3333c2a-5cbe-4135-b901-6dd74f443389" "released" by "nova.context.set_target_cell..get_or_set_cached_cell_and_set_connections" :: held 0.001s {{(pid=95630) inner /opt/stack/data/venv/lib/python3.12/site-packages/oslo_concurrency/lockutils.py:543}}
Jun 11 04:02:48.741362 np0000002561 nova-scheduler[95630]: INFO dbcounter [None req-95475a5e-7014-4253-a261-1c45d5543c5e tempest-AttachSCSIVolumeTestJSON-1265532811 tempest-AttachSCSIVolumeTestJSON-1265532811-project-member] Registered counter for database nova_cell1
Jun 11 04:02:48.799167 np0000002561 nova-scheduler[95630]: DEBUG oslo_db.sqlalchemy.engines [None req-95475a5e-7014-4253-a261-1c45d5543c5e tempest-AttachSCSIVolumeTestJSON-1265532811 tempest-AttachSCSIVolumeTestJSON-1265532811-project-member] MySQL server mode set to STRICT_TRANS_TABLES,STRICT_ALL_TABLES,NO_ZERO_IN_DATE,NO_ZERO_DATE,ERROR_FOR_DIVISION_BY_ZERO,TRADITIONAL,NO_ENGINE_SUBSTITUTION {{(pid=95630) _check_effective_sql_mode /opt/stack/data/venv/lib/python3.12/site-packages/oslo_db/sqlalchemy/engines.py:325}}
Jun 11 04:02:48.805794 np0000002561 nova-scheduler[95630]: DEBUG dbcounter [-] [95630] Writer thread running {{(pid=95630) stat_writer /opt/stack/data/venv/lib/python3.12/site-packages/dbcounter.py:102}}
Jun 11 04:02:48.859859 np0000002561 nova-scheduler[95630]: DEBUG dbcounter [-] [95630] Writer thread running {{(pid=95630) stat_writer /opt/stack/data/venv/lib/python3.12/site-packages/dbcounter.py:102}}
Jun 11 04:02:48.863118 np0000002561 nova-scheduler[95630]: DEBUG oslo_concurrency.lockutils [None req-95475a5e-7014-4253-a261-1c45d5543c5e tempest-AttachSCSIVolumeTestJSON-1265532811 tempest-AttachSCSIVolumeTestJSON-1265532811-project-member] Acquiring lock "d3333c2a-5cbe-4135-b901-6dd74f443389" by "nova.context.set_target_cell..get_or_set_cached_cell_and_set_connections" {{(pid=95630) inner /opt/stack/data/venv/lib/python3.12/site-packages/oslo_concurrency/lockutils.py:511}}
Jun 11 04:02:48.863118 np0000002561 nova-scheduler[95630]: DEBUG oslo_concurrency.lockutils [None req-95475a5e-7014-4253-a261-1c45d5543c5e tempest-AttachSCSIVolumeTestJSON-1265532811 tempest-AttachSCSIVolumeTestJSON-1265532811-project-member] Lock "d3333c2a-5cbe-4135-b901-6dd74f443389" acquired by "nova.context.set_target_cell..get_or_set_cached_cell_and_set_connections" :: waited 0.000s {{(pid=95630) inner /opt/stack/data/venv/lib/python3.12/site-packages/oslo_concurrency/lockutils.py:524}}
Jun 11 04:02:48.863118 np0000002561 nova-scheduler[95630]: DEBUG oslo_concurrency.lockutils [None req-95475a5e-7014-4253-a261-1c45d5543c5e tempest-AttachSCSIVolumeTestJSON-1265532811 tempest-AttachSCSIVolumeTestJSON-1265532811-project-member] Lock "d3333c2a-5cbe-4135-b901-6dd74f443389" "released" by "nova.context.set_target_cell..get_or_set_cached_cell_and_set_connections" :: held 0.000s {{(pid=95630) inner /opt/stack/data/venv/lib/python3.12/site-packages/oslo_concurrency/lockutils.py:543}}
Jun 11 04:02:48.867029 np0000002561 nova-scheduler[95630]: DEBUG oslo_concurrency.lockutils [None req-95475a5e-7014-4253-a261-1c45d5543c5e tempest-AttachSCSIVolumeTestJSON-1265532811 tempest-AttachSCSIVolumeTestJSON-1265532811-project-member] Acquiring lock "('np0000002561', 'np0000002561')" by "nova.scheduler.host_manager.HostState.update.._locked_update" {{(pid=95630) inner /opt/stack/data/venv/lib/python3.12/site-packages/oslo_concurrency/lockutils.py:511}}
Jun 11 04:02:48.867204 np0000002561 nova-scheduler[95630]: DEBUG oslo_concurrency.lockutils [None req-95475a5e-7014-4253-a261-1c45d5543c5e tempest-AttachSCSIVolumeTestJSON-1265532811 tempest-AttachSCSIVolumeTestJSON-1265532811-project-member] Lock "('np0000002561', 'np0000002561')" acquired by "nova.scheduler.host_manager.HostState.update.._locked_update" :: waited 0.000s {{(pid=95630) inner /opt/stack/data/venv/lib/python3.12/site-packages/oslo_concurrency/lockutils.py:524}}
