Jun 17 03:57:44.114511 np0000003005 nova-scheduler[95822]: DEBUG cotyledon.oslo_config_glue [-] oslo_limit.certfile = None {{(pid=95822) log_opt_values /opt/stack/data/venv/lib/python3.12/site-packages/oslo_config/cfg.py:3253}}
Jun 17 03:57:44.114511 np0000003005 nova-scheduler[95822]: DEBUG cotyledon.oslo_config_glue [-] oslo_limit.collect_timing = False {{(pid=95822) log_opt_values /opt/stack/data/venv/lib/python3.12/site-packages/oslo_config/cfg.py:3253}}
Jun 17 03:57:44.114511 np0000003005 nova-scheduler[95822]: DEBUG cotyledon.oslo_config_glue [-] oslo_limit.connect_retries = None {{(pid=95822) log_opt_values /opt/stack/data/venv/lib/python3.12/site-packages/oslo_config/cfg.py:3253}}
Jun 17 03:57:44.114511 np0000003005 nova-scheduler[95822]: DEBUG cotyledon.oslo_config_glue [-] oslo_limit.connect_retry_delay = None {{(pid=95822) log_opt_values /opt/stack/data/venv/lib/python3.12/site-packages/oslo_config/cfg.py:3253}}
Jun 17 03:57:44.114701 np0000003005 nova-scheduler[95822]: DEBUG cotyledon.oslo_config_glue [-] oslo_limit.endpoint_id = None {{(pid=95822) log_opt_values /opt/stack/data/venv/lib/python3.12/site-packages/oslo_config/cfg.py:3253}}
Jun 17 03:57:44.114701 np0000003005 nova-scheduler[95822]: DEBUG cotyledon.oslo_config_glue [-] oslo_limit.endpoint_interface = public {{(pid=95822) log_opt_values /opt/stack/data/venv/lib/python3.12/site-packages/oslo_config/cfg.py:3253}}
Jun 17 03:57:44.114701 np0000003005 nova-scheduler[95822]: DEBUG cotyledon.oslo_config_glue [-] oslo_limit.endpoint_override = None {{(pid=95822) log_opt_values /opt/stack/data/venv/lib/python3.12/site-packages/oslo_config/cfg.py:3253}}
Jun 17 03:57:44.114701 np0000003005 nova-scheduler[95822]: DEBUG cotyledon.oslo_config_glue [-] oslo_limit.endpoint_region_name = None {{(pid=95822) log_opt_values /opt/stack/data/venv/lib/python3.12/site-packages/oslo_config/cfg.py:3253}}
Jun 17 03:57:44.114701 np0000003005 nova-scheduler[95822]: DEBUG cotyledon.oslo_config_glue [-] oslo_limit.endpoint_service_name = None {{(pid=95822) log_opt_values /opt/stack/data/venv/lib/python3.12/site-packages/oslo_config/cfg.py:3253}}
Jun 17 03:57:44.114794 np0000003005 nova-scheduler[95820]: INFO dbcounter [None req-2b105bf4-6a9a-4247-b9fa-39eb25a49492 None None] Registered counter for database nova_cell0
Jun 17 03:57:44.114833 np0000003005 nova-scheduler[95822]: DEBUG cotyledon.oslo_config_glue [-] oslo_limit.endpoint_service_type = None {{(pid=95822) log_opt_values /opt/stack/data/venv/lib/python3.12/site-packages/oslo_config/cfg.py:3253}}
Jun 17 03:57:44.114833 np0000003005 nova-scheduler[95822]: DEBUG cotyledon.oslo_config_glue [-] oslo_limit.insecure = False {{(pid=95822) log_opt_values /opt/stack/data/venv/lib/python3.12/site-packages/oslo_config/cfg.py:3253}}
Jun 17 03:57:44.114833 np0000003005 nova-scheduler[95822]: DEBUG cotyledon.oslo_config_glue [-] oslo_limit.keyfile = None {{(pid=95822) log_opt_values /opt/stack/data/venv/lib/python3.12/site-packages/oslo_config/cfg.py:3253}}
Jun 17 03:57:44.114833 np0000003005 nova-scheduler[95822]: DEBUG cotyledon.oslo_config_glue [-] oslo_limit.max_version = None {{(pid=95822) log_opt_values /opt/stack/data/venv/lib/python3.12/site-packages/oslo_config/cfg.py:3253}}
Jun 17 03:57:44.114833 np0000003005 nova-scheduler[95822]: DEBUG cotyledon.oslo_config_glue [-] oslo_limit.min_version = None {{(pid=95822) log_opt_values /opt/stack/data/venv/lib/python3.12/site-packages/oslo_config/cfg.py:3253}}
Jun 17 03:57:44.114833 np0000003005 nova-scheduler[95822]: DEBUG cotyledon.oslo_config_glue [-] oslo_limit.region_name = None {{(pid=95822) log_opt_values /opt/stack/data/venv/lib/python3.12/site-packages/oslo_config/cfg.py:3253}}
Jun 17 03:57:44.114833 np0000003005 nova-scheduler[95822]: DEBUG cotyledon.oslo_config_glue [-] oslo_limit.retriable_status_codes = None {{(pid=95822) log_opt_values /opt/stack/data/venv/lib/python3.12/site-packages/oslo_config/cfg.py:3253}}
Jun 17 03:57:44.114833 np0000003005 nova-scheduler[95822]: DEBUG cotyledon.oslo_config_glue [-] oslo_limit.service_name = None {{(pid=95822) log_opt_values /opt/stack/data/venv/lib/python3.12/site-packages/oslo_config/cfg.py:3253}}
Jun 17 03:57:44.114833 np0000003005 nova-scheduler[95822]: DEBUG cotyledon.oslo_config_glue [-] oslo_limit.service_type = None {{(pid=95822) log_opt_values /opt/stack/data/venv/lib/python3.12/site-packages/oslo_config/cfg.py:3253}}
Jun 17 03:57:44.115085 np0000003005 nova-scheduler[95822]: DEBUG cotyledon.oslo_config_glue [-] oslo_limit.split_loggers = False {{(pid=95822) log_opt_values /opt/stack/data/venv/lib/python3.12/site-packages/oslo_config/cfg.py:3253}}
Jun 17 03:57:44.115085 np0000003005 nova-scheduler[95822]: DEBUG cotyledon.oslo_config_glue [-] oslo_limit.status_code_retries = None {{(pid=95822) log_opt_values /opt/stack/data/venv/lib/python3.12/site-packages/oslo_config/cfg.py:3253}}
Jun 17 03:57:44.115085 np0000003005 nova-scheduler[95822]: DEBUG cotyledon.oslo_config_glue [-] oslo_limit.status_code_retry_delay = None {{(pid=95822) log_opt_values /opt/stack/data/venv/lib/python3.12/site-packages/oslo_config/cfg.py:3253}}
Jun 17 03:57:44.115085 np0000003005 nova-scheduler[95822]: DEBUG cotyledon.oslo_config_glue [-] oslo_limit.timeout = None {{(pid=95822) log_opt_values /opt/stack/data/venv/lib/python3.12/site-packages/oslo_config/cfg.py:3253}}
Jun 17 03:57:44.115085 np0000003005 nova-scheduler[95822]: DEBUG cotyledon.oslo_config_glue [-] oslo_limit.valid_interfaces = None {{(pid=95822) log_opt_values /opt/stack/data/venv/lib/python3.12/site-packages/oslo_config/cfg.py:3253}}
Jun 17 03:57:44.115085 np0000003005 nova-scheduler[95822]: DEBUG cotyledon.oslo_config_glue [-] oslo_limit.version = None {{(pid=95822) log_opt_values /opt/stack/data/venv/lib/python3.12/site-packages/oslo_config/cfg.py:3253}}
Jun 17 03:57:44.115085 np0000003005 nova-scheduler[95822]: DEBUG cotyledon.oslo_config_glue [-] oslo_reports.file_event_handler = None {{(pid=95822) log_opt_values /opt/stack/data/venv/lib/python3.12/site-packages/oslo_config/cfg.py:3253}}
Jun 17 03:57:44.115085 np0000003005 nova-scheduler[95822]: DEBUG cotyledon.oslo_config_glue [-] oslo_reports.file_event_handler_interval = 1 {{(pid=95822) log_opt_values /opt/stack/data/venv/lib/python3.12/site-packages/oslo_config/cfg.py:3253}}
Jun 17 03:57:44.115085 np0000003005 nova-scheduler[95822]: DEBUG cotyledon.oslo_config_glue [-] oslo_reports.log_dir = None {{(pid=95822) log_opt_values /opt/stack/data/venv/lib/python3.12/site-packages/oslo_config/cfg.py:3253}}
Jun 17 03:57:44.115263 np0000003005 nova-scheduler[95822]: DEBUG cotyledon.oslo_config_glue [-] ******************************************************************************** {{(pid=95822) log_opt_values /opt/stack/data/venv/lib/python3.12/site-packages/oslo_config/cfg.py:3260}}
Jun 17 03:57:44.115263 np0000003005 nova-scheduler[95822]: DEBUG cotyledon._service_worker [-] Run service ServiceWrapper(2) [95822] {{(pid=95822) wait_forever /opt/stack/data/venv/lib/python3.12/site-packages/cotyledon/_service_worker.py:218}}
Jun 17 03:57:44.115263 np0000003005 nova-scheduler[95822]: INFO nova.service [-] Starting scheduler node (version 33.1.0)
Jun 17 03:57:44.115263 np0000003005 nova-scheduler[95822]: INFO dbcounter [None req-a27c3b14-a355-4d41-a82b-91ddbd3486d1 None None] Registered counter for database nova_cell0
Jun 17 03:57:44.125670 np0000003005 nova-scheduler[95820]: DEBUG oslo_db.sqlalchemy.engines [None req-2b105bf4-6a9a-4247-b9fa-39eb25a49492 None None] MySQL server mode set to STRICT_TRANS_TABLES,STRICT_ALL_TABLES,NO_ZERO_IN_DATE,NO_ZERO_DATE,ERROR_FOR_DIVISION_BY_ZERO,TRADITIONAL,NO_ENGINE_SUBSTITUTION {{(pid=95820) _check_effective_sql_mode /opt/stack/data/venv/lib/python3.12/site-packages/oslo_db/sqlalchemy/engines.py:325}}
Jun 17 03:57:44.128995 np0000003005 nova-scheduler[95793]: DEBUG oslo_db.sqlalchemy.engines [None req-13fe48ea-ac39-402e-9f5f-181526afb907 None None] MySQL server mode set to STRICT_TRANS_TABLES,STRICT_ALL_TABLES,NO_ZERO_IN_DATE,NO_ZERO_DATE,ERROR_FOR_DIVISION_BY_ZERO,TRADITIONAL,NO_ENGINE_SUBSTITUTION {{(pid=95793) _check_effective_sql_mode /opt/stack/data/venv/lib/python3.12/site-packages/oslo_db/sqlalchemy/engines.py:325}}
Jun 17 03:57:44.131992 np0000003005 nova-scheduler[95822]: DEBUG oslo_db.sqlalchemy.engines [None req-a27c3b14-a355-4d41-a82b-91ddbd3486d1 None None] MySQL server mode set to STRICT_TRANS_TABLES,STRICT_ALL_TABLES,NO_ZERO_IN_DATE,NO_ZERO_DATE,ERROR_FOR_DIVISION_BY_ZERO,TRADITIONAL,NO_ENGINE_SUBSTITUTION {{(pid=95822) _check_effective_sql_mode /opt/stack/data/venv/lib/python3.12/site-packages/oslo_db/sqlalchemy/engines.py:325}}
Jun 17 03:57:44.135483 np0000003005 nova-scheduler[95820]: DEBUG dbcounter [-] [95820] Writer thread running {{(pid=95820) stat_writer /opt/stack/data/venv/lib/python3.12/site-packages/dbcounter.py:102}}
Jun 17 03:57:44.138611 np0000003005 nova-scheduler[95793]: DEBUG dbcounter [-] [95793] Writer thread running {{(pid=95793) stat_writer /opt/stack/data/venv/lib/python3.12/site-packages/dbcounter.py:102}}
Jun 17 03:57:44.141701 np0000003005 nova-scheduler[95822]: DEBUG dbcounter [-] [95822] Writer thread running {{(pid=95822) stat_writer /opt/stack/data/venv/lib/python3.12/site-packages/dbcounter.py:102}}
Jun 17 03:57:44.151840 np0000003005 nova-scheduler[95820]: DEBUG nova.service [None req-2b105bf4-6a9a-4247-b9fa-39eb25a49492 None None] Creating RPC server for service: nova-scheduler on topic: scheduler {{(pid=95820) start /opt/stack/nova/nova/service.py:196}}
Jun 17 03:57:44.156871 np0000003005 nova-scheduler[95793]: DEBUG nova.service [None req-13fe48ea-ac39-402e-9f5f-181526afb907 None None] Creating RPC server for service: nova-scheduler on topic: scheduler {{(pid=95793) start /opt/stack/nova/nova/service.py:196}}
Jun 17 03:57:44.159698 np0000003005 nova-scheduler[95822]: DEBUG nova.service [None req-a27c3b14-a355-4d41-a82b-91ddbd3486d1 None None] Creating RPC server for service: nova-scheduler on topic: scheduler {{(pid=95822) start /opt/stack/nova/nova/service.py:196}}
Jun 17 03:57:44.179378 np0000003005 nova-scheduler[95820]: DEBUG nova.service [None req-2b105bf4-6a9a-4247-b9fa-39eb25a49492 None None] Join ServiceGroup membership for this service scheduler {{(pid=95820) start /opt/stack/nova/nova/service.py:222}}
Jun 17 03:57:44.179591 np0000003005 nova-scheduler[95820]: DEBUG nova.servicegroup.drivers.db [None req-2b105bf4-6a9a-4247-b9fa-39eb25a49492 None None] DB_Driver: join new ServiceGroup member np0000003005 to the scheduler group, service = {{(pid=95820) join /opt/stack/nova/nova/servicegroup/drivers/db.py:44}}
Jun 17 03:57:44.183496 np0000003005 nova-scheduler[95822]: DEBUG nova.service [None req-a27c3b14-a355-4d41-a82b-91ddbd3486d1 None None] Join ServiceGroup membership for this service scheduler {{(pid=95822) start /opt/stack/nova/nova/service.py:222}}
Jun 17 03:57:44.183737 np0000003005 nova-scheduler[95822]: DEBUG nova.servicegroup.drivers.db [None req-a27c3b14-a355-4d41-a82b-91ddbd3486d1 None None] DB_Driver: join new ServiceGroup member np0000003005 to the scheduler group, service = {{(pid=95822) join /opt/stack/nova/nova/servicegroup/drivers/db.py:44}}
Jun 17 03:57:44.186762 np0000003005 nova-scheduler[95793]: DEBUG nova.service [None req-13fe48ea-ac39-402e-9f5f-181526afb907 None None] Join ServiceGroup membership for this service scheduler {{(pid=95793) start /opt/stack/nova/nova/service.py:222}}
Jun 17 03:57:44.187082 np0000003005 nova-scheduler[95793]: DEBUG nova.servicegroup.drivers.db [None req-13fe48ea-ac39-402e-9f5f-181526afb907 None None] DB_Driver: join new ServiceGroup member np0000003005 to the scheduler group, service = {{(pid=95793) join /opt/stack/nova/nova/servicegroup/drivers/db.py:44}}
Jun 17 03:57:49.203199 np0000003005 nova-scheduler[95793]: DEBUG oslo.service.backend._threading.loopingcall [-] Fixed interval looping call 'nova.servicegroup.drivers.db.DbDriver._report_state' sleeping for 119.99 seconds {{(pid=95793) _run_loop /opt/stack/data/venv/lib/python3.12/site-packages/oslo_service/backend/_threading/loopingcall.py:125}}
Jun 17 03:57:49.203613 np0000003005 nova-scheduler[95820]: DEBUG oslo.service.backend._threading.loopingcall [-] Fixed interval looping call 'nova.servicegroup.drivers.db.DbDriver._report_state' sleeping for 119.98 seconds {{(pid=95820) _run_loop /opt/stack/data/venv/lib/python3.12/site-packages/oslo_service/backend/_threading/loopingcall.py:125}}
Jun 17 03:57:49.203878 np0000003005 nova-scheduler[95822]: DEBUG oslo.service.backend._threading.loopingcall [-] Fixed interval looping call 'nova.servicegroup.drivers.db.DbDriver._report_state' sleeping for 119.98 seconds {{(pid=95822) _run_loop /opt/stack/data/venv/lib/python3.12/site-packages/oslo_service/backend/_threading/loopingcall.py:125}}
Jun 17 03:57:52.744357 np0000003005 nova-scheduler[94553]: DEBUG dbcounter [-] [94553] Writing DB stats nova_api:SELECT=3 {{(pid=94553) stat_writer /opt/stack/data/venv/lib/python3.12/site-packages/dbcounter.py:115}}
Jun 17 03:57:52.859575 np0000003005 nova-scheduler[94553]: DEBUG dbcounter [-] [94553] Writing DB stats nova_cell0:SELECT=1 {{(pid=94553) stat_writer /opt/stack/data/venv/lib/python3.12/site-packages/dbcounter.py:115}}
Jun 17 03:57:52.871077 np0000003005 nova-scheduler[94553]: DEBUG dbcounter [-] [94553] Writing DB stats nova_cell1:SELECT=1 {{(pid=94553) stat_writer /opt/stack/data/venv/lib/python3.12/site-packages/dbcounter.py:115}}
Jun 17 03:57:53.185761 np0000003005 nova-scheduler[95822]: DEBUG oslo.service.backend._threading.loopingcall [None req-6c0f17ae-1ca2-4e9a-9880-8bc821c1072e None None] Dynamic interval looping call 'nova.service.Service.periodic_tasks' sleeping for 60.00 seconds {{(pid=95822) _run_loop /opt/stack/data/venv/lib/python3.12/site-packages/oslo_service/backend/_threading/loopingcall.py:125}}
Jun 17 03:57:59.191785 np0000003005 nova-scheduler[95820]: DEBUG dbcounter [-] [95820] Writing DB stats nova_cell0:SELECT=4,nova_cell0:INSERT=1,nova_cell0:UPDATE=1 {{(pid=95820) stat_writer /opt/stack/data/venv/lib/python3.12/site-packages/dbcounter.py:115}}
Jun 17 03:57:59.197891 np0000003005 nova-scheduler[95822]: DEBUG dbcounter [-] [95822] Writing DB stats nova_cell0:SELECT=5,nova_cell0:INSERT=1,nova_cell0:UPDATE=1 {{(pid=95822) stat_writer /opt/stack/data/venv/lib/python3.12/site-packages/dbcounter.py:115}}
Jun 17 03:57:59.200053 np0000003005 nova-scheduler[95793]: DEBUG dbcounter [-] [95793] Writing DB stats nova_cell0:SELECT=5,nova_cell0:INSERT=1,nova_cell0:UPDATE=1 {{(pid=95793) stat_writer /opt/stack/data/venv/lib/python3.12/site-packages/dbcounter.py:115}}
Jun 17 03:58:05.181631 np0000003005 nova-scheduler[95820]: DEBUG oslo.service.backend._threading.loopingcall [None req-6dfd04a4-9913-4529-9d8a-8c0b0cc27c35 None None] Dynamic interval looping call 'nova.service.Service.periodic_tasks' sleeping for 60.00 seconds {{(pid=95820) _run_loop /opt/stack/data/venv/lib/python3.12/site-packages/oslo_service/backend/_threading/loopingcall.py:125}}
Jun 17 03:58:24.188885 np0000003005 nova-scheduler[95793]: DEBUG oslo.service.backend._threading.loopingcall [None req-6c5fcc59-afb3-4f1b-942e-23ff4bd1b678 None None] Dynamic interval looping call 'nova.service.Service.periodic_tasks' sleeping for 60.00 seconds {{(pid=95793) _run_loop /opt/stack/data/venv/lib/python3.12/site-packages/oslo_service/backend/_threading/loopingcall.py:125}}
Jun 17 03:58:53.186460 np0000003005 nova-scheduler[95822]: DEBUG oslo.service.backend._threading.loopingcall [None req-6c0f17ae-1ca2-4e9a-9880-8bc821c1072e None None] Dynamic interval looping call 'nova.service.Service.periodic_tasks' sleeping for 60.00 seconds {{(pid=95822) _run_loop /opt/stack/data/venv/lib/python3.12/site-packages/oslo_service/backend/_threading/loopingcall.py:125}}
Jun 17 03:59:05.182188 np0000003005 nova-scheduler[95820]: DEBUG oslo.service.backend._threading.loopingcall [None req-6dfd04a4-9913-4529-9d8a-8c0b0cc27c35 None None] Dynamic interval looping call 'nova.service.Service.periodic_tasks' sleeping for 60.00 seconds {{(pid=95820) _run_loop /opt/stack/data/venv/lib/python3.12/site-packages/oslo_service/backend/_threading/loopingcall.py:125}}
Jun 17 03:59:24.189348 np0000003005 nova-scheduler[95793]: DEBUG oslo.service.backend._threading.loopingcall [None req-6c5fcc59-afb3-4f1b-942e-23ff4bd1b678 None None] Dynamic interval looping call 'nova.service.Service.periodic_tasks' sleeping for 60.00 seconds {{(pid=95793) _run_loop /opt/stack/data/venv/lib/python3.12/site-packages/oslo_service/backend/_threading/loopingcall.py:125}}
Jun 17 03:59:49.193354 np0000003005 nova-scheduler[95820]: DEBUG oslo.service.backend._threading.loopingcall [-] Fixed interval looping call 'nova.servicegroup.drivers.db.DbDriver._report_state' sleeping for 119.99 seconds {{(pid=95820) _run_loop /opt/stack/data/venv/lib/python3.12/site-packages/oslo_service/backend/_threading/loopingcall.py:125}}
Jun 17 03:59:49.194639 np0000003005 nova-scheduler[95822]: DEBUG oslo.service.backend._threading.loopingcall [-] Fixed interval looping call 'nova.servicegroup.drivers.db.DbDriver._report_state' sleeping for 119.99 seconds {{(pid=95822) _run_loop /opt/stack/data/venv/lib/python3.12/site-packages/oslo_service/backend/_threading/loopingcall.py:125}}
Jun 17 03:59:49.197505 np0000003005 nova-scheduler[95793]: DEBUG oslo.service.backend._threading.loopingcall [-] Fixed interval looping call 'nova.servicegroup.drivers.db.DbDriver._report_state' sleeping for 120.00 seconds {{(pid=95793) _run_loop /opt/stack/data/venv/lib/python3.12/site-packages/oslo_service/backend/_threading/loopingcall.py:125}}
Jun 17 03:59:53.186981 np0000003005 nova-scheduler[95822]: DEBUG oslo.service.backend._threading.loopingcall [None req-6c0f17ae-1ca2-4e9a-9880-8bc821c1072e None None] Dynamic interval looping call 'nova.service.Service.periodic_tasks' sleeping for 60.00 seconds {{(pid=95822) _run_loop /opt/stack/data/venv/lib/python3.12/site-packages/oslo_service/backend/_threading/loopingcall.py:125}}
Jun 17 03:59:59.187903 np0000003005 nova-scheduler[95820]: DEBUG dbcounter [-] [95820] Writing DB stats nova_cell0:SELECT=1,nova_cell0:UPDATE=1 {{(pid=95820) stat_writer /opt/stack/data/venv/lib/python3.12/site-packages/dbcounter.py:115}}
Jun 17 03:59:59.188391 np0000003005 nova-scheduler[95822]: DEBUG dbcounter [-] [95822] Writing DB stats nova_cell0:SELECT=1,nova_cell0:UPDATE=1 {{(pid=95822) stat_writer /opt/stack/data/venv/lib/python3.12/site-packages/dbcounter.py:115}}
Jun 17 03:59:59.195367 np0000003005 nova-scheduler[95793]: DEBUG dbcounter [-] [95793] Writing DB stats nova_cell0:SELECT=1 {{(pid=95793) stat_writer /opt/stack/data/venv/lib/python3.12/site-packages/dbcounter.py:115}}
Jun 17 04:00:05.182833 np0000003005 nova-scheduler[95820]: DEBUG oslo.service.backend._threading.loopingcall [None req-6dfd04a4-9913-4529-9d8a-8c0b0cc27c35 None None] Dynamic interval looping call 'nova.service.Service.periodic_tasks' sleeping for 60.00 seconds {{(pid=95820) _run_loop /opt/stack/data/venv/lib/python3.12/site-packages/oslo_service/backend/_threading/loopingcall.py:125}}
Jun 17 04:00:24.189857 np0000003005 nova-scheduler[95793]: DEBUG oslo.service.backend._threading.loopingcall [None req-6c5fcc59-afb3-4f1b-942e-23ff4bd1b678 None None] Dynamic interval looping call 'nova.service.Service.periodic_tasks' sleeping for 60.00 seconds {{(pid=95793) _run_loop /opt/stack/data/venv/lib/python3.12/site-packages/oslo_service/backend/_threading/loopingcall.py:125}}
Jun 17 04:00:52.086088 np0000003005 nova-scheduler[95820]: DEBUG nova.scheduler.manager [None req-d7a7fc64-4e8c-4d3b-95b3-c919e994cef7 tempest-DeleteServersTestJSON-1489564653 tempest-DeleteServersTestJSON-1489564653-project-member] Starting to schedule for instances: ['a2f4357e-5ed6-40ff-9d14-4b0cedb95ed0'] {{(pid=95820) select_destinations /opt/stack/nova/nova/scheduler/manager.py:210}}
Jun 17 04:00:52.087514 np0000003005 nova-scheduler[95820]: DEBUG nova.scheduler.request_filter [None req-d7a7fc64-4e8c-4d3b-95b3-c919e994cef7 tempest-DeleteServersTestJSON-1489564653 tempest-DeleteServersTestJSON-1489564653-project-member] compute_status_filter request filter added forbidden trait COMPUTE_STATUS_DISABLED {{(pid=95820) compute_status_filter /opt/stack/nova/nova/scheduler/request_filter.py:253}}
Jun 17 04:00:52.087514 np0000003005 nova-scheduler[95820]: DEBUG nova.scheduler.request_filter [None req-d7a7fc64-4e8c-4d3b-95b3-c919e994cef7 tempest-DeleteServersTestJSON-1489564653 tempest-DeleteServersTestJSON-1489564653-project-member] Request filter 'compute_status_filter' took 0.0 seconds {{(pid=95820) wrapper /opt/stack/nova/nova/scheduler/request_filter.py:46}}
Jun 17 04:00:52.087514 np0000003005 nova-scheduler[95820]: DEBUG nova.scheduler.request_filter [None req-d7a7fc64-4e8c-4d3b-95b3-c919e994cef7 tempest-DeleteServersTestJSON-1489564653 tempest-DeleteServersTestJSON-1489564653-project-member] Request filter 'accelerators_filter' took 0.0 seconds {{(pid=95820) wrapper /opt/stack/nova/nova/scheduler/request_filter.py:46}}
Jun 17 04:00:52.087719 np0000003005 nova-scheduler[95820]: DEBUG nova.scheduler.request_filter [None req-d7a7fc64-4e8c-4d3b-95b3-c919e994cef7 tempest-DeleteServersTestJSON-1489564653 tempest-DeleteServersTestJSON-1489564653-project-member] Request filter 'packed_virtqueue_filter' took 0.0 seconds {{(pid=95820) wrapper /opt/stack/nova/nova/scheduler/request_filter.py:46}}
Jun 17 04:00:52.088130 np0000003005 nova-scheduler[95820]: DEBUG nova.scheduler.request_filter [None req-d7a7fc64-4e8c-4d3b-95b3-c919e994cef7 tempest-DeleteServersTestJSON-1489564653 tempest-DeleteServersTestJSON-1489564653-project-member] Request filter 'remote_managed_ports_filter' took 0.0 seconds {{(pid=95820) wrapper /opt/stack/nova/nova/scheduler/request_filter.py:46}}
Jun 17 04:00:52.088298 np0000003005 nova-scheduler[95820]: DEBUG nova.scheduler.request_filter [None req-d7a7fc64-4e8c-4d3b-95b3-c919e994cef7 tempest-DeleteServersTestJSON-1489564653 tempest-DeleteServersTestJSON-1489564653-project-member] ephemeral_encryption_filter skipped {{(pid=95820) ephemeral_encryption_filter /opt/stack/nova/nova/scheduler/request_filter.py:426}}
Jun 17 04:00:52.088431 np0000003005 nova-scheduler[95820]: DEBUG nova.scheduler.request_filter [None req-d7a7fc64-4e8c-4d3b-95b3-c919e994cef7 tempest-DeleteServersTestJSON-1489564653 tempest-DeleteServersTestJSON-1489564653-project-member] virtio_sound_filter skipped {{(pid=95820) virtio_sound_filter /opt/stack/nova/nova/scheduler/request_filter.py:460}}
Jun 17 04:00:52.088561 np0000003005 nova-scheduler[95820]: DEBUG nova.scheduler.request_filter [None req-d7a7fc64-4e8c-4d3b-95b3-c919e994cef7 tempest-DeleteServersTestJSON-1489564653 tempest-DeleteServersTestJSON-1489564653-project-member] tpm_secret_security_filter skipped {{(pid=95820) tpm_secret_security_filter /opt/stack/nova/nova/scheduler/request_filter.py:477}}
Jun 17 04:00:52.764253 np0000003005 nova-scheduler[95820]: INFO nova.utils [None req-d7a7fc64-4e8c-4d3b-95b3-c919e994cef7 tempest-DeleteServersTestJSON-1489564653 tempest-DeleteServersTestJSON-1489564653-project-member] The cell worker thread pool ForkProcess-2.cell_worker is initialized
Jun 17 04:00:52.764673 np0000003005 nova-scheduler[95820]: DEBUG oslo_concurrency.lockutils [None req-d7a7fc64-4e8c-4d3b-95b3-c919e994cef7 tempest-DeleteServersTestJSON-1489564653 tempest-DeleteServersTestJSON-1489564653-project-member] Acquiring lock "8b81b61c-69ef-4199-ac6a-885be208b549" by "nova.context.set_target_cell..get_or_set_cached_cell_and_set_connections" {{(pid=95820) inner /opt/stack/data/venv/lib/python3.12/site-packages/oslo_concurrency/lockutils.py:511}}
Jun 17 04:00:52.765190 np0000003005 nova-scheduler[95820]: DEBUG oslo_concurrency.lockutils [None req-d7a7fc64-4e8c-4d3b-95b3-c919e994cef7 tempest-DeleteServersTestJSON-1489564653 tempest-DeleteServersTestJSON-1489564653-project-member] Lock "8b81b61c-69ef-4199-ac6a-885be208b549" acquired by "nova.context.set_target_cell..get_or_set_cached_cell_and_set_connections" :: waited 0.000s {{(pid=95820) inner /opt/stack/data/venv/lib/python3.12/site-packages/oslo_concurrency/lockutils.py:524}}
Jun 17 04:00:52.766368 np0000003005 nova-scheduler[95820]: DEBUG oslo_concurrency.lockutils [None req-d7a7fc64-4e8c-4d3b-95b3-c919e994cef7 tempest-DeleteServersTestJSON-1489564653 tempest-DeleteServersTestJSON-1489564653-project-member] Lock "8b81b61c-69ef-4199-ac6a-885be208b549" "released" by "nova.context.set_target_cell..get_or_set_cached_cell_and_set_connections" :: held 0.001s {{(pid=95820) inner /opt/stack/data/venv/lib/python3.12/site-packages/oslo_concurrency/lockutils.py:543}}
Jun 17 04:00:52.770009 np0000003005 nova-scheduler[95820]: INFO dbcounter [None req-d7a7fc64-4e8c-4d3b-95b3-c919e994cef7 tempest-DeleteServersTestJSON-1489564653 tempest-DeleteServersTestJSON-1489564653-project-member] Registered counter for database nova_cell1
Jun 17 04:00:52.818067 np0000003005 nova-scheduler[95820]: DEBUG oslo_db.sqlalchemy.engines [None req-d7a7fc64-4e8c-4d3b-95b3-c919e994cef7 tempest-DeleteServersTestJSON-1489564653 tempest-DeleteServersTestJSON-1489564653-project-member] MySQL server mode set to STRICT_TRANS_TABLES,STRICT_ALL_TABLES,NO_ZERO_IN_DATE,NO_ZERO_DATE,ERROR_FOR_DIVISION_BY_ZERO,TRADITIONAL,NO_ENGINE_SUBSTITUTION {{(pid=95820) _check_effective_sql_mode /opt/stack/data/venv/lib/python3.12/site-packages/oslo_db/sqlalchemy/engines.py:325}}
Jun 17 04:00:52.824679 np0000003005 nova-scheduler[95820]: DEBUG dbcounter [-] [95820] Writer thread running {{(pid=95820) stat_writer /opt/stack/data/venv/lib/python3.12/site-packages/dbcounter.py:102}}
Jun 17 04:00:52.846459 np0000003005 nova-scheduler[95820]: DEBUG oslo_db.sqlalchemy.engines [None req-d7a7fc64-4e8c-4d3b-95b3-c919e994cef7 tempest-DeleteServersTestJSON-1489564653 tempest-DeleteServersTestJSON-1489564653-project-member] Parent process 94553 forked (95820) with an open database connection, which is being discarded and recreated. {{(pid=95820) checkout /opt/stack/data/venv/lib/python3.12/site-packages/oslo_db/sqlalchemy/engines.py:402}}
Jun 17 04:00:52.888091 np0000003005 nova-scheduler[95820]: DEBUG dbcounter [-] [95820] Writer thread running {{(pid=95820) stat_writer /opt/stack/data/venv/lib/python3.12/site-packages/dbcounter.py:102}}
Jun 17 04:00:52.891362 np0000003005 nova-scheduler[95820]: DEBUG oslo_concurrency.lockutils [None req-d7a7fc64-4e8c-4d3b-95b3-c919e994cef7 tempest-DeleteServersTestJSON-1489564653 tempest-DeleteServersTestJSON-1489564653-project-member] Acquiring lock "8b81b61c-69ef-4199-ac6a-885be208b549" by "nova.context.set_target_cell..get_or_set_cached_cell_and_set_connections" {{(pid=95820) inner /opt/stack/data/venv/lib/python3.12/site-packages/oslo_concurrency/lockutils.py:511}}
Jun 17 04:00:52.891530 np0000003005 nova-scheduler[95820]: DEBUG oslo_concurrency.lockutils [None req-d7a7fc64-4e8c-4d3b-95b3-c919e994cef7 tempest-DeleteServersTestJSON-1489564653 tempest-DeleteServersTestJSON-1489564653-project-member] Lock "8b81b61c-69ef-4199-ac6a-885be208b549" acquired by "nova.context.set_target_cell..get_or_set_cached_cell_and_set_connections" :: waited 0.000s {{(pid=95820) inner /opt/stack/data/venv/lib/python3.12/site-packages/oslo_concurrency/lockutils.py:524}}
Jun 17 04:00:52.891645 np0000003005 nova-scheduler[95820]: DEBUG oslo_concurrency.lockutils [None req-d7a7fc64-4e8c-4d3b-95b3-c919e994cef7 tempest-DeleteServersTestJSON-1489564653 tempest-DeleteServersTestJSON-1489564653-project-member] Lock "8b81b61c-69ef-4199-ac6a-885be208b549" "released" by "nova.context.set_target_cell..get_or_set_cached_cell_and_set_connections" :: held 0.000s {{(pid=95820) inner /opt/stack/data/venv/lib/python3.12/site-packages/oslo_concurrency/lockutils.py:543}}
Jun 17 04:00:52.895238 np0000003005 nova-scheduler[95820]: DEBUG oslo_concurrency.lockutils [None req-d7a7fc64-4e8c-4d3b-95b3-c919e994cef7 tempest-DeleteServersTestJSON-1489564653 tempest-DeleteServersTestJSON-1489564653-project-member] Acquiring lock "('np0000003005', 'np0000003005')" by "nova.scheduler.host_manager.HostState.update.._locked_update" {{(pid=95820) inner /opt/stack/data/venv/lib/python3.12/site-packages/oslo_concurrency/lockutils.py:511}}
Jun 17 04:00:52.895371 np0000003005 nova-scheduler[95820]: DEBUG oslo_concurrency.lockutils [None req-d7a7fc64-4e8c-4d3b-95b3-c919e994cef7 tempest-DeleteServersTestJSON-1489564653 tempest-DeleteServersTestJSON-1489564653-project-member] Lock "('np0000003005', 'np0000003005')" acquired by "nova.scheduler.host_manager.HostState.update.._locked_update" :: waited 0.000s {{(pid=95820) inner /opt/stack/data/venv/lib/python3.12/site-packages/oslo_concurrency/lockutils.py:524}}
Jun 17 04:00:52.896437 np0000003005 nova-scheduler[95820]: DEBUG nova.scheduler.host_manager [None req-d7a7fc64-4e8c-4d3b-95b3-c919e994cef7 tempest-DeleteServersTestJSON-1489564653 tempest-DeleteServersTestJSON-1489564653-project-member] Update host state from compute node: ComputeNode(cpu_allocation_ratio=4.0,cpu_info='{"arch": "x86_64", "model": "EPYC-Milan", "vendor": "AMD", "topology": {"cells": 1, "sockets": 12, "cores": 1, "threads": 1}, "maxphysaddr": {"mode": "emulate", "bits": 40}, "features": ["amd-ssbd", "sse", "clwb", "clflushopt", "rdseed", "npt", "lbrv", "xsave", "ibrs", "apic", "sse2", "pschange-mc-no", "gds-no", "3dnowprefetch", "mce", "spec-ctrl", "sse4a", "clflush", "cmov", "wbnoinvd", "xsavec", "flushbyasid", "pause-filter", "sse4.2", "v-vmsave-vmload", "ssbd", "f16c", "smap", "fsgsbase", "lm", "mmxext", "sep", "smep", "pcid", "aes", "mmx", "ssse3", "vmcb-clean", "fpu", "syscall", "popcnt", "rdctl-no", "movbe", "tsc", "xsaveopt", "xsaves", "mds-no", "fsrm", "pclmuldq", "de", "msr", "rdrand", "xgetbv1", "fxsr", "fxsr_opt", "pni", "skip-l1dfl-vmentry", "xsaveerptr", "bmi2", "clzero", "vpclmulqdq", "null-sel-clr-base", "pse36", "mtrr", "pat", "tsc-deadline", "adx", "vaes", "vme", "umip", "tsc_adjust", "x2apic", "nrip-save", "topoext", "svm", "lfence-always-serializing", "stibp-always-on", "pku", "arch-capabilities", "amd-psfd", "osvw", "misalignsse", "rdtscp", "bmi1", "lahf_lm", "virt-ssbd", "amd-stibp", "no-nested-data-bp", "perfctr_core", "nx", "cx16", "invpcid", "pdpe1gb", "avx2", "sse4.1", "cmp_legacy", "pae", "sha-ni", "fma", "hypervisor", "ibpb", "cr8legacy", "arat", "pfthreshold", "tsc-scale", "cx8", "pge", "svme-addr-chk", "pse", "abm", "avx", "erms", "stibp", "mca", "rdpid", "vgif"]}',created_at=2026-06-17T03:58:10Z,current_workload=0,deleted=False,deleted_at=None,disk_allocation_ratio=1.0,disk_available_least=74,free_disk_gb=95,free_ram_mb=23518,host='np0000003005',host_ip=10.4.3.201,hypervisor_hostname='np0000003005',hypervisor_type='QEMU',hypervisor_version=8002002,id=1,local_gb=95,local_gb_used=0,mapped=1,memory_mb=24030,memory_mb_used=512,metrics='[]',numa_topology='{"nova_object.name": "NUMATopology", "nova_object.namespace": "nova", "nova_object.version": "1.2", "nova_object.data": {"cells": [{"nova_object.name": "NUMACell", "nova_object.namespace": "nova", "nova_object.version": "1.5", "nova_object.data": {"id": 0, "cpuset": [0, 1, 2, 3, 4, 5, 6, 7, 8, 9, 10, 11], "pcpuset": [0, 1, 2, 3, 4, 5, 6, 7, 8, 9, 10, 11], "memory": 24030, "cpu_usage": 0, "memory_usage": 0, "pinned_cpus": [], "siblings": [[6], [2], [5], [11], [8], [4], [1], [7], [10], [0], [3], [9]], "mempages": [{"nova_object.name": "NUMAPagesTopology", "nova_object.namespace": "nova", "nova_object.version": "1.1", "nova_object.data": {"size_kb": 4, "total": 6151797, "used": 0, "reserved": 0}, "nova_object.changes": ["used", "total", "size_kb", "reserved"]}, {"nova_object.name": "NUMAPagesTopology", "nova_object.namespace": "nova", "nova_object.version": "1.1", "nova_object.data": {"size_kb": 2048, "total": 0, "used": 0, "reserved": 0}, "nova_object.changes": ["used", "total", "size_kb", "reserved"]}, {"nova_object.name": "NUMAPagesTopology", "nova_object.namespace": "nova", "nova_object.version": "1.1", "nova_object.data": {"size_kb": 1048576, "total": 0, "used": 0, "reserved": 0}, "nova_object.changes": ["used", "total", "size_kb", "reserved"]}], "network_metadata": {"nova_object.name": "NetworkMetadata", "nova_object.namespace": "nova", "nova_object.version": "1.0", "nova_object.data": {"physnets": [], "tunneled": false}, "nova_object.changes": ["physnets", "tunneled"]}, "socket": null}, "nova_object.changes": ["network_metadata", "siblings", "mempages", "cpu_usage", "id", "memory_usage", "pinned_cpus", "pcpuset", "socket", "cpuset", "memory"]}]}, "nova_object.changes": ["cells"]}',pci_device_pools=PciDevicePoolList,ram_allocation_ratio=1.0,running_vms=0,service_id=2,stats={failed_builds='0',uptime=' 03:59:55 up 24 min, 2 users, load average: 1.46, 1.50, 0.88
Jun 17 04:00:52.896437 np0000003005 nova-scheduler[95820]: '},supported_hv_specs=[HVSpec,HVSpec,HVSpec,HVSpec,HVSpec,HVSpec,HVSpec,HVSpec,HVSpec,HVSpec,HVSpec,HVSpec,HVSpec,HVSpec,HVSpec,HVSpec,HVSpec,HVSpec,HVSpec,HVSpec,HVSpec,HVSpec,HVSpec,HVSpec,HVSpec],updated_at=2026-06-17T03:59:57Z,uuid=c254ee99-527a-4052-a945-af4f0f8dafcf,vcpus=12,vcpus_used=0) {{(pid=95820) _locked_update /opt/stack/nova/nova/scheduler/host_manager.py:168}}
Jun 17 04:00:52.897248 np0000003005 nova-scheduler[95820]: DEBUG nova.scheduler.host_manager [None req-d7a7fc64-4e8c-4d3b-95b3-c919e994cef7 tempest-DeleteServersTestJSON-1489564653 tempest-DeleteServersTestJSON-1489564653-project-member] Update host state with aggregates: [] {{(pid=95820) _locked_update /opt/stack/nova/nova/scheduler/host_manager.py:171}}
Jun 17 04:00:52.897310 np0000003005 nova-scheduler[95820]: DEBUG nova.scheduler.host_manager [None req-d7a7fc64-4e8c-4d3b-95b3-c919e994cef7 tempest-DeleteServersTestJSON-1489564653 tempest-DeleteServersTestJSON-1489564653-project-member] Update host state with service dict: {'id': 2, 'uuid': '4ed63652-a0c2-47a7-9098-5faa65a6fbcd', 'host': 'np0000003005', 'binary': 'nova-compute', 'topic': 'compute', 'report_count': 2, 'disabled': False, 'disabled_reason': None, 'last_seen_up': datetime.datetime(2026, 6, 17, 4, 0, 19, tzinfo=datetime.timezone.utc), 'forced_down': False, 'version': 72, 'created_at': datetime.datetime(2026, 6, 17, 3, 58, 8, tzinfo=datetime.timezone.utc), 'updated_at': datetime.datetime(2026, 6, 17, 4, 0, 19, tzinfo=datetime.timezone.utc), 'deleted_at': None, 'deleted': False} {{(pid=95820) _locked_update /opt/stack/nova/nova/scheduler/host_manager.py:174}}
Jun 17 04:00:52.897422 np0000003005 nova-scheduler[95820]: DEBUG nova.scheduler.host_manager [None req-d7a7fc64-4e8c-4d3b-95b3-c919e994cef7 tempest-DeleteServersTestJSON-1489564653 tempest-DeleteServersTestJSON-1489564653-project-member] Update host state with instances: [] {{(pid=95820) _locked_update /opt/stack/nova/nova/scheduler/host_manager.py:177}}
Jun 17 04:00:52.897529 np0000003005 nova-scheduler[95820]: DEBUG oslo_concurrency.lockutils [None req-d7a7fc64-4e8c-4d3b-95b3-c919e994cef7 tempest-DeleteServersTestJSON-1489564653 tempest-DeleteServersTestJSON-1489564653-project-member] Lock "('np0000003005', 'np0000003005')" "released" by "nova.scheduler.host_manager.HostState.update.._locked_update" :: held 0.002s {{(pid=95820) inner /opt/stack/data/venv/lib/python3.12/site-packages/oslo_concurrency/lockutils.py:543}}
Jun 17 04:00:52.898026 np0000003005 nova-scheduler[95820]: DEBUG nova.filters [None req-d7a7fc64-4e8c-4d3b-95b3-c919e994cef7 tempest-DeleteServersTestJSON-1489564653 tempest-DeleteServersTestJSON-1489564653-project-member] Starting with 1 host(s) {{(pid=95820) get_filtered_objects /opt/stack/nova/nova/filters.py:70}}
Jun 17 04:00:52.898340 np0000003005 nova-scheduler[95820]: DEBUG nova.filters [None req-d7a7fc64-4e8c-4d3b-95b3-c919e994cef7 tempest-DeleteServersTestJSON-1489564653 tempest-DeleteServersTestJSON-1489564653-project-member] Filter ComputeFilter returned 1 host(s) {{(pid=95820) get_filtered_objects /opt/stack/nova/nova/filters.py:102}}
Jun 17 04:00:52.898425 np0000003005 nova-scheduler[95820]: DEBUG nova.filters [None req-d7a7fc64-4e8c-4d3b-95b3-c919e994cef7 tempest-DeleteServersTestJSON-1489564653 tempest-DeleteServersTestJSON-1489564653-project-member] Filter ComputeCapabilitiesFilter returned 1 host(s) {{(pid=95820) get_filtered_objects /opt/stack/nova/nova/filters.py:102}}
Jun 17 04:00:52.898651 np0000003005 nova-scheduler[95820]: DEBUG nova.filters [None req-d7a7fc64-4e8c-4d3b-95b3-c919e994cef7 tempest-DeleteServersTestJSON-1489564653 tempest-DeleteServersTestJSON-1489564653-project-member] Filter ImagePropertiesFilter returned 1 host(s) {{(pid=95820) get_filtered_objects /opt/stack/nova/nova/filters.py:102}}
Jun 17 04:00:52.898793 np0000003005 nova-scheduler[95820]: DEBUG nova.filters [None req-d7a7fc64-4e8c-4d3b-95b3-c919e994cef7 tempest-DeleteServersTestJSON-1489564653 tempest-DeleteServersTestJSON-1489564653-project-member] Filter ServerGroupAntiAffinityFilter returned 1 host(s) {{(pid=95820) get_filtered_objects /opt/stack/nova/nova/filters.py:102}}
Jun 17 04:00:52.898960 np0000003005 nova-scheduler[95820]: DEBUG nova.filters [None req-d7a7fc64-4e8c-4d3b-95b3-c919e994cef7 tempest-DeleteServersTestJSON-1489564653 tempest-DeleteServersTestJSON-1489564653-project-member] Filter ServerGroupAffinityFilter returned 1 host(s) {{(pid=95820) get_filtered_objects /opt/stack/nova/nova/filters.py:102}}
Jun 17 04:00:52.899114 np0000003005 nova-scheduler[95820]: DEBUG nova.filters [None req-d7a7fc64-4e8c-4d3b-95b3-c919e994cef7 tempest-DeleteServersTestJSON-1489564653 tempest-DeleteServersTestJSON-1489564653-project-member] Filter SameHostFilter returned 1 host(s) {{(pid=95820) get_filtered_objects /opt/stack/nova/nova/filters.py:102}}
Jun 17 04:00:52.899237 np0000003005 nova-scheduler[95820]: DEBUG nova.filters [None req-d7a7fc64-4e8c-4d3b-95b3-c919e994cef7 tempest-DeleteServersTestJSON-1489564653 tempest-DeleteServersTestJSON-1489564653-project-member] Filter DifferentHostFilter returned 1 host(s) {{(pid=95820) get_filtered_objects /opt/stack/nova/nova/filters.py:102}}
Jun 17 04:00:52.899428 np0000003005 nova-scheduler[95820]: DEBUG nova.scheduler.manager [None req-d7a7fc64-4e8c-4d3b-95b3-c919e994cef7 tempest-DeleteServersTestJSON-1489564653 tempest-DeleteServersTestJSON-1489564653-project-member] Filtered [(np0000003005, np0000003005) ram: 23518MB disk: 75776MB io_ops: 0 instances: 0, allocation_candidates: 1] {{(pid=95820) _get_sorted_hosts /opt/stack/nova/nova/scheduler/manager.py:743}}
Jun 17 04:00:52.899643 np0000003005 nova-scheduler[95820]: DEBUG nova.scheduler.manager [None req-d7a7fc64-4e8c-4d3b-95b3-c919e994cef7 tempest-DeleteServersTestJSON-1489564653 tempest-DeleteServersTestJSON-1489564653-project-member] Weighed [WeighedHost [host: (np0000003005, np0000003005) ram: 23518MB disk: 75776MB io_ops: 0 instances: 0, allocation_candidates: 1, weight: 0.0]] {{(pid=95820) _get_sorted_hosts /opt/stack/nova/nova/scheduler/manager.py:765}}
Jun 17 04:00:52.900007 np0000003005 nova-scheduler[95820]: DEBUG nova.scheduler.utils [None req-d7a7fc64-4e8c-4d3b-95b3-c919e994cef7 tempest-DeleteServersTestJSON-1489564653 tempest-DeleteServersTestJSON-1489564653-project-member] Attempting to claim resources in the placement API for instance a2f4357e-5ed6-40ff-9d14-4b0cedb95ed0 {{(pid=95820) claim_resources /opt/stack/nova/nova/scheduler/utils.py:1345}}
Jun 17 04:00:53.090725 np0000003005 nova-scheduler[95820]: DEBUG nova.scheduler.manager [None req-d7a7fc64-4e8c-4d3b-95b3-c919e994cef7 tempest-DeleteServersTestJSON-1489564653 tempest-DeleteServersTestJSON-1489564653-project-member] [instance: a2f4357e-5ed6-40ff-9d14-4b0cedb95ed0] Selected host: (np0000003005, np0000003005) ram: 23518MB disk: 75776MB io_ops: 0 instances: 0, allocation_candidates: 1 {{(pid=95820) _consume_selected_host /opt/stack/nova/nova/scheduler/manager.py:625}}
Jun 17 04:00:53.091901 np0000003005 nova-scheduler[95820]: DEBUG oslo_concurrency.lockutils [None req-d7a7fc64-4e8c-4d3b-95b3-c919e994cef7 tempest-DeleteServersTestJSON-1489564653 tempest-DeleteServersTestJSON-1489564653-project-member] Acquiring lock "('np0000003005', 'np0000003005')" by "nova.scheduler.host_manager.HostState.consume_from_request.._locked" {{(pid=95820) inner /opt/stack/data/venv/lib/python3.12/site-packages/oslo_concurrency/lockutils.py:511}}
Jun 17 04:00:53.091901 np0000003005 nova-scheduler[95820]: DEBUG oslo_concurrency.lockutils [None req-d7a7fc64-4e8c-4d3b-95b3-c919e994cef7 tempest-DeleteServersTestJSON-1489564653 tempest-DeleteServersTestJSON-1489564653-project-member] Lock "('np0000003005', 'np0000003005')" acquired by "nova.scheduler.host_manager.HostState.consume_from_request.._locked" :: waited 0.000s {{(pid=95820) inner /opt/stack/data/venv/lib/python3.12/site-packages/oslo_concurrency/lockutils.py:524}}
Jun 17 04:00:53.091901 np0000003005 nova-scheduler[95820]: DEBUG oslo_concurrency.lockutils [None req-d7a7fc64-4e8c-4d3b-95b3-c919e994cef7 tempest-DeleteServersTestJSON-1489564653 tempest-DeleteServersTestJSON-1489564653-project-member] Lock "('np0000003005', 'np0000003005')" "released" by "nova.scheduler.host_manager.HostState.consume_from_request.._locked" :: held 0.000s {{(pid=95820) inner /opt/stack/data/venv/lib/python3.12/site-packages/oslo_concurrency/lockutils.py:543}}
Jun 17 04:00:53.187514 np0000003005 nova-scheduler[95822]: DEBUG oslo.service.backend._threading.loopingcall [None req-6c0f17ae-1ca2-4e9a-9880-8bc821c1072e None None] Dynamic interval looping call 'nova.service.Service.periodic_tasks' sleeping for 60.00 seconds {{(pid=95822) _run_loop /opt/stack/data/venv/lib/python3.12/site-packages/oslo_service/backend/_threading/loopingcall.py:125}}
Jun 17 04:00:56.169364 np0000003005 nova-scheduler[95793]: DEBUG nova.scheduler.manager [None req-5f4f068d-075f-41ed-b277-98938829e5f2 tempest-ServerStableDeviceRescueTest-218894212 tempest-ServerStableDeviceRescueTest-218894212-project-member] Starting to schedule for instances: ['048abe1c-f4d8-409c-a83c-86fa7ec1a256'] {{(pid=95793) select_destinations /opt/stack/nova/nova/scheduler/manager.py:210}}
Jun 17 04:00:56.169882 np0000003005 nova-scheduler[95793]: DEBUG nova.scheduler.request_filter [None req-5f4f068d-075f-41ed-b277-98938829e5f2 tempest-ServerStableDeviceRescueTest-218894212 tempest-ServerStableDeviceRescueTest-218894212-project-member] compute_status_filter request filter added forbidden trait COMPUTE_STATUS_DISABLED {{(pid=95793) compute_status_filter /opt/stack/nova/nova/scheduler/request_filter.py:253}}
Jun 17 04:00:56.170221 np0000003005 nova-scheduler[95793]: DEBUG nova.scheduler.request_filter [None req-5f4f068d-075f-41ed-b277-98938829e5f2 tempest-ServerStableDeviceRescueTest-218894212 tempest-ServerStableDeviceRescueTest-218894212-project-member] Request filter 'compute_status_filter' took 0.0 seconds {{(pid=95793) wrapper /opt/stack/nova/nova/scheduler/request_filter.py:46}}
Jun 17 04:00:56.170280 np0000003005 nova-scheduler[95793]: DEBUG nova.scheduler.request_filter [None req-5f4f068d-075f-41ed-b277-98938829e5f2 tempest-ServerStableDeviceRescueTest-218894212 tempest-ServerStableDeviceRescueTest-218894212-project-member] Request filter 'accelerators_filter' took 0.0 seconds {{(pid=95793) wrapper /opt/stack/nova/nova/scheduler/request_filter.py:46}}
Jun 17 04:00:56.170451 np0000003005 nova-scheduler[95793]: DEBUG nova.scheduler.request_filter [None req-5f4f068d-075f-41ed-b277-98938829e5f2 tempest-ServerStableDeviceRescueTest-218894212 tempest-ServerStableDeviceRescueTest-218894212-project-member] Request filter 'packed_virtqueue_filter' took 0.0 seconds {{(pid=95793) wrapper /opt/stack/nova/nova/scheduler/request_filter.py:46}}
Jun 17 04:00:56.170712 np0000003005 nova-scheduler[95793]: DEBUG nova.scheduler.request_filter [None req-5f4f068d-075f-41ed-b277-98938829e5f2 tempest-ServerStableDeviceRescueTest-218894212 tempest-ServerStableDeviceRescueTest-218894212-project-member] Request filter 'remote_managed_ports_filter' took 0.0 seconds {{(pid=95793) wrapper /opt/stack/nova/nova/scheduler/request_filter.py:46}}
Jun 17 04:00:56.172957 np0000003005 nova-scheduler[95793]: DEBUG nova.scheduler.request_filter [None req-5f4f068d-075f-41ed-b277-98938829e5f2 tempest-ServerStableDeviceRescueTest-218894212 tempest-ServerStableDeviceRescueTest-218894212-project-member] ephemeral_encryption_filter skipped {{(pid=95793) ephemeral_encryption_filter /opt/stack/nova/nova/scheduler/request_filter.py:426}}
Jun 17 04:00:56.172957 np0000003005 nova-scheduler[95793]: DEBUG nova.scheduler.request_filter [None req-5f4f068d-075f-41ed-b277-98938829e5f2 tempest-ServerStableDeviceRescueTest-218894212 tempest-ServerStableDeviceRescueTest-218894212-project-member] virtio_sound_filter skipped {{(pid=95793) virtio_sound_filter /opt/stack/nova/nova/scheduler/request_filter.py:460}}
Jun 17 04:00:56.172957 np0000003005 nova-scheduler[95793]: DEBUG nova.scheduler.request_filter [None req-5f4f068d-075f-41ed-b277-98938829e5f2 tempest-ServerStableDeviceRescueTest-218894212 tempest-ServerStableDeviceRescueTest-218894212-project-member] tpm_secret_security_filter skipped {{(pid=95793) tpm_secret_security_filter /opt/stack/nova/nova/scheduler/request_filter.py:477}}
Jun 17 04:00:56.310845 np0000003005 nova-scheduler[95793]: INFO nova.utils [None req-5f4f068d-075f-41ed-b277-98938829e5f2 tempest-ServerStableDeviceRescueTest-218894212 tempest-ServerStableDeviceRescueTest-218894212-project-member] The cell worker thread pool ForkProcess-1.cell_worker is initialized
Jun 17 04:00:56.311285 np0000003005 nova-scheduler[95793]: DEBUG oslo_concurrency.lockutils [None req-5f4f068d-075f-41ed-b277-98938829e5f2 tempest-ServerStableDeviceRescueTest-218894212 tempest-ServerStableDeviceRescueTest-218894212-project-member] Acquiring lock "8b81b61c-69ef-4199-ac6a-885be208b549" by "nova.context.set_target_cell..get_or_set_cached_cell_and_set_connections" {{(pid=95793) inner /opt/stack/data/venv/lib/python3.12/site-packages/oslo_concurrency/lockutils.py:511}}
Jun 17 04:00:56.311519 np0000003005 nova-scheduler[95793]: DEBUG oslo_concurrency.lockutils [None req-5f4f068d-075f-41ed-b277-98938829e5f2 tempest-ServerStableDeviceRescueTest-218894212 tempest-ServerStableDeviceRescueTest-218894212-project-member] Lock "8b81b61c-69ef-4199-ac6a-885be208b549" acquired by "nova.context.set_target_cell..get_or_set_cached_cell_and_set_connections" :: waited 0.000s {{(pid=95793) inner /opt/stack/data/venv/lib/python3.12/site-packages/oslo_concurrency/lockutils.py:524}}
Jun 17 04:00:56.312979 np0000003005 nova-scheduler[95793]: DEBUG oslo_concurrency.lockutils [None req-5f4f068d-075f-41ed-b277-98938829e5f2 tempest-ServerStableDeviceRescueTest-218894212 tempest-ServerStableDeviceRescueTest-218894212-project-member] Lock "8b81b61c-69ef-4199-ac6a-885be208b549" "released" by "nova.context.set_target_cell..get_or_set_cached_cell_and_set_connections" :: held 0.001s {{(pid=95793) inner /opt/stack/data/venv/lib/python3.12/site-packages/oslo_concurrency/lockutils.py:543}}
Jun 17 04:00:56.314631 np0000003005 nova-scheduler[95793]: INFO dbcounter [None req-5f4f068d-075f-41ed-b277-98938829e5f2 tempest-ServerStableDeviceRescueTest-218894212 tempest-ServerStableDeviceRescueTest-218894212-project-member] Registered counter for database nova_cell1
Jun 17 04:00:56.362407 np0000003005 nova-scheduler[95793]: DEBUG oslo_db.sqlalchemy.engines [None req-5f4f068d-075f-41ed-b277-98938829e5f2 tempest-ServerStableDeviceRescueTest-218894212 tempest-ServerStableDeviceRescueTest-218894212-project-member] MySQL server mode set to STRICT_TRANS_TABLES,STRICT_ALL_TABLES,NO_ZERO_IN_DATE,NO_ZERO_DATE,ERROR_FOR_DIVISION_BY_ZERO,TRADITIONAL,NO_ENGINE_SUBSTITUTION {{(pid=95793) _check_effective_sql_mode /opt/stack/data/venv/lib/python3.12/site-packages/oslo_db/sqlalchemy/engines.py:325}}
Jun 17 04:00:56.368455 np0000003005 nova-scheduler[95793]: DEBUG dbcounter [-] [95793] Writer thread running {{(pid=95793) stat_writer /opt/stack/data/venv/lib/python3.12/site-packages/dbcounter.py:102}}
Jun 17 04:00:56.426603 np0000003005 nova-scheduler[95793]: DEBUG dbcounter [-] [95793] Writer thread running {{(pid=95793) stat_writer /opt/stack/data/venv/lib/python3.12/site-packages/dbcounter.py:102}}
Jun 17 04:00:56.429719 np0000003005 nova-scheduler[95793]: DEBUG oslo_concurrency.lockutils [None req-5f4f068d-075f-41ed-b277-98938829e5f2 tempest-ServerStableDeviceRescueTest-218894212 tempest-ServerStableDeviceRescueTest-218894212-project-member] Acquiring lock "8b81b61c-69ef-4199-ac6a-885be208b549" by "nova.context.set_target_cell..get_or_set_cached_cell_and_set_connections" {{(pid=95793) inner /opt/stack/data/venv/lib/python3.12/site-packages/oslo_concurrency/lockutils.py:511}}
Jun 17 04:00:56.430271 np0000003005 nova-scheduler[95793]: DEBUG oslo_concurrency.lockutils [None req-5f4f068d-075f-41ed-b277-98938829e5f2 tempest-ServerStableDeviceRescueTest-218894212 tempest-ServerStableDeviceRescueTest-218894212-project-member] Lock "8b81b61c-69ef-4199-ac6a-885be208b549" acquired by "nova.context.set_target_cell..get_or_set_cached_cell_and_set_connections" :: waited 0.000s {{(pid=95793) inner /opt/stack/data/venv/lib/python3.12/site-packages/oslo_concurrency/lockutils.py:524}}
Jun 17 04:00:56.430271 np0000003005 nova-scheduler[95793]: DEBUG oslo_concurrency.lockutils [None req-5f4f068d-075f-41ed-b277-98938829e5f2 tempest-ServerStableDeviceRescueTest-218894212 tempest-ServerStableDeviceRescueTest-218894212-project-member] Lock "8b81b61c-69ef-4199-ac6a-885be208b549" "released" by "nova.context.set_target_cell..get_or_set_cached_cell_and_set_connections" :: held 0.000s {{(pid=95793) inner /opt/stack/data/venv/lib/python3.12/site-packages/oslo_concurrency/lockutils.py:543}}
Jun 17 04:00:56.434249 np0000003005 nova-scheduler[95793]: DEBUG oslo_concurrency.lockutils [None req-5f4f068d-075f-41ed-b277-98938829e5f2 tempest-ServerStableDeviceRescueTest-218894212 tempest-ServerStableDeviceRescueTest-218894212-project-member] Acquiring lock "('np0000003005', 'np0000003005')" by "nova.scheduler.host_manager.HostState.update.._locked_update" {{(pid=95793) inner /opt/stack/data/venv/lib/python3.12/site-packages/oslo_concurrency/lockutils.py:511}}
