May 27 00:50:49.312178 np0000001469 devstack@g-api.service[101878]: DEBUG glance.api.middleware.version_negotiation [None req-af7fe6cd-10e0-4a80-8ee3-c2ba50f9cfa6 tempest-TaggedBootDevicesTest-517818003 tempest-TaggedBootDevicesTest-517818003-project-member] Unknown version. Returning version choices. {{(pid=101878) process_request /opt/stack/glance/glance/api/middleware/version_negotiation.py:64}}
May 27 00:50:49.312680 np0000001469 devstack@g-api.service[101878]: [pid: 101878|app: 0|req: 18/43] 127.0.0.1 () {36 vars in 555 bytes} [Wed May 27 00:50:49 2026] GET / => generated 1394 bytes in 1 msecs (HTTP/1.1 300) 3 headers in 106 bytes (1 switches on core 0)
May 27 00:50:49.543863 np0000001469 devstack@g-api.service[101879]: DEBUG swiftclient [None req-ed85eab6-11fd-43b2-b12a-9daa768c39c2 tempest-AttachSCSIVolumeTestJSON-1380091468 tempest-AttachSCSIVolumeTestJSON-1380091468-project-admin] REQ: curl -i https://10.4.3.75:8080/v1/AUTH_c32b8b76d087404e8c5ce32fd1c6d256/glance -I -H "X-Auth-Token: gAAAAABqFj_pW0di..." {{(pid=101879) http_log /opt/stack/data/venv/lib/python3.12/site-packages/swiftclient/client.py:160}}
May 27 00:50:49.544001 np0000001469 devstack@g-api.service[101879]: DEBUG swiftclient [None req-ed85eab6-11fd-43b2-b12a-9daa768c39c2 tempest-AttachSCSIVolumeTestJSON-1380091468 tempest-AttachSCSIVolumeTestJSON-1380091468-project-admin] RESP STATUS: 204 No Content {{(pid=101879) http_log /opt/stack/data/venv/lib/python3.12/site-packages/swiftclient/client.py:161}}
May 27 00:50:49.544381 np0000001469 devstack@g-api.service[101879]: DEBUG swiftclient [None req-ed85eab6-11fd-43b2-b12a-9daa768c39c2 tempest-AttachSCSIVolumeTestJSON-1380091468 tempest-AttachSCSIVolumeTestJSON-1380091468-project-admin] RESP HEADERS: {'Date': 'Wed, 27 May 2026 00:50:49 GMT', 'Server': 'Apache/2.4.58 (Ubuntu)', 'Content-Type': 'text/plain; charset=utf-8', 'X-Container-Object-Count': '3', 'X-Container-Bytes-Used': '64356352', 'X-Timestamp': '1779842921.78093', 'Last-Modified': 'Wed, 27 May 2026 00:48:42 GMT', 'Accept-Ranges': 'bytes', 'X-Storage-Policy': 'Policy-0', 'X-Container-Sharding': 'False', 'Vary': 'Accept', 'X-Trans-Id': 'tx583e0980c89f4e04924e3-006a163fe9', 'X-Openstack-Request-Id': 'tx583e0980c89f4e04924e3-006a163fe9', 'Connection': 'close'} {{(pid=101879) http_log /opt/stack/data/venv/lib/python3.12/site-packages/swiftclient/client.py:162}}
May 27 00:50:49.544381 np0000001469 devstack@g-api.service[101879]: DEBUG glance_store._drivers.swift.store [None req-ed85eab6-11fd-43b2-b12a-9daa768c39c2 tempest-AttachSCSIVolumeTestJSON-1380091468 tempest-AttachSCSIVolumeTestJSON-1380091468-project-admin] Adding image object '0c2efb10-f84f-4b9c-b102-a8f2fb62cab9' to Swift {{(pid=101879) add /opt/stack/data/venv/lib/python3.12/site-packages/glance_store/_drivers/swift/store.py:970}}
May 27 00:50:49.544563 np0000001469 devstack@g-api.service[101879]: DEBUG glance_store._drivers.swift.store [None req-ed85eab6-11fd-43b2-b12a-9daa768c39c2 tempest-AttachSCSIVolumeTestJSON-1380091468 tempest-AttachSCSIVolumeTestJSON-1380091468-project-admin] Cannot determine image size because it is either not provided in the request or chunked-transfer encoding is used. Adding image as a segmented object to Swift. {{(pid=101879) add /opt/stack/data/venv/lib/python3.12/site-packages/glance_store/_drivers/swift/store.py:994}}
May 27 00:50:49.551981 np0000001469 devstack@g-api.service[101879]: DEBUG oslo_utils.imageutils.format_inspector [None req-ed85eab6-11fd-43b2-b12a-9daa768c39c2 tempest-AttachSCSIVolumeTestJSON-1380091468 tempest-AttachSCSIVolumeTestJSON-1380091468-project-admin] Format inspector for vmdk does not match, excluding from consideration (Signature KDMV not found: b'QFI\xfb') {{(pid=101879) _process_chunk /opt/stack/data/venv/lib/python3.12/site-packages/oslo_utils/imageutils/format_inspector.py:1538}}
May 27 00:50:49.557525 np0000001469 devstack@g-api.service[101879]: DEBUG oslo_utils.imageutils.format_inspector [None req-ed85eab6-11fd-43b2-b12a-9daa768c39c2 tempest-AttachSCSIVolumeTestJSON-1380091468 tempest-AttachSCSIVolumeTestJSON-1380091468-project-admin] Format inspector for vhdx does not match, excluding from consideration (Region signature not found at 30000) {{(pid=101879) _process_chunk /opt/stack/data/venv/lib/python3.12/site-packages/oslo_utils/imageutils/format_inspector.py:1538}}
May 27 00:50:49.743281 np0000001469 devstack@g-api.service[101877]: DEBUG glance.api.middleware.version_negotiation [None req-af7fe6cd-10e0-4a80-8ee3-c2ba50f9cfa6 tempest-TaggedBootDevicesTest-517818003 tempest-TaggedBootDevicesTest-517818003-project-member] Determining version of request: GET /v2/images/3c79e9cc-add6-4c0c-8bb3-6620284b3dbe Accept: */* {{(pid=101877) process_request /opt/stack/glance/glance/api/middleware/version_negotiation.py:44}}
May 27 00:50:49.743281 np0000001469 devstack@g-api.service[101877]: DEBUG glance.api.middleware.version_negotiation [None req-af7fe6cd-10e0-4a80-8ee3-c2ba50f9cfa6 tempest-TaggedBootDevicesTest-517818003 tempest-TaggedBootDevicesTest-517818003-project-member] Using url versioning {{(pid=101877) process_request /opt/stack/glance/glance/api/middleware/version_negotiation.py:57}}
May 27 00:50:49.743281 np0000001469 devstack@g-api.service[101877]: DEBUG glance.api.middleware.version_negotiation [None req-af7fe6cd-10e0-4a80-8ee3-c2ba50f9cfa6 tempest-TaggedBootDevicesTest-517818003 tempest-TaggedBootDevicesTest-517818003-project-member] Matched version: v2 {{(pid=101877) process_request /opt/stack/glance/glance/api/middleware/version_negotiation.py:69}}
May 27 00:50:49.743281 np0000001469 devstack@g-api.service[101877]: DEBUG glance.api.middleware.version_negotiation [None req-af7fe6cd-10e0-4a80-8ee3-c2ba50f9cfa6 tempest-TaggedBootDevicesTest-517818003 tempest-TaggedBootDevicesTest-517818003-project-member] new path /v2/images/3c79e9cc-add6-4c0c-8bb3-6620284b3dbe {{(pid=101877) process_request /opt/stack/glance/glance/api/middleware/version_negotiation.py:70}}
May 27 00:50:49.811893 np0000001469 devstack@g-api.service[101878]: DEBUG glance.api.middleware.version_negotiation [None req-af7fe6cd-10e0-4a80-8ee3-c2ba50f9cfa6 tempest-TaggedBootDevicesTest-517818003 tempest-TaggedBootDevicesTest-517818003-project-member] Determining version of request: GET /v2/images/3c79e9cc-add6-4c0c-8bb3-6620284b3dbe Accept: */* {{(pid=101878) process_request /opt/stack/glance/glance/api/middleware/version_negotiation.py:44}}
May 27 00:50:49.812102 np0000001469 devstack@g-api.service[101878]: DEBUG glance.api.middleware.version_negotiation [None req-af7fe6cd-10e0-4a80-8ee3-c2ba50f9cfa6 tempest-TaggedBootDevicesTest-517818003 tempest-TaggedBootDevicesTest-517818003-project-member] Using url versioning {{(pid=101878) process_request /opt/stack/glance/glance/api/middleware/version_negotiation.py:57}}
May 27 00:50:49.812175 np0000001469 devstack@g-api.service[101878]: DEBUG glance.api.middleware.version_negotiation [None req-af7fe6cd-10e0-4a80-8ee3-c2ba50f9cfa6 tempest-TaggedBootDevicesTest-517818003 tempest-TaggedBootDevicesTest-517818003-project-member] Matched version: v2 {{(pid=101878) process_request /opt/stack/glance/glance/api/middleware/version_negotiation.py:69}}
May 27 00:50:49.812271 np0000001469 devstack@g-api.service[101878]: DEBUG glance.api.middleware.version_negotiation [None req-af7fe6cd-10e0-4a80-8ee3-c2ba50f9cfa6 tempest-TaggedBootDevicesTest-517818003 tempest-TaggedBootDevicesTest-517818003-project-member] new path /v2/images/3c79e9cc-add6-4c0c-8bb3-6620284b3dbe {{(pid=101878) process_request /opt/stack/glance/glance/api/middleware/version_negotiation.py:70}}
May 27 00:50:49.822320 np0000001469 devstack@g-api.service[101878]: [pid: 101878|app: 0|req: 19/44] 127.0.0.1 () {44 vars in 1111 bytes} [Wed May 27 00:50:49 2026] GET /v2/images/3c79e9cc-add6-4c0c-8bb3-6620284b3dbe => generated 1044 bytes in 10 msecs (HTTP/1.1 200) 4 headers in 158 bytes (1 switches on core 0)
May 27 00:50:49.823861 np0000001469 devstack@g-api.service[101879]: DEBUG swiftclient [None req-ed85eab6-11fd-43b2-b12a-9daa768c39c2 tempest-AttachSCSIVolumeTestJSON-1380091468 tempest-AttachSCSIVolumeTestJSON-1380091468-project-admin] REQ: curl -i https://10.4.3.75:8080/v1/AUTH_c32b8b76d087404e8c5ce32fd1c6d256/glance/0c2efb10-f84f-4b9c-b102-a8f2fb62cab9-00001 -X PUT -H "X-Auth-Token: gAAAAABqFj_pW0di..." {{(pid=101879) http_log /opt/stack/data/venv/lib/python3.12/site-packages/swiftclient/client.py:160}}
May 27 00:50:49.823969 np0000001469 devstack@g-api.service[101879]: DEBUG swiftclient [None req-ed85eab6-11fd-43b2-b12a-9daa768c39c2 tempest-AttachSCSIVolumeTestJSON-1380091468 tempest-AttachSCSIVolumeTestJSON-1380091468-project-admin] RESP STATUS: 201 Created {{(pid=101879) http_log /opt/stack/data/venv/lib/python3.12/site-packages/swiftclient/client.py:161}}
May 27 00:50:49.824122 np0000001469 devstack@g-api.service[101879]: DEBUG swiftclient [None req-ed85eab6-11fd-43b2-b12a-9daa768c39c2 tempest-AttachSCSIVolumeTestJSON-1380091468 tempest-AttachSCSIVolumeTestJSON-1380091468-project-admin] RESP HEADERS: {'Date': 'Wed, 27 May 2026 00:50:49 GMT', 'Server': 'Apache/2.4.58 (Ubuntu)', 'Content-Type': 'text/html; charset=UTF-8', 'Content-Length': '0', 'Etag': '87617e24a5e30cb3b87fda8c0764838f', 'Last-Modified': 'Wed, 27 May 2026 00:50:50 GMT', 'X-Trans-Id': 'txd6f53bf566614bcb9a056-006a163fe9', 'X-Openstack-Request-Id': 'txd6f53bf566614bcb9a056-006a163fe9', 'Connection': 'close'} {{(pid=101879) http_log /opt/stack/data/venv/lib/python3.12/site-packages/swiftclient/client.py:162}}
May 27 00:50:49.824232 np0000001469 devstack@g-api.service[101879]: DEBUG glance_store._drivers.swift.store [None req-ed85eab6-11fd-43b2-b12a-9daa768c39c2 tempest-AttachSCSIVolumeTestJSON-1380091468 tempest-AttachSCSIVolumeTestJSON-1380091468-project-admin] Wrote chunk 0c2efb10-f84f-4b9c-b102-a8f2fb62cab9-00001 (1/?) of length 21692416 to Swift returning MD5 of content: 87617e24a5e30cb3b87fda8c0764838f {{(pid=101879) add /opt/stack/data/venv/lib/python3.12/site-packages/glance_store/_drivers/swift/store.py:1059}}
May 27 00:50:49.824735 np0000001469 devstack@g-api.service[101879]: DEBUG glance_store._drivers.swift.store [None req-ed85eab6-11fd-43b2-b12a-9daa768c39c2 tempest-AttachSCSIVolumeTestJSON-1380091468 tempest-AttachSCSIVolumeTestJSON-1380091468-project-admin] Not writing zero-length chunk. {{(pid=101879) add /opt/stack/data/venv/lib/python3.12/site-packages/glance_store/_drivers/swift/store.py:1028}}
May 27 00:50:49.831439 np0000001469 devstack@g-api.service[101878]: DEBUG glance.api.middleware.version_negotiation [None req-af7fe6cd-10e0-4a80-8ee3-c2ba50f9cfa6 tempest-TaggedBootDevicesTest-517818003 tempest-TaggedBootDevicesTest-517818003-project-member] Determining version of request: GET /v2/schemas/image Accept: */* {{(pid=101878) process_request /opt/stack/glance/glance/api/middleware/version_negotiation.py:44}}
May 27 00:50:49.831567 np0000001469 devstack@g-api.service[101878]: DEBUG glance.api.middleware.version_negotiation [None req-af7fe6cd-10e0-4a80-8ee3-c2ba50f9cfa6 tempest-TaggedBootDevicesTest-517818003 tempest-TaggedBootDevicesTest-517818003-project-member] Using url versioning {{(pid=101878) process_request /opt/stack/glance/glance/api/middleware/version_negotiation.py:57}}
May 27 00:50:49.831695 np0000001469 devstack@g-api.service[101878]: DEBUG glance.api.middleware.version_negotiation [None req-af7fe6cd-10e0-4a80-8ee3-c2ba50f9cfa6 tempest-TaggedBootDevicesTest-517818003 tempest-TaggedBootDevicesTest-517818003-project-member] Matched version: v2 {{(pid=101878) process_request /opt/stack/glance/glance/api/middleware/version_negotiation.py:69}}
May 27 00:50:49.831782 np0000001469 devstack@g-api.service[101878]: DEBUG glance.api.middleware.version_negotiation [None req-af7fe6cd-10e0-4a80-8ee3-c2ba50f9cfa6 tempest-TaggedBootDevicesTest-517818003 tempest-TaggedBootDevicesTest-517818003-project-member] new path /v2/schemas/image {{(pid=101878) process_request /opt/stack/glance/glance/api/middleware/version_negotiation.py:70}}
May 27 00:50:49.833952 np0000001469 devstack@g-api.service[101878]: [pid: 101878|app: 0|req: 20/45] 127.0.0.1 () {44 vars in 1051 bytes} [Wed May 27 00:50:49 2026] GET /v2/schemas/image => generated 6083 bytes in 2 msecs (HTTP/1.1 200) 4 headers in 158 bytes (1 switches on core 0)
May 27 00:50:49.846111 np0000001469 devstack@g-api.service[101879]: DEBUG swiftclient [None req-ed85eab6-11fd-43b2-b12a-9daa768c39c2 tempest-AttachSCSIVolumeTestJSON-1380091468 tempest-AttachSCSIVolumeTestJSON-1380091468-project-admin] REQ: curl -i https://10.4.3.75:8080/v1/AUTH_c32b8b76d087404e8c5ce32fd1c6d256/glance/0c2efb10-f84f-4b9c-b102-a8f2fb62cab9 -X PUT -H "X-Object-Manifest: glance/0c2efb10-f84f-4b9c-b102-a8f2fb62cab9-" -H "X-Auth-Token: gAAAAABqFj_pW0di..." -H "Content-Length: 0" {{(pid=101879) http_log /opt/stack/data/venv/lib/python3.12/site-packages/swiftclient/client.py:160}}
May 27 00:50:49.846295 np0000001469 devstack@g-api.service[101879]: DEBUG swiftclient [None req-ed85eab6-11fd-43b2-b12a-9daa768c39c2 tempest-AttachSCSIVolumeTestJSON-1380091468 tempest-AttachSCSIVolumeTestJSON-1380091468-project-admin] RESP STATUS: 201 Created {{(pid=101879) http_log /opt/stack/data/venv/lib/python3.12/site-packages/swiftclient/client.py:161}}
May 27 00:50:49.846295 np0000001469 devstack@g-api.service[101879]: DEBUG swiftclient [None req-ed85eab6-11fd-43b2-b12a-9daa768c39c2 tempest-AttachSCSIVolumeTestJSON-1380091468 tempest-AttachSCSIVolumeTestJSON-1380091468-project-admin] RESP HEADERS: {'Date': 'Wed, 27 May 2026 00:50:49 GMT', 'Server': 'Apache/2.4.58 (Ubuntu)', 'Content-Type': 'text/html; charset=UTF-8', 'Content-Length': '0', 'Etag': 'd41d8cd98f00b204e9800998ecf8427e', 'Last-Modified': 'Wed, 27 May 2026 00:50:50 GMT', 'X-Trans-Id': 'txc6d652dd9e0c4555b8ca4-006a163fe9', 'X-Openstack-Request-Id': 'txc6d652dd9e0c4555b8ca4-006a163fe9', 'Connection': 'close'} {{(pid=101879) http_log /opt/stack/data/venv/lib/python3.12/site-packages/swiftclient/client.py:162}}
May 27 00:50:49.846773 np0000001469 devstack@g-api.service[101879]: INFO glance.location [None req-ed85eab6-11fd-43b2-b12a-9daa768c39c2 tempest-AttachSCSIVolumeTestJSON-1380091468 tempest-AttachSCSIVolumeTestJSON-1380091468-project-admin] Image format matched and virtual size computed: 117440512
May 27 00:50:49.872574 np0000001469 devstack@g-api.service[101879]: DEBUG glance_store.backend [None req-ed85eab6-11fd-43b2-b12a-9daa768c39c2 tempest-AttachSCSIVolumeTestJSON-1380091468 tempest-AttachSCSIVolumeTestJSON-1380091468-project-admin] Attempting to import store swift {{(pid=101879) _load_store /opt/stack/data/venv/lib/python3.12/site-packages/glance_store/backend.py:215}}
May 27 00:50:49.873760 np0000001469 devstack@g-api.service[101879]: DEBUG glance_store.capabilities [None req-ed85eab6-11fd-43b2-b12a-9daa768c39c2 tempest-AttachSCSIVolumeTestJSON-1380091468 tempest-AttachSCSIVolumeTestJSON-1380091468-project-admin] Store glance_store._drivers.swift.store.SingleTenantStore doesn't support updating dynamic storage capabilities. Please overwrite 'update_capabilities' method of the store to implement updating logics if needed. {{(pid=101879) update_capabilities /opt/stack/data/venv/lib/python3.12/site-packages/glance_store/capabilities.py:91}}
May 27 00:50:49.873837 np0000001469 devstack@g-api.service[101879]: DEBUG glance_store.driver [None req-ed85eab6-11fd-43b2-b12a-9daa768c39c2 tempest-AttachSCSIVolumeTestJSON-1380091468 tempest-AttachSCSIVolumeTestJSON-1380091468-project-admin] Late loading location class glance_store._drivers.swift.store.StoreLocation {{(pid=101879) get_store_location_class /opt/stack/data/venv/lib/python3.12/site-packages/glance_store/driver.py:134}}
May 27 00:50:49.873985 np0000001469 devstack@g-api.service[101879]: DEBUG glance_store.location [None req-ed85eab6-11fd-43b2-b12a-9daa768c39c2 tempest-AttachSCSIVolumeTestJSON-1380091468 tempest-AttachSCSIVolumeTestJSON-1380091468-project-admin] Registering scheme swift+https with {'store': , 'location_class': , 'store_entry': 'swift'} {{(pid=101879) register_scheme_map /opt/stack/data/venv/lib/python3.12/site-packages/glance_store/location.py:146}}
May 27 00:50:49.874082 np0000001469 devstack@g-api.service[101879]: DEBUG glance_store.location [None req-ed85eab6-11fd-43b2-b12a-9daa768c39c2 tempest-AttachSCSIVolumeTestJSON-1380091468 tempest-AttachSCSIVolumeTestJSON-1380091468-project-admin] Registering scheme swift+https with {'store': , 'location_class': , 'store_entry': 'swift'} {{(pid=101879) register_scheme_map /opt/stack/data/venv/lib/python3.12/site-packages/glance_store/location.py:146}}
May 27 00:50:49.874125 np0000001469 devstack@g-api.service[101879]: DEBUG glance_store.location [None req-ed85eab6-11fd-43b2-b12a-9daa768c39c2 tempest-AttachSCSIVolumeTestJSON-1380091468 tempest-AttachSCSIVolumeTestJSON-1380091468-project-admin] Registering scheme swift with {'store': , 'location_class': , 'store_entry': 'swift'} {{(pid=101879) register_scheme_map /opt/stack/data/venv/lib/python3.12/site-packages/glance_store/location.py:146}}
May 27 00:50:49.874185 np0000001469 devstack@g-api.service[101879]: DEBUG glance_store.location [None req-ed85eab6-11fd-43b2-b12a-9daa768c39c2 tempest-AttachSCSIVolumeTestJSON-1380091468 tempest-AttachSCSIVolumeTestJSON-1380091468-project-admin] Registering scheme swift+https with {'store': , 'location_class': , 'store_entry': 'swift'} {{(pid=101879) register_scheme_map /opt/stack/data/venv/lib/python3.12/site-packages/glance_store/location.py:146}}
May 27 00:50:49.874347 np0000001469 devstack@g-api.service[101879]: DEBUG glance_store.location [None req-ed85eab6-11fd-43b2-b12a-9daa768c39c2 tempest-AttachSCSIVolumeTestJSON-1380091468 tempest-AttachSCSIVolumeTestJSON-1380091468-project-admin] Registering scheme swift with {'store': , 'location_class': , 'store_entry': 'swift'} {{(pid=101879) register_scheme_map /opt/stack/data/venv/lib/python3.12/site-packages/glance_store/location.py:146}}
May 27 00:50:49.874347 np0000001469 devstack@g-api.service[101879]: DEBUG glance_store.location [None req-ed85eab6-11fd-43b2-b12a-9daa768c39c2 tempest-AttachSCSIVolumeTestJSON-1380091468 tempest-AttachSCSIVolumeTestJSON-1380091468-project-admin] Registering scheme swift+http with {'store': , 'location_class': , 'store_entry': 'swift'} {{(pid=101879) register_scheme_map /opt/stack/data/venv/lib/python3.12/site-packages/glance_store/location.py:146}}
May 27 00:50:49.875046 np0000001469 devstack@g-api.service[101879]: DEBUG glance_store.location [None req-ed85eab6-11fd-43b2-b12a-9daa768c39c2 tempest-AttachSCSIVolumeTestJSON-1380091468 tempest-AttachSCSIVolumeTestJSON-1380091468-project-admin] Registering scheme swift+https with {'store': , 'location_class': , 'store_entry': 'swift'} {{(pid=101879) register_scheme_map /opt/stack/data/venv/lib/python3.12/site-packages/glance_store/location.py:146}}
May 27 00:50:49.875046 np0000001469 devstack@g-api.service[101879]: DEBUG glance_store.location [None req-ed85eab6-11fd-43b2-b12a-9daa768c39c2 tempest-AttachSCSIVolumeTestJSON-1380091468 tempest-AttachSCSIVolumeTestJSON-1380091468-project-admin] Registering scheme swift with {'store': , 'location_class': , 'store_entry': 'swift'} {{(pid=101879) register_scheme_map /opt/stack/data/venv/lib/python3.12/site-packages/glance_store/location.py:146}}
May 27 00:50:49.875046 np0000001469 devstack@g-api.service[101879]: DEBUG glance_store.location [None req-ed85eab6-11fd-43b2-b12a-9daa768c39c2 tempest-AttachSCSIVolumeTestJSON-1380091468 tempest-AttachSCSIVolumeTestJSON-1380091468-project-admin] Registering scheme swift+http with {'store': , 'location_class': , 'store_entry': 'swift'} {{(pid=101879) register_scheme_map /opt/stack/data/venv/lib/python3.12/site-packages/glance_store/location.py:146}}
May 27 00:50:49.875264 np0000001469 devstack@g-api.service[101879]: DEBUG glance_store.location [None req-ed85eab6-11fd-43b2-b12a-9daa768c39c2 tempest-AttachSCSIVolumeTestJSON-1380091468 tempest-AttachSCSIVolumeTestJSON-1380091468-project-admin] Registering scheme swift+config with {'store': , 'location_class': , 'store_entry': 'swift'} {{(pid=101879) register_scheme_map /opt/stack/data/venv/lib/python3.12/site-packages/glance_store/location.py:146}}
May 27 00:50:49.875264 np0000001469 devstack@g-api.service[101879]: DEBUG glance_store.backend [None req-ed85eab6-11fd-43b2-b12a-9daa768c39c2 tempest-AttachSCSIVolumeTestJSON-1380091468 tempest-AttachSCSIVolumeTestJSON-1380091468-project-admin] Skipping store.set_acls... not implemented. {{(pid=101879) set_acls /opt/stack/data/venv/lib/python3.12/site-packages/glance_store/backend.py:507}}
May 27 00:50:49.876889 np0000001469 devstack@g-api.service[101879]: [pid: 101879|app: 0|req: 13/46] 127.0.0.1 () {40 vars in 854 bytes} [Wed May 27 00:50:47 2026] PUT /v2/images/0c2efb10-f84f-4b9c-b102-a8f2fb62cab9/file => generated 0 bytes in 2235 msecs (HTTP/1.1 204) 4 headers in 171 bytes (1 switches on core 0)
May 27 00:50:50.051855 np0000001469 devstack@g-api.service[101877]: [pid: 101877|app: 0|req: 14/47] 127.0.0.1 () {44 vars in 1111 bytes} [Wed May 27 00:50:49 2026] GET /v2/images/3c79e9cc-add6-4c0c-8bb3-6620284b3dbe => generated 1044 bytes in 309 msecs (HTTP/1.1 200) 4 headers in 158 bytes (1 switches on core 0)
May 27 00:50:50.096939 np0000001469 devstack@g-api.service[101878]: DEBUG glance.api.middleware.version_negotiation [None req-af7fe6cd-10e0-4a80-8ee3-c2ba50f9cfa6 tempest-TaggedBootDevicesTest-517818003 tempest-TaggedBootDevicesTest-517818003-project-member] Determining version of request: GET /v2/schemas/image Accept: */* {{(pid=101878) process_request /opt/stack/glance/glance/api/middleware/version_negotiation.py:44}}
May 27 00:50:50.097101 np0000001469 devstack@g-api.service[101878]: DEBUG glance.api.middleware.version_negotiation [None req-af7fe6cd-10e0-4a80-8ee3-c2ba50f9cfa6 tempest-TaggedBootDevicesTest-517818003 tempest-TaggedBootDevicesTest-517818003-project-member] Using url versioning {{(pid=101878) process_request /opt/stack/glance/glance/api/middleware/version_negotiation.py:57}}
May 27 00:50:50.097182 np0000001469 devstack@g-api.service[101878]: DEBUG glance.api.middleware.version_negotiation [None req-af7fe6cd-10e0-4a80-8ee3-c2ba50f9cfa6 tempest-TaggedBootDevicesTest-517818003 tempest-TaggedBootDevicesTest-517818003-project-member] Matched version: v2 {{(pid=101878) process_request /opt/stack/glance/glance/api/middleware/version_negotiation.py:69}}
May 27 00:50:50.097268 np0000001469 devstack@g-api.service[101878]: DEBUG glance.api.middleware.version_negotiation [None req-af7fe6cd-10e0-4a80-8ee3-c2ba50f9cfa6 tempest-TaggedBootDevicesTest-517818003 tempest-TaggedBootDevicesTest-517818003-project-member] new path /v2/schemas/image {{(pid=101878) process_request /opt/stack/glance/glance/api/middleware/version_negotiation.py:70}}
May 27 00:50:50.099211 np0000001469 devstack@g-api.service[101878]: [pid: 101878|app: 0|req: 21/48] 127.0.0.1 () {44 vars in 1051 bytes} [Wed May 27 00:50:50 2026] GET /v2/schemas/image => generated 6083 bytes in 2 msecs (HTTP/1.1 200) 4 headers in 158 bytes (1 switches on core 0)
May 27 00:50:51.518755 np0000001469 devstack@g-api.service[101879]: DEBUG glance.api.middleware.version_negotiation [None req-ed85eab6-11fd-43b2-b12a-9daa768c39c2 tempest-AttachSCSIVolumeTestJSON-1380091468 tempest-AttachSCSIVolumeTestJSON-1380091468-project-admin] Determining version of request: GET /v2/images/0c2efb10-f84f-4b9c-b102-a8f2fb62cab9 Accept: */* {{(pid=101879) process_request /opt/stack/glance/glance/api/middleware/version_negotiation.py:44}}
May 27 00:50:51.518755 np0000001469 devstack@g-api.service[101879]: DEBUG glance.api.middleware.version_negotiation [None req-ed85eab6-11fd-43b2-b12a-9daa768c39c2 tempest-AttachSCSIVolumeTestJSON-1380091468 tempest-AttachSCSIVolumeTestJSON-1380091468-project-admin] Using url versioning {{(pid=101879) process_request /opt/stack/glance/glance/api/middleware/version_negotiation.py:57}}
May 27 00:50:51.518755 np0000001469 devstack@g-api.service[101879]: DEBUG glance.api.middleware.version_negotiation [None req-ed85eab6-11fd-43b2-b12a-9daa768c39c2 tempest-AttachSCSIVolumeTestJSON-1380091468 tempest-AttachSCSIVolumeTestJSON-1380091468-project-admin] Matched version: v2 {{(pid=101879) process_request /opt/stack/glance/glance/api/middleware/version_negotiation.py:69}}
May 27 00:50:51.518755 np0000001469 devstack@g-api.service[101879]: DEBUG glance.api.middleware.version_negotiation [None req-ed85eab6-11fd-43b2-b12a-9daa768c39c2 tempest-AttachSCSIVolumeTestJSON-1380091468 tempest-AttachSCSIVolumeTestJSON-1380091468-project-admin] new path /v2/images/0c2efb10-f84f-4b9c-b102-a8f2fb62cab9 {{(pid=101879) process_request /opt/stack/glance/glance/api/middleware/version_negotiation.py:70}}
May 27 00:50:51.530380 np0000001469 devstack@g-api.service[101879]: [pid: 101879|app: 0|req: 14/49] 127.0.0.1 () {44 vars in 1111 bytes} [Wed May 27 00:50:51 2026] GET /v2/images/0c2efb10-f84f-4b9c-b102-a8f2fb62cab9 => generated 859 bytes in 12 msecs (HTTP/1.1 200) 4 headers in 157 bytes (1 switches on core 0)
May 27 00:50:51.564844 np0000001469 devstack@g-api.service[101877]: DEBUG glance.api.middleware.version_negotiation [None req-f1f91e67-be13-4623-874f-18e6a01cb7a1 tempest-ServerActionsTestOtherA-604301525 tempest-ServerActionsTestOtherA-604301525-project-member] Determining version of request: GET /v2/schemas/image Accept: */* {{(pid=101877) process_request /opt/stack/glance/glance/api/middleware/version_negotiation.py:44}}
May 27 00:50:51.565198 np0000001469 devstack@g-api.service[101877]: DEBUG glance.api.middleware.version_negotiation [None req-f1f91e67-be13-4623-874f-18e6a01cb7a1 tempest-ServerActionsTestOtherA-604301525 tempest-ServerActionsTestOtherA-604301525-project-member] Using url versioning {{(pid=101877) process_request /opt/stack/glance/glance/api/middleware/version_negotiation.py:57}}
May 27 00:50:51.565198 np0000001469 devstack@g-api.service[101877]: DEBUG glance.api.middleware.version_negotiation [None req-f1f91e67-be13-4623-874f-18e6a01cb7a1 tempest-ServerActionsTestOtherA-604301525 tempest-ServerActionsTestOtherA-604301525-project-member] Matched version: v2 {{(pid=101877) process_request /opt/stack/glance/glance/api/middleware/version_negotiation.py:69}}
May 27 00:50:51.565198 np0000001469 devstack@g-api.service[101877]: DEBUG glance.api.middleware.version_negotiation [None req-f1f91e67-be13-4623-874f-18e6a01cb7a1 tempest-ServerActionsTestOtherA-604301525 tempest-ServerActionsTestOtherA-604301525-project-member] new path /v2/schemas/image {{(pid=101877) process_request /opt/stack/glance/glance/api/middleware/version_negotiation.py:70}}
May 27 00:50:51.567592 np0000001469 devstack@g-api.service[101877]: [pid: 101877|app: 0|req: 15/50] 127.0.0.1 () {44 vars in 1051 bytes} [Wed May 27 00:50:51 2026] GET /v2/schemas/image => generated 6083 bytes in 3 msecs (HTTP/1.1 200) 4 headers in 158 bytes (1 switches on core 0)
May 27 00:50:55.345824 np0000001469 devstack@g-api.service[101878]: DEBUG glance.api.middleware.version_negotiation [None req-f1f91e67-be13-4623-874f-18e6a01cb7a1 tempest-ServerActionsTestOtherA-604301525 tempest-ServerActionsTestOtherA-604301525-project-member] Determining version of request: GET /v2/images/3c79e9cc-add6-4c0c-8bb3-6620284b3dbe Accept: */* {{(pid=101878) process_request /opt/stack/glance/glance/api/middleware/version_negotiation.py:44}}
May 27 00:50:55.346128 np0000001469 devstack@g-api.service[101878]: DEBUG glance.api.middleware.version_negotiation [None req-f1f91e67-be13-4623-874f-18e6a01cb7a1 tempest-ServerActionsTestOtherA-604301525 tempest-ServerActionsTestOtherA-604301525-project-member] Using url versioning {{(pid=101878) process_request /opt/stack/glance/glance/api/middleware/version_negotiation.py:57}}
May 27 00:50:55.346128 np0000001469 devstack@g-api.service[101878]: DEBUG glance.api.middleware.version_negotiation [None req-f1f91e67-be13-4623-874f-18e6a01cb7a1 tempest-ServerActionsTestOtherA-604301525 tempest-ServerActionsTestOtherA-604301525-project-member] Matched version: v2 {{(pid=101878) process_request /opt/stack/glance/glance/api/middleware/version_negotiation.py:69}}
May 27 00:50:55.346217 np0000001469 devstack@g-api.service[101878]: DEBUG glance.api.middleware.version_negotiation [None req-f1f91e67-be13-4623-874f-18e6a01cb7a1 tempest-ServerActionsTestOtherA-604301525 tempest-ServerActionsTestOtherA-604301525-project-member] new path /v2/images/3c79e9cc-add6-4c0c-8bb3-6620284b3dbe {{(pid=101878) process_request /opt/stack/glance/glance/api/middleware/version_negotiation.py:70}}
May 27 00:50:55.358992 np0000001469 devstack@g-api.service[101878]: [pid: 101878|app: 0|req: 22/51] 127.0.0.1 () {44 vars in 1111 bytes} [Wed May 27 00:50:55 2026] GET /v2/images/3c79e9cc-add6-4c0c-8bb3-6620284b3dbe => generated 1044 bytes in 13 msecs (HTTP/1.1 200) 4 headers in 158 bytes (1 switches on core 0)
May 27 00:50:55.369622 np0000001469 devstack@g-api.service[101879]: DEBUG glance.api.middleware.version_negotiation [None req-571eafd9-0f2e-462e-8fc7-f3ec07244152 tempest-AttachSCSIVolumeTestJSON-1334131074 tempest-AttachSCSIVolumeTestJSON-1334131074-project-member] Determining version of request: GET /v2/schemas/image Accept: */* {{(pid=101879) process_request /opt/stack/glance/glance/api/middleware/version_negotiation.py:44}}
May 27 00:50:55.369933 np0000001469 devstack@g-api.service[101879]: DEBUG glance.api.middleware.version_negotiation [None req-571eafd9-0f2e-462e-8fc7-f3ec07244152 tempest-AttachSCSIVolumeTestJSON-1334131074 tempest-AttachSCSIVolumeTestJSON-1334131074-project-member] Using url versioning {{(pid=101879) process_request /opt/stack/glance/glance/api/middleware/version_negotiation.py:57}}
May 27 00:50:55.369933 np0000001469 devstack@g-api.service[101879]: DEBUG glance.api.middleware.version_negotiation [None req-571eafd9-0f2e-462e-8fc7-f3ec07244152 tempest-AttachSCSIVolumeTestJSON-1334131074 tempest-AttachSCSIVolumeTestJSON-1334131074-project-member] Matched version: v2 {{(pid=101879) process_request /opt/stack/glance/glance/api/middleware/version_negotiation.py:69}}
May 27 00:50:55.370106 np0000001469 devstack@g-api.service[101879]: DEBUG glance.api.middleware.version_negotiation [None req-571eafd9-0f2e-462e-8fc7-f3ec07244152 tempest-AttachSCSIVolumeTestJSON-1334131074 tempest-AttachSCSIVolumeTestJSON-1334131074-project-member] new path /v2/schemas/image {{(pid=101879) process_request /opt/stack/glance/glance/api/middleware/version_negotiation.py:70}}
May 27 00:50:55.372922 np0000001469 devstack@g-api.service[101879]: [pid: 101879|app: 0|req: 15/52] 127.0.0.1 () {44 vars in 1051 bytes} [Wed May 27 00:50:55 2026] GET /v2/schemas/image => generated 6083 bytes in 3 msecs (HTTP/1.1 200) 4 headers in 158 bytes (1 switches on core 0)
May 27 00:50:57.279170 np0000001469 devstack@g-api.service[101877]: DEBUG glance.api.middleware.version_negotiation [None req-571eafd9-0f2e-462e-8fc7-f3ec07244152 tempest-AttachSCSIVolumeTestJSON-1334131074 tempest-AttachSCSIVolumeTestJSON-1334131074-project-member] Determining version of request: GET /v2/images/3c79e9cc-add6-4c0c-8bb3-6620284b3dbe Accept: */* {{(pid=101877) process_request /opt/stack/glance/glance/api/middleware/version_negotiation.py:44}}
May 27 00:50:57.279448 np0000001469 devstack@g-api.service[101877]: DEBUG glance.api.middleware.version_negotiation [None req-571eafd9-0f2e-462e-8fc7-f3ec07244152 tempest-AttachSCSIVolumeTestJSON-1334131074 tempest-AttachSCSIVolumeTestJSON-1334131074-project-member] Using url versioning {{(pid=101877) process_request /opt/stack/glance/glance/api/middleware/version_negotiation.py:57}}
May 27 00:50:57.279448 np0000001469 devstack@g-api.service[101877]: DEBUG glance.api.middleware.version_negotiation [None req-571eafd9-0f2e-462e-8fc7-f3ec07244152 tempest-AttachSCSIVolumeTestJSON-1334131074 tempest-AttachSCSIVolumeTestJSON-1334131074-project-member] Matched version: v2 {{(pid=101877) process_request /opt/stack/glance/glance/api/middleware/version_negotiation.py:69}}
May 27 00:50:57.279573 np0000001469 devstack@g-api.service[101877]: DEBUG glance.api.middleware.version_negotiation [None req-571eafd9-0f2e-462e-8fc7-f3ec07244152 tempest-AttachSCSIVolumeTestJSON-1334131074 tempest-AttachSCSIVolumeTestJSON-1334131074-project-member] new path /v2/images/3c79e9cc-add6-4c0c-8bb3-6620284b3dbe {{(pid=101877) process_request /opt/stack/glance/glance/api/middleware/version_negotiation.py:70}}
May 27 00:50:57.298416 np0000001469 devstack@g-api.service[101877]: [pid: 101877|app: 0|req: 16/53] 127.0.0.1 () {44 vars in 1111 bytes} [Wed May 27 00:50:57 2026] GET /v2/images/3c79e9cc-add6-4c0c-8bb3-6620284b3dbe => generated 1044 bytes in 19 msecs (HTTP/1.1 200) 4 headers in 158 bytes (1 switches on core 0)
May 27 00:50:57.329946 np0000001469 devstack@g-api.service[101878]: DEBUG glance.api.middleware.version_negotiation [None req-af7fe6cd-10e0-4a80-8ee3-c2ba50f9cfa6 tempest-TaggedBootDevicesTest-517818003 tempest-TaggedBootDevicesTest-517818003-project-member] Determining version of request: GET /v2/images/3c79e9cc-add6-4c0c-8bb3-6620284b3dbe/file Accept: */* {{(pid=101878) process_request /opt/stack/glance/glance/api/middleware/version_negotiation.py:44}}
May 27 00:50:57.330382 np0000001469 devstack@g-api.service[101878]: DEBUG glance.api.middleware.version_negotiation [None req-af7fe6cd-10e0-4a80-8ee3-c2ba50f9cfa6 tempest-TaggedBootDevicesTest-517818003 tempest-TaggedBootDevicesTest-517818003-project-member] Using url versioning {{(pid=101878) process_request /opt/stack/glance/glance/api/middleware/version_negotiation.py:57}}
May 27 00:50:57.330382 np0000001469 devstack@g-api.service[101878]: DEBUG glance.api.middleware.version_negotiation [None req-af7fe6cd-10e0-4a80-8ee3-c2ba50f9cfa6 tempest-TaggedBootDevicesTest-517818003 tempest-TaggedBootDevicesTest-517818003-project-member] Matched version: v2 {{(pid=101878) process_request /opt/stack/glance/glance/api/middleware/version_negotiation.py:69}}
May 27 00:50:57.330382 np0000001469 devstack@g-api.service[101878]: DEBUG glance.api.middleware.version_negotiation [None req-af7fe6cd-10e0-4a80-8ee3-c2ba50f9cfa6 tempest-TaggedBootDevicesTest-517818003 tempest-TaggedBootDevicesTest-517818003-project-member] new path /v2/images/3c79e9cc-add6-4c0c-8bb3-6620284b3dbe/file {{(pid=101878) process_request /opt/stack/glance/glance/api/middleware/version_negotiation.py:70}}
May 27 00:50:57.343028 np0000001469 devstack@g-api.service[101878]: DEBUG glance.api.middleware.cache [None req-a2ef89c8-acc0-453e-995e-2e1bada6d7ad tempest-DeleteServersTestJSON-191818204 tempest-DeleteServersTestJSON-191818204-project-member] Cache hit for image '3c79e9cc-add6-4c0c-8bb3-6620284b3dbe' {{(pid=101878) process_request /opt/stack/glance/glance/api/middleware/cache.py:160}}
May 27 00:50:57.432338 np0000001469 devstack@g-api.service[101878]: [pid: 101878|app: 0|req: 23/54] 127.0.0.1 () {44 vars in 1121 bytes} [Wed May 27 00:50:57 2026] GET /v2/images/3c79e9cc-add6-4c0c-8bb3-6620284b3dbe/file => generated 21692416 bytes in 102 msecs (HTTP/1.1 200) 5 headers in 217 bytes (340 switches on core 0)
May 27 00:50:57.499691 np0000001469 devstack@g-api.service[101879]: DEBUG glance.api.middleware.version_negotiation [None req-af7fe6cd-10e0-4a80-8ee3-c2ba50f9cfa6 tempest-TaggedBootDevicesTest-517818003 tempest-TaggedBootDevicesTest-517818003-project-member] Determining version of request: GET /v2/images/3c79e9cc-add6-4c0c-8bb3-6620284b3dbe Accept: */* {{(pid=101879) process_request /opt/stack/glance/glance/api/middleware/version_negotiation.py:44}}
May 27 00:50:57.500037 np0000001469 devstack@g-api.service[101879]: DEBUG glance.api.middleware.version_negotiation [None req-af7fe6cd-10e0-4a80-8ee3-c2ba50f9cfa6 tempest-TaggedBootDevicesTest-517818003 tempest-TaggedBootDevicesTest-517818003-project-member] Using url versioning {{(pid=101879) process_request /opt/stack/glance/glance/api/middleware/version_negotiation.py:57}}
May 27 00:50:57.500037 np0000001469 devstack@g-api.service[101879]: DEBUG glance.api.middleware.version_negotiation [None req-af7fe6cd-10e0-4a80-8ee3-c2ba50f9cfa6 tempest-TaggedBootDevicesTest-517818003 tempest-TaggedBootDevicesTest-517818003-project-member] Matched version: v2 {{(pid=101879) process_request /opt/stack/glance/glance/api/middleware/version_negotiation.py:69}}
May 27 00:50:57.500309 np0000001469 devstack@g-api.service[101879]: DEBUG glance.api.middleware.version_negotiation [None req-af7fe6cd-10e0-4a80-8ee3-c2ba50f9cfa6 tempest-TaggedBootDevicesTest-517818003 tempest-TaggedBootDevicesTest-517818003-project-member] new path /v2/images/3c79e9cc-add6-4c0c-8bb3-6620284b3dbe {{(pid=101879) process_request /opt/stack/glance/glance/api/middleware/version_negotiation.py:70}}
May 27 00:50:57.511478 np0000001469 devstack@g-api.service[101879]: [pid: 101879|app: 0|req: 16/55] 127.0.0.1 () {44 vars in 1111 bytes} [Wed May 27 00:50:57 2026] GET /v2/images/3c79e9cc-add6-4c0c-8bb3-6620284b3dbe => generated 1044 bytes in 12 msecs (HTTP/1.1 200) 4 headers in 158 bytes (1 switches on core 0)
May 27 00:50:57.545531 np0000001469 devstack@g-api.service[101877]: DEBUG glance.api.middleware.version_negotiation [None req-a2ef89c8-acc0-453e-995e-2e1bada6d7ad tempest-DeleteServersTestJSON-191818204 tempest-DeleteServersTestJSON-191818204-project-member] Determining version of request: GET /v2/schemas/image Accept: */* {{(pid=101877) process_request /opt/stack/glance/glance/api/middleware/version_negotiation.py:44}}
May 27 00:50:57.545659 np0000001469 devstack@g-api.service[101877]: DEBUG glance.api.middleware.version_negotiation [None req-a2ef89c8-acc0-453e-995e-2e1bada6d7ad tempest-DeleteServersTestJSON-191818204 tempest-DeleteServersTestJSON-191818204-project-member] Using url versioning {{(pid=101877) process_request /opt/stack/glance/glance/api/middleware/version_negotiation.py:57}}
May 27 00:50:57.545785 np0000001469 devstack@g-api.service[101877]: DEBUG glance.api.middleware.version_negotiation [None req-a2ef89c8-acc0-453e-995e-2e1bada6d7ad tempest-DeleteServersTestJSON-191818204 tempest-DeleteServersTestJSON-191818204-project-member] Matched version: v2 {{(pid=101877) process_request /opt/stack/glance/glance/api/middleware/version_negotiation.py:69}}
May 27 00:50:57.545878 np0000001469 devstack@g-api.service[101877]: DEBUG glance.api.middleware.version_negotiation [None req-a2ef89c8-acc0-453e-995e-2e1bada6d7ad tempest-DeleteServersTestJSON-191818204 tempest-DeleteServersTestJSON-191818204-project-member] new path /v2/schemas/image {{(pid=101877) process_request /opt/stack/glance/glance/api/middleware/version_negotiation.py:70}}
May 27 00:50:57.548033 np0000001469 devstack@g-api.service[101877]: [pid: 101877|app: 0|req: 17/56] 127.0.0.1 () {44 vars in 1051 bytes} [Wed May 27 00:50:57 2026] GET /v2/schemas/image => generated 6083 bytes in 3 msecs (HTTP/1.1 200) 4 headers in 158 bytes (1 switches on core 0)
May 27 00:50:58.912475 np0000001469 devstack@g-api.service[101878]: DEBUG glance.api.middleware.version_negotiation [None req-a2ef89c8-acc0-453e-995e-2e1bada6d7ad tempest-DeleteServersTestJSON-191818204 tempest-DeleteServersTestJSON-191818204-project-member] Determining version of request: GET / Accept: application/json {{(pid=101878) process_request /opt/stack/glance/glance/api/middleware/version_negotiation.py:44}}
May 27 00:50:58.912816 np0000001469 devstack@g-api.service[101878]: DEBUG glance.api.middleware.version_negotiation [None req-a2ef89c8-acc0-453e-995e-2e1bada6d7ad tempest-DeleteServersTestJSON-191818204 tempest-DeleteServersTestJSON-191818204-project-member] Using url versioning {{(pid=101878) process_request /opt/stack/glance/glance/api/middleware/version_negotiation.py:57}}
May 27 00:50:58.912816 np0000001469 devstack@g-api.service[101878]: DEBUG glance.api.middleware.version_negotiation [None req-a2ef89c8-acc0-453e-995e-2e1bada6d7ad tempest-DeleteServersTestJSON-191818204 tempest-DeleteServersTestJSON-191818204-project-member] Unknown version. Returning version choices. {{(pid=101878) process_request /opt/stack/glance/glance/api/middleware/version_negotiation.py:64}}
May 27 00:50:58.913956 np0000001469 devstack@g-api.service[101878]: [pid: 101878|app: 0|req: 24/57] 127.0.0.1 () {36 vars in 555 bytes} [Wed May 27 00:50:58 2026] GET / => generated 1394 bytes in 1 msecs (HTTP/1.1 300) 3 headers in 106 bytes (1 switches on core 0)
May 27 00:50:58.947255 np0000001469 devstack@g-api.service[101879]: DEBUG glance.api.middleware.version_negotiation [None req-a2ef89c8-acc0-453e-995e-2e1bada6d7ad tempest-DeleteServersTestJSON-191818204 tempest-DeleteServersTestJSON-191818204-project-member] Determining version of request: GET /v2/images/3c79e9cc-add6-4c0c-8bb3-6620284b3dbe Accept: */* {{(pid=101879) process_request /opt/stack/glance/glance/api/middleware/version_negotiation.py:44}}
May 27 00:50:58.947585 np0000001469 devstack@g-api.service[101879]: DEBUG glance.api.middleware.version_negotiation [None req-a2ef89c8-acc0-453e-995e-2e1bada6d7ad tempest-DeleteServersTestJSON-191818204 tempest-DeleteServersTestJSON-191818204-project-member] Using url versioning {{(pid=101879) process_request /opt/stack/glance/glance/api/middleware/version_negotiation.py:57}}
May 27 00:50:58.947851 np0000001469 devstack@g-api.service[101879]: DEBUG glance.api.middleware.version_negotiation [None req-a2ef89c8-acc0-453e-995e-2e1bada6d7ad tempest-DeleteServersTestJSON-191818204 tempest-DeleteServersTestJSON-191818204-project-member] Matched version: v2 {{(pid=101879) process_request /opt/stack/glance/glance/api/middleware/version_negotiation.py:69}}
May 27 00:50:58.947851 np0000001469 devstack@g-api.service[101879]: DEBUG glance.api.middleware.version_negotiation [None req-a2ef89c8-acc0-453e-995e-2e1bada6d7ad tempest-DeleteServersTestJSON-191818204 tempest-DeleteServersTestJSON-191818204-project-member] new path /v2/images/3c79e9cc-add6-4c0c-8bb3-6620284b3dbe {{(pid=101879) process_request /opt/stack/glance/glance/api/middleware/version_negotiation.py:70}}
May 27 00:50:58.960932 np0000001469 devstack@g-api.service[101879]: [pid: 101879|app: 0|req: 17/58] 127.0.0.1 () {44 vars in 1111 bytes} [Wed May 27 00:50:58 2026] GET /v2/images/3c79e9cc-add6-4c0c-8bb3-6620284b3dbe => generated 1044 bytes in 14 msecs (HTTP/1.1 200) 4 headers in 158 bytes (1 switches on core 0)
May 27 00:50:58.990485 np0000001469 devstack@g-api.service[101877]: DEBUG glance.api.middleware.version_negotiation [None req-a2ef89c8-acc0-453e-995e-2e1bada6d7ad tempest-DeleteServersTestJSON-191818204 tempest-DeleteServersTestJSON-191818204-project-member] Determining version of request: GET /v2/schemas/image Accept: */* {{(pid=101877) process_request /opt/stack/glance/glance/api/middleware/version_negotiation.py:44}}
May 27 00:50:58.990817 np0000001469 devstack@g-api.service[101877]: DEBUG glance.api.middleware.version_negotiation [None req-a2ef89c8-acc0-453e-995e-2e1bada6d7ad tempest-DeleteServersTestJSON-191818204 tempest-DeleteServersTestJSON-191818204-project-member] Using url versioning {{(pid=101877) process_request /opt/stack/glance/glance/api/middleware/version_negotiation.py:57}}
May 27 00:50:58.990817 np0000001469 devstack@g-api.service[101877]: DEBUG glance.api.middleware.version_negotiation [None req-a2ef89c8-acc0-453e-995e-2e1bada6d7ad tempest-DeleteServersTestJSON-191818204 tempest-DeleteServersTestJSON-191818204-project-member] Matched version: v2 {{(pid=101877) process_request /opt/stack/glance/glance/api/middleware/version_negotiation.py:69}}
May 27 00:50:58.990868 np0000001469 devstack@g-api.service[101877]: DEBUG glance.api.middleware.version_negotiation [None req-a2ef89c8-acc0-453e-995e-2e1bada6d7ad tempest-DeleteServersTestJSON-191818204 tempest-DeleteServersTestJSON-191818204-project-member] new path /v2/schemas/image {{(pid=101877) process_request /opt/stack/glance/glance/api/middleware/version_negotiation.py:70}}
May 27 00:50:58.993288 np0000001469 devstack@g-api.service[101877]: [pid: 101877|app: 0|req: 18/59] 127.0.0.1 () {44 vars in 1051 bytes} [Wed May 27 00:50:58 2026] GET /v2/schemas/image => generated 6083 bytes in 2 msecs (HTTP/1.1 200) 4 headers in 158 bytes (1 switches on core 0)
May 27 00:51:02.058897 np0000001469 devstack@g-api.service[101878]: DEBUG glance.api.middleware.version_negotiation [None req-a2ef89c8-acc0-453e-995e-2e1bada6d7ad tempest-DeleteServersTestJSON-191818204 tempest-DeleteServersTestJSON-191818204-project-member] Determining version of request: GET /v2/images/0c2efb10-f84f-4b9c-b102-a8f2fb62cab9 Accept: */* {{(pid=101878) process_request /opt/stack/glance/glance/api/middleware/version_negotiation.py:44}}
May 27 00:51:02.059264 np0000001469 devstack@g-api.service[101878]: DEBUG glance.api.middleware.version_negotiation [None req-a2ef89c8-acc0-453e-995e-2e1bada6d7ad tempest-DeleteServersTestJSON-191818204 tempest-DeleteServersTestJSON-191818204-project-member] Using url versioning {{(pid=101878) process_request /opt/stack/glance/glance/api/middleware/version_negotiation.py:57}}
May 27 00:51:02.059264 np0000001469 devstack@g-api.service[101878]: DEBUG glance.api.middleware.version_negotiation [None req-a2ef89c8-acc0-453e-995e-2e1bada6d7ad tempest-DeleteServersTestJSON-191818204 tempest-DeleteServersTestJSON-191818204-project-member] Matched version: v2 {{(pid=101878) process_request /opt/stack/glance/glance/api/middleware/version_negotiation.py:69}}
May 27 00:51:02.059382 np0000001469 devstack@g-api.service[101878]: DEBUG glance.api.middleware.version_negotiation [None req-a2ef89c8-acc0-453e-995e-2e1bada6d7ad tempest-DeleteServersTestJSON-191818204 tempest-DeleteServersTestJSON-191818204-project-member] new path /v2/images/0c2efb10-f84f-4b9c-b102-a8f2fb62cab9 {{(pid=101878) process_request /opt/stack/glance/glance/api/middleware/version_negotiation.py:70}}
May 27 00:51:02.072548 np0000001469 devstack@g-api.service[101878]: [pid: 101878|app: 0|req: 25/60] 127.0.0.1 () {44 vars in 1111 bytes} [Wed May 27 00:51:02 2026] GET /v2/images/0c2efb10-f84f-4b9c-b102-a8f2fb62cab9 => generated 859 bytes in 13 msecs (HTTP/1.1 200) 4 headers in 157 bytes (1 switches on core 0)
May 27 00:51:02.106990 np0000001469 devstack@g-api.service[101879]: DEBUG glance.api.middleware.version_negotiation [None req-6bfd2b59-62ef-4ff3-a662-755f64fa3d3b tempest-VolumesAssistedSnapshotsTest-126081681 tempest-VolumesAssistedSnapshotsTest-126081681-project-member] Determining version of request: GET /v2/images/0c2efb10-f84f-4b9c-b102-a8f2fb62cab9/file Accept: */* {{(pid=101879) process_request /opt/stack/glance/glance/api/middleware/version_negotiation.py:44}}
May 27 00:51:02.107707 np0000001469 devstack@g-api.service[101879]: DEBUG glance.api.middleware.version_negotiation [None req-6bfd2b59-62ef-4ff3-a662-755f64fa3d3b tempest-VolumesAssistedSnapshotsTest-126081681 tempest-VolumesAssistedSnapshotsTest-126081681-project-member] Using url versioning {{(pid=101879) process_request /opt/stack/glance/glance/api/middleware/version_negotiation.py:57}}
May 27 00:51:02.107707 np0000001469 devstack@g-api.service[101879]: DEBUG glance.api.middleware.version_negotiation [None req-6bfd2b59-62ef-4ff3-a662-755f64fa3d3b tempest-VolumesAssistedSnapshotsTest-126081681 tempest-VolumesAssistedSnapshotsTest-126081681-project-member] Matched version: v2 {{(pid=101879) process_request /opt/stack/glance/glance/api/middleware/version_negotiation.py:69}}
May 27 00:51:02.107707 np0000001469 devstack@g-api.service[101879]: DEBUG glance.api.middleware.version_negotiation [None req-6bfd2b59-62ef-4ff3-a662-755f64fa3d3b tempest-VolumesAssistedSnapshotsTest-126081681 tempest-VolumesAssistedSnapshotsTest-126081681-project-member] new path /v2/images/0c2efb10-f84f-4b9c-b102-a8f2fb62cab9/file {{(pid=101879) process_request /opt/stack/glance/glance/api/middleware/version_negotiation.py:70}}
May 27 00:51:02.116103 np0000001469 devstack@g-api.service[101879]: DEBUG glance_store.backend [None req-571eafd9-0f2e-462e-8fc7-f3ec07244152 tempest-AttachSCSIVolumeTestJSON-1334131074 tempest-AttachSCSIVolumeTestJSON-1334131074-project-member] Attempting to import store swift {{(pid=101879) _load_store /opt/stack/data/venv/lib/python3.12/site-packages/glance_store/backend.py:215}}
May 27 00:51:02.118142 np0000001469 devstack@g-api.service[101879]: DEBUG glance_store.capabilities [None req-571eafd9-0f2e-462e-8fc7-f3ec07244152 tempest-AttachSCSIVolumeTestJSON-1334131074 tempest-AttachSCSIVolumeTestJSON-1334131074-project-member] Store glance_store._drivers.swift.store.SingleTenantStore doesn't support updating dynamic storage capabilities. Please overwrite 'update_capabilities' method of the store to implement updating logics if needed. {{(pid=101879) update_capabilities /opt/stack/data/venv/lib/python3.12/site-packages/glance_store/capabilities.py:91}}
May 27 00:51:02.118142 np0000001469 devstack@g-api.service[101879]: DEBUG glance_store.driver [None req-571eafd9-0f2e-462e-8fc7-f3ec07244152 tempest-AttachSCSIVolumeTestJSON-1334131074 tempest-AttachSCSIVolumeTestJSON-1334131074-project-member] Late loading location class glance_store._drivers.swift.store.StoreLocation {{(pid=101879) get_store_location_class /opt/stack/data/venv/lib/python3.12/site-packages/glance_store/driver.py:134}}
May 27 00:51:02.118401 np0000001469 devstack@g-api.service[101879]: DEBUG glance_store.location [None req-571eafd9-0f2e-462e-8fc7-f3ec07244152 tempest-AttachSCSIVolumeTestJSON-1334131074 tempest-AttachSCSIVolumeTestJSON-1334131074-project-member] Registering scheme swift+https with {'store': , 'location_class': , 'store_entry': 'swift'} {{(pid=101879) register_scheme_map /opt/stack/data/venv/lib/python3.12/site-packages/glance_store/location.py:146}}
