Jul 09 22:19:25.209031 np0000004928 devstack@g-api.service[102865]: DEBUG glance.api.middleware.version_negotiation [None req-75f02a4b-c8c7-4cf3-b941-e999c0a8f9d6 tempest-ServerActionsTestOtherA-2023067122 tempest-ServerActionsTestOtherA-2023067122-project-member] Determining version of request: GET /v2/images/51ac1b9f-a02c-4466-a968-513a4f232937 Accept: application/json {{(pid=102865) process_request /opt/stack/glance/glance/api/middleware/version_negotiation.py:44}}
Jul 09 22:19:25.209466 np0000004928 devstack@g-api.service[102865]: DEBUG glance.api.middleware.version_negotiation [None req-75f02a4b-c8c7-4cf3-b941-e999c0a8f9d6 tempest-ServerActionsTestOtherA-2023067122 tempest-ServerActionsTestOtherA-2023067122-project-member] Using url versioning {{(pid=102865) process_request /opt/stack/glance/glance/api/middleware/version_negotiation.py:57}}
Jul 09 22:19:25.209466 np0000004928 devstack@g-api.service[102865]: DEBUG glance.api.middleware.version_negotiation [None req-75f02a4b-c8c7-4cf3-b941-e999c0a8f9d6 tempest-ServerActionsTestOtherA-2023067122 tempest-ServerActionsTestOtherA-2023067122-project-member] Matched version: v2 {{(pid=102865) process_request /opt/stack/glance/glance/api/middleware/version_negotiation.py:69}}
Jul 09 22:19:25.209466 np0000004928 devstack@g-api.service[102865]: DEBUG glance.api.middleware.version_negotiation [None req-75f02a4b-c8c7-4cf3-b941-e999c0a8f9d6 tempest-ServerActionsTestOtherA-2023067122 tempest-ServerActionsTestOtherA-2023067122-project-member] new path /v2/images/51ac1b9f-a02c-4466-a968-513a4f232937 {{(pid=102865) process_request /opt/stack/glance/glance/api/middleware/version_negotiation.py:70}}
Jul 09 22:19:25.226858 np0000004928 devstack@g-api.service[102865]: [pid: 102865|app: 0|req: 28/110] 127.0.0.1 () {40 vars in 834 bytes} [Thu Jul 9 22:19:25 2026] GET /v2/images/51ac1b9f-a02c-4466-a968-513a4f232937 => generated 650 bytes in 17 msecs (HTTP/1.1 200) 4 headers in 157 bytes (1 switches on core 0)
Jul 09 22:19:25.496121 np0000004928 devstack@g-api.service[102864]: INFO glance.api.v2.image_data [None req-02faaf43-6819-4c12-b855-56b93b1e5e76 tempest-VolumesActionsTest-1073661050 tempest-VolumesActionsTest-1073661050-project-member] Unable to create trust: no such option collect_timing in group [keystone_authtoken] Use the existing user token.
Jul 09 22:19:26.024033 np0000004928 devstack@g-api.service[102863]: DEBUG glance.api.middleware.version_negotiation [None req-201b5870-1e17-47bc-bfc8-7f836d38d392 tempest-VolumesActionsTest-1073661050 tempest-VolumesActionsTest-1073661050-project-member] Determining version of request: GET /v2/images/8f710bb6-2d15-46be-a16d-d27d3b118baf Accept: */* {{(pid=102863) process_request /opt/stack/glance/glance/api/middleware/version_negotiation.py:44}}
Jul 09 22:19:26.024348 np0000004928 devstack@g-api.service[102863]: DEBUG glance.api.middleware.version_negotiation [None req-201b5870-1e17-47bc-bfc8-7f836d38d392 tempest-VolumesActionsTest-1073661050 tempest-VolumesActionsTest-1073661050-project-member] Using url versioning {{(pid=102863) process_request /opt/stack/glance/glance/api/middleware/version_negotiation.py:57}}
Jul 09 22:19:26.024348 np0000004928 devstack@g-api.service[102863]: DEBUG glance.api.middleware.version_negotiation [None req-201b5870-1e17-47bc-bfc8-7f836d38d392 tempest-VolumesActionsTest-1073661050 tempest-VolumesActionsTest-1073661050-project-member] Matched version: v2 {{(pid=102863) process_request /opt/stack/glance/glance/api/middleware/version_negotiation.py:69}}
Jul 09 22:19:26.024464 np0000004928 devstack@g-api.service[102863]: DEBUG glance.api.middleware.version_negotiation [None req-201b5870-1e17-47bc-bfc8-7f836d38d392 tempest-VolumesActionsTest-1073661050 tempest-VolumesActionsTest-1073661050-project-member] new path /v2/images/8f710bb6-2d15-46be-a16d-d27d3b118baf {{(pid=102863) process_request /opt/stack/glance/glance/api/middleware/version_negotiation.py:70}}
Jul 09 22:19:26.042060 np0000004928 devstack@g-api.service[102863]: [pid: 102863|app: 0|req: 28/111] 127.0.0.1 () {44 vars in 1111 bytes} [Thu Jul 9 22:19:26 2026] GET /v2/images/8f710bb6-2d15-46be-a16d-d27d3b118baf => generated 1044 bytes in 18 msecs (HTTP/1.1 200) 4 headers in 158 bytes (1 switches on core 0)
Jul 09 22:19:26.059125 np0000004928 devstack@g-api.service[102864]: DEBUG glance.location [None req-02faaf43-6819-4c12-b855-56b93b1e5e76 tempest-VolumesActionsTest-1073661050 tempest-VolumesActionsTest-1073661050-project-member] Enabling in-flight format inspection for raw {{(pid=102864) set_data /opt/stack/glance/glance/location.py:596}}
Jul 09 22:19:26.059833 np0000004928 devstack@g-api.service[102864]: DEBUG glance_store.backend [None req-02faaf43-6819-4c12-b855-56b93b1e5e76 tempest-VolumesActionsTest-1073661050 tempest-VolumesActionsTest-1073661050-project-member] Attempting to import store swift {{(pid=102864) _load_store /opt/stack/data/venv/lib/python3.12/site-packages/glance_store/backend.py:215}}
Jul 09 22:19:26.061616 np0000004928 devstack@g-api.service[102864]: DEBUG glance_store.capabilities [None req-02faaf43-6819-4c12-b855-56b93b1e5e76 tempest-VolumesActionsTest-1073661050 tempest-VolumesActionsTest-1073661050-project-member] Store glance_store._drivers.swift.store.SingleTenantStore doesn't support updating dynamic storage capabilities. Please overwrite 'update_capabilities' method of the store to implement updating logics if needed. {{(pid=102864) update_capabilities /opt/stack/data/venv/lib/python3.12/site-packages/glance_store/capabilities.py:91}}
Jul 09 22:19:26.061777 np0000004928 devstack@g-api.service[102864]: DEBUG glance_store.driver [None req-02faaf43-6819-4c12-b855-56b93b1e5e76 tempest-VolumesActionsTest-1073661050 tempest-VolumesActionsTest-1073661050-project-member] Late loading location class glance_store._drivers.swift.store.StoreLocation {{(pid=102864) get_store_location_class /opt/stack/data/venv/lib/python3.12/site-packages/glance_store/driver.py:134}}
Jul 09 22:19:26.061971 np0000004928 devstack@g-api.service[102864]: DEBUG glance_store.location [None req-02faaf43-6819-4c12-b855-56b93b1e5e76 tempest-VolumesActionsTest-1073661050 tempest-VolumesActionsTest-1073661050-project-member] Registering scheme swift+https with {'store': , 'location_class': , 'store_entry': 'swift'} {{(pid=102864) register_scheme_map /opt/stack/data/venv/lib/python3.12/site-packages/glance_store/location.py:146}}
Jul 09 22:19:26.062045 np0000004928 devstack@g-api.service[102864]: DEBUG glance_store.location [None req-02faaf43-6819-4c12-b855-56b93b1e5e76 tempest-VolumesActionsTest-1073661050 tempest-VolumesActionsTest-1073661050-project-member] Registering scheme swift+https with {'store': , 'location_class': , 'store_entry': 'swift'} {{(pid=102864) register_scheme_map /opt/stack/data/venv/lib/python3.12/site-packages/glance_store/location.py:146}}
Jul 09 22:19:26.062111 np0000004928 devstack@g-api.service[102864]: DEBUG glance_store.location [None req-02faaf43-6819-4c12-b855-56b93b1e5e76 tempest-VolumesActionsTest-1073661050 tempest-VolumesActionsTest-1073661050-project-member] Registering scheme swift with {'store': , 'location_class': , 'store_entry': 'swift'} {{(pid=102864) register_scheme_map /opt/stack/data/venv/lib/python3.12/site-packages/glance_store/location.py:146}}
Jul 09 22:19:26.062183 np0000004928 devstack@g-api.service[102864]: DEBUG glance_store.location [None req-02faaf43-6819-4c12-b855-56b93b1e5e76 tempest-VolumesActionsTest-1073661050 tempest-VolumesActionsTest-1073661050-project-member] Registering scheme swift+https with {'store': , 'location_class': , 'store_entry': 'swift'} {{(pid=102864) register_scheme_map /opt/stack/data/venv/lib/python3.12/site-packages/glance_store/location.py:146}}
Jul 09 22:19:26.062240 np0000004928 devstack@g-api.service[102864]: DEBUG glance_store.location [None req-02faaf43-6819-4c12-b855-56b93b1e5e76 tempest-VolumesActionsTest-1073661050 tempest-VolumesActionsTest-1073661050-project-member] Registering scheme swift with {'store': , 'location_class': , 'store_entry': 'swift'} {{(pid=102864) register_scheme_map /opt/stack/data/venv/lib/python3.12/site-packages/glance_store/location.py:146}}
Jul 09 22:19:26.062359 np0000004928 devstack@g-api.service[102864]: DEBUG glance_store.location [None req-02faaf43-6819-4c12-b855-56b93b1e5e76 tempest-VolumesActionsTest-1073661050 tempest-VolumesActionsTest-1073661050-project-member] Registering scheme swift+http with {'store': , 'location_class': , 'store_entry': 'swift'} {{(pid=102864) register_scheme_map /opt/stack/data/venv/lib/python3.12/site-packages/glance_store/location.py:146}}
Jul 09 22:19:26.062575 np0000004928 devstack@g-api.service[102864]: DEBUG glance_store.location [None req-02faaf43-6819-4c12-b855-56b93b1e5e76 tempest-VolumesActionsTest-1073661050 tempest-VolumesActionsTest-1073661050-project-member] Registering scheme swift+https with {'store': , 'location_class': , 'store_entry': 'swift'} {{(pid=102864) register_scheme_map /opt/stack/data/venv/lib/python3.12/site-packages/glance_store/location.py:146}}
Jul 09 22:19:26.062712 np0000004928 devstack@g-api.service[102864]: DEBUG glance_store.location [None req-02faaf43-6819-4c12-b855-56b93b1e5e76 tempest-VolumesActionsTest-1073661050 tempest-VolumesActionsTest-1073661050-project-member] Registering scheme swift with {'store': , 'location_class': , 'store_entry': 'swift'} {{(pid=102864) register_scheme_map /opt/stack/data/venv/lib/python3.12/site-packages/glance_store/location.py:146}}
Jul 09 22:19:26.062853 np0000004928 devstack@g-api.service[102864]: DEBUG glance_store.location [None req-02faaf43-6819-4c12-b855-56b93b1e5e76 tempest-VolumesActionsTest-1073661050 tempest-VolumesActionsTest-1073661050-project-member] Registering scheme swift+http with {'store': , 'location_class': , 'store_entry': 'swift'} {{(pid=102864) register_scheme_map /opt/stack/data/venv/lib/python3.12/site-packages/glance_store/location.py:146}}
Jul 09 22:19:26.062942 np0000004928 devstack@g-api.service[102864]: DEBUG glance_store.location [None req-02faaf43-6819-4c12-b855-56b93b1e5e76 tempest-VolumesActionsTest-1073661050 tempest-VolumesActionsTest-1073661050-project-member] Registering scheme swift+config with {'store': , 'location_class': , 'store_entry': 'swift'} {{(pid=102864) register_scheme_map /opt/stack/data/venv/lib/python3.12/site-packages/glance_store/location.py:146}}
Jul 09 22:19:26.082584 np0000004928 devstack@g-api.service[102862]: DEBUG glance.api.middleware.version_negotiation [None req-99391921-a52d-47fc-accb-41dd4576c979 tempest-VolumesActionsTest-1073661050 tempest-VolumesActionsTest-1073661050-project-member] Determining version of request: GET /v2/schemas/image Accept: */* {{(pid=102862) process_request /opt/stack/glance/glance/api/middleware/version_negotiation.py:44}}
Jul 09 22:19:26.082584 np0000004928 devstack@g-api.service[102862]: DEBUG glance.api.middleware.version_negotiation [None req-99391921-a52d-47fc-accb-41dd4576c979 tempest-VolumesActionsTest-1073661050 tempest-VolumesActionsTest-1073661050-project-member] Using url versioning {{(pid=102862) process_request /opt/stack/glance/glance/api/middleware/version_negotiation.py:57}}
Jul 09 22:19:26.082584 np0000004928 devstack@g-api.service[102862]: DEBUG glance.api.middleware.version_negotiation [None req-99391921-a52d-47fc-accb-41dd4576c979 tempest-VolumesActionsTest-1073661050 tempest-VolumesActionsTest-1073661050-project-member] Matched version: v2 {{(pid=102862) process_request /opt/stack/glance/glance/api/middleware/version_negotiation.py:69}}
Jul 09 22:19:26.082584 np0000004928 devstack@g-api.service[102862]: DEBUG glance.api.middleware.version_negotiation [None req-99391921-a52d-47fc-accb-41dd4576c979 tempest-VolumesActionsTest-1073661050 tempest-VolumesActionsTest-1073661050-project-member] new path /v2/schemas/image {{(pid=102862) process_request /opt/stack/glance/glance/api/middleware/version_negotiation.py:70}}
Jul 09 22:19:26.089038 np0000004928 devstack@g-api.service[102862]: [pid: 102862|app: 0|req: 30/112] 127.0.0.1 () {44 vars in 1051 bytes} [Thu Jul 9 22:19:26 2026] GET /v2/schemas/image => generated 6083 bytes in 8 msecs (HTTP/1.1 200) 4 headers in 158 bytes (1 switches on core 0)
Jul 09 22:19:26.236357 np0000004928 devstack@g-api.service[102865]: DEBUG glance.api.middleware.version_negotiation [None req-9cfff65e-d456-4d90-8dc8-0e453177bccf tempest-VolumesActionsTest-1073661050 tempest-VolumesActionsTest-1073661050-project-member] Determining version of request: GET /v2/images/51ac1b9f-a02c-4466-a968-513a4f232937 Accept: application/json {{(pid=102865) process_request /opt/stack/glance/glance/api/middleware/version_negotiation.py:44}}
Jul 09 22:19:26.236728 np0000004928 devstack@g-api.service[102865]: DEBUG glance.api.middleware.version_negotiation [None req-9cfff65e-d456-4d90-8dc8-0e453177bccf tempest-VolumesActionsTest-1073661050 tempest-VolumesActionsTest-1073661050-project-member] Using url versioning {{(pid=102865) process_request /opt/stack/glance/glance/api/middleware/version_negotiation.py:57}}
Jul 09 22:19:26.236728 np0000004928 devstack@g-api.service[102865]: DEBUG glance.api.middleware.version_negotiation [None req-9cfff65e-d456-4d90-8dc8-0e453177bccf tempest-VolumesActionsTest-1073661050 tempest-VolumesActionsTest-1073661050-project-member] Matched version: v2 {{(pid=102865) process_request /opt/stack/glance/glance/api/middleware/version_negotiation.py:69}}
Jul 09 22:19:26.236870 np0000004928 devstack@g-api.service[102865]: DEBUG glance.api.middleware.version_negotiation [None req-9cfff65e-d456-4d90-8dc8-0e453177bccf tempest-VolumesActionsTest-1073661050 tempest-VolumesActionsTest-1073661050-project-member] new path /v2/images/51ac1b9f-a02c-4466-a968-513a4f232937 {{(pid=102865) process_request /opt/stack/glance/glance/api/middleware/version_negotiation.py:70}}
Jul 09 22:19:26.249989 np0000004928 devstack@g-api.service[102865]: [pid: 102865|app: 0|req: 29/113] 127.0.0.1 () {40 vars in 834 bytes} [Thu Jul 9 22:19:26 2026] GET /v2/images/51ac1b9f-a02c-4466-a968-513a4f232937 => generated 650 bytes in 14 msecs (HTTP/1.1 200) 4 headers in 157 bytes (1 switches on core 0)
Jul 09 22:19:26.278474 np0000004928 devstack@g-api.service[102864]: DEBUG swiftclient [None req-02faaf43-6819-4c12-b855-56b93b1e5e76 tempest-VolumesActionsTest-1073661050 tempest-VolumesActionsTest-1073661050-project-member] REQ: curl -i https://10.4.3.63:8080/v1/AUTH_4333a974ff3a4d288466b80365b10e8d/glance -I -H "X-Auth-Token: gAAAAABqUB5uPnll..." {{(pid=102864) http_log /opt/stack/data/venv/lib/python3.12/site-packages/swiftclient/client.py:160}}
Jul 09 22:19:26.278474 np0000004928 devstack@g-api.service[102864]: DEBUG swiftclient [None req-02faaf43-6819-4c12-b855-56b93b1e5e76 tempest-VolumesActionsTest-1073661050 tempest-VolumesActionsTest-1073661050-project-member] RESP STATUS: 204 No Content {{(pid=102864) http_log /opt/stack/data/venv/lib/python3.12/site-packages/swiftclient/client.py:161}}
Jul 09 22:19:26.278822 np0000004928 devstack@g-api.service[102864]: DEBUG swiftclient [None req-02faaf43-6819-4c12-b855-56b93b1e5e76 tempest-VolumesActionsTest-1073661050 tempest-VolumesActionsTest-1073661050-project-member] RESP HEADERS: {'Date': 'Thu, 09 Jul 2026 22:19:26 GMT', 'Server': 'Apache/2.4.58 (Ubuntu)', 'Content-Type': 'text/plain; charset=utf-8', 'X-Container-Object-Count': '3', 'X-Container-Bytes-Used': '64356352', 'X-Timestamp': '1783635302.41163', 'Last-Modified': 'Thu, 09 Jul 2026 22:15:03 GMT', 'Accept-Ranges': 'bytes', 'X-Storage-Policy': 'Policy-0', 'X-Container-Sharding': 'False', 'Vary': 'Accept', 'X-Trans-Id': 'tx56872ce247b947449f12f-006a501e6e', 'X-Openstack-Request-Id': 'tx56872ce247b947449f12f-006a501e6e', 'Connection': 'close'} {{(pid=102864) http_log /opt/stack/data/venv/lib/python3.12/site-packages/swiftclient/client.py:162}}
Jul 09 22:19:26.279025 np0000004928 devstack@g-api.service[102864]: DEBUG glance_store._drivers.swift.store [None req-02faaf43-6819-4c12-b855-56b93b1e5e76 tempest-VolumesActionsTest-1073661050 tempest-VolumesActionsTest-1073661050-project-member] Adding image object '51ac1b9f-a02c-4466-a968-513a4f232937' to Swift {{(pid=102864) add /opt/stack/data/venv/lib/python3.12/site-packages/glance_store/_drivers/swift/store.py:970}}
Jul 09 22:19:26.279247 np0000004928 devstack@g-api.service[102864]: DEBUG glance_store._drivers.swift.store [None req-02faaf43-6819-4c12-b855-56b93b1e5e76 tempest-VolumesActionsTest-1073661050 tempest-VolumesActionsTest-1073661050-project-member] Cannot determine image size because it is either not provided in the request or chunked-transfer encoding is used. Adding image as a segmented object to Swift. {{(pid=102864) add /opt/stack/data/venv/lib/python3.12/site-packages/glance_store/_drivers/swift/store.py:994}}
Jul 09 22:19:26.286833 np0000004928 devstack@g-api.service[102864]: DEBUG oslo_utils.imageutils.format_inspector [None req-02faaf43-6819-4c12-b855-56b93b1e5e76 tempest-VolumesActionsTest-1073661050 tempest-VolumesActionsTest-1073661050-project-member] Format inspector for vmdk does not match, excluding from consideration (Signature KDMV not found: b'\x00\x00\x00\x00') {{(pid=102864) _process_chunk /opt/stack/data/venv/lib/python3.12/site-packages/oslo_utils/imageutils/format_inspector.py:1758}}
Jul 09 22:19:26.289743 np0000004928 devstack@g-api.service[102864]: DEBUG oslo_utils.imageutils.format_inspector [None req-02faaf43-6819-4c12-b855-56b93b1e5e76 tempest-VolumesActionsTest-1073661050 tempest-VolumesActionsTest-1073661050-project-member] Format inspector for vhdx does not match, excluding from consideration (Region signature not found at 30000) {{(pid=102864) _process_chunk /opt/stack/data/venv/lib/python3.12/site-packages/oslo_utils/imageutils/format_inspector.py:1758}}
Jul 09 22:19:27.266813 np0000004928 devstack@g-api.service[102863]: DEBUG glance.api.middleware.version_negotiation [None req-68daa3cb-c50b-4745-be49-087e10607366 tempest-ServerStableDeviceRescueTest-1163531726 tempest-ServerStableDeviceRescueTest-1163531726-project-member] Determining version of request: GET /v2/images/51ac1b9f-a02c-4466-a968-513a4f232937 Accept: application/json {{(pid=102863) process_request /opt/stack/glance/glance/api/middleware/version_negotiation.py:44}}
Jul 09 22:19:27.269729 np0000004928 devstack@g-api.service[102863]: DEBUG glance.api.middleware.version_negotiation [None req-68daa3cb-c50b-4745-be49-087e10607366 tempest-ServerStableDeviceRescueTest-1163531726 tempest-ServerStableDeviceRescueTest-1163531726-project-member] Using url versioning {{(pid=102863) process_request /opt/stack/glance/glance/api/middleware/version_negotiation.py:57}}
Jul 09 22:19:27.269729 np0000004928 devstack@g-api.service[102863]: DEBUG glance.api.middleware.version_negotiation [None req-68daa3cb-c50b-4745-be49-087e10607366 tempest-ServerStableDeviceRescueTest-1163531726 tempest-ServerStableDeviceRescueTest-1163531726-project-member] Matched version: v2 {{(pid=102863) process_request /opt/stack/glance/glance/api/middleware/version_negotiation.py:69}}
Jul 09 22:19:27.269729 np0000004928 devstack@g-api.service[102863]: DEBUG glance.api.middleware.version_negotiation [None req-68daa3cb-c50b-4745-be49-087e10607366 tempest-ServerStableDeviceRescueTest-1163531726 tempest-ServerStableDeviceRescueTest-1163531726-project-member] new path /v2/images/51ac1b9f-a02c-4466-a968-513a4f232937 {{(pid=102863) process_request /opt/stack/glance/glance/api/middleware/version_negotiation.py:70}}
Jul 09 22:19:27.282580 np0000004928 devstack@g-api.service[102863]: [pid: 102863|app: 0|req: 29/114] 127.0.0.1 () {40 vars in 834 bytes} [Thu Jul 9 22:19:27 2026] GET /v2/images/51ac1b9f-a02c-4466-a968-513a4f232937 => generated 650 bytes in 18 msecs (HTTP/1.1 200) 4 headers in 157 bytes (1 switches on core 0)
Jul 09 22:19:28.294752 np0000004928 devstack@g-api.service[102862]: DEBUG glance.api.middleware.version_negotiation [None req-68daa3cb-c50b-4745-be49-087e10607366 tempest-ServerStableDeviceRescueTest-1163531726 tempest-ServerStableDeviceRescueTest-1163531726-project-member] Determining version of request: GET /v2/images/51ac1b9f-a02c-4466-a968-513a4f232937 Accept: application/json {{(pid=102862) process_request /opt/stack/glance/glance/api/middleware/version_negotiation.py:44}}
Jul 09 22:19:28.297780 np0000004928 devstack@g-api.service[102862]: DEBUG glance.api.middleware.version_negotiation [None req-68daa3cb-c50b-4745-be49-087e10607366 tempest-ServerStableDeviceRescueTest-1163531726 tempest-ServerStableDeviceRescueTest-1163531726-project-member] Using url versioning {{(pid=102862) process_request /opt/stack/glance/glance/api/middleware/version_negotiation.py:57}}
Jul 09 22:19:28.299842 np0000004928 devstack@g-api.service[102862]: DEBUG glance.api.middleware.version_negotiation [None req-68daa3cb-c50b-4745-be49-087e10607366 tempest-ServerStableDeviceRescueTest-1163531726 tempest-ServerStableDeviceRescueTest-1163531726-project-member] Matched version: v2 {{(pid=102862) process_request /opt/stack/glance/glance/api/middleware/version_negotiation.py:69}}
Jul 09 22:19:28.300123 np0000004928 devstack@g-api.service[102862]: DEBUG glance.api.middleware.version_negotiation [None req-68daa3cb-c50b-4745-be49-087e10607366 tempest-ServerStableDeviceRescueTest-1163531726 tempest-ServerStableDeviceRescueTest-1163531726-project-member] new path /v2/images/51ac1b9f-a02c-4466-a968-513a4f232937 {{(pid=102862) process_request /opt/stack/glance/glance/api/middleware/version_negotiation.py:70}}
Jul 09 22:19:28.313082 np0000004928 devstack@g-api.service[102862]: [pid: 102862|app: 0|req: 31/115] 127.0.0.1 () {40 vars in 834 bytes} [Thu Jul 9 22:19:28 2026] GET /v2/images/51ac1b9f-a02c-4466-a968-513a4f232937 => generated 650 bytes in 19 msecs (HTTP/1.1 200) 4 headers in 157 bytes (1 switches on core 0)
Jul 09 22:19:28.417939 np0000004928 devstack@g-api.service[102864]: DEBUG swiftclient [None req-02faaf43-6819-4c12-b855-56b93b1e5e76 tempest-VolumesActionsTest-1073661050 tempest-VolumesActionsTest-1073661050-project-member] REQ: curl -i https://10.4.3.63:8080/v1/AUTH_4333a974ff3a4d288466b80365b10e8d/glance/51ac1b9f-a02c-4466-a968-513a4f232937-00001 -X PUT -H "X-Auth-Token: gAAAAABqUB5uPnll..." {{(pid=102864) http_log /opt/stack/data/venv/lib/python3.12/site-packages/swiftclient/client.py:160}}
Jul 09 22:19:28.418252 np0000004928 devstack@g-api.service[102864]: DEBUG swiftclient [None req-02faaf43-6819-4c12-b855-56b93b1e5e76 tempest-VolumesActionsTest-1073661050 tempest-VolumesActionsTest-1073661050-project-member] RESP STATUS: 201 Created {{(pid=102864) http_log /opt/stack/data/venv/lib/python3.12/site-packages/swiftclient/client.py:161}}
Jul 09 22:19:28.418286 np0000004928 devstack@g-api.service[102864]: DEBUG swiftclient [None req-02faaf43-6819-4c12-b855-56b93b1e5e76 tempest-VolumesActionsTest-1073661050 tempest-VolumesActionsTest-1073661050-project-member] RESP HEADERS: {'Date': 'Thu, 09 Jul 2026 22:19:28 GMT', 'Server': 'Apache/2.4.58 (Ubuntu)', 'Content-Type': 'text/html; charset=UTF-8', 'Content-Length': '0', 'Etag': 'eda9a9889837ac4bc81d6387d92c1bec', 'Last-Modified': 'Thu, 09 Jul 2026 22:19:27 GMT', 'X-Trans-Id': 'txee96b247d1c0401ea9131-006a501e6e', 'X-Openstack-Request-Id': 'txee96b247d1c0401ea9131-006a501e6e', 'Connection': 'close'} {{(pid=102864) http_log /opt/stack/data/venv/lib/python3.12/site-packages/swiftclient/client.py:162}}
Jul 09 22:19:28.418459 np0000004928 devstack@g-api.service[102864]: DEBUG glance_store._drivers.swift.store [None req-02faaf43-6819-4c12-b855-56b93b1e5e76 tempest-VolumesActionsTest-1073661050 tempest-VolumesActionsTest-1073661050-project-member] Wrote chunk 51ac1b9f-a02c-4466-a968-513a4f232937-00001 (1/?) of length 204800000 to Swift returning MD5 of content: eda9a9889837ac4bc81d6387d92c1bec {{(pid=102864) add /opt/stack/data/venv/lib/python3.12/site-packages/glance_store/_drivers/swift/store.py:1059}}
Jul 09 22:19:29.324355 np0000004928 devstack@g-api.service[102865]: DEBUG glance.api.middleware.version_negotiation [None req-dd499e81-36be-4689-be1b-6d4c5ea9eead tempest-VolumesActionsTest-1073661050 tempest-VolumesActionsTest-1073661050-project-member] Determining version of request: GET /v2/images/51ac1b9f-a02c-4466-a968-513a4f232937 Accept: application/json {{(pid=102865) process_request /opt/stack/glance/glance/api/middleware/version_negotiation.py:44}}
Jul 09 22:19:29.325970 np0000004928 devstack@g-api.service[102865]: DEBUG glance.api.middleware.version_negotiation [None req-dd499e81-36be-4689-be1b-6d4c5ea9eead tempest-VolumesActionsTest-1073661050 tempest-VolumesActionsTest-1073661050-project-member] Using url versioning {{(pid=102865) process_request /opt/stack/glance/glance/api/middleware/version_negotiation.py:57}}
Jul 09 22:19:29.325970 np0000004928 devstack@g-api.service[102865]: DEBUG glance.api.middleware.version_negotiation [None req-dd499e81-36be-4689-be1b-6d4c5ea9eead tempest-VolumesActionsTest-1073661050 tempest-VolumesActionsTest-1073661050-project-member] Matched version: v2 {{(pid=102865) process_request /opt/stack/glance/glance/api/middleware/version_negotiation.py:69}}
Jul 09 22:19:29.325970 np0000004928 devstack@g-api.service[102865]: DEBUG glance.api.middleware.version_negotiation [None req-dd499e81-36be-4689-be1b-6d4c5ea9eead tempest-VolumesActionsTest-1073661050 tempest-VolumesActionsTest-1073661050-project-member] new path /v2/images/51ac1b9f-a02c-4466-a968-513a4f232937 {{(pid=102865) process_request /opt/stack/glance/glance/api/middleware/version_negotiation.py:70}}
Jul 09 22:19:29.343705 np0000004928 devstack@g-api.service[102865]: [pid: 102865|app: 0|req: 30/116] 127.0.0.1 () {40 vars in 834 bytes} [Thu Jul 9 22:19:29 2026] GET /v2/images/51ac1b9f-a02c-4466-a968-513a4f232937 => generated 650 bytes in 19 msecs (HTTP/1.1 200) 4 headers in 157 bytes (1 switches on core 0)
Jul 09 22:19:30.362207 np0000004928 devstack@g-api.service[102863]: DEBUG glance.api.middleware.version_negotiation [None req-656a6175-aba6-451e-b178-15bf6c80fbe5 tempest-VolumesActionsTest-1073661050 tempest-VolumesActionsTest-1073661050-project-member] Determining version of request: GET /v2/images/51ac1b9f-a02c-4466-a968-513a4f232937 Accept: application/json {{(pid=102863) process_request /opt/stack/glance/glance/api/middleware/version_negotiation.py:44}}
Jul 09 22:19:30.362207 np0000004928 devstack@g-api.service[102863]: DEBUG glance.api.middleware.version_negotiation [None req-656a6175-aba6-451e-b178-15bf6c80fbe5 tempest-VolumesActionsTest-1073661050 tempest-VolumesActionsTest-1073661050-project-member] Using url versioning {{(pid=102863) process_request /opt/stack/glance/glance/api/middleware/version_negotiation.py:57}}
Jul 09 22:19:30.362207 np0000004928 devstack@g-api.service[102863]: DEBUG glance.api.middleware.version_negotiation [None req-656a6175-aba6-451e-b178-15bf6c80fbe5 tempest-VolumesActionsTest-1073661050 tempest-VolumesActionsTest-1073661050-project-member] Matched version: v2 {{(pid=102863) process_request /opt/stack/glance/glance/api/middleware/version_negotiation.py:69}}
Jul 09 22:19:30.362207 np0000004928 devstack@g-api.service[102863]: DEBUG glance.api.middleware.version_negotiation [None req-656a6175-aba6-451e-b178-15bf6c80fbe5 tempest-VolumesActionsTest-1073661050 tempest-VolumesActionsTest-1073661050-project-member] new path /v2/images/51ac1b9f-a02c-4466-a968-513a4f232937 {{(pid=102863) process_request /opt/stack/glance/glance/api/middleware/version_negotiation.py:70}}
Jul 09 22:19:30.380383 np0000004928 devstack@g-api.service[102863]: [pid: 102863|app: 0|req: 30/117] 127.0.0.1 () {40 vars in 834 bytes} [Thu Jul 9 22:19:30 2026] GET /v2/images/51ac1b9f-a02c-4466-a968-513a4f232937 => generated 650 bytes in 25 msecs (HTTP/1.1 200) 4 headers in 157 bytes (1 switches on core 0)
Jul 09 22:19:30.744177 np0000004928 devstack@g-api.service[102862]: DEBUG glance.api.middleware.version_negotiation [None req-80de0e4c-672d-49cd-bdb2-001fbce1d8f1 tempest-VolumesActionsTest-1073661050 tempest-VolumesActionsTest-1073661050-project-member] Determining version of request: GET /v2/images/8f710bb6-2d15-46be-a16d-d27d3b118baf Accept: */* {{(pid=102862) process_request /opt/stack/glance/glance/api/middleware/version_negotiation.py:44}}
Jul 09 22:19:30.744177 np0000004928 devstack@g-api.service[102862]: DEBUG glance.api.middleware.version_negotiation [None req-80de0e4c-672d-49cd-bdb2-001fbce1d8f1 tempest-VolumesActionsTest-1073661050 tempest-VolumesActionsTest-1073661050-project-member] Using url versioning {{(pid=102862) process_request /opt/stack/glance/glance/api/middleware/version_negotiation.py:57}}
Jul 09 22:19:30.745096 np0000004928 devstack@g-api.service[102862]: DEBUG glance.api.middleware.version_negotiation [None req-80de0e4c-672d-49cd-bdb2-001fbce1d8f1 tempest-VolumesActionsTest-1073661050 tempest-VolumesActionsTest-1073661050-project-member] Matched version: v2 {{(pid=102862) process_request /opt/stack/glance/glance/api/middleware/version_negotiation.py:69}}
Jul 09 22:19:30.745096 np0000004928 devstack@g-api.service[102862]: DEBUG glance.api.middleware.version_negotiation [None req-80de0e4c-672d-49cd-bdb2-001fbce1d8f1 tempest-VolumesActionsTest-1073661050 tempest-VolumesActionsTest-1073661050-project-member] new path /v2/images/8f710bb6-2d15-46be-a16d-d27d3b118baf {{(pid=102862) process_request /opt/stack/glance/glance/api/middleware/version_negotiation.py:70}}
Jul 09 22:19:30.759895 np0000004928 devstack@g-api.service[102862]: [pid: 102862|app: 0|req: 32/118] 127.0.0.1 () {44 vars in 1111 bytes} [Thu Jul 9 22:19:30 2026] GET /v2/images/8f710bb6-2d15-46be-a16d-d27d3b118baf => generated 1044 bytes in 16 msecs (HTTP/1.1 200) 4 headers in 158 bytes (1 switches on core 0)
Jul 09 22:19:30.807042 np0000004928 devstack@g-api.service[102865]: DEBUG glance.api.middleware.version_negotiation [None req-eb6d0c1a-06f9-4e26-97ba-8da6c253f961 tempest-VolumesActionsTest-1073661050 tempest-VolumesActionsTest-1073661050-project-member] Determining version of request: GET /v2/schemas/image Accept: */* {{(pid=102865) process_request /opt/stack/glance/glance/api/middleware/version_negotiation.py:44}}
Jul 09 22:19:30.807042 np0000004928 devstack@g-api.service[102865]: DEBUG glance.api.middleware.version_negotiation [None req-eb6d0c1a-06f9-4e26-97ba-8da6c253f961 tempest-VolumesActionsTest-1073661050 tempest-VolumesActionsTest-1073661050-project-member] Using url versioning {{(pid=102865) process_request /opt/stack/glance/glance/api/middleware/version_negotiation.py:57}}
Jul 09 22:19:30.807042 np0000004928 devstack@g-api.service[102865]: DEBUG glance.api.middleware.version_negotiation [None req-eb6d0c1a-06f9-4e26-97ba-8da6c253f961 tempest-VolumesActionsTest-1073661050 tempest-VolumesActionsTest-1073661050-project-member] Matched version: v2 {{(pid=102865) process_request /opt/stack/glance/glance/api/middleware/version_negotiation.py:69}}
Jul 09 22:19:30.807042 np0000004928 devstack@g-api.service[102865]: DEBUG glance.api.middleware.version_negotiation [None req-eb6d0c1a-06f9-4e26-97ba-8da6c253f961 tempest-VolumesActionsTest-1073661050 tempest-VolumesActionsTest-1073661050-project-member] new path /v2/schemas/image {{(pid=102865) process_request /opt/stack/glance/glance/api/middleware/version_negotiation.py:70}}
Jul 09 22:19:30.808741 np0000004928 devstack@g-api.service[102864]: DEBUG swiftclient [None req-02faaf43-6819-4c12-b855-56b93b1e5e76 tempest-VolumesActionsTest-1073661050 tempest-VolumesActionsTest-1073661050-project-member] REQ: curl -i https://10.4.3.63:8080/v1/AUTH_4333a974ff3a4d288466b80365b10e8d/glance/51ac1b9f-a02c-4466-a968-513a4f232937-00002 -X PUT -H "X-Auth-Token: gAAAAABqUB5uPnll..." {{(pid=102864) http_log /opt/stack/data/venv/lib/python3.12/site-packages/swiftclient/client.py:160}}
Jul 09 22:19:30.809184 np0000004928 devstack@g-api.service[102864]: DEBUG swiftclient [None req-02faaf43-6819-4c12-b855-56b93b1e5e76 tempest-VolumesActionsTest-1073661050 tempest-VolumesActionsTest-1073661050-project-member] RESP STATUS: 201 Created {{(pid=102864) http_log /opt/stack/data/venv/lib/python3.12/site-packages/swiftclient/client.py:161}}
Jul 09 22:19:30.809184 np0000004928 devstack@g-api.service[102864]: DEBUG swiftclient [None req-02faaf43-6819-4c12-b855-56b93b1e5e76 tempest-VolumesActionsTest-1073661050 tempest-VolumesActionsTest-1073661050-project-member] RESP HEADERS: {'Date': 'Thu, 09 Jul 2026 22:19:30 GMT', 'Server': 'Apache/2.4.58 (Ubuntu)', 'Content-Type': 'text/html; charset=UTF-8', 'Content-Length': '0', 'Etag': 'eda9a9889837ac4bc81d6387d92c1bec', 'Last-Modified': 'Thu, 09 Jul 2026 22:19:29 GMT', 'X-Trans-Id': 'tx526212c76af344dd98df5-006a501e70', 'X-Openstack-Request-Id': 'tx526212c76af344dd98df5-006a501e70', 'Connection': 'close'} {{(pid=102864) http_log /opt/stack/data/venv/lib/python3.12/site-packages/swiftclient/client.py:162}}
Jul 09 22:19:30.809184 np0000004928 devstack@g-api.service[102864]: DEBUG glance_store._drivers.swift.store [None req-02faaf43-6819-4c12-b855-56b93b1e5e76 tempest-VolumesActionsTest-1073661050 tempest-VolumesActionsTest-1073661050-project-member] Wrote chunk 51ac1b9f-a02c-4466-a968-513a4f232937-00002 (2/?) of length 204800000 to Swift returning MD5 of content: eda9a9889837ac4bc81d6387d92c1bec {{(pid=102864) add /opt/stack/data/venv/lib/python3.12/site-packages/glance_store/_drivers/swift/store.py:1059}}
Jul 09 22:19:30.811482 np0000004928 devstack@g-api.service[102865]: [pid: 102865|app: 0|req: 31/119] 127.0.0.1 () {44 vars in 1051 bytes} [Thu Jul 9 22:19:30 2026] GET /v2/schemas/image => generated 6083 bytes in 6 msecs (HTTP/1.1 200) 4 headers in 158 bytes (1 switches on core 0)
Jul 09 22:19:31.394009 np0000004928 devstack@g-api.service[102863]: DEBUG glance.api.middleware.version_negotiation [None req-a378fcfb-5579-4457-b244-5aa1390ed3c6 tempest-VolumesActionsTest-1073661050 tempest-VolumesActionsTest-1073661050-project-member] Determining version of request: GET /v2/images/51ac1b9f-a02c-4466-a968-513a4f232937 Accept: application/json {{(pid=102863) process_request /opt/stack/glance/glance/api/middleware/version_negotiation.py:44}}
Jul 09 22:19:31.394009 np0000004928 devstack@g-api.service[102863]: DEBUG glance.api.middleware.version_negotiation [None req-a378fcfb-5579-4457-b244-5aa1390ed3c6 tempest-VolumesActionsTest-1073661050 tempest-VolumesActionsTest-1073661050-project-member] Using url versioning {{(pid=102863) process_request /opt/stack/glance/glance/api/middleware/version_negotiation.py:57}}
Jul 09 22:19:31.394009 np0000004928 devstack@g-api.service[102863]: DEBUG glance.api.middleware.version_negotiation [None req-a378fcfb-5579-4457-b244-5aa1390ed3c6 tempest-VolumesActionsTest-1073661050 tempest-VolumesActionsTest-1073661050-project-member] Matched version: v2 {{(pid=102863) process_request /opt/stack/glance/glance/api/middleware/version_negotiation.py:69}}
Jul 09 22:19:31.394518 np0000004928 devstack@g-api.service[102863]: DEBUG glance.api.middleware.version_negotiation [None req-a378fcfb-5579-4457-b244-5aa1390ed3c6 tempest-VolumesActionsTest-1073661050 tempest-VolumesActionsTest-1073661050-project-member] new path /v2/images/51ac1b9f-a02c-4466-a968-513a4f232937 {{(pid=102863) process_request /opt/stack/glance/glance/api/middleware/version_negotiation.py:70}}
Jul 09 22:19:31.412448 np0000004928 devstack@g-api.service[102863]: [pid: 102863|app: 0|req: 31/120] 127.0.0.1 () {40 vars in 834 bytes} [Thu Jul 9 22:19:31 2026] GET /v2/images/51ac1b9f-a02c-4466-a968-513a4f232937 => generated 650 bytes in 19 msecs (HTTP/1.1 200) 4 headers in 157 bytes (1 switches on core 0)
Jul 09 22:19:32.424597 np0000004928 devstack@g-api.service[102862]: DEBUG glance.api.middleware.version_negotiation [None req-571994c8-0c87-4f1e-ae9f-2d50d4d76774 tempest-TaggedBootDevicesTest-864170106 tempest-TaggedBootDevicesTest-864170106-project-member] Determining version of request: GET /v2/images/51ac1b9f-a02c-4466-a968-513a4f232937 Accept: application/json {{(pid=102862) process_request /opt/stack/glance/glance/api/middleware/version_negotiation.py:44}}
Jul 09 22:19:32.425063 np0000004928 devstack@g-api.service[102862]: DEBUG glance.api.middleware.version_negotiation [None req-571994c8-0c87-4f1e-ae9f-2d50d4d76774 tempest-TaggedBootDevicesTest-864170106 tempest-TaggedBootDevicesTest-864170106-project-member] Using url versioning {{(pid=102862) process_request /opt/stack/glance/glance/api/middleware/version_negotiation.py:57}}
Jul 09 22:19:32.425063 np0000004928 devstack@g-api.service[102862]: DEBUG glance.api.middleware.version_negotiation [None req-571994c8-0c87-4f1e-ae9f-2d50d4d76774 tempest-TaggedBootDevicesTest-864170106 tempest-TaggedBootDevicesTest-864170106-project-member] Matched version: v2 {{(pid=102862) process_request /opt/stack/glance/glance/api/middleware/version_negotiation.py:69}}
Jul 09 22:19:32.425153 np0000004928 devstack@g-api.service[102862]: DEBUG glance.api.middleware.version_negotiation [None req-571994c8-0c87-4f1e-ae9f-2d50d4d76774 tempest-TaggedBootDevicesTest-864170106 tempest-TaggedBootDevicesTest-864170106-project-member] new path /v2/images/51ac1b9f-a02c-4466-a968-513a4f232937 {{(pid=102862) process_request /opt/stack/glance/glance/api/middleware/version_negotiation.py:70}}
Jul 09 22:19:32.439267 np0000004928 devstack@g-api.service[102862]: [pid: 102862|app: 0|req: 33/121] 127.0.0.1 () {40 vars in 834 bytes} [Thu Jul 9 22:19:32 2026] GET /v2/images/51ac1b9f-a02c-4466-a968-513a4f232937 => generated 650 bytes in 14 msecs (HTTP/1.1 200) 4 headers in 157 bytes (1 switches on core 0)
Jul 09 22:19:33.169772 np0000004928 devstack@g-api.service[102864]: DEBUG swiftclient [None req-02faaf43-6819-4c12-b855-56b93b1e5e76 tempest-VolumesActionsTest-1073661050 tempest-VolumesActionsTest-1073661050-project-member] REQ: curl -i https://10.4.3.63:8080/v1/AUTH_4333a974ff3a4d288466b80365b10e8d/glance/51ac1b9f-a02c-4466-a968-513a4f232937-00003 -X PUT -H "X-Auth-Token: gAAAAABqUB5uPnll..." {{(pid=102864) http_log /opt/stack/data/venv/lib/python3.12/site-packages/swiftclient/client.py:160}}
Jul 09 22:19:33.169772 np0000004928 devstack@g-api.service[102864]: DEBUG swiftclient [None req-02faaf43-6819-4c12-b855-56b93b1e5e76 tempest-VolumesActionsTest-1073661050 tempest-VolumesActionsTest-1073661050-project-member] RESP STATUS: 201 Created {{(pid=102864) http_log /opt/stack/data/venv/lib/python3.12/site-packages/swiftclient/client.py:161}}
Jul 09 22:19:33.169772 np0000004928 devstack@g-api.service[102864]: DEBUG swiftclient [None req-02faaf43-6819-4c12-b855-56b93b1e5e76 tempest-VolumesActionsTest-1073661050 tempest-VolumesActionsTest-1073661050-project-member] RESP HEADERS: {'Date': 'Thu, 09 Jul 2026 22:19:33 GMT', 'Server': 'Apache/2.4.58 (Ubuntu)', 'Content-Type': 'text/html; charset=UTF-8', 'Content-Length': '0', 'Etag': 'eda9a9889837ac4bc81d6387d92c1bec', 'Last-Modified': 'Thu, 09 Jul 2026 22:19:31 GMT', 'X-Trans-Id': 'tx28dc366e77a44d989cf66-006a501e72', 'X-Openstack-Request-Id': 'tx28dc366e77a44d989cf66-006a501e72', 'Connection': 'close'} {{(pid=102864) http_log /opt/stack/data/venv/lib/python3.12/site-packages/swiftclient/client.py:162}}
Jul 09 22:19:33.169772 np0000004928 devstack@g-api.service[102864]: DEBUG glance_store._drivers.swift.store [None req-02faaf43-6819-4c12-b855-56b93b1e5e76 tempest-VolumesActionsTest-1073661050 tempest-VolumesActionsTest-1073661050-project-member] Wrote chunk 51ac1b9f-a02c-4466-a968-513a4f232937-00003 (3/?) of length 204800000 to Swift returning MD5 of content: eda9a9889837ac4bc81d6387d92c1bec {{(pid=102864) add /opt/stack/data/venv/lib/python3.12/site-packages/glance_store/_drivers/swift/store.py:1059}}
Jul 09 22:19:33.452572 np0000004928 devstack@g-api.service[102865]: DEBUG glance.api.middleware.version_negotiation [None req-571994c8-0c87-4f1e-ae9f-2d50d4d76774 tempest-TaggedBootDevicesTest-864170106 tempest-TaggedBootDevicesTest-864170106-project-member] Determining version of request: GET /v2/images/51ac1b9f-a02c-4466-a968-513a4f232937 Accept: application/json {{(pid=102865) process_request /opt/stack/glance/glance/api/middleware/version_negotiation.py:44}}
Jul 09 22:19:33.453097 np0000004928 devstack@g-api.service[102865]: DEBUG glance.api.middleware.version_negotiation [None req-571994c8-0c87-4f1e-ae9f-2d50d4d76774 tempest-TaggedBootDevicesTest-864170106 tempest-TaggedBootDevicesTest-864170106-project-member] Using url versioning {{(pid=102865) process_request /opt/stack/glance/glance/api/middleware/version_negotiation.py:57}}
Jul 09 22:19:33.453097 np0000004928 devstack@g-api.service[102865]: DEBUG glance.api.middleware.version_negotiation [None req-571994c8-0c87-4f1e-ae9f-2d50d4d76774 tempest-TaggedBootDevicesTest-864170106 tempest-TaggedBootDevicesTest-864170106-project-member] Matched version: v2 {{(pid=102865) process_request /opt/stack/glance/glance/api/middleware/version_negotiation.py:69}}
Jul 09 22:19:33.453097 np0000004928 devstack@g-api.service[102865]: DEBUG glance.api.middleware.version_negotiation [None req-571994c8-0c87-4f1e-ae9f-2d50d4d76774 tempest-TaggedBootDevicesTest-864170106 tempest-TaggedBootDevicesTest-864170106-project-member] new path /v2/images/51ac1b9f-a02c-4466-a968-513a4f232937 {{(pid=102865) process_request /opt/stack/glance/glance/api/middleware/version_negotiation.py:70}}
Jul 09 22:19:33.469255 np0000004928 devstack@g-api.service[102865]: [pid: 102865|app: 0|req: 32/122] 127.0.0.1 () {40 vars in 834 bytes} [Thu Jul 9 22:19:33 2026] GET /v2/images/51ac1b9f-a02c-4466-a968-513a4f232937 => generated 650 bytes in 17 msecs (HTTP/1.1 200) 4 headers in 157 bytes (1 switches on core 0)
Jul 09 22:19:34.488876 np0000004928 devstack@g-api.service[102863]: DEBUG glance.api.middleware.version_negotiation [None req-e789b928-dd89-4255-9920-9b1a27bcdfda tempest-VolumesActionsTest-1073661050 tempest-VolumesActionsTest-1073661050-project-member] Determining version of request: GET /v2/images/51ac1b9f-a02c-4466-a968-513a4f232937 Accept: application/json {{(pid=102863) process_request /opt/stack/glance/glance/api/middleware/version_negotiation.py:44}}
Jul 09 22:19:34.488876 np0000004928 devstack@g-api.service[102863]: DEBUG glance.api.middleware.version_negotiation [None req-e789b928-dd89-4255-9920-9b1a27bcdfda tempest-VolumesActionsTest-1073661050 tempest-VolumesActionsTest-1073661050-project-member] Using url versioning {{(pid=102863) process_request /opt/stack/glance/glance/api/middleware/version_negotiation.py:57}}
Jul 09 22:19:34.488876 np0000004928 devstack@g-api.service[102863]: DEBUG glance.api.middleware.version_negotiation [None req-e789b928-dd89-4255-9920-9b1a27bcdfda tempest-VolumesActionsTest-1073661050 tempest-VolumesActionsTest-1073661050-project-member] Matched version: v2 {{(pid=102863) process_request /opt/stack/glance/glance/api/middleware/version_negotiation.py:69}}
Jul 09 22:19:34.488876 np0000004928 devstack@g-api.service[102863]: DEBUG glance.api.middleware.version_negotiation [None req-e789b928-dd89-4255-9920-9b1a27bcdfda tempest-VolumesActionsTest-1073661050 tempest-VolumesActionsTest-1073661050-project-member] new path /v2/images/51ac1b9f-a02c-4466-a968-513a4f232937 {{(pid=102863) process_request /opt/stack/glance/glance/api/middleware/version_negotiation.py:70}}
Jul 09 22:19:34.506223 np0000004928 devstack@g-api.service[102863]: [pid: 102863|app: 0|req: 32/123] 127.0.0.1 () {40 vars in 834 bytes} [Thu Jul 9 22:19:34 2026] GET /v2/images/51ac1b9f-a02c-4466-a968-513a4f232937 => generated 650 bytes in 17 msecs (HTTP/1.1 200) 4 headers in 157 bytes (1 switches on core 0)
Jul 09 22:19:35.464119 np0000004928 devstack@g-api.service[102864]: DEBUG swiftclient [None req-02faaf43-6819-4c12-b855-56b93b1e5e76 tempest-VolumesActionsTest-1073661050 tempest-VolumesActionsTest-1073661050-project-member] REQ: curl -i https://10.4.3.63:8080/v1/AUTH_4333a974ff3a4d288466b80365b10e8d/glance/51ac1b9f-a02c-4466-a968-513a4f232937-00004 -X PUT -H "X-Auth-Token: gAAAAABqUB5uPnll..." {{(pid=102864) http_log /opt/stack/data/venv/lib/python3.12/site-packages/swiftclient/client.py:160}}
Jul 09 22:19:35.464434 np0000004928 devstack@g-api.service[102864]: DEBUG swiftclient [None req-02faaf43-6819-4c12-b855-56b93b1e5e76 tempest-VolumesActionsTest-1073661050 tempest-VolumesActionsTest-1073661050-project-member] RESP STATUS: 201 Created {{(pid=102864) http_log /opt/stack/data/venv/lib/python3.12/site-packages/swiftclient/client.py:161}}
Jul 09 22:19:35.464479 np0000004928 devstack@g-api.service[102864]: DEBUG swiftclient [None req-02faaf43-6819-4c12-b855-56b93b1e5e76 tempest-VolumesActionsTest-1073661050 tempest-VolumesActionsTest-1073661050-project-member] RESP HEADERS: {'Date': 'Thu, 09 Jul 2026 22:19:35 GMT', 'Server': 'Apache/2.4.58 (Ubuntu)', 'Content-Type': 'text/html; charset=UTF-8', 'Content-Length': '0', 'Etag': 'eda9a9889837ac4bc81d6387d92c1bec', 'Last-Modified': 'Thu, 09 Jul 2026 22:19:34 GMT', 'X-Trans-Id': 'tx44e905d848f644158a9f7-006a501e75', 'X-Openstack-Request-Id': 'tx44e905d848f644158a9f7-006a501e75', 'Connection': 'close'} {{(pid=102864) http_log /opt/stack/data/venv/lib/python3.12/site-packages/swiftclient/client.py:162}}
Jul 09 22:19:35.464569 np0000004928 devstack@g-api.service[102864]: DEBUG glance_store._drivers.swift.store [None req-02faaf43-6819-4c12-b855-56b93b1e5e76 tempest-VolumesActionsTest-1073661050 tempest-VolumesActionsTest-1073661050-project-member] Wrote chunk 51ac1b9f-a02c-4466-a968-513a4f232937-00004 (4/?) of length 204800000 to Swift returning MD5 of content: eda9a9889837ac4bc81d6387d92c1bec {{(pid=102864) add /opt/stack/data/venv/lib/python3.12/site-packages/glance_store/_drivers/swift/store.py:1059}}
Jul 09 22:19:35.518864 np0000004928 devstack@g-api.service[102862]: DEBUG glance.api.middleware.version_negotiation [None req-9f9bc7a7-7bd6-4203-8685-3828eb8dcd85 tempest-VolumesActionsTest-1073661050 tempest-VolumesActionsTest-1073661050-project-member] Determining version of request: GET /v2/images/51ac1b9f-a02c-4466-a968-513a4f232937 Accept: application/json {{(pid=102862) process_request /opt/stack/glance/glance/api/middleware/version_negotiation.py:44}}
Jul 09 22:19:35.520917 np0000004928 devstack@g-api.service[102862]: DEBUG glance.api.middleware.version_negotiation [None req-9f9bc7a7-7bd6-4203-8685-3828eb8dcd85 tempest-VolumesActionsTest-1073661050 tempest-VolumesActionsTest-1073661050-project-member] Using url versioning {{(pid=102862) process_request /opt/stack/glance/glance/api/middleware/version_negotiation.py:57}}
Jul 09 22:19:35.520917 np0000004928 devstack@g-api.service[102862]: DEBUG glance.api.middleware.version_negotiation [None req-9f9bc7a7-7bd6-4203-8685-3828eb8dcd85 tempest-VolumesActionsTest-1073661050 tempest-VolumesActionsTest-1073661050-project-member] Matched version: v2 {{(pid=102862) process_request /opt/stack/glance/glance/api/middleware/version_negotiation.py:69}}
Jul 09 22:19:35.520917 np0000004928 devstack@g-api.service[102862]: DEBUG glance.api.middleware.version_negotiation [None req-9f9bc7a7-7bd6-4203-8685-3828eb8dcd85 tempest-VolumesActionsTest-1073661050 tempest-VolumesActionsTest-1073661050-project-member] new path /v2/images/51ac1b9f-a02c-4466-a968-513a4f232937 {{(pid=102862) process_request /opt/stack/glance/glance/api/middleware/version_negotiation.py:70}}
Jul 09 22:19:35.541723 np0000004928 devstack@g-api.service[102862]: [pid: 102862|app: 0|req: 34/124] 127.0.0.1 () {40 vars in 834 bytes} [Thu Jul 9 22:19:35 2026] GET /v2/images/51ac1b9f-a02c-4466-a968-513a4f232937 => generated 650 bytes in 22 msecs (HTTP/1.1 200) 4 headers in 157 bytes (1 switches on core 0)
Jul 09 22:19:36.056804 np0000004928 devstack@g-api.service[102864]: DEBUG dbcounter [-] [102864] Writing DB stats glance:SELECT=14,glance:UPDATE=1 {{(pid=102864) stat_writer /opt/stack/data/venv/lib/python3.12/site-packages/dbcounter.py:115}}
Jul 09 22:19:36.555741 np0000004928 devstack@g-api.service[102865]: DEBUG glance.api.middleware.version_negotiation [None req-90bd36fd-e33a-421b-b39f-b83bbf5b8bd5 tempest-VolumesActionsTest-1073661050 tempest-VolumesActionsTest-1073661050-project-member] Determining version of request: GET /v2/images/51ac1b9f-a02c-4466-a968-513a4f232937 Accept: application/json {{(pid=102865) process_request /opt/stack/glance/glance/api/middleware/version_negotiation.py:44}}
Jul 09 22:19:36.555741 np0000004928 devstack@g-api.service[102865]: DEBUG glance.api.middleware.version_negotiation [None req-90bd36fd-e33a-421b-b39f-b83bbf5b8bd5 tempest-VolumesActionsTest-1073661050 tempest-VolumesActionsTest-1073661050-project-member] Using url versioning {{(pid=102865) process_request /opt/stack/glance/glance/api/middleware/version_negotiation.py:57}}
Jul 09 22:19:36.556234 np0000004928 devstack@g-api.service[102865]: DEBUG glance.api.middleware.version_negotiation [None req-90bd36fd-e33a-421b-b39f-b83bbf5b8bd5 tempest-VolumesActionsTest-1073661050 tempest-VolumesActionsTest-1073661050-project-member] Matched version: v2 {{(pid=102865) process_request /opt/stack/glance/glance/api/middleware/version_negotiation.py:69}}
Jul 09 22:19:36.556234 np0000004928 devstack@g-api.service[102865]: DEBUG glance.api.middleware.version_negotiation [None req-90bd36fd-e33a-421b-b39f-b83bbf5b8bd5 tempest-VolumesActionsTest-1073661050 tempest-VolumesActionsTest-1073661050-project-member] new path /v2/images/51ac1b9f-a02c-4466-a968-513a4f232937 {{(pid=102865) process_request /opt/stack/glance/glance/api/middleware/version_negotiation.py:70}}
Jul 09 22:19:36.573557 np0000004928 devstack@g-api.service[102865]: [pid: 102865|app: 0|req: 33/125] 127.0.0.1 () {40 vars in 834 bytes} [Thu Jul 9 22:19:36 2026] GET /v2/images/51ac1b9f-a02c-4466-a968-513a4f232937 => generated 650 bytes in 18 msecs (HTTP/1.1 200) 4 headers in 157 bytes (1 switches on core 0)
