Aug 06 19:15:46.631454 np0000006689 nova-conductor[99085]: DEBUG cotyledon.oslo_config_glue [-] workarounds.disable_libvirt_livesnapshot = False {{(pid=99085) log_opt_values /opt/stack/data/venv/lib/python3.12/site-packages/oslo_config/cfg.py:3545}}
Aug 06 19:15:46.631454 np0000006689 nova-conductor[99085]: DEBUG cotyledon.oslo_config_glue [-] workarounds.disable_rootwrap = False {{(pid=99085) log_opt_values /opt/stack/data/venv/lib/python3.12/site-packages/oslo_config/cfg.py:3545}}
Aug 06 19:15:46.631454 np0000006689 nova-conductor[99085]: DEBUG cotyledon.oslo_config_glue [-] workarounds.enable_numa_live_migration = False {{(pid=99085) log_opt_values /opt/stack/data/venv/lib/python3.12/site-packages/oslo_config/cfg.py:3545}}
Aug 06 19:15:46.631621 np0000006689 nova-conductor[99081]: INFO nova.service [-] Starting conductor node (version 33.1.0)
Aug 06 19:15:46.631660 np0000006689 nova-conductor[99085]: DEBUG cotyledon.oslo_config_glue [-] workarounds.enable_qemu_monitor_announce_self = False {{(pid=99085) log_opt_values /opt/stack/data/venv/lib/python3.12/site-packages/oslo_config/cfg.py:3545}}
Aug 06 19:15:46.631660 np0000006689 nova-conductor[99085]: DEBUG cotyledon.oslo_config_glue [-] workarounds.ensure_libvirt_rbd_instance_dir_cleanup = False {{(pid=99085) log_opt_values /opt/stack/data/venv/lib/python3.12/site-packages/oslo_config/cfg.py:3545}}
Aug 06 19:15:46.631660 np0000006689 nova-conductor[99085]: DEBUG cotyledon.oslo_config_glue [-] workarounds.handle_virt_lifecycle_events = True {{(pid=99085) log_opt_values /opt/stack/data/venv/lib/python3.12/site-packages/oslo_config/cfg.py:3545}}
Aug 06 19:15:46.631660 np0000006689 nova-conductor[99085]: DEBUG cotyledon.oslo_config_glue [-] workarounds.libvirt_disable_apic = False {{(pid=99085) log_opt_values /opt/stack/data/venv/lib/python3.12/site-packages/oslo_config/cfg.py:3545}}
Aug 06 19:15:46.631660 np0000006689 nova-conductor[99085]: DEBUG cotyledon.oslo_config_glue [-] workarounds.never_download_image_if_on_rbd = False {{(pid=99085) log_opt_values /opt/stack/data/venv/lib/python3.12/site-packages/oslo_config/cfg.py:3545}}
Aug 06 19:15:46.631660 np0000006689 nova-conductor[99085]: DEBUG cotyledon.oslo_config_glue [-] workarounds.qemu_monitor_announce_self_count = 3 {{(pid=99085) log_opt_values /opt/stack/data/venv/lib/python3.12/site-packages/oslo_config/cfg.py:3545}}
Aug 06 19:15:46.631660 np0000006689 nova-conductor[99085]: DEBUG cotyledon.oslo_config_glue [-] workarounds.qemu_monitor_announce_self_interval = 1 {{(pid=99085) log_opt_values /opt/stack/data/venv/lib/python3.12/site-packages/oslo_config/cfg.py:3545}}
Aug 06 19:15:46.631660 np0000006689 nova-conductor[99085]: DEBUG cotyledon.oslo_config_glue [-] workarounds.reserve_disk_resource_for_image_cache = False {{(pid=99085) log_opt_values /opt/stack/data/venv/lib/python3.12/site-packages/oslo_config/cfg.py:3545}}
Aug 06 19:15:46.631660 np0000006689 nova-conductor[99085]: DEBUG cotyledon.oslo_config_glue [-] workarounds.skip_cpu_compare_at_startup = False {{(pid=99085) log_opt_values /opt/stack/data/venv/lib/python3.12/site-packages/oslo_config/cfg.py:3545}}
Aug 06 19:15:46.631867 np0000006689 nova-conductor[99085]: DEBUG cotyledon.oslo_config_glue [-] workarounds.skip_cpu_compare_on_dest = False {{(pid=99085) log_opt_values /opt/stack/data/venv/lib/python3.12/site-packages/oslo_config/cfg.py:3545}}
Aug 06 19:15:46.631867 np0000006689 nova-conductor[99085]: DEBUG cotyledon.oslo_config_glue [-] workarounds.skip_hypervisor_version_check_on_lm = False {{(pid=99085) log_opt_values /opt/stack/data/venv/lib/python3.12/site-packages/oslo_config/cfg.py:3545}}
Aug 06 19:15:46.631867 np0000006689 nova-conductor[99085]: DEBUG cotyledon.oslo_config_glue [-] workarounds.skip_reserve_in_use_ironic_nodes = False {{(pid=99085) log_opt_values /opt/stack/data/venv/lib/python3.12/site-packages/oslo_config/cfg.py:3545}}
Aug 06 19:15:46.631867 np0000006689 nova-conductor[99085]: DEBUG cotyledon.oslo_config_glue [-] workarounds.unified_limits_count_pcpu_as_vcpu = False {{(pid=99085) log_opt_values /opt/stack/data/venv/lib/python3.12/site-packages/oslo_config/cfg.py:3545}}
Aug 06 19:15:46.631867 np0000006689 nova-conductor[99085]: DEBUG cotyledon.oslo_config_glue [-] workarounds.wait_for_vif_plugged_event_during_hard_reboot = [] {{(pid=99085) log_opt_values /opt/stack/data/venv/lib/python3.12/site-packages/oslo_config/cfg.py:3545}}
Aug 06 19:15:46.631867 np0000006689 nova-conductor[99085]: DEBUG cotyledon.oslo_config_glue [-] wsgi.api_paste_config = /etc/nova/api-paste.ini {{(pid=99085) log_opt_values /opt/stack/data/venv/lib/python3.12/site-packages/oslo_config/cfg.py:3545}}
Aug 06 19:15:46.631867 np0000006689 nova-conductor[99085]: DEBUG cotyledon.oslo_config_glue [-] wsgi.secure_proxy_ssl_header = None {{(pid=99085) log_opt_values /opt/stack/data/venv/lib/python3.12/site-packages/oslo_config/cfg.py:3545}}
Aug 06 19:15:46.631867 np0000006689 nova-conductor[99085]: DEBUG cotyledon.oslo_config_glue [-] zvm.ca_file = None {{(pid=99085) log_opt_values /opt/stack/data/venv/lib/python3.12/site-packages/oslo_config/cfg.py:3545}}
Aug 06 19:15:46.631867 np0000006689 nova-conductor[99085]: DEBUG cotyledon.oslo_config_glue [-] zvm.cloud_connector_url = None {{(pid=99085) log_opt_values /opt/stack/data/venv/lib/python3.12/site-packages/oslo_config/cfg.py:3545}}
Aug 06 19:15:46.632105 np0000006689 nova-conductor[99085]: DEBUG cotyledon.oslo_config_glue [-] zvm.image_tmp_path = /opt/stack/data/nova/images {{(pid=99085) log_opt_values /opt/stack/data/venv/lib/python3.12/site-packages/oslo_config/cfg.py:3545}}
Aug 06 19:15:46.632105 np0000006689 nova-conductor[99085]: DEBUG cotyledon.oslo_config_glue [-] zvm.reachable_timeout = 300 {{(pid=99085) log_opt_values /opt/stack/data/venv/lib/python3.12/site-packages/oslo_config/cfg.py:3545}}
Aug 06 19:15:46.632105 np0000006689 nova-conductor[99085]: DEBUG cotyledon.oslo_config_glue [-] oslo_versionedobjects.fatal_exception_format_errors = False {{(pid=99085) log_opt_values /opt/stack/data/venv/lib/python3.12/site-packages/oslo_config/cfg.py:3545}}
Aug 06 19:15:46.632105 np0000006689 nova-conductor[99085]: DEBUG cotyledon.oslo_config_glue [-] oslo_middleware.http_basic_auth_user_file = /etc/htpasswd {{(pid=99085) log_opt_values /opt/stack/data/venv/lib/python3.12/site-packages/oslo_config/cfg.py:3545}}
Aug 06 19:15:46.632105 np0000006689 nova-conductor[99085]: DEBUG cotyledon.oslo_config_glue [-] profiler.connection_string = messaging:// {{(pid=99085) log_opt_values /opt/stack/data/venv/lib/python3.12/site-packages/oslo_config/cfg.py:3545}}
Aug 06 19:15:46.632105 np0000006689 nova-conductor[99085]: DEBUG cotyledon.oslo_config_glue [-] profiler.enabled = False {{(pid=99085) log_opt_values /opt/stack/data/venv/lib/python3.12/site-packages/oslo_config/cfg.py:3545}}
Aug 06 19:15:46.632105 np0000006689 nova-conductor[99085]: DEBUG cotyledon.oslo_config_glue [-] profiler.es_doc_type = notification {{(pid=99085) log_opt_values /opt/stack/data/venv/lib/python3.12/site-packages/oslo_config/cfg.py:3545}}
Aug 06 19:15:46.632105 np0000006689 nova-conductor[99085]: DEBUG cotyledon.oslo_config_glue [-] profiler.es_scroll_size = 10000 {{(pid=99085) log_opt_values /opt/stack/data/venv/lib/python3.12/site-packages/oslo_config/cfg.py:3545}}
Aug 06 19:15:46.632105 np0000006689 nova-conductor[99085]: DEBUG cotyledon.oslo_config_glue [-] profiler.es_scroll_time = 2m {{(pid=99085) log_opt_values /opt/stack/data/venv/lib/python3.12/site-packages/oslo_config/cfg.py:3545}}
Aug 06 19:15:46.632314 np0000006689 nova-conductor[99085]: DEBUG cotyledon.oslo_config_glue [-] profiler.filter_error_trace = False {{(pid=99085) log_opt_values /opt/stack/data/venv/lib/python3.12/site-packages/oslo_config/cfg.py:3545}}
Aug 06 19:15:46.632314 np0000006689 nova-conductor[99085]: DEBUG cotyledon.oslo_config_glue [-] profiler.hmac_keys = **** {{(pid=99085) log_opt_values /opt/stack/data/venv/lib/python3.12/site-packages/oslo_config/cfg.py:3545}}
Aug 06 19:15:46.632314 np0000006689 nova-conductor[99085]: DEBUG cotyledon.oslo_config_glue [-] profiler.sentinel_service_name = mymaster {{(pid=99085) log_opt_values /opt/stack/data/venv/lib/python3.12/site-packages/oslo_config/cfg.py:3545}}
Aug 06 19:15:46.632314 np0000006689 nova-conductor[99085]: DEBUG cotyledon.oslo_config_glue [-] profiler.socket_timeout = 0.1 {{(pid=99085) log_opt_values /opt/stack/data/venv/lib/python3.12/site-packages/oslo_config/cfg.py:3545}}
Aug 06 19:15:46.632314 np0000006689 nova-conductor[99085]: DEBUG cotyledon.oslo_config_glue [-] profiler.trace_requests = False {{(pid=99085) log_opt_values /opt/stack/data/venv/lib/python3.12/site-packages/oslo_config/cfg.py:3545}}
Aug 06 19:15:46.632314 np0000006689 nova-conductor[99085]: DEBUG cotyledon.oslo_config_glue [-] profiler.trace_sqlalchemy = False {{(pid=99085) log_opt_values /opt/stack/data/venv/lib/python3.12/site-packages/oslo_config/cfg.py:3545}}
Aug 06 19:15:46.632314 np0000006689 nova-conductor[99085]: DEBUG cotyledon.oslo_config_glue [-] profiler_jaeger.process_tags = {} {{(pid=99085) log_opt_values /opt/stack/data/venv/lib/python3.12/site-packages/oslo_config/cfg.py:3545}}
Aug 06 19:15:46.632314 np0000006689 nova-conductor[99085]: DEBUG cotyledon.oslo_config_glue [-] profiler_jaeger.service_name_prefix = None {{(pid=99085) log_opt_values /opt/stack/data/venv/lib/python3.12/site-packages/oslo_config/cfg.py:3545}}
Aug 06 19:15:46.632314 np0000006689 nova-conductor[99085]: DEBUG cotyledon.oslo_config_glue [-] profiler_otlp.service_name_prefix = None {{(pid=99085) log_opt_values /opt/stack/data/venv/lib/python3.12/site-packages/oslo_config/cfg.py:3545}}
Aug 06 19:15:46.632572 np0000006689 nova-conductor[99085]: DEBUG cotyledon.oslo_config_glue [-] oslo_messaging_rabbit.amqp_auto_delete = False {{(pid=99085) log_opt_values /opt/stack/data/venv/lib/python3.12/site-packages/oslo_config/cfg.py:3545}}
Aug 06 19:15:46.632572 np0000006689 nova-conductor[99085]: DEBUG cotyledon.oslo_config_glue [-] oslo_messaging_rabbit.amqp_durable_queues = False {{(pid=99085) log_opt_values /opt/stack/data/venv/lib/python3.12/site-packages/oslo_config/cfg.py:3545}}
Aug 06 19:15:46.632572 np0000006689 nova-conductor[99085]: DEBUG cotyledon.oslo_config_glue [-] oslo_messaging_rabbit.conn_pool_min_size = 2 {{(pid=99085) log_opt_values /opt/stack/data/venv/lib/python3.12/site-packages/oslo_config/cfg.py:3545}}
Aug 06 19:15:46.632572 np0000006689 nova-conductor[99085]: DEBUG cotyledon.oslo_config_glue [-] oslo_messaging_rabbit.conn_pool_ttl = 1200 {{(pid=99085) log_opt_values /opt/stack/data/venv/lib/python3.12/site-packages/oslo_config/cfg.py:3545}}
Aug 06 19:15:46.632572 np0000006689 nova-conductor[99085]: DEBUG cotyledon.oslo_config_glue [-] oslo_messaging_rabbit.direct_mandatory_flag = True {{(pid=99085) log_opt_values /opt/stack/data/venv/lib/python3.12/site-packages/oslo_config/cfg.py:3545}}
Aug 06 19:15:46.632572 np0000006689 nova-conductor[99085]: DEBUG cotyledon.oslo_config_glue [-] oslo_messaging_rabbit.enable_cancel_on_failover = False {{(pid=99085) log_opt_values /opt/stack/data/venv/lib/python3.12/site-packages/oslo_config/cfg.py:3545}}
Aug 06 19:15:46.632572 np0000006689 nova-conductor[99085]: DEBUG cotyledon.oslo_config_glue [-] oslo_messaging_rabbit.heartbeat_rate = 3 {{(pid=99085) log_opt_values /opt/stack/data/venv/lib/python3.12/site-packages/oslo_config/cfg.py:3545}}
Aug 06 19:15:46.632572 np0000006689 nova-conductor[99085]: DEBUG cotyledon.oslo_config_glue [-] oslo_messaging_rabbit.heartbeat_timeout_threshold = 60 {{(pid=99085) log_opt_values /opt/stack/data/venv/lib/python3.12/site-packages/oslo_config/cfg.py:3545}}
Aug 06 19:15:46.632572 np0000006689 nova-conductor[99085]: DEBUG cotyledon.oslo_config_glue [-] oslo_messaging_rabbit.hostname = np0000006689 {{(pid=99085) log_opt_values /opt/stack/data/venv/lib/python3.12/site-packages/oslo_config/cfg.py:3545}}
Aug 06 19:15:46.632807 np0000006689 nova-conductor[99085]: DEBUG cotyledon.oslo_config_glue [-] oslo_messaging_rabbit.kombu_compression = None {{(pid=99085) log_opt_values /opt/stack/data/venv/lib/python3.12/site-packages/oslo_config/cfg.py:3545}}
Aug 06 19:15:46.632807 np0000006689 nova-conductor[99085]: DEBUG cotyledon.oslo_config_glue [-] oslo_messaging_rabbit.kombu_failover_strategy = round-robin {{(pid=99085) log_opt_values /opt/stack/data/venv/lib/python3.12/site-packages/oslo_config/cfg.py:3545}}
Aug 06 19:15:46.632807 np0000006689 nova-conductor[99085]: DEBUG cotyledon.oslo_config_glue [-] oslo_messaging_rabbit.kombu_missing_consumer_retry_timeout = 60 {{(pid=99085) log_opt_values /opt/stack/data/venv/lib/python3.12/site-packages/oslo_config/cfg.py:3545}}
Aug 06 19:15:46.632807 np0000006689 nova-conductor[99085]: DEBUG cotyledon.oslo_config_glue [-] oslo_messaging_rabbit.kombu_reconnect_delay = 1.0 {{(pid=99085) log_opt_values /opt/stack/data/venv/lib/python3.12/site-packages/oslo_config/cfg.py:3545}}
Aug 06 19:15:46.632807 np0000006689 nova-conductor[99085]: DEBUG cotyledon.oslo_config_glue [-] oslo_messaging_rabbit.kombu_reconnect_splay = 0.0 {{(pid=99085) log_opt_values /opt/stack/data/venv/lib/python3.12/site-packages/oslo_config/cfg.py:3545}}
Aug 06 19:15:46.632807 np0000006689 nova-conductor[99085]: DEBUG cotyledon.oslo_config_glue [-] oslo_messaging_rabbit.processname = nova-conductor {{(pid=99085) log_opt_values /opt/stack/data/venv/lib/python3.12/site-packages/oslo_config/cfg.py:3545}}
Aug 06 19:15:46.632807 np0000006689 nova-conductor[99085]: DEBUG cotyledon.oslo_config_glue [-] oslo_messaging_rabbit.rabbit_ha_queues = False {{(pid=99085) log_opt_values /opt/stack/data/venv/lib/python3.12/site-packages/oslo_config/cfg.py:3545}}
Aug 06 19:15:46.632807 np0000006689 nova-conductor[99085]: DEBUG cotyledon.oslo_config_glue [-] oslo_messaging_rabbit.rabbit_interval_max = 30 {{(pid=99085) log_opt_values /opt/stack/data/venv/lib/python3.12/site-packages/oslo_config/cfg.py:3545}}
Aug 06 19:15:46.632807 np0000006689 nova-conductor[99085]: DEBUG cotyledon.oslo_config_glue [-] oslo_messaging_rabbit.rabbit_login_method = AMQPLAIN {{(pid=99085) log_opt_values /opt/stack/data/venv/lib/python3.12/site-packages/oslo_config/cfg.py:3545}}
Aug 06 19:15:46.633034 np0000006689 nova-conductor[99085]: DEBUG cotyledon.oslo_config_glue [-] oslo_messaging_rabbit.rabbit_qos_prefetch_count = 0 {{(pid=99085) log_opt_values /opt/stack/data/venv/lib/python3.12/site-packages/oslo_config/cfg.py:3545}}
Aug 06 19:15:46.633034 np0000006689 nova-conductor[99085]: DEBUG cotyledon.oslo_config_glue [-] oslo_messaging_rabbit.rabbit_quorum_delivery_limit = 0 {{(pid=99085) log_opt_values /opt/stack/data/venv/lib/python3.12/site-packages/oslo_config/cfg.py:3545}}
Aug 06 19:15:46.633034 np0000006689 nova-conductor[99085]: DEBUG cotyledon.oslo_config_glue [-] oslo_messaging_rabbit.rabbit_quorum_max_memory_bytes = 0 {{(pid=99085) log_opt_values /opt/stack/data/venv/lib/python3.12/site-packages/oslo_config/cfg.py:3545}}
Aug 06 19:15:46.633034 np0000006689 nova-conductor[99085]: DEBUG cotyledon.oslo_config_glue [-] oslo_messaging_rabbit.rabbit_quorum_max_memory_length = 0 {{(pid=99085) log_opt_values /opt/stack/data/venv/lib/python3.12/site-packages/oslo_config/cfg.py:3545}}
Aug 06 19:15:46.633034 np0000006689 nova-conductor[99085]: DEBUG cotyledon.oslo_config_glue [-] oslo_messaging_rabbit.rabbit_quorum_queue = False {{(pid=99085) log_opt_values /opt/stack/data/venv/lib/python3.12/site-packages/oslo_config/cfg.py:3545}}
Aug 06 19:15:46.633034 np0000006689 nova-conductor[99085]: DEBUG cotyledon.oslo_config_glue [-] oslo_messaging_rabbit.rabbit_retry_backoff = 2 {{(pid=99085) log_opt_values /opt/stack/data/venv/lib/python3.12/site-packages/oslo_config/cfg.py:3545}}
Aug 06 19:15:46.633034 np0000006689 nova-conductor[99085]: DEBUG cotyledon.oslo_config_glue [-] oslo_messaging_rabbit.rabbit_retry_interval = 1 {{(pid=99085) log_opt_values /opt/stack/data/venv/lib/python3.12/site-packages/oslo_config/cfg.py:3545}}
Aug 06 19:15:46.633034 np0000006689 nova-conductor[99085]: DEBUG cotyledon.oslo_config_glue [-] oslo_messaging_rabbit.rabbit_stream_fanout = False {{(pid=99085) log_opt_values /opt/stack/data/venv/lib/python3.12/site-packages/oslo_config/cfg.py:3545}}
Aug 06 19:15:46.633209 np0000006689 nova-conductor[99085]: DEBUG cotyledon.oslo_config_glue [-] oslo_messaging_rabbit.rabbit_transient_queues_ttl = 1800 {{(pid=99085) log_opt_values /opt/stack/data/venv/lib/python3.12/site-packages/oslo_config/cfg.py:3545}}
Aug 06 19:15:46.633209 np0000006689 nova-conductor[99085]: DEBUG cotyledon.oslo_config_glue [-] oslo_messaging_rabbit.rabbit_transient_quorum_queue = False {{(pid=99085) log_opt_values /opt/stack/data/venv/lib/python3.12/site-packages/oslo_config/cfg.py:3545}}
Aug 06 19:15:46.633209 np0000006689 nova-conductor[99085]: DEBUG cotyledon.oslo_config_glue [-] oslo_messaging_rabbit.rpc_conn_pool_size = 30 {{(pid=99085) log_opt_values /opt/stack/data/venv/lib/python3.12/site-packages/oslo_config/cfg.py:3545}}
Aug 06 19:15:46.633209 np0000006689 nova-conductor[99085]: DEBUG cotyledon.oslo_config_glue [-] oslo_messaging_rabbit.ssl = False {{(pid=99085) log_opt_values /opt/stack/data/venv/lib/python3.12/site-packages/oslo_config/cfg.py:3545}}
Aug 06 19:15:46.633209 np0000006689 nova-conductor[99085]: DEBUG cotyledon.oslo_config_glue [-] oslo_messaging_rabbit.ssl_ca_file = {{(pid=99085) log_opt_values /opt/stack/data/venv/lib/python3.12/site-packages/oslo_config/cfg.py:3545}}
Aug 06 19:15:46.633209 np0000006689 nova-conductor[99085]: DEBUG cotyledon.oslo_config_glue [-] oslo_messaging_rabbit.ssl_cert_file = {{(pid=99085) log_opt_values /opt/stack/data/venv/lib/python3.12/site-packages/oslo_config/cfg.py:3545}}
Aug 06 19:15:46.633209 np0000006689 nova-conductor[99085]: DEBUG cotyledon.oslo_config_glue [-] oslo_messaging_rabbit.ssl_enforce_fips_mode = False {{(pid=99085) log_opt_values /opt/stack/data/venv/lib/python3.12/site-packages/oslo_config/cfg.py:3545}}
Aug 06 19:15:46.633209 np0000006689 nova-conductor[99085]: DEBUG cotyledon.oslo_config_glue [-] oslo_messaging_rabbit.ssl_enforce_hostname_verification = True {{(pid=99085) log_opt_values /opt/stack/data/venv/lib/python3.12/site-packages/oslo_config/cfg.py:3545}}
Aug 06 19:15:46.633209 np0000006689 nova-conductor[99085]: DEBUG cotyledon.oslo_config_glue [-] oslo_messaging_rabbit.ssl_key_file = {{(pid=99085) log_opt_values /opt/stack/data/venv/lib/python3.12/site-packages/oslo_config/cfg.py:3545}}
Aug 06 19:15:46.633449 np0000006689 nova-conductor[99085]: DEBUG cotyledon.oslo_config_glue [-] oslo_messaging_rabbit.ssl_version = {{(pid=99085) log_opt_values /opt/stack/data/venv/lib/python3.12/site-packages/oslo_config/cfg.py:3545}}
Aug 06 19:15:46.633449 np0000006689 nova-conductor[99085]: DEBUG cotyledon.oslo_config_glue [-] oslo_messaging_rabbit.use_queue_manager = False {{(pid=99085) log_opt_values /opt/stack/data/venv/lib/python3.12/site-packages/oslo_config/cfg.py:3545}}
Aug 06 19:15:46.633449 np0000006689 nova-conductor[99085]: DEBUG cotyledon.oslo_config_glue [-] oslo_messaging_notifications.driver = ['messagingv2'] {{(pid=99085) log_opt_values /opt/stack/data/venv/lib/python3.12/site-packages/oslo_config/cfg.py:3545}}
Aug 06 19:15:46.633449 np0000006689 nova-conductor[99085]: DEBUG cotyledon.oslo_config_glue [-] oslo_messaging_notifications.retry = -1 {{(pid=99085) log_opt_values /opt/stack/data/venv/lib/python3.12/site-packages/oslo_config/cfg.py:3545}}
Aug 06 19:15:46.633449 np0000006689 nova-conductor[99085]: DEBUG cotyledon.oslo_config_glue [-] oslo_messaging_notifications.topics = ['notifications'] {{(pid=99085) log_opt_values /opt/stack/data/venv/lib/python3.12/site-packages/oslo_config/cfg.py:3545}}
Aug 06 19:15:46.633449 np0000006689 nova-conductor[99085]: DEBUG cotyledon.oslo_config_glue [-] oslo_messaging_notifications.transport_url = **** {{(pid=99085) log_opt_values /opt/stack/data/venv/lib/python3.12/site-packages/oslo_config/cfg.py:3545}}
Aug 06 19:15:46.633449 np0000006689 nova-conductor[99085]: DEBUG cotyledon.oslo_config_glue [-] oslo_limit.auth_section = None {{(pid=99085) log_opt_values /opt/stack/data/venv/lib/python3.12/site-packages/oslo_config/cfg.py:3545}}
Aug 06 19:15:46.633449 np0000006689 nova-conductor[99085]: DEBUG cotyledon.oslo_config_glue [-] oslo_limit.auth_type = None {{(pid=99085) log_opt_values /opt/stack/data/venv/lib/python3.12/site-packages/oslo_config/cfg.py:3545}}
Aug 06 19:15:46.633449 np0000006689 nova-conductor[99085]: DEBUG cotyledon.oslo_config_glue [-] oslo_limit.cafile = None {{(pid=99085) log_opt_values /opt/stack/data/venv/lib/python3.12/site-packages/oslo_config/cfg.py:3545}}
Aug 06 19:15:46.633669 np0000006689 nova-conductor[99085]: DEBUG cotyledon.oslo_config_glue [-] oslo_limit.certfile = None {{(pid=99085) log_opt_values /opt/stack/data/venv/lib/python3.12/site-packages/oslo_config/cfg.py:3545}}
Aug 06 19:15:46.633669 np0000006689 nova-conductor[99085]: DEBUG cotyledon.oslo_config_glue [-] oslo_limit.collect_timing = False {{(pid=99085) log_opt_values /opt/stack/data/venv/lib/python3.12/site-packages/oslo_config/cfg.py:3545}}
Aug 06 19:15:46.633669 np0000006689 nova-conductor[99085]: DEBUG cotyledon.oslo_config_glue [-] oslo_limit.connect_retries = None {{(pid=99085) log_opt_values /opt/stack/data/venv/lib/python3.12/site-packages/oslo_config/cfg.py:3545}}
Aug 06 19:15:46.633669 np0000006689 nova-conductor[99085]: DEBUG cotyledon.oslo_config_glue [-] oslo_limit.connect_retry_delay = None {{(pid=99085) log_opt_values /opt/stack/data/venv/lib/python3.12/site-packages/oslo_config/cfg.py:3545}}
Aug 06 19:15:46.633669 np0000006689 nova-conductor[99085]: DEBUG cotyledon.oslo_config_glue [-] oslo_limit.endpoint_id = None {{(pid=99085) log_opt_values /opt/stack/data/venv/lib/python3.12/site-packages/oslo_config/cfg.py:3545}}
Aug 06 19:15:46.633669 np0000006689 nova-conductor[99085]: DEBUG cotyledon.oslo_config_glue [-] oslo_limit.endpoint_interface = public {{(pid=99085) log_opt_values /opt/stack/data/venv/lib/python3.12/site-packages/oslo_config/cfg.py:3545}}
Aug 06 19:15:46.633669 np0000006689 nova-conductor[99085]: DEBUG cotyledon.oslo_config_glue [-] oslo_limit.endpoint_override = None {{(pid=99085) log_opt_values /opt/stack/data/venv/lib/python3.12/site-packages/oslo_config/cfg.py:3545}}
Aug 06 19:15:46.633669 np0000006689 nova-conductor[99085]: DEBUG cotyledon.oslo_config_glue [-] oslo_limit.endpoint_region_name = None {{(pid=99085) log_opt_values /opt/stack/data/venv/lib/python3.12/site-packages/oslo_config/cfg.py:3545}}
Aug 06 19:15:46.633669 np0000006689 nova-conductor[99085]: DEBUG cotyledon.oslo_config_glue [-] oslo_limit.endpoint_service_name = None {{(pid=99085) log_opt_values /opt/stack/data/venv/lib/python3.12/site-packages/oslo_config/cfg.py:3545}}
Aug 06 19:15:46.634157 np0000006689 nova-conductor[99085]: DEBUG cotyledon.oslo_config_glue [-] oslo_limit.endpoint_service_type = None {{(pid=99085) log_opt_values /opt/stack/data/venv/lib/python3.12/site-packages/oslo_config/cfg.py:3545}}
Aug 06 19:15:46.634157 np0000006689 nova-conductor[99085]: DEBUG cotyledon.oslo_config_glue [-] oslo_limit.insecure = False {{(pid=99085) log_opt_values /opt/stack/data/venv/lib/python3.12/site-packages/oslo_config/cfg.py:3545}}
Aug 06 19:15:46.634157 np0000006689 nova-conductor[99085]: DEBUG cotyledon.oslo_config_glue [-] oslo_limit.keyfile = None {{(pid=99085) log_opt_values /opt/stack/data/venv/lib/python3.12/site-packages/oslo_config/cfg.py:3545}}
Aug 06 19:15:46.634157 np0000006689 nova-conductor[99085]: DEBUG cotyledon.oslo_config_glue [-] oslo_limit.max_version = None {{(pid=99085) log_opt_values /opt/stack/data/venv/lib/python3.12/site-packages/oslo_config/cfg.py:3545}}
Aug 06 19:15:46.634157 np0000006689 nova-conductor[99085]: DEBUG cotyledon.oslo_config_glue [-] oslo_limit.min_version = None {{(pid=99085) log_opt_values /opt/stack/data/venv/lib/python3.12/site-packages/oslo_config/cfg.py:3545}}
Aug 06 19:15:46.634157 np0000006689 nova-conductor[99085]: DEBUG cotyledon.oslo_config_glue [-] oslo_limit.region_name = None {{(pid=99085) log_opt_values /opt/stack/data/venv/lib/python3.12/site-packages/oslo_config/cfg.py:3545}}
Aug 06 19:15:46.634157 np0000006689 nova-conductor[99085]: DEBUG cotyledon.oslo_config_glue [-] oslo_limit.retriable_status_codes = None {{(pid=99085) log_opt_values /opt/stack/data/venv/lib/python3.12/site-packages/oslo_config/cfg.py:3545}}
Aug 06 19:15:46.634157 np0000006689 nova-conductor[99085]: DEBUG cotyledon.oslo_config_glue [-] oslo_limit.service_name = None {{(pid=99085) log_opt_values /opt/stack/data/venv/lib/python3.12/site-packages/oslo_config/cfg.py:3545}}
Aug 06 19:15:46.634157 np0000006689 nova-conductor[99085]: DEBUG cotyledon.oslo_config_glue [-] oslo_limit.service_type = None {{(pid=99085) log_opt_values /opt/stack/data/venv/lib/python3.12/site-packages/oslo_config/cfg.py:3545}}
Aug 06 19:15:46.634339 np0000006689 nova-conductor[99085]: DEBUG cotyledon.oslo_config_glue [-] oslo_limit.split_loggers = False {{(pid=99085) log_opt_values /opt/stack/data/venv/lib/python3.12/site-packages/oslo_config/cfg.py:3545}}
Aug 06 19:15:46.634339 np0000006689 nova-conductor[99085]: DEBUG cotyledon.oslo_config_glue [-] oslo_limit.status_code_retries = None {{(pid=99085) log_opt_values /opt/stack/data/venv/lib/python3.12/site-packages/oslo_config/cfg.py:3545}}
Aug 06 19:15:46.634339 np0000006689 nova-conductor[99085]: DEBUG cotyledon.oslo_config_glue [-] oslo_limit.status_code_retry_delay = None {{(pid=99085) log_opt_values /opt/stack/data/venv/lib/python3.12/site-packages/oslo_config/cfg.py:3545}}
Aug 06 19:15:46.634339 np0000006689 nova-conductor[99085]: DEBUG cotyledon.oslo_config_glue [-] oslo_limit.timeout = None {{(pid=99085) log_opt_values /opt/stack/data/venv/lib/python3.12/site-packages/oslo_config/cfg.py:3545}}
Aug 06 19:15:46.634339 np0000006689 nova-conductor[99085]: DEBUG cotyledon.oslo_config_glue [-] oslo_limit.valid_interfaces = None {{(pid=99085) log_opt_values /opt/stack/data/venv/lib/python3.12/site-packages/oslo_config/cfg.py:3545}}
Aug 06 19:15:46.634339 np0000006689 nova-conductor[99085]: DEBUG cotyledon.oslo_config_glue [-] oslo_limit.version = None {{(pid=99085) log_opt_values /opt/stack/data/venv/lib/python3.12/site-packages/oslo_config/cfg.py:3545}}
Aug 06 19:15:46.634339 np0000006689 nova-conductor[99085]: DEBUG cotyledon.oslo_config_glue [-] oslo_reports.file_event_handler = None {{(pid=99085) log_opt_values /opt/stack/data/venv/lib/python3.12/site-packages/oslo_config/cfg.py:3545}}
Aug 06 19:15:46.634339 np0000006689 nova-conductor[99085]: DEBUG cotyledon.oslo_config_glue [-] oslo_reports.file_event_handler_interval = 1 {{(pid=99085) log_opt_values /opt/stack/data/venv/lib/python3.12/site-packages/oslo_config/cfg.py:3545}}
Aug 06 19:15:46.634339 np0000006689 nova-conductor[99085]: DEBUG cotyledon.oslo_config_glue [-] oslo_reports.log_dir = None {{(pid=99085) log_opt_values /opt/stack/data/venv/lib/python3.12/site-packages/oslo_config/cfg.py:3545}}
Aug 06 19:15:46.634578 np0000006689 nova-conductor[99085]: DEBUG cotyledon.oslo_config_glue [-] ******************************************************************************** {{(pid=99085) log_opt_values /opt/stack/data/venv/lib/python3.12/site-packages/oslo_config/cfg.py:3552}}
Aug 06 19:15:46.634578 np0000006689 nova-conductor[99085]: DEBUG cotyledon._service_worker [-] Run service ServiceWrapper(3) [99085] {{(pid=99085) wait_forever /opt/stack/data/venv/lib/python3.12/site-packages/cotyledon/_service_worker.py:218}}
Aug 06 19:15:46.634654 np0000006689 nova-conductor[99081]: INFO dbcounter [None req-1819b7bd-2bb3-4727-a245-56eb44b0769e None None] Registered counter for database nova_cell0
Aug 06 19:15:46.634682 np0000006689 nova-conductor[99085]: INFO nova.service [-] Starting conductor node (version 33.1.0)
Aug 06 19:15:46.634682 np0000006689 nova-conductor[99085]: INFO dbcounter [None req-f34ab990-2b1d-4470-bc62-ee0be5e4462d None None] Registered counter for database nova_cell0
Aug 06 19:15:46.634727 np0000006689 nova-conductor[99070]: DEBUG oslo_db.sqlalchemy.engines [None req-a900b84b-69a3-4b93-9af4-859464d5d39e None None] MySQL server mode set to STRICT_TRANS_TABLES,STRICT_ALL_TABLES,NO_ZERO_IN_DATE,NO_ZERO_DATE,ERROR_FOR_DIVISION_BY_ZERO,TRADITIONAL,NO_ENGINE_SUBSTITUTION {{(pid=99070) _check_effective_sql_mode /opt/stack/data/venv/lib/python3.12/site-packages/oslo_db/sqlalchemy/engines.py:325}}
Aug 06 19:15:46.634757 np0000006689 nova-conductor[99075]: DEBUG oslo_db.sqlalchemy.engines [None req-2717e625-70c8-4b9c-9b4e-7baa3cad82a1 None None] MySQL server mode set to STRICT_TRANS_TABLES,STRICT_ALL_TABLES,NO_ZERO_IN_DATE,NO_ZERO_DATE,ERROR_FOR_DIVISION_BY_ZERO,TRADITIONAL,NO_ENGINE_SUBSTITUTION {{(pid=99075) _check_effective_sql_mode /opt/stack/data/venv/lib/python3.12/site-packages/oslo_db/sqlalchemy/engines.py:325}}
Aug 06 19:15:46.634793 np0000006689 nova-conductor[99070]: DEBUG dbcounter [-] [99070] Writer thread running {{(pid=99070) stat_writer /opt/stack/data/venv/lib/python3.12/site-packages/dbcounter.py:102}}
Aug 06 19:15:46.634817 np0000006689 nova-conductor[99085]: DEBUG oslo_db.sqlalchemy.engines [None req-f34ab990-2b1d-4470-bc62-ee0be5e4462d None None] MySQL server mode set to STRICT_TRANS_TABLES,STRICT_ALL_TABLES,NO_ZERO_IN_DATE,NO_ZERO_DATE,ERROR_FOR_DIVISION_BY_ZERO,TRADITIONAL,NO_ENGINE_SUBSTITUTION {{(pid=99085) _check_effective_sql_mode /opt/stack/data/venv/lib/python3.12/site-packages/oslo_db/sqlalchemy/engines.py:325}}
Aug 06 19:15:46.634838 np0000006689 nova-conductor[99075]: DEBUG dbcounter [-] [99075] Writer thread running {{(pid=99075) stat_writer /opt/stack/data/venv/lib/python3.12/site-packages/dbcounter.py:102}}
Aug 06 19:15:46.638924 np0000006689 nova-conductor[99081]: DEBUG oslo_db.sqlalchemy.engines [None req-1819b7bd-2bb3-4727-a245-56eb44b0769e None None] MySQL server mode set to STRICT_TRANS_TABLES,STRICT_ALL_TABLES,NO_ZERO_IN_DATE,NO_ZERO_DATE,ERROR_FOR_DIVISION_BY_ZERO,TRADITIONAL,NO_ENGINE_SUBSTITUTION {{(pid=99081) _check_effective_sql_mode /opt/stack/data/venv/lib/python3.12/site-packages/oslo_db/sqlalchemy/engines.py:325}}
Aug 06 19:15:46.643714 np0000006689 nova-conductor[99070]: DEBUG nova.service [None req-a900b84b-69a3-4b93-9af4-859464d5d39e None None] Creating RPC server for service: nova-conductor on topic: conductor {{(pid=99070) start /opt/stack/nova/nova/service.py:196}}
Aug 06 19:15:46.644226 np0000006689 nova-conductor[99085]: DEBUG dbcounter [-] [99085] Writer thread running {{(pid=99085) stat_writer /opt/stack/data/venv/lib/python3.12/site-packages/dbcounter.py:102}}
Aug 06 19:15:46.646879 np0000006689 nova-conductor[99085]: DEBUG nova.service [None req-f34ab990-2b1d-4470-bc62-ee0be5e4462d None None] Creating RPC server for service: nova-conductor on topic: conductor {{(pid=99085) start /opt/stack/nova/nova/service.py:196}}
Aug 06 19:15:46.650263 np0000006689 nova-conductor[99081]: DEBUG dbcounter [-] [99081] Writer thread running {{(pid=99081) stat_writer /opt/stack/data/venv/lib/python3.12/site-packages/dbcounter.py:102}}
Aug 06 19:15:46.650507 np0000006689 nova-conductor[99075]: DEBUG nova.service [None req-2717e625-70c8-4b9c-9b4e-7baa3cad82a1 None None] Creating RPC server for service: nova-conductor on topic: conductor {{(pid=99075) start /opt/stack/nova/nova/service.py:196}}
Aug 06 19:15:46.653588 np0000006689 nova-conductor[99081]: DEBUG nova.service [None req-1819b7bd-2bb3-4727-a245-56eb44b0769e None None] Creating RPC server for service: nova-conductor on topic: conductor {{(pid=99081) start /opt/stack/nova/nova/service.py:196}}
Aug 06 19:15:46.670785 np0000006689 nova-conductor[99075]: DEBUG nova.service [None req-2717e625-70c8-4b9c-9b4e-7baa3cad82a1 None None] Join ServiceGroup membership for this service conductor {{(pid=99075) start /opt/stack/nova/nova/service.py:222}}
Aug 06 19:15:46.671315 np0000006689 nova-conductor[99075]: DEBUG nova.servicegroup.drivers.db [None req-2717e625-70c8-4b9c-9b4e-7baa3cad82a1 None None] DB_Driver: join new ServiceGroup member np0000006689 to the conductor group, service = {{(pid=99075) join /opt/stack/nova/nova/servicegroup/drivers/db.py:44}}
Aug 06 19:15:46.671709 np0000006689 nova-conductor[99070]: DEBUG nova.service [None req-a900b84b-69a3-4b93-9af4-859464d5d39e None None] Join ServiceGroup membership for this service conductor {{(pid=99070) start /opt/stack/nova/nova/service.py:222}}
Aug 06 19:15:46.671953 np0000006689 nova-conductor[99070]: DEBUG nova.servicegroup.drivers.db [None req-a900b84b-69a3-4b93-9af4-859464d5d39e None None] DB_Driver: join new ServiceGroup member np0000006689 to the conductor group, service = {{(pid=99070) join /opt/stack/nova/nova/servicegroup/drivers/db.py:44}}
Aug 06 19:15:46.672414 np0000006689 nova-conductor[99075]: DEBUG oslo.service.backend._threading.loopingcall [None req-8f6648aa-ffc8-4ceb-aa47-6968754ae1ef None None] Dynamic interval looping call 'nova.service.Service.periodic_tasks' sleeping for 60.00 seconds {{(pid=99075) _run_loop /opt/stack/data/venv/lib/python3.12/site-packages/oslo_service/backend/_threading/loopingcall.py:125}}
Aug 06 19:15:46.673050 np0000006689 nova-conductor[99081]: DEBUG nova.service [None req-1819b7bd-2bb3-4727-a245-56eb44b0769e None None] Join ServiceGroup membership for this service conductor {{(pid=99081) start /opt/stack/nova/nova/service.py:222}}
Aug 06 19:15:46.673457 np0000006689 nova-conductor[99081]: DEBUG nova.servicegroup.drivers.db [None req-1819b7bd-2bb3-4727-a245-56eb44b0769e None None] DB_Driver: join new ServiceGroup member np0000006689 to the conductor group, service = {{(pid=99081) join /opt/stack/nova/nova/servicegroup/drivers/db.py:44}}
Aug 06 19:15:46.677763 np0000006689 nova-conductor[99085]: DEBUG nova.service [None req-f34ab990-2b1d-4470-bc62-ee0be5e4462d None None] Join ServiceGroup membership for this service conductor {{(pid=99085) start /opt/stack/nova/nova/service.py:222}}
Aug 06 19:15:46.678118 np0000006689 nova-conductor[99085]: DEBUG nova.servicegroup.drivers.db [None req-f34ab990-2b1d-4470-bc62-ee0be5e4462d None None] DB_Driver: join new ServiceGroup member np0000006689 to the conductor group, service = {{(pid=99085) join /opt/stack/nova/nova/servicegroup/drivers/db.py:44}}
Aug 06 19:15:51.684128 np0000006689 nova-conductor[99075]: DEBUG oslo.service.backend._threading.loopingcall [-] Fixed interval looping call 'nova.servicegroup.drivers.db.DbDriver._report_state' sleeping for 119.99 seconds {{(pid=99075) _run_loop /opt/stack/data/venv/lib/python3.12/site-packages/oslo_service/backend/_threading/loopingcall.py:125}}
Aug 06 19:15:51.684559 np0000006689 nova-conductor[99070]: DEBUG oslo.service.backend._threading.loopingcall [-] Fixed interval looping call 'nova.servicegroup.drivers.db.DbDriver._report_state' sleeping for 119.99 seconds {{(pid=99070) _run_loop /opt/stack/data/venv/lib/python3.12/site-packages/oslo_service/backend/_threading/loopingcall.py:125}}
Aug 06 19:15:51.686993 np0000006689 nova-conductor[99081]: DEBUG oslo.service.backend._threading.loopingcall [-] Fixed interval looping call 'nova.servicegroup.drivers.db.DbDriver._report_state' sleeping for 119.99 seconds {{(pid=99081) _run_loop /opt/stack/data/venv/lib/python3.12/site-packages/oslo_service/backend/_threading/loopingcall.py:125}}
Aug 06 19:15:51.690944 np0000006689 nova-conductor[99085]: DEBUG oslo.service.backend._threading.loopingcall [-] Fixed interval looping call 'nova.servicegroup.drivers.db.DbDriver._report_state' sleeping for 119.99 seconds {{(pid=99085) _run_loop /opt/stack/data/venv/lib/python3.12/site-packages/oslo_service/backend/_threading/loopingcall.py:125}}
Aug 06 19:15:55.222072 np0000006689 nova-conductor[97604]: DEBUG dbcounter [-] [97604] Writing DB stats nova_api:SELECT=1 {{(pid=97604) stat_writer /opt/stack/data/venv/lib/python3.12/site-packages/dbcounter.py:115}}
Aug 06 19:15:55.360239 np0000006689 nova-conductor[97604]: DEBUG dbcounter [-] [97604] Writing DB stats nova_cell0:SELECT=1 {{(pid=97604) stat_writer /opt/stack/data/venv/lib/python3.12/site-packages/dbcounter.py:115}}
Aug 06 19:15:55.364045 np0000006689 nova-conductor[97604]: DEBUG dbcounter [-] [97604] Writing DB stats nova_cell1:SELECT=1 {{(pid=97604) stat_writer /opt/stack/data/venv/lib/python3.12/site-packages/dbcounter.py:115}}
Aug 06 19:16:01.679479 np0000006689 nova-conductor[99075]: DEBUG dbcounter [-] [99075] Writing DB stats nova_cell0:SELECT=5,nova_cell0:INSERT=1,nova_cell0:UPDATE=1 {{(pid=99075) stat_writer /opt/stack/data/venv/lib/python3.12/site-packages/dbcounter.py:115}}
Aug 06 19:16:01.681298 np0000006689 nova-conductor[99070]: DEBUG dbcounter [-] [99070] Writing DB stats nova_cell0:SELECT=4,nova_cell0:INSERT=1,nova_cell0:UPDATE=1 {{(pid=99070) stat_writer /opt/stack/data/venv/lib/python3.12/site-packages/dbcounter.py:115}}
Aug 06 19:16:01.685849 np0000006689 nova-conductor[99081]: DEBUG dbcounter [-] [99081] Writing DB stats nova_cell0:SELECT=3,nova_cell0:UPDATE=1 {{(pid=99081) stat_writer /opt/stack/data/venv/lib/python3.12/site-packages/dbcounter.py:115}}
Aug 06 19:16:01.687655 np0000006689 nova-conductor[99085]: DEBUG dbcounter [-] [99085] Writing DB stats nova_cell0:SELECT=3 {{(pid=99085) stat_writer /opt/stack/data/venv/lib/python3.12/site-packages/dbcounter.py:115}}
Aug 06 19:16:10.674796 np0000006689 nova-conductor[99070]: DEBUG oslo.service.backend._threading.loopingcall [None req-218809fa-e6fb-416e-bc02-a28b0d0ce3ee None None] Dynamic interval looping call 'nova.service.Service.periodic_tasks' sleeping for 60.00 seconds {{(pid=99070) _run_loop /opt/stack/data/venv/lib/python3.12/site-packages/oslo_service/backend/_threading/loopingcall.py:125}}
Aug 06 19:16:13.676131 np0000006689 nova-conductor[99081]: DEBUG oslo.service.backend._threading.loopingcall [None req-caf09330-7306-4da1-8422-756e30b7f057 None None] Dynamic interval looping call 'nova.service.Service.periodic_tasks' sleeping for 60.00 seconds {{(pid=99081) _run_loop /opt/stack/data/venv/lib/python3.12/site-packages/oslo_service/backend/_threading/loopingcall.py:125}}
Aug 06 19:16:43.680480 np0000006689 nova-conductor[99085]: DEBUG oslo.service.backend._threading.loopingcall [None req-c7a41ae1-199b-412c-9ca8-4181212ffc78 None None] Dynamic interval looping call 'nova.service.Service.periodic_tasks' sleeping for 60.00 seconds {{(pid=99085) _run_loop /opt/stack/data/venv/lib/python3.12/site-packages/oslo_service/backend/_threading/loopingcall.py:125}}
Aug 06 19:16:46.673107 np0000006689 nova-conductor[99075]: DEBUG oslo.service.backend._threading.loopingcall [None req-8f6648aa-ffc8-4ceb-aa47-6968754ae1ef None None] Dynamic interval looping call 'nova.service.Service.periodic_tasks' sleeping for 60.00 seconds {{(pid=99075) _run_loop /opt/stack/data/venv/lib/python3.12/site-packages/oslo_service/backend/_threading/loopingcall.py:125}}
Aug 06 19:17:10.675265 np0000006689 nova-conductor[99070]: DEBUG oslo.service.backend._threading.loopingcall [None req-218809fa-e6fb-416e-bc02-a28b0d0ce3ee None None] Dynamic interval looping call 'nova.service.Service.periodic_tasks' sleeping for 60.00 seconds {{(pid=99070) _run_loop /opt/stack/data/venv/lib/python3.12/site-packages/oslo_service/backend/_threading/loopingcall.py:125}}
Aug 06 19:17:13.676595 np0000006689 nova-conductor[99081]: DEBUG oslo.service.backend._threading.loopingcall [None req-caf09330-7306-4da1-8422-756e30b7f057 None None] Dynamic interval looping call 'nova.service.Service.periodic_tasks' sleeping for 60.00 seconds {{(pid=99081) _run_loop /opt/stack/data/venv/lib/python3.12/site-packages/oslo_service/backend/_threading/loopingcall.py:125}}
Aug 06 19:17:43.681003 np0000006689 nova-conductor[99085]: DEBUG oslo.service.backend._threading.loopingcall [None req-c7a41ae1-199b-412c-9ca8-4181212ffc78 None None] Dynamic interval looping call 'nova.service.Service.periodic_tasks' sleeping for 60.00 seconds {{(pid=99085) _run_loop /opt/stack/data/venv/lib/python3.12/site-packages/oslo_service/backend/_threading/loopingcall.py:125}}
Aug 06 19:17:46.673505 np0000006689 nova-conductor[99075]: DEBUG oslo.service.backend._threading.loopingcall [None req-8f6648aa-ffc8-4ceb-aa47-6968754ae1ef None None] Dynamic interval looping call 'nova.service.Service.periodic_tasks' sleeping for 60.00 seconds {{(pid=99075) _run_loop /opt/stack/data/venv/lib/python3.12/site-packages/oslo_service/backend/_threading/loopingcall.py:125}}
Aug 06 19:17:51.683293 np0000006689 nova-conductor[99075]: DEBUG oslo.service.backend._threading.loopingcall [-] Fixed interval looping call 'nova.servicegroup.drivers.db.DbDriver._report_state' sleeping for 119.99 seconds {{(pid=99075) _run_loop /opt/stack/data/venv/lib/python3.12/site-packages/oslo_service/backend/_threading/loopingcall.py:125}}
Aug 06 19:17:51.683802 np0000006689 nova-conductor[99070]: DEBUG oslo.service.backend._threading.loopingcall [-] Fixed interval looping call 'nova.servicegroup.drivers.db.DbDriver._report_state' sleeping for 119.99 seconds {{(pid=99070) _run_loop /opt/stack/data/venv/lib/python3.12/site-packages/oslo_service/backend/_threading/loopingcall.py:125}}
Aug 06 19:17:51.684082 np0000006689 nova-conductor[99081]: DEBUG oslo.service.backend._threading.loopingcall [-] Fixed interval looping call 'nova.servicegroup.drivers.db.DbDriver._report_state' sleeping for 119.99 seconds {{(pid=99081) _run_loop /opt/stack/data/venv/lib/python3.12/site-packages/oslo_service/backend/_threading/loopingcall.py:125}}
Aug 06 19:17:51.685736 np0000006689 nova-conductor[99085]: DEBUG oslo.service.backend._threading.loopingcall [-] Fixed interval looping call 'nova.servicegroup.drivers.db.DbDriver._report_state' sleeping for 120.00 seconds {{(pid=99085) _run_loop /opt/stack/data/venv/lib/python3.12/site-packages/oslo_service/backend/_threading/loopingcall.py:125}}
Aug 06 19:18:01.677251 np0000006689 nova-conductor[99075]: DEBUG dbcounter [-] [99075] Writing DB stats nova_cell0:SELECT=1,nova_cell0:UPDATE=1 {{(pid=99075) stat_writer /opt/stack/data/venv/lib/python3.12/site-packages/dbcounter.py:115}}
Aug 06 19:18:01.677778 np0000006689 nova-conductor[99070]: DEBUG dbcounter [-] [99070] Writing DB stats nova_cell0:SELECT=1,nova_cell0:UPDATE=1 {{(pid=99070) stat_writer /opt/stack/data/venv/lib/python3.12/site-packages/dbcounter.py:115}}
Aug 06 19:18:01.680527 np0000006689 nova-conductor[99081]: DEBUG dbcounter [-] [99081] Writing DB stats nova_cell0:SELECT=1,nova_cell0:UPDATE=1 {{(pid=99081) stat_writer /opt/stack/data/venv/lib/python3.12/site-packages/dbcounter.py:115}}
Aug 06 19:18:01.683534 np0000006689 nova-conductor[99085]: DEBUG dbcounter [-] [99085] Writing DB stats nova_cell0:SELECT=1 {{(pid=99085) stat_writer /opt/stack/data/venv/lib/python3.12/site-packages/dbcounter.py:115}}
Aug 06 19:18:10.676484 np0000006689 nova-conductor[99070]: DEBUG oslo.service.backend._threading.loopingcall [None req-218809fa-e6fb-416e-bc02-a28b0d0ce3ee None None] Dynamic interval looping call 'nova.service.Service.periodic_tasks' sleeping for 60.00 seconds {{(pid=99070) _run_loop /opt/stack/data/venv/lib/python3.12/site-packages/oslo_service/backend/_threading/loopingcall.py:125}}
Aug 06 19:18:13.677532 np0000006689 nova-conductor[99081]: DEBUG oslo.service.backend._threading.loopingcall [None req-caf09330-7306-4da1-8422-756e30b7f057 None None] Dynamic interval looping call 'nova.service.Service.periodic_tasks' sleeping for 60.00 seconds {{(pid=99081) _run_loop /opt/stack/data/venv/lib/python3.12/site-packages/oslo_service/backend/_threading/loopingcall.py:125}}
Aug 06 19:18:15.942497 np0000006689 nova-conductor[99075]: DEBUG oslo_db.sqlalchemy.engines [None req-4e33cacc-90f4-402a-a47f-94ce84cecb5f tempest-ServerBootFromVolumeStableRescueTest-1732524757 tempest-ServerBootFromVolumeStableRescueTest-1732524757-project-member] Parent process 97604 forked (99075) with an open database connection, which is being discarded and recreated. {{(pid=99075) checkout /opt/stack/data/venv/lib/python3.12/site-packages/oslo_db/sqlalchemy/engines.py:402}}
Aug 06 19:18:15.997216 np0000006689 nova-conductor[99075]: DEBUG dbcounter [-] [99075] Writer thread running {{(pid=99075) stat_writer /opt/stack/data/venv/lib/python3.12/site-packages/dbcounter.py:102}}
Aug 06 19:18:16.980510 np0000006689 nova-conductor[99075]: DEBUG nova.conductor.manager [None req-4e33cacc-90f4-402a-a47f-94ce84cecb5f tempest-ServerBootFromVolumeStableRescueTest-1732524757 tempest-ServerBootFromVolumeStableRescueTest-1732524757-project-member] Took 0.98 seconds to select destinations for 1 instance(s). {{(pid=99075) _schedule_instances /opt/stack/nova/nova/conductor/manager.py:968}}
Aug 06 19:18:17.008677 np0000006689 nova-conductor[99075]: DEBUG oslo_concurrency.lockutils [None req-4e33cacc-90f4-402a-a47f-94ce84cecb5f tempest-ServerBootFromVolumeStableRescueTest-1732524757 tempest-ServerBootFromVolumeStableRescueTest-1732524757-project-member] Acquiring lock "7445d5da-03a3-4d39-a804-b1c89a048016" by "nova.context.set_target_cell..get_or_set_cached_cell_and_set_connections" {{(pid=99075) inner /opt/stack/data/venv/lib/python3.12/site-packages/oslo_concurrency/lockutils.py:512}}
Aug 06 19:18:17.008960 np0000006689 nova-conductor[99075]: DEBUG oslo_concurrency.lockutils [None req-4e33cacc-90f4-402a-a47f-94ce84cecb5f tempest-ServerBootFromVolumeStableRescueTest-1732524757 tempest-ServerBootFromVolumeStableRescueTest-1732524757-project-member] Lock "7445d5da-03a3-4d39-a804-b1c89a048016" acquired by "nova.context.set_target_cell..get_or_set_cached_cell_and_set_connections" :: waited 0.000s {{(pid=99075) inner /opt/stack/data/venv/lib/python3.12/site-packages/oslo_concurrency/lockutils.py:525}}
Aug 06 19:18:17.010247 np0000006689 nova-conductor[99075]: DEBUG oslo_concurrency.lockutils [None req-4e33cacc-90f4-402a-a47f-94ce84cecb5f tempest-ServerBootFromVolumeStableRescueTest-1732524757 tempest-ServerBootFromVolumeStableRescueTest-1732524757-project-member] Lock "7445d5da-03a3-4d39-a804-b1c89a048016" "released" by "nova.context.set_target_cell..get_or_set_cached_cell_and_set_connections" :: held 0.001s {{(pid=99075) inner /opt/stack/data/venv/lib/python3.12/site-packages/oslo_concurrency/lockutils.py:544}}
Aug 06 19:18:17.012110 np0000006689 nova-conductor[99075]: INFO dbcounter [None req-4e33cacc-90f4-402a-a47f-94ce84cecb5f tempest-ServerBootFromVolumeStableRescueTest-1732524757 tempest-ServerBootFromVolumeStableRescueTest-1732524757-project-member] Registered counter for database nova_cell1
Aug 06 19:18:17.063336 np0000006689 nova-conductor[99075]: DEBUG oslo_db.sqlalchemy.engines [None req-4e33cacc-90f4-402a-a47f-94ce84cecb5f tempest-ServerBootFromVolumeStableRescueTest-1732524757 tempest-ServerBootFromVolumeStableRescueTest-1732524757-project-member] MySQL server mode set to STRICT_TRANS_TABLES,STRICT_ALL_TABLES,NO_ZERO_IN_DATE,NO_ZERO_DATE,ERROR_FOR_DIVISION_BY_ZERO,TRADITIONAL,NO_ENGINE_SUBSTITUTION {{(pid=99075) _check_effective_sql_mode /opt/stack/data/venv/lib/python3.12/site-packages/oslo_db/sqlalchemy/engines.py:325}}
Aug 06 19:18:17.069716 np0000006689 nova-conductor[99075]: DEBUG dbcounter [-] [99075] Writer thread running {{(pid=99075) stat_writer /opt/stack/data/venv/lib/python3.12/site-packages/dbcounter.py:102}}
Aug 06 19:18:17.146963 np0000006689 nova-conductor[99075]: INFO nova.utils [None req-4e33cacc-90f4-402a-a47f-94ce84cecb5f tempest-ServerBootFromVolumeStableRescueTest-1732524757 tempest-ServerBootFromVolumeStableRescueTest-1732524757-project-member] The cell worker thread pool ForkProcess-2.cell_worker is initialized
Aug 06 19:18:17.147802 np0000006689 nova-conductor[99075]: DEBUG oslo_concurrency.lockutils [None req-4e33cacc-90f4-402a-a47f-94ce84cecb5f tempest-ServerBootFromVolumeStableRescueTest-1732524757 tempest-ServerBootFromVolumeStableRescueTest-1732524757-project-member] Acquiring lock "00000000-0000-0000-0000-000000000000" by "nova.context.set_target_cell..get_or_set_cached_cell_and_set_connections" {{(pid=99075) inner /opt/stack/data/venv/lib/python3.12/site-packages/oslo_concurrency/lockutils.py:512}}
Aug 06 19:18:17.147966 np0000006689 nova-conductor[99075]: DEBUG oslo_concurrency.lockutils [None req-4e33cacc-90f4-402a-a47f-94ce84cecb5f tempest-ServerBootFromVolumeStableRescueTest-1732524757 tempest-ServerBootFromVolumeStableRescueTest-1732524757-project-member] Lock "00000000-0000-0000-0000-000000000000" acquired by "nova.context.set_target_cell..get_or_set_cached_cell_and_set_connections" :: waited 0.001s {{(pid=99075) inner /opt/stack/data/venv/lib/python3.12/site-packages/oslo_concurrency/lockutils.py:525}}
Aug 06 19:18:17.148292 np0000006689 nova-conductor[99075]: DEBUG oslo_concurrency.lockutils [None req-4e33cacc-90f4-402a-a47f-94ce84cecb5f tempest-ServerBootFromVolumeStableRescueTest-1732524757 tempest-ServerBootFromVolumeStableRescueTest-1732524757-project-member] Lock "00000000-0000-0000-0000-000000000000" "released" by "nova.context.set_target_cell..get_or_set_cached_cell_and_set_connections" :: held 0.000s {{(pid=99075) inner /opt/stack/data/venv/lib/python3.12/site-packages/oslo_concurrency/lockutils.py:544}}
Aug 06 19:18:17.148965 np0000006689 nova-conductor[99075]: DEBUG oslo_concurrency.lockutils [None req-4e33cacc-90f4-402a-a47f-94ce84cecb5f tempest-ServerBootFromVolumeStableRescueTest-1732524757 tempest-ServerBootFromVolumeStableRescueTest-1732524757-project-member] Acquiring lock "7445d5da-03a3-4d39-a804-b1c89a048016" by "nova.context.set_target_cell..get_or_set_cached_cell_and_set_connections" {{(pid=99075) inner /opt/stack/data/venv/lib/python3.12/site-packages/oslo_concurrency/lockutils.py:512}}
Aug 06 19:18:17.150155 np0000006689 nova-conductor[99075]: DEBUG oslo_concurrency.lockutils [None req-4e33cacc-90f4-402a-a47f-94ce84cecb5f tempest-ServerBootFromVolumeStableRescueTest-1732524757 tempest-ServerBootFromVolumeStableRescueTest-1732524757-project-member] Lock "7445d5da-03a3-4d39-a804-b1c89a048016" acquired by "nova.context.set_target_cell..get_or_set_cached_cell_and_set_connections" :: waited 0.001s {{(pid=99075) inner /opt/stack/data/venv/lib/python3.12/site-packages/oslo_concurrency/lockutils.py:525}}
