Jul 09 07:45:44.457948 np0000004859 devstack@g-api.service[99451]: DEBUG glance.sqlite_migration [-] SQLite caching database not located, skipping migration {{(pid=99451) get_db_path /opt/stack/glance/glance/sqlite_migration.py:68}}
Jul 09 07:45:44.458033 np0000004859 devstack@g-api.service[99452]: DEBUG glance_store.location [-] Registering scheme swift+https with {'store': , 'location_class': , 'store_entry': 'swift'} {{(pid=99452) register_scheme_map /opt/stack/data/venv/lib/python3.12/site-packages/glance_store/location.py:146}}
Jul 09 07:45:44.458033 np0000004859 devstack@g-api.service[99452]: DEBUG glance_store.location [-] Registering scheme swift with {'store': , 'location_class': , 'store_entry': 'swift'} {{(pid=99452) register_scheme_map /opt/stack/data/venv/lib/python3.12/site-packages/glance_store/location.py:146}}
Jul 09 07:45:44.458033 np0000004859 devstack@g-api.service[99452]: DEBUG glance_store.location [-] Registering scheme swift+https with {'store': , 'location_class': , 'store_entry': 'swift'} {{(pid=99452) register_scheme_map /opt/stack/data/venv/lib/python3.12/site-packages/glance_store/location.py:146}}
Jul 09 07:45:44.458217 np0000004859 devstack@g-api.service[99451]: WARNING glance.common.wsgi_app [-] Import methods are enabled but staging directory /tmp/staging/ does not exist; Imports will fail!
Jul 09 07:45:44.458307 np0000004859 devstack@g-api.service[99452]: DEBUG glance_store.location [-] Registering scheme swift with {'store': , 'location_class': , 'store_entry': 'swift'} {{(pid=99452) register_scheme_map /opt/stack/data/venv/lib/python3.12/site-packages/glance_store/location.py:146}}
Jul 09 07:45:44.458307 np0000004859 devstack@g-api.service[99452]: DEBUG glance_store.location [-] Registering scheme swift+http with {'store': , 'location_class': , 'store_entry': 'swift'} {{(pid=99452) register_scheme_map /opt/stack/data/venv/lib/python3.12/site-packages/glance_store/location.py:146}}
Jul 09 07:45:44.458307 np0000004859 devstack@g-api.service[99452]: DEBUG glance_store.location [-] Registering scheme swift+https with {'store': , 'location_class': , 'store_entry': 'swift'} {{(pid=99452) register_scheme_map /opt/stack/data/venv/lib/python3.12/site-packages/glance_store/location.py:146}}
Jul 09 07:45:44.458307 np0000004859 devstack@g-api.service[99452]: DEBUG glance_store.location [-] Registering scheme swift with {'store': , 'location_class': , 'store_entry': 'swift'} {{(pid=99452) register_scheme_map /opt/stack/data/venv/lib/python3.12/site-packages/glance_store/location.py:146}}
Jul 09 07:45:44.458307 np0000004859 devstack@g-api.service[99452]: DEBUG glance_store.location [-] Registering scheme swift+http with {'store': , 'location_class': , 'store_entry': 'swift'} {{(pid=99452) register_scheme_map /opt/stack/data/venv/lib/python3.12/site-packages/glance_store/location.py:146}}
Jul 09 07:45:44.458668 np0000004859 devstack@g-api.service[99452]: DEBUG glance_store.location [-] Registering scheme swift+config with {'store': , 'location_class': , 'store_entry': 'swift'} {{(pid=99452) register_scheme_map /opt/stack/data/venv/lib/python3.12/site-packages/glance_store/location.py:146}}
Jul 09 07:45:44.458668 np0000004859 devstack@g-api.service[99452]: DEBUG glance.sqlite_migration [-] SQLite caching database not located, skipping migration {{(pid=99452) get_db_path /opt/stack/glance/glance/sqlite_migration.py:68}}
Jul 09 07:45:44.458806 np0000004859 devstack@g-api.service[99453]: DEBUG glance_store.capabilities [-] Store glance_store._drivers.swift.store.SingleTenantStore doesn't support updating dynamic storage capabilities. Please overwrite 'update_capabilities' method of the store to implement updating logics if needed. {{(pid=99453) update_capabilities /opt/stack/data/venv/lib/python3.12/site-packages/glance_store/capabilities.py:91}}
Jul 09 07:45:44.458806 np0000004859 devstack@g-api.service[99453]: DEBUG glance_store.driver [-] Late loading location class glance_store._drivers.swift.store.StoreLocation {{(pid=99453) get_store_location_class /opt/stack/data/venv/lib/python3.12/site-packages/glance_store/driver.py:134}}
Jul 09 07:45:44.458806 np0000004859 devstack@g-api.service[99453]: DEBUG glance_store.location [-] Registering scheme swift+https with {'store': , 'location_class': , 'store_entry': 'swift'} {{(pid=99453) register_scheme_map /opt/stack/data/venv/lib/python3.12/site-packages/glance_store/location.py:146}}
Jul 09 07:45:44.459004 np0000004859 devstack@g-api.service[99452]: WARNING glance.common.wsgi_app [-] Import methods are enabled but staging directory /tmp/staging/ does not exist; Imports will fail!
Jul 09 07:45:44.459068 np0000004859 devstack@g-api.service[99453]: DEBUG glance_store.location [-] Registering scheme swift+https with {'store': , 'location_class': , 'store_entry': 'swift'} {{(pid=99453) register_scheme_map /opt/stack/data/venv/lib/python3.12/site-packages/glance_store/location.py:146}}
Jul 09 07:45:44.459068 np0000004859 devstack@g-api.service[99453]: DEBUG glance_store.location [-] Registering scheme swift with {'store': , 'location_class': , 'store_entry': 'swift'} {{(pid=99453) register_scheme_map /opt/stack/data/venv/lib/python3.12/site-packages/glance_store/location.py:146}}
Jul 09 07:45:44.459068 np0000004859 devstack@g-api.service[99453]: DEBUG glance_store.location [-] Registering scheme swift+https with {'store': , 'location_class': , 'store_entry': 'swift'} {{(pid=99453) register_scheme_map /opt/stack/data/venv/lib/python3.12/site-packages/glance_store/location.py:146}}
Jul 09 07:45:44.459068 np0000004859 devstack@g-api.service[99453]: DEBUG glance_store.location [-] Registering scheme swift with {'store': , 'location_class': , 'store_entry': 'swift'} {{(pid=99453) register_scheme_map /opt/stack/data/venv/lib/python3.12/site-packages/glance_store/location.py:146}}
Jul 09 07:45:44.459068 np0000004859 devstack@g-api.service[99453]: DEBUG glance_store.location [-] Registering scheme swift+http with {'store': , 'location_class': , 'store_entry': 'swift'} {{(pid=99453) register_scheme_map /opt/stack/data/venv/lib/python3.12/site-packages/glance_store/location.py:146}}
Jul 09 07:45:44.459384 np0000004859 devstack@g-api.service[99453]: DEBUG glance_store.location [-] Registering scheme swift+https with {'store': , 'location_class': , 'store_entry': 'swift'} {{(pid=99453) register_scheme_map /opt/stack/data/venv/lib/python3.12/site-packages/glance_store/location.py:146}}
Jul 09 07:45:44.459384 np0000004859 devstack@g-api.service[99453]: DEBUG glance_store.location [-] Registering scheme swift with {'store': , 'location_class': , 'store_entry': 'swift'} {{(pid=99453) register_scheme_map /opt/stack/data/venv/lib/python3.12/site-packages/glance_store/location.py:146}}
Jul 09 07:45:44.459384 np0000004859 devstack@g-api.service[99453]: DEBUG glance_store.location [-] Registering scheme swift+http with {'store': , 'location_class': , 'store_entry': 'swift'} {{(pid=99453) register_scheme_map /opt/stack/data/venv/lib/python3.12/site-packages/glance_store/location.py:146}}
Jul 09 07:45:44.459384 np0000004859 devstack@g-api.service[99453]: DEBUG glance_store.location [-] Registering scheme swift+config with {'store': , 'location_class': , 'store_entry': 'swift'} {{(pid=99453) register_scheme_map /opt/stack/data/venv/lib/python3.12/site-packages/glance_store/location.py:146}}
Jul 09 07:45:44.459384 np0000004859 devstack@g-api.service[99453]: DEBUG glance.sqlite_migration [-] SQLite caching database not located, skipping migration {{(pid=99453) get_db_path /opt/stack/glance/glance/sqlite_migration.py:68}}
Jul 09 07:45:44.459384 np0000004859 devstack@g-api.service[99453]: WARNING glance.common.wsgi_app [-] Import methods are enabled but staging directory /tmp/staging/ does not exist; Imports will fail!
Jul 09 07:45:44.591074 np0000004859 devstack@g-api.service[99451]: DEBUG glance.common.config [None req-0c0dde81-accc-4860-9070-f19cb9180f4e None None] Loading glance-api-keystone+cachemanagement from /etc/glance/glance-api-paste.ini {{(pid=99451) load_paste_app /opt/stack/glance/glance/common/config.py:765}}
Jul 09 07:45:44.594823 np0000004859 devstack@g-api.service[99453]: DEBUG glance.common.config [None req-fe2cffac-f1cc-499b-953a-12c10539c50e None None] Loading glance-api-keystone+cachemanagement from /etc/glance/glance-api-paste.ini {{(pid=99453) load_paste_app /opt/stack/glance/glance/common/config.py:765}}
Jul 09 07:45:44.611224 np0000004859 devstack@g-api.service[99452]: DEBUG glance.common.config [None req-32f84dab-c74b-4f64-9ef6-3dfce5caa2d2 None None] Loading glance-api-keystone+cachemanagement from /etc/glance/glance-api-paste.ini {{(pid=99452) load_paste_app /opt/stack/glance/glance/common/config.py:765}}
Jul 09 07:45:45.217960 np0000004859 devstack@g-api.service[99451]: INFO glance.image_cache [None req-0c0dde81-accc-4860-9070-f19cb9180f4e None None] Image cache loaded driver 'centralized_db'.
Jul 09 07:45:45.218514 np0000004859 devstack@g-api.service[99452]: INFO glance.image_cache [None req-32f84dab-c74b-4f64-9ef6-3dfce5caa2d2 None None] Image cache loaded driver 'centralized_db'.
Jul 09 07:45:45.220520 np0000004859 devstack@g-api.service[99453]: INFO glance.image_cache [None req-fe2cffac-f1cc-499b-953a-12c10539c50e None None] Image cache loaded driver 'centralized_db'.
Jul 09 07:45:45.261431 np0000004859 devstack@g-api.service[99451]: INFO dbcounter [None req-0c0dde81-accc-4860-9070-f19cb9180f4e None None] Registered counter for database glance
Jul 09 07:45:45.262243 np0000004859 devstack@g-api.service[99452]: INFO dbcounter [None req-32f84dab-c74b-4f64-9ef6-3dfce5caa2d2 None None] Registered counter for database glance
Jul 09 07:45:45.263942 np0000004859 devstack@g-api.service[99453]: INFO dbcounter [None req-fe2cffac-f1cc-499b-953a-12c10539c50e None None] Registered counter for database glance
Jul 09 07:45:45.303398 np0000004859 devstack@g-api.service[99452]: DEBUG oslo_db.sqlalchemy.engines [None req-32f84dab-c74b-4f64-9ef6-3dfce5caa2d2 None None] MySQL server mode set to STRICT_TRANS_TABLES,STRICT_ALL_TABLES,NO_ZERO_IN_DATE,NO_ZERO_DATE,ERROR_FOR_DIVISION_BY_ZERO,TRADITIONAL,NO_ENGINE_SUBSTITUTION {{(pid=99452) _check_effective_sql_mode /opt/stack/data/venv/lib/python3.12/site-packages/oslo_db/sqlalchemy/engines.py:325}}
Jul 09 07:45:45.306920 np0000004859 devstack@g-api.service[99451]: DEBUG oslo_db.sqlalchemy.engines [None req-0c0dde81-accc-4860-9070-f19cb9180f4e None None] MySQL server mode set to STRICT_TRANS_TABLES,STRICT_ALL_TABLES,NO_ZERO_IN_DATE,NO_ZERO_DATE,ERROR_FOR_DIVISION_BY_ZERO,TRADITIONAL,NO_ENGINE_SUBSTITUTION {{(pid=99451) _check_effective_sql_mode /opt/stack/data/venv/lib/python3.12/site-packages/oslo_db/sqlalchemy/engines.py:325}}
Jul 09 07:45:45.309922 np0000004859 devstack@g-api.service[99453]: DEBUG oslo_db.sqlalchemy.engines [None req-fe2cffac-f1cc-499b-953a-12c10539c50e None None] MySQL server mode set to STRICT_TRANS_TABLES,STRICT_ALL_TABLES,NO_ZERO_IN_DATE,NO_ZERO_DATE,ERROR_FOR_DIVISION_BY_ZERO,TRADITIONAL,NO_ENGINE_SUBSTITUTION {{(pid=99453) _check_effective_sql_mode /opt/stack/data/venv/lib/python3.12/site-packages/oslo_db/sqlalchemy/engines.py:325}}
Jul 09 07:45:45.325651 np0000004859 devstack@g-api.service[99452]: DEBUG dbcounter [-] [99452] Writer thread running {{(pid=99452) stat_writer /opt/stack/data/venv/lib/python3.12/site-packages/dbcounter.py:102}}
Jul 09 07:45:45.327689 np0000004859 devstack@g-api.service[99451]: DEBUG dbcounter [-] [99451] Writer thread running {{(pid=99451) stat_writer /opt/stack/data/venv/lib/python3.12/site-packages/dbcounter.py:102}}
Jul 09 07:45:45.331528 np0000004859 devstack@g-api.service[99453]: DEBUG dbcounter [-] [99453] Writer thread running {{(pid=99453) stat_writer /opt/stack/data/venv/lib/python3.12/site-packages/dbcounter.py:102}}
Jul 09 07:45:45.333499 np0000004859 devstack@g-api.service[99451]: DEBUG glance.image_cache.drivers.centralized_db [None req-0c0dde81-accc-4860-9070-f19cb9180f4e None None] Node reference is already recorded, ignoring it {{(pid=99451) configure /opt/stack/glance/glance/image_cache/drivers/centralized_db.py:71}}
Jul 09 07:45:45.334768 np0000004859 devstack@g-api.service[99453]: DEBUG glance.image_cache.drivers.centralized_db [None req-fe2cffac-f1cc-499b-953a-12c10539c50e None None] Node reference is already recorded, ignoring it {{(pid=99453) configure /opt/stack/glance/glance/image_cache/drivers/centralized_db.py:71}}
Jul 09 07:45:45.338656 np0000004859 devstack@g-api.service[99452]: INFO glance.image_cache [None req-32f84dab-c74b-4f64-9ef6-3dfce5caa2d2 None None] Image cache loaded driver 'centralized_db'.
Jul 09 07:45:45.342826 np0000004859 devstack@g-api.service[99451]: INFO glance.image_cache [None req-0c0dde81-accc-4860-9070-f19cb9180f4e None None] Image cache loaded driver 'centralized_db'.
Jul 09 07:45:45.343768 np0000004859 devstack@g-api.service[99453]: INFO glance.image_cache [None req-fe2cffac-f1cc-499b-953a-12c10539c50e None None] Image cache loaded driver 'centralized_db'.
Jul 09 07:45:45.346828 np0000004859 devstack@g-api.service[99452]: DEBUG glance.image_cache.drivers.centralized_db [None req-32f84dab-c74b-4f64-9ef6-3dfce5caa2d2 None None] Node reference is already recorded, ignoring it {{(pid=99452) configure /opt/stack/glance/glance/image_cache/drivers/centralized_db.py:71}}
Jul 09 07:45:45.442049 np0000004859 devstack@g-api.service[99452]: DEBUG glance.api.v2.cached_images [None req-32f84dab-c74b-4f64-9ef6-3dfce5caa2d2 None None] Started cache worker thread {{(pid=99452) __init__ /opt/stack/glance/glance/api/v2/cached_images.py:71}}
Jul 09 07:45:45.442905 np0000004859 devstack@g-api.service[99452]: INFO glance.image_cache [None req-32f84dab-c74b-4f64-9ef6-3dfce5caa2d2 None None] Image cache loaded driver 'centralized_db'.
Jul 09 07:45:45.447994 np0000004859 devstack@g-api.service[99451]: DEBUG glance.image_cache.drivers.centralized_db [None req-0c0dde81-accc-4860-9070-f19cb9180f4e None None] Node reference is already recorded, ignoring it {{(pid=99451) configure /opt/stack/glance/glance/image_cache/drivers/centralized_db.py:71}}
Jul 09 07:45:45.449857 np0000004859 devstack@g-api.service[99452]: DEBUG glance.image_cache.drivers.centralized_db [None req-32f84dab-c74b-4f64-9ef6-3dfce5caa2d2 None None] Node reference is already recorded, ignoring it {{(pid=99452) configure /opt/stack/glance/glance/image_cache/drivers/centralized_db.py:71}}
Jul 09 07:45:45.452018 np0000004859 devstack@g-api.service[99453]: DEBUG glance.image_cache.drivers.centralized_db [None req-fe2cffac-f1cc-499b-953a-12c10539c50e None None] Node reference is already recorded, ignoring it {{(pid=99453) configure /opt/stack/glance/glance/image_cache/drivers/centralized_db.py:71}}
Jul 09 07:45:45.452855 np0000004859 devstack@g-api.service[99451]: DEBUG glance.api.v2.cached_images [None req-0c0dde81-accc-4860-9070-f19cb9180f4e None None] Started cache worker thread {{(pid=99451) __init__ /opt/stack/glance/glance/api/v2/cached_images.py:71}}
Jul 09 07:45:45.453452 np0000004859 devstack@g-api.service[99451]: INFO glance.image_cache [None req-0c0dde81-accc-4860-9070-f19cb9180f4e None None] Image cache loaded driver 'centralized_db'.
Jul 09 07:45:45.454378 np0000004859 devstack@g-api.service[99452]: INFO glance.api.middleware.cache_manage [None req-32f84dab-c74b-4f64-9ef6-3dfce5caa2d2 None None] Initialized image cache management middleware
Jul 09 07:45:45.454571 np0000004859 devstack@g-api.service[99452]: INFO glance.image_cache [None req-32f84dab-c74b-4f64-9ef6-3dfce5caa2d2 None None] Image cache loaded driver 'centralized_db'.
Jul 09 07:45:45.459045 np0000004859 devstack@g-api.service[99453]: DEBUG glance.api.v2.cached_images [None req-fe2cffac-f1cc-499b-953a-12c10539c50e None None] Started cache worker thread {{(pid=99453) __init__ /opt/stack/glance/glance/api/v2/cached_images.py:71}}
Jul 09 07:45:45.460030 np0000004859 devstack@g-api.service[99453]: INFO glance.image_cache [None req-fe2cffac-f1cc-499b-953a-12c10539c50e None None] Image cache loaded driver 'centralized_db'.
Jul 09 07:45:45.460222 np0000004859 devstack@g-api.service[99451]: DEBUG glance.image_cache.drivers.centralized_db [None req-0c0dde81-accc-4860-9070-f19cb9180f4e None None] Node reference is already recorded, ignoring it {{(pid=99451) configure /opt/stack/glance/glance/image_cache/drivers/centralized_db.py:71}}
Jul 09 07:45:45.461280 np0000004859 devstack@g-api.service[99452]: DEBUG glance.image_cache.drivers.centralized_db [None req-32f84dab-c74b-4f64-9ef6-3dfce5caa2d2 None None] Node reference is already recorded, ignoring it {{(pid=99452) configure /opt/stack/glance/glance/image_cache/drivers/centralized_db.py:71}}
Jul 09 07:45:45.464653 np0000004859 devstack@g-api.service[99451]: INFO glance.api.middleware.cache_manage [None req-0c0dde81-accc-4860-9070-f19cb9180f4e None None] Initialized image cache management middleware
Jul 09 07:45:45.464791 np0000004859 devstack@g-api.service[99451]: INFO glance.image_cache [None req-0c0dde81-accc-4860-9070-f19cb9180f4e None None] Image cache loaded driver 'centralized_db'.
Jul 09 07:45:45.464917 np0000004859 devstack@g-api.service[99452]: INFO glance.api.middleware.cache [None req-32f84dab-c74b-4f64-9ef6-3dfce5caa2d2 None None] Initialized image cache middleware
Jul 09 07:45:45.468687 np0000004859 devstack@g-api.service[99453]: DEBUG glance.image_cache.drivers.centralized_db [None req-fe2cffac-f1cc-499b-953a-12c10539c50e None None] Node reference is already recorded, ignoring it {{(pid=99453) configure /opt/stack/glance/glance/image_cache/drivers/centralized_db.py:71}}
Jul 09 07:45:45.474249 np0000004859 devstack@g-api.service[99451]: DEBUG glance.image_cache.drivers.centralized_db [None req-0c0dde81-accc-4860-9070-f19cb9180f4e None None] Node reference is already recorded, ignoring it {{(pid=99451) configure /opt/stack/glance/glance/image_cache/drivers/centralized_db.py:71}}
Jul 09 07:45:45.475320 np0000004859 devstack@g-api.service[99453]: INFO glance.api.middleware.cache_manage [None req-fe2cffac-f1cc-499b-953a-12c10539c50e None None] Initialized image cache management middleware
Jul 09 07:45:45.475522 np0000004859 devstack@g-api.service[99453]: INFO glance.image_cache [None req-fe2cffac-f1cc-499b-953a-12c10539c50e None None] Image cache loaded driver 'centralized_db'.
Jul 09 07:45:45.475931 np0000004859 devstack@g-api.service[99452]: DEBUG glance.common.config [None req-32f84dab-c74b-4f64-9ef6-3dfce5caa2d2 None None] ******************************************************************************** {{(pid=99452) log_opt_values /opt/stack/data/venv/lib/python3.12/site-packages/oslo_config/cfg.py:3226}}
Jul 09 07:45:45.476035 np0000004859 devstack@g-api.service[99452]: DEBUG glance.common.config [None req-32f84dab-c74b-4f64-9ef6-3dfce5caa2d2 None None] Configuration options gathered from: {{(pid=99452) log_opt_values /opt/stack/data/venv/lib/python3.12/site-packages/oslo_config/cfg.py:3227}}
Jul 09 07:45:45.477877 np0000004859 devstack@g-api.service[99452]: DEBUG glance.common.config [None req-32f84dab-c74b-4f64-9ef6-3dfce5caa2d2 None None] command line args: [] {{(pid=99452) log_opt_values /opt/stack/data/venv/lib/python3.12/site-packages/oslo_config/cfg.py:3228}}
Jul 09 07:45:45.478010 np0000004859 devstack@g-api.service[99452]: DEBUG glance.common.config [None req-32f84dab-c74b-4f64-9ef6-3dfce5caa2d2 None None] config files: ['/etc/glance/glance-image-import.conf', '/etc/glance/glance-api.conf'] {{(pid=99452) log_opt_values /opt/stack/data/venv/lib/python3.12/site-packages/oslo_config/cfg.py:3229}}
Jul 09 07:45:45.478097 np0000004859 devstack@g-api.service[99452]: DEBUG glance.common.config [None req-32f84dab-c74b-4f64-9ef6-3dfce5caa2d2 None None] ================================================================================ {{(pid=99452) log_opt_values /opt/stack/data/venv/lib/python3.12/site-packages/oslo_config/cfg.py:3234}}
Jul 09 07:45:45.478238 np0000004859 devstack@g-api.service[99452]: DEBUG glance.common.config [None req-32f84dab-c74b-4f64-9ef6-3dfce5caa2d2 None None] allow_anonymous_access = False {{(pid=99452) log_opt_values /opt/stack/data/venv/lib/python3.12/site-packages/oslo_config/cfg.py:3242}}
Jul 09 07:45:45.478338 np0000004859 devstack@g-api.service[99452]: DEBUG glance.common.config [None req-32f84dab-c74b-4f64-9ef6-3dfce5caa2d2 None None] api_limit_max = 1000 {{(pid=99452) log_opt_values /opt/stack/data/venv/lib/python3.12/site-packages/oslo_config/cfg.py:3242}}
Jul 09 07:45:45.478455 np0000004859 devstack@g-api.service[99452]: DEBUG glance.common.config [None req-32f84dab-c74b-4f64-9ef6-3dfce5caa2d2 None None] config_dir = [] {{(pid=99452) log_opt_values /opt/stack/data/venv/lib/python3.12/site-packages/oslo_config/cfg.py:3242}}
Jul 09 07:45:45.478541 np0000004859 devstack@g-api.service[99452]: DEBUG glance.common.config [None req-32f84dab-c74b-4f64-9ef6-3dfce5caa2d2 None None] config_file = ['/etc/glance/glance-image-import.conf', '/etc/glance/glance-api.conf'] {{(pid=99452) log_opt_values /opt/stack/data/venv/lib/python3.12/site-packages/oslo_config/cfg.py:3242}}
Jul 09 07:45:45.478653 np0000004859 devstack@g-api.service[99452]: DEBUG glance.common.config [None req-32f84dab-c74b-4f64-9ef6-3dfce5caa2d2 None None] config_source = [] {{(pid=99452) log_opt_values /opt/stack/data/venv/lib/python3.12/site-packages/oslo_config/cfg.py:3242}}
Jul 09 07:45:45.478779 np0000004859 devstack@g-api.service[99452]: DEBUG glance.common.config [None req-32f84dab-c74b-4f64-9ef6-3dfce5caa2d2 None None] control_exchange = glance {{(pid=99452) log_opt_values /opt/stack/data/venv/lib/python3.12/site-packages/oslo_config/cfg.py:3242}}
Jul 09 07:45:45.478852 np0000004859 devstack@g-api.service[99452]: DEBUG glance.common.config [None req-32f84dab-c74b-4f64-9ef6-3dfce5caa2d2 None None] debug = True {{(pid=99452) log_opt_values /opt/stack/data/venv/lib/python3.12/site-packages/oslo_config/cfg.py:3242}}
Jul 09 07:45:45.478974 np0000004859 devstack@g-api.service[99451]: INFO glance.api.middleware.cache [None req-0c0dde81-accc-4860-9070-f19cb9180f4e None None] Initialized image cache middleware
Jul 09 07:45:45.479048 np0000004859 devstack@g-api.service[99452]: DEBUG glance.common.config [None req-32f84dab-c74b-4f64-9ef6-3dfce5caa2d2 None None] default_log_levels = ['amqp=WARN', 'boto=WARN', 'sqlalchemy=WARN', 'suds=INFO', 'oslo.messaging=INFO', 'oslo_messaging=INFO', 'iso8601=WARN', 'requests.packages.urllib3.connectionpool=WARN', 'urllib3.connectionpool=WARN', 'websocket=WARN', 'requests.packages.urllib3.util.retry=WARN', 'urllib3.util.retry=WARN', 'keystonemiddleware=WARN', 'routes.middleware=WARN', 'stevedore=WARN', 'taskflow=WARN', 'keystoneauth=WARN', 'oslo.cache=INFO', 'oslo_policy=INFO', 'dogpile.core.dogpile=INFO'] {{(pid=99452) log_opt_values /opt/stack/data/venv/lib/python3.12/site-packages/oslo_config/cfg.py:3242}}
Jul 09 07:45:45.479149 np0000004859 devstack@g-api.service[99452]: DEBUG glance.common.config [None req-32f84dab-c74b-4f64-9ef6-3dfce5caa2d2 None None] default_publisher_id = image.localhost {{(pid=99452) log_opt_values /opt/stack/data/venv/lib/python3.12/site-packages/oslo_config/cfg.py:3242}}
Jul 09 07:45:45.479238 np0000004859 devstack@g-api.service[99452]: DEBUG glance.common.config [None req-32f84dab-c74b-4f64-9ef6-3dfce5caa2d2 None None] delayed_delete = False {{(pid=99452) log_opt_values /opt/stack/data/venv/lib/python3.12/site-packages/oslo_config/cfg.py:3242}}
Jul 09 07:45:45.479330 np0000004859 devstack@g-api.service[99452]: DEBUG glance.common.config [None req-32f84dab-c74b-4f64-9ef6-3dfce5caa2d2 None None] digest_algorithm = sha256 {{(pid=99452) log_opt_values /opt/stack/data/venv/lib/python3.12/site-packages/oslo_config/cfg.py:3242}}
Jul 09 07:45:45.479427 np0000004859 devstack@g-api.service[99452]: DEBUG glance.common.config [None req-32f84dab-c74b-4f64-9ef6-3dfce5caa2d2 None None] disabled_notifications = [] {{(pid=99452) log_opt_values /opt/stack/data/venv/lib/python3.12/site-packages/oslo_config/cfg.py:3242}}
Jul 09 07:45:45.479524 np0000004859 devstack@g-api.service[99452]: DEBUG glance.common.config [None req-32f84dab-c74b-4f64-9ef6-3dfce5caa2d2 None None] do_secure_hash = True {{(pid=99452) log_opt_values /opt/stack/data/venv/lib/python3.12/site-packages/oslo_config/cfg.py:3242}}
Jul 09 07:45:45.479622 np0000004859 devstack@g-api.service[99452]: DEBUG glance.common.config [None req-32f84dab-c74b-4f64-9ef6-3dfce5caa2d2 None None] enabled_backends = None {{(pid=99452) log_opt_values /opt/stack/data/venv/lib/python3.12/site-packages/oslo_config/cfg.py:3242}}
Jul 09 07:45:45.479730 np0000004859 devstack@g-api.service[99452]: DEBUG glance.common.config [None req-32f84dab-c74b-4f64-9ef6-3dfce5caa2d2 None None] enabled_import_methods = ['glance-direct', 'web-download', 'copy-image'] {{(pid=99452) log_opt_values /opt/stack/data/venv/lib/python3.12/site-packages/oslo_config/cfg.py:3242}}
Jul 09 07:45:45.479816 np0000004859 devstack@g-api.service[99452]: DEBUG glance.common.config [None req-32f84dab-c74b-4f64-9ef6-3dfce5caa2d2 None None] fatal_deprecations = False {{(pid=99452) log_opt_values /opt/stack/data/venv/lib/python3.12/site-packages/oslo_config/cfg.py:3242}}
Jul 09 07:45:45.479904 np0000004859 devstack@g-api.service[99452]: DEBUG glance.common.config [None req-32f84dab-c74b-4f64-9ef6-3dfce5caa2d2 None None] hashing_algorithm = sha512 {{(pid=99452) log_opt_values /opt/stack/data/venv/lib/python3.12/site-packages/oslo_config/cfg.py:3242}}
Jul 09 07:45:45.479990 np0000004859 devstack@g-api.service[99452]: DEBUG glance.common.config [None req-32f84dab-c74b-4f64-9ef6-3dfce5caa2d2 None None] http_retries = 3 {{(pid=99452) log_opt_values /opt/stack/data/venv/lib/python3.12/site-packages/oslo_config/cfg.py:3242}}
Jul 09 07:45:45.480090 np0000004859 devstack@g-api.service[99452]: DEBUG glance.common.config [None req-32f84dab-c74b-4f64-9ef6-3dfce5caa2d2 None None] image_cache_dir = /opt/stack/data/glance/cache/ {{(pid=99452) log_opt_values /opt/stack/data/venv/lib/python3.12/site-packages/oslo_config/cfg.py:3242}}
Jul 09 07:45:45.480202 np0000004859 devstack@g-api.service[99452]: DEBUG glance.common.config [None req-32f84dab-c74b-4f64-9ef6-3dfce5caa2d2 None None] image_cache_driver = centralized_db {{(pid=99452) log_opt_values /opt/stack/data/venv/lib/python3.12/site-packages/oslo_config/cfg.py:3242}}
Jul 09 07:45:45.480292 np0000004859 devstack@g-api.service[99452]: DEBUG glance.common.config [None req-32f84dab-c74b-4f64-9ef6-3dfce5caa2d2 None None] image_cache_max_size = 10737418240 {{(pid=99452) log_opt_values /opt/stack/data/venv/lib/python3.12/site-packages/oslo_config/cfg.py:3242}}
Jul 09 07:45:45.480384 np0000004859 devstack@g-api.service[99452]: DEBUG glance.common.config [None req-32f84dab-c74b-4f64-9ef6-3dfce5caa2d2 None None] image_cache_sqlite_db = cache.db {{(pid=99452) log_opt_values /opt/stack/data/venv/lib/python3.12/site-packages/oslo_config/cfg.py:3242}}
Jul 09 07:45:45.480518 np0000004859 devstack@g-api.service[99452]: DEBUG glance.common.config [None req-32f84dab-c74b-4f64-9ef6-3dfce5caa2d2 None None] image_cache_stall_time = 86400 {{(pid=99452) log_opt_values /opt/stack/data/venv/lib/python3.12/site-packages/oslo_config/cfg.py:3242}}
Jul 09 07:45:45.480623 np0000004859 devstack@g-api.service[99452]: DEBUG glance.common.config [None req-32f84dab-c74b-4f64-9ef6-3dfce5caa2d2 None None] image_location_quota = 10 {{(pid=99452) log_opt_values /opt/stack/data/venv/lib/python3.12/site-packages/oslo_config/cfg.py:3242}}
Jul 09 07:45:45.480713 np0000004859 devstack@g-api.service[99452]: DEBUG glance.common.config [None req-32f84dab-c74b-4f64-9ef6-3dfce5caa2d2 None None] image_member_quota = 128 {{(pid=99452) log_opt_values /opt/stack/data/venv/lib/python3.12/site-packages/oslo_config/cfg.py:3242}}
Jul 09 07:45:45.480830 np0000004859 devstack@g-api.service[99452]: DEBUG glance.common.config [None req-32f84dab-c74b-4f64-9ef6-3dfce5caa2d2 None None] image_property_quota = 128 {{(pid=99452) log_opt_values /opt/stack/data/venv/lib/python3.12/site-packages/oslo_config/cfg.py:3242}}
Jul 09 07:45:45.480924 np0000004859 devstack@g-api.service[99452]: DEBUG glance.common.config [None req-32f84dab-c74b-4f64-9ef6-3dfce5caa2d2 None None] image_size_cap = 1099511627776 {{(pid=99452) log_opt_values /opt/stack/data/venv/lib/python3.12/site-packages/oslo_config/cfg.py:3242}}
Jul 09 07:45:45.481039 np0000004859 devstack@g-api.service[99452]: DEBUG glance.common.config [None req-32f84dab-c74b-4f64-9ef6-3dfce5caa2d2 None None] image_tag_quota = 128 {{(pid=99452) log_opt_values /opt/stack/data/venv/lib/python3.12/site-packages/oslo_config/cfg.py:3242}}
Jul 09 07:45:45.481135 np0000004859 devstack@g-api.service[99452]: DEBUG glance.common.config [None req-32f84dab-c74b-4f64-9ef6-3dfce5caa2d2 None None] instance_format = [instance: %(uuid)s] {{(pid=99452) log_opt_values /opt/stack/data/venv/lib/python3.12/site-packages/oslo_config/cfg.py:3242}}
Jul 09 07:45:45.481291 np0000004859 devstack@g-api.service[99452]: DEBUG glance.common.config [None req-32f84dab-c74b-4f64-9ef6-3dfce5caa2d2 None None] instance_uuid_format = [instance: %(uuid)s] {{(pid=99452) log_opt_values /opt/stack/data/venv/lib/python3.12/site-packages/oslo_config/cfg.py:3242}}
Jul 09 07:45:45.481330 np0000004859 devstack@g-api.service[99452]: DEBUG glance.common.config [None req-32f84dab-c74b-4f64-9ef6-3dfce5caa2d2 None None] limit_param_default = 25 {{(pid=99452) log_opt_values /opt/stack/data/venv/lib/python3.12/site-packages/oslo_config/cfg.py:3242}}
Jul 09 07:45:45.481403 np0000004859 devstack@g-api.service[99452]: DEBUG glance.common.config [None req-32f84dab-c74b-4f64-9ef6-3dfce5caa2d2 None None] log_color = False {{(pid=99452) log_opt_values /opt/stack/data/venv/lib/python3.12/site-packages/oslo_config/cfg.py:3242}}
Jul 09 07:45:45.481514 np0000004859 devstack@g-api.service[99452]: DEBUG glance.common.config [None req-32f84dab-c74b-4f64-9ef6-3dfce5caa2d2 None None] log_config_append = None {{(pid=99452) log_opt_values /opt/stack/data/venv/lib/python3.12/site-packages/oslo_config/cfg.py:3242}}
Jul 09 07:45:45.481615 np0000004859 devstack@g-api.service[99452]: DEBUG glance.common.config [None req-32f84dab-c74b-4f64-9ef6-3dfce5caa2d2 None None] log_date_format = %Y-%m-%d %H:%M:%S {{(pid=99452) log_opt_values /opt/stack/data/venv/lib/python3.12/site-packages/oslo_config/cfg.py:3242}}
Jul 09 07:45:45.481702 np0000004859 devstack@g-api.service[99452]: DEBUG glance.common.config [None req-32f84dab-c74b-4f64-9ef6-3dfce5caa2d2 None None] log_dir = None {{(pid=99452) log_opt_values /opt/stack/data/venv/lib/python3.12/site-packages/oslo_config/cfg.py:3242}}
Jul 09 07:45:45.481791 np0000004859 devstack@g-api.service[99452]: DEBUG glance.common.config [None req-32f84dab-c74b-4f64-9ef6-3dfce5caa2d2 None None] log_file = None {{(pid=99452) log_opt_values /opt/stack/data/venv/lib/python3.12/site-packages/oslo_config/cfg.py:3242}}
Jul 09 07:45:45.482120 np0000004859 devstack@g-api.service[99452]: DEBUG glance.common.config [None req-32f84dab-c74b-4f64-9ef6-3dfce5caa2d2 None None] log_rotate_interval = 1 {{(pid=99452) log_opt_values /opt/stack/data/venv/lib/python3.12/site-packages/oslo_config/cfg.py:3242}}
Jul 09 07:45:45.482120 np0000004859 devstack@g-api.service[99452]: DEBUG glance.common.config [None req-32f84dab-c74b-4f64-9ef6-3dfce5caa2d2 None None] log_rotate_interval_type = days {{(pid=99452) log_opt_values /opt/stack/data/venv/lib/python3.12/site-packages/oslo_config/cfg.py:3242}}
Jul 09 07:45:45.482120 np0000004859 devstack@g-api.service[99452]: DEBUG glance.common.config [None req-32f84dab-c74b-4f64-9ef6-3dfce5caa2d2 None None] log_rotation_type = none {{(pid=99452) log_opt_values /opt/stack/data/venv/lib/python3.12/site-packages/oslo_config/cfg.py:3242}}
Jul 09 07:45:45.482202 np0000004859 devstack@g-api.service[99452]: DEBUG glance.common.config [None req-32f84dab-c74b-4f64-9ef6-3dfce5caa2d2 None None] logging_context_format_string = %(color)s%(levelname)s %(name)s [%(global_request_id)s %(request_id)s %(project_name)s %(user_name)s%(color)s] %(instance)s%(color)s%(message)s {{(pid=99452) log_opt_values /opt/stack/data/venv/lib/python3.12/site-packages/oslo_config/cfg.py:3242}}
Jul 09 07:45:45.482234 np0000004859 devstack@g-api.service[99452]: DEBUG glance.common.config [None req-32f84dab-c74b-4f64-9ef6-3dfce5caa2d2 None None] logging_debug_format_suffix = {{(pid=%(process)d) %(funcName)s %(pathname)s:%(lineno)d}} {{(pid=99452) log_opt_values /opt/stack/data/venv/lib/python3.12/site-packages/oslo_config/cfg.py:3242}}
Jul 09 07:45:45.482337 np0000004859 devstack@g-api.service[99452]: DEBUG glance.common.config [None req-32f84dab-c74b-4f64-9ef6-3dfce5caa2d2 None None] logging_default_format_string = %(color)s%(levelname)s %(name)s [-%(color)s] %(instance)s%(color)s%(message)s {{(pid=99452) log_opt_values /opt/stack/data/venv/lib/python3.12/site-packages/oslo_config/cfg.py:3242}}
Jul 09 07:45:45.482473 np0000004859 devstack@g-api.service[99452]: DEBUG glance.common.config [None req-32f84dab-c74b-4f64-9ef6-3dfce5caa2d2 None None] logging_exception_prefix = ERROR %(name)s %(instance)s {{(pid=99452) log_opt_values /opt/stack/data/venv/lib/python3.12/site-packages/oslo_config/cfg.py:3242}}
Jul 09 07:45:45.482556 np0000004859 devstack@g-api.service[99452]: DEBUG glance.common.config [None req-32f84dab-c74b-4f64-9ef6-3dfce5caa2d2 None None] logging_user_identity_format = %(user)s %(project)s %(domain)s %(system_scope)s %(user_domain)s %(project_domain)s {{(pid=99452) log_opt_values /opt/stack/data/venv/lib/python3.12/site-packages/oslo_config/cfg.py:3242}}
Jul 09 07:45:45.482716 np0000004859 devstack@g-api.service[99452]: DEBUG glance.common.config [None req-32f84dab-c74b-4f64-9ef6-3dfce5caa2d2 None None] max_logfile_count = 30 {{(pid=99452) log_opt_values /opt/stack/data/venv/lib/python3.12/site-packages/oslo_config/cfg.py:3242}}
Jul 09 07:45:45.482844 np0000004859 devstack@g-api.service[99452]: DEBUG glance.common.config [None req-32f84dab-c74b-4f64-9ef6-3dfce5caa2d2 None None] max_logfile_size_mb = 200 {{(pid=99452) log_opt_values /opt/stack/data/venv/lib/python3.12/site-packages/oslo_config/cfg.py:3242}}
Jul 09 07:45:45.482976 np0000004859 devstack@g-api.service[99452]: DEBUG glance.common.config [None req-32f84dab-c74b-4f64-9ef6-3dfce5caa2d2 None None] max_request_id_length = 64 {{(pid=99452) log_opt_values /opt/stack/data/venv/lib/python3.12/site-packages/oslo_config/cfg.py:3242}}
Jul 09 07:45:45.483107 np0000004859 devstack@g-api.service[99452]: DEBUG glance.common.config [None req-32f84dab-c74b-4f64-9ef6-3dfce5caa2d2 None None] metadata_encryption_key = **** {{(pid=99452) log_opt_values /opt/stack/data/venv/lib/python3.12/site-packages/oslo_config/cfg.py:3242}}
Jul 09 07:45:45.483243 np0000004859 devstack@g-api.service[99452]: DEBUG glance.common.config [None req-32f84dab-c74b-4f64-9ef6-3dfce5caa2d2 None None] node_staging_uri = file:///tmp/staging/ {{(pid=99452) log_opt_values /opt/stack/data/venv/lib/python3.12/site-packages/oslo_config/cfg.py:3242}}
Jul 09 07:45:45.483384 np0000004859 devstack@g-api.service[99452]: DEBUG glance.common.config [None req-32f84dab-c74b-4f64-9ef6-3dfce5caa2d2 None None] property_protection_file = None {{(pid=99452) log_opt_values /opt/stack/data/venv/lib/python3.12/site-packages/oslo_config/cfg.py:3242}}
Jul 09 07:45:45.483540 np0000004859 devstack@g-api.service[99452]: DEBUG glance.common.config [None req-32f84dab-c74b-4f64-9ef6-3dfce5caa2d2 None None] property_protection_rule_format = roles {{(pid=99452) log_opt_values /opt/stack/data/venv/lib/python3.12/site-packages/oslo_config/cfg.py:3242}}
Jul 09 07:45:45.483691 np0000004859 devstack@g-api.service[99452]: DEBUG glance.common.config [None req-32f84dab-c74b-4f64-9ef6-3dfce5caa2d2 None None] public_endpoint = https://10.4.3.66/image {{(pid=99452) log_opt_values /opt/stack/data/venv/lib/python3.12/site-packages/oslo_config/cfg.py:3242}}
Jul 09 07:45:45.483855 np0000004859 devstack@g-api.service[99452]: DEBUG glance.common.config [None req-32f84dab-c74b-4f64-9ef6-3dfce5caa2d2 None None] publish_errors = False {{(pid=99452) log_opt_values /opt/stack/data/venv/lib/python3.12/site-packages/oslo_config/cfg.py:3242}}
Jul 09 07:45:45.483995 np0000004859 devstack@g-api.service[99452]: DEBUG glance.common.config [None req-32f84dab-c74b-4f64-9ef6-3dfce5caa2d2 None None] pydev_worker_debug_host = None {{(pid=99452) log_opt_values /opt/stack/data/venv/lib/python3.12/site-packages/oslo_config/cfg.py:3242}}
Jul 09 07:45:45.484143 np0000004859 devstack@g-api.service[99452]: DEBUG glance.common.config [None req-32f84dab-c74b-4f64-9ef6-3dfce5caa2d2 None None] pydev_worker_debug_port = 5678 {{(pid=99452) log_opt_values /opt/stack/data/venv/lib/python3.12/site-packages/oslo_config/cfg.py:3242}}
Jul 09 07:45:45.484276 np0000004859 devstack@g-api.service[99452]: DEBUG glance.common.config [None req-32f84dab-c74b-4f64-9ef6-3dfce5caa2d2 None None] rate_limit_burst = 0 {{(pid=99452) log_opt_values /opt/stack/data/venv/lib/python3.12/site-packages/oslo_config/cfg.py:3242}}
Jul 09 07:45:45.484429 np0000004859 devstack@g-api.service[99452]: DEBUG glance.common.config [None req-32f84dab-c74b-4f64-9ef6-3dfce5caa2d2 None None] rate_limit_except_level = CRITICAL {{(pid=99452) log_opt_values /opt/stack/data/venv/lib/python3.12/site-packages/oslo_config/cfg.py:3242}}
Jul 09 07:45:45.484568 np0000004859 devstack@g-api.service[99453]: DEBUG glance.image_cache.drivers.centralized_db [None req-fe2cffac-f1cc-499b-953a-12c10539c50e None None] Node reference is already recorded, ignoring it {{(pid=99453) configure /opt/stack/glance/glance/image_cache/drivers/centralized_db.py:71}}
Jul 09 07:45:45.484603 np0000004859 devstack@g-api.service[99452]: DEBUG glance.common.config [None req-32f84dab-c74b-4f64-9ef6-3dfce5caa2d2 None None] rate_limit_interval = 0 {{(pid=99452) log_opt_values /opt/stack/data/venv/lib/python3.12/site-packages/oslo_config/cfg.py:3242}}
Jul 09 07:45:45.484713 np0000004859 devstack@g-api.service[99452]: DEBUG glance.common.config [None req-32f84dab-c74b-4f64-9ef6-3dfce5caa2d2 None None] scrub_pool_size = 1 {{(pid=99452) log_opt_values /opt/stack/data/venv/lib/python3.12/site-packages/oslo_config/cfg.py:3242}}
Jul 09 07:45:45.484842 np0000004859 devstack@g-api.service[99452]: DEBUG glance.common.config [None req-32f84dab-c74b-4f64-9ef6-3dfce5caa2d2 None None] scrub_time = 0 {{(pid=99452) log_opt_values /opt/stack/data/venv/lib/python3.12/site-packages/oslo_config/cfg.py:3242}}
Jul 09 07:45:45.484969 np0000004859 devstack@g-api.service[99452]: DEBUG glance.common.config [None req-32f84dab-c74b-4f64-9ef6-3dfce5caa2d2 None None] shell_completion = None {{(pid=99452) log_opt_values /opt/stack/data/venv/lib/python3.12/site-packages/oslo_config/cfg.py:3242}}
Jul 09 07:45:45.485104 np0000004859 devstack@g-api.service[99452]: DEBUG glance.common.config [None req-32f84dab-c74b-4f64-9ef6-3dfce5caa2d2 None None] show_image_direct_url = False {{(pid=99452) log_opt_values /opt/stack/data/venv/lib/python3.12/site-packages/oslo_config/cfg.py:3242}}
Jul 09 07:45:45.485379 np0000004859 devstack@g-api.service[99452]: WARNING oslo_config.cfg [None req-32f84dab-c74b-4f64-9ef6-3dfce5caa2d2 None None] Deprecated: Option "show_multiple_locations" from group "DEFAULT" is deprecated for removal (Use of this option, deprecated since Newton, is a security risk and will be removed once we figure out a way to satisfy those use cases that currently require it. An earlier announcement that the same functionality can be achieved with greater granularity by using policies is incorrect. You cannot work around this option via policy configuration at the present time, though that is the direction we believe the fix will take. Please keep an eye on the Glance release notes to stay up to date on progress in addressing this issue.). Its value may be silently ignored in the future.
Jul 09 07:45:45.485576 np0000004859 devstack@g-api.service[99452]: DEBUG glance.common.config [None req-32f84dab-c74b-4f64-9ef6-3dfce5caa2d2 None None] show_multiple_locations = False {{(pid=99452) log_opt_values /opt/stack/data/venv/lib/python3.12/site-packages/oslo_config/cfg.py:3242}}
Jul 09 07:45:45.485708 np0000004859 devstack@g-api.service[99452]: DEBUG glance.common.config [None req-32f84dab-c74b-4f64-9ef6-3dfce5caa2d2 None None] syslog_log_facility = LOG_USER {{(pid=99452) log_opt_values /opt/stack/data/venv/lib/python3.12/site-packages/oslo_config/cfg.py:3242}}
Jul 09 07:45:45.485843 np0000004859 devstack@g-api.service[99452]: DEBUG glance.common.config [None req-32f84dab-c74b-4f64-9ef6-3dfce5caa2d2 None None] transport_url = **** {{(pid=99452) log_opt_values /opt/stack/data/venv/lib/python3.12/site-packages/oslo_config/cfg.py:3242}}
Jul 09 07:45:45.485976 np0000004859 devstack@g-api.service[99452]: DEBUG glance.common.config [None req-32f84dab-c74b-4f64-9ef6-3dfce5caa2d2 None None] use_journal = False {{(pid=99452) log_opt_values /opt/stack/data/venv/lib/python3.12/site-packages/oslo_config/cfg.py:3242}}
Jul 09 07:45:45.486105 np0000004859 devstack@g-api.service[99452]: DEBUG glance.common.config [None req-32f84dab-c74b-4f64-9ef6-3dfce5caa2d2 None None] use_json = False {{(pid=99452) log_opt_values /opt/stack/data/venv/lib/python3.12/site-packages/oslo_config/cfg.py:3242}}
Jul 09 07:45:45.486248 np0000004859 devstack@g-api.service[99452]: DEBUG glance.common.config [None req-32f84dab-c74b-4f64-9ef6-3dfce5caa2d2 None None] use_keystone_limits = True {{(pid=99452) log_opt_values /opt/stack/data/venv/lib/python3.12/site-packages/oslo_config/cfg.py:3242}}
Jul 09 07:45:45.486378 np0000004859 devstack@g-api.service[99452]: DEBUG glance.common.config [None req-32f84dab-c74b-4f64-9ef6-3dfce5caa2d2 None None] use_stderr = False {{(pid=99452) log_opt_values /opt/stack/data/venv/lib/python3.12/site-packages/oslo_config/cfg.py:3242}}
Jul 09 07:45:45.486535 np0000004859 devstack@g-api.service[99452]: DEBUG glance.common.config [None req-32f84dab-c74b-4f64-9ef6-3dfce5caa2d2 None None] use_syslog = False {{(pid=99452) log_opt_values /opt/stack/data/venv/lib/python3.12/site-packages/oslo_config/cfg.py:3242}}
Jul 09 07:45:45.486691 np0000004859 devstack@g-api.service[99452]: DEBUG glance.common.config [None req-32f84dab-c74b-4f64-9ef6-3dfce5caa2d2 None None] user_storage_quota = 0 {{(pid=99452) log_opt_values /opt/stack/data/venv/lib/python3.12/site-packages/oslo_config/cfg.py:3242}}
Jul 09 07:45:45.486829 np0000004859 devstack@g-api.service[99452]: DEBUG glance.common.config [None req-32f84dab-c74b-4f64-9ef6-3dfce5caa2d2 None None] worker_self_reference_url = http://127.0.0.1:60999 {{(pid=99452) log_opt_values /opt/stack/data/venv/lib/python3.12/site-packages/oslo_config/cfg.py:3242}}
Jul 09 07:45:45.486982 np0000004859 devstack@g-api.service[99452]: DEBUG glance.common.config [None req-32f84dab-c74b-4f64-9ef6-3dfce5caa2d2 None None] oslo_concurrency.disable_process_locking = False {{(pid=99452) log_opt_values /opt/stack/data/venv/lib/python3.12/site-packages/oslo_config/cfg.py:3253}}
Jul 09 07:45:45.487125 np0000004859 devstack@g-api.service[99452]: DEBUG glance.common.config [None req-32f84dab-c74b-4f64-9ef6-3dfce5caa2d2 None None] oslo_concurrency.lock_path = /opt/stack/data/glance/locks {{(pid=99452) log_opt_values /opt/stack/data/venv/lib/python3.12/site-packages/oslo_config/cfg.py:3253}}
Jul 09 07:45:45.487270 np0000004859 devstack@g-api.service[99452]: DEBUG glance.common.config [None req-32f84dab-c74b-4f64-9ef6-3dfce5caa2d2 None None] oslo_middleware.enable_proxy_headers_parsing = False {{(pid=99452) log_opt_values /opt/stack/data/venv/lib/python3.12/site-packages/oslo_config/cfg.py:3253}}
Jul 09 07:45:45.487411 np0000004859 devstack@g-api.service[99452]: DEBUG glance.common.config [None req-32f84dab-c74b-4f64-9ef6-3dfce5caa2d2 None None] oslo_middleware.http_basic_auth_user_file = /etc/htpasswd {{(pid=99452) log_opt_values /opt/stack/data/venv/lib/python3.12/site-packages/oslo_config/cfg.py:3253}}
Jul 09 07:45:45.487574 np0000004859 devstack@g-api.service[99452]: DEBUG glance.common.config [None req-32f84dab-c74b-4f64-9ef6-3dfce5caa2d2 None None] paste_deploy.config_file = None {{(pid=99452) log_opt_values /opt/stack/data/venv/lib/python3.12/site-packages/oslo_config/cfg.py:3253}}
Jul 09 07:45:45.487720 np0000004859 devstack@g-api.service[99452]: DEBUG glance.common.config [None req-32f84dab-c74b-4f64-9ef6-3dfce5caa2d2 None None] paste_deploy.flavor = keystone+cachemanagement {{(pid=99452) log_opt_values /opt/stack/data/venv/lib/python3.12/site-packages/oslo_config/cfg.py:3253}}
Jul 09 07:45:45.487910 np0000004859 devstack@g-api.service[99452]: DEBUG glance.common.config [None req-32f84dab-c74b-4f64-9ef6-3dfce5caa2d2 None None] image_format.container_formats = ['ami', 'ari', 'aki', 'bare', 'ovf', 'ova', 'docker', 'compressed'] {{(pid=99452) log_opt_values /opt/stack/data/venv/lib/python3.12/site-packages/oslo_config/cfg.py:3253}}
Jul 09 07:45:45.488101 np0000004859 devstack@g-api.service[99452]: DEBUG glance.common.config [None req-32f84dab-c74b-4f64-9ef6-3dfce5caa2d2 None None] image_format.disk_formats = ['ami', 'ari', 'aki', 'vhd', 'vhdx', 'vmdk', 'raw', 'qcow2', 'vdi', 'iso', 'ploop'] {{(pid=99452) log_opt_values /opt/stack/data/venv/lib/python3.12/site-packages/oslo_config/cfg.py:3253}}
Jul 09 07:45:45.488238 np0000004859 devstack@g-api.service[99452]: DEBUG glance.common.config [None req-32f84dab-c74b-4f64-9ef6-3dfce5caa2d2 None None] image_format.gpt_safety_checks_nonfatal = [] {{(pid=99452) log_opt_values /opt/stack/data/venv/lib/python3.12/site-packages/oslo_config/cfg.py:3253}}
Jul 09 07:45:45.488379 np0000004859 devstack@g-api.service[99452]: DEBUG glance.common.config [None req-32f84dab-c74b-4f64-9ef6-3dfce5caa2d2 None None] image_format.require_image_format_match = True {{(pid=99452) log_opt_values /opt/stack/data/venv/lib/python3.12/site-packages/oslo_config/cfg.py:3253}}
Jul 09 07:45:45.488556 np0000004859 devstack@g-api.service[99452]: DEBUG glance.common.config [None req-32f84dab-c74b-4f64-9ef6-3dfce5caa2d2 None None] image_format.vmdk_allowed_types = ['streamOptimized', 'monolithicSparse'] {{(pid=99452) log_opt_values /opt/stack/data/venv/lib/python3.12/site-packages/oslo_config/cfg.py:3253}}
Jul 09 07:45:45.488716 np0000004859 devstack@g-api.service[99452]: DEBUG glance.common.config [None req-32f84dab-c74b-4f64-9ef6-3dfce5caa2d2 None None] task.task_executor = taskflow {{(pid=99452) log_opt_values /opt/stack/data/venv/lib/python3.12/site-packages/oslo_config/cfg.py:3253}}
Jul 09 07:45:45.488858 np0000004859 devstack@g-api.service[99452]: DEBUG glance.common.config [None req-32f84dab-c74b-4f64-9ef6-3dfce5caa2d2 None None] task.task_time_to_live = 48 {{(pid=99452) log_opt_values /opt/stack/data/venv/lib/python3.12/site-packages/oslo_config/cfg.py:3253}}
Jul 09 07:45:45.488994 np0000004859 devstack@g-api.service[99452]: DEBUG glance.common.config [None req-32f84dab-c74b-4f64-9ef6-3dfce5caa2d2 None None] task.work_dir = None {{(pid=99452) log_opt_values /opt/stack/data/venv/lib/python3.12/site-packages/oslo_config/cfg.py:3253}}
Jul 09 07:45:45.489135 np0000004859 devstack@g-api.service[99452]: DEBUG glance.common.config [None req-32f84dab-c74b-4f64-9ef6-3dfce5caa2d2 None None] wsgi.python_interpreter = /opt/stack/data/venv/bin/python3 {{(pid=99452) log_opt_values /opt/stack/data/venv/lib/python3.12/site-packages/oslo_config/cfg.py:3253}}
Jul 09 07:45:45.489269 np0000004859 devstack@g-api.service[99452]: DEBUG glance.common.config [None req-32f84dab-c74b-4f64-9ef6-3dfce5caa2d2 None None] wsgi.task_pool_threads = 16 {{(pid=99452) log_opt_values /opt/stack/data/venv/lib/python3.12/site-packages/oslo_config/cfg.py:3253}}
Jul 09 07:45:45.489411 np0000004859 devstack@g-api.service[99452]: DEBUG glance.common.config [None req-32f84dab-c74b-4f64-9ef6-3dfce5caa2d2 None None] import_filtering_opts.allowed_hosts = [] {{(pid=99452) log_opt_values /opt/stack/data/venv/lib/python3.12/site-packages/oslo_config/cfg.py:3253}}
Jul 09 07:45:45.489453 np0000004859 devstack@g-api.service[99451]: DEBUG glance.common.config [None req-0c0dde81-accc-4860-9070-f19cb9180f4e None None] ******************************************************************************** {{(pid=99451) log_opt_values /opt/stack/data/venv/lib/python3.12/site-packages/oslo_config/cfg.py:3226}}
Jul 09 07:45:45.489561 np0000004859 devstack@g-api.service[99451]: DEBUG glance.common.config [None req-0c0dde81-accc-4860-9070-f19cb9180f4e None None] Configuration options gathered from: {{(pid=99451) log_opt_values /opt/stack/data/venv/lib/python3.12/site-packages/oslo_config/cfg.py:3227}}
Jul 09 07:45:45.489601 np0000004859 devstack@g-api.service[99452]: DEBUG glance.common.config [None req-32f84dab-c74b-4f64-9ef6-3dfce5caa2d2 None None] import_filtering_opts.allowed_ports = [80, 443] {{(pid=99452) log_opt_values /opt/stack/data/venv/lib/python3.12/site-packages/oslo_config/cfg.py:3253}}
Jul 09 07:45:45.489761 np0000004859 devstack@g-api.service[99452]: DEBUG glance.common.config [None req-32f84dab-c74b-4f64-9ef6-3dfce5caa2d2 None None] import_filtering_opts.allowed_schemes = ['http', 'https'] {{(pid=99452) log_opt_values /opt/stack/data/venv/lib/python3.12/site-packages/oslo_config/cfg.py:3253}}
Jul 09 07:45:45.489832 np0000004859 devstack@g-api.service[99451]: DEBUG glance.common.config [None req-0c0dde81-accc-4860-9070-f19cb9180f4e None None] command line args: [] {{(pid=99451) log_opt_values /opt/stack/data/venv/lib/python3.12/site-packages/oslo_config/cfg.py:3228}}
Jul 09 07:45:45.489903 np0000004859 devstack@g-api.service[99453]: INFO glance.api.middleware.cache [None req-fe2cffac-f1cc-499b-953a-12c10539c50e None None] Initialized image cache middleware
Jul 09 07:45:45.489941 np0000004859 devstack@g-api.service[99452]: DEBUG glance.common.config [None req-32f84dab-c74b-4f64-9ef6-3dfce5caa2d2 None None] import_filtering_opts.disallowed_hosts = [] {{(pid=99452) log_opt_values /opt/stack/data/venv/lib/python3.12/site-packages/oslo_config/cfg.py:3253}}
